Results for 4.6.0 20101220 (experimental) [trunk revision 168079] (GCC) testsuite on i686-apple-darwin9
John David Anglin
dave@hiauly1.hia.nrc.ca
Mon Dec 20 23:26:00 GMT 2010
LAST_UPDATED: Mon Dec 20 00:34:44 UTC 2010 (revision 168079)
=== acats tests ===
=== acats Summary ===
# of expected passes 2321
# of unexpected failures 0
Native configuration is i686-apple-darwin9
=== g++ tests ===
Running target unix
WARNING: Could not compile g++.dg/compat/struct-layout-1 generator
WARNING: g++.dg/ext/label13.C compilation failed to produce executable
FAIL: g++.dg/torture/stackalign/eh-alloca-1.C -O3 -g execution test
FAIL: g++.dg/torture/stackalign/eh-vararg-1.C -O3 -g execution test
FAIL: g++.dg/torture/stackalign/eh-vararg-2.C -O3 -g execution test
FAIL: g++.dg/torture/stackalign/eh-alloca-1.C -O3 -g execution test
FAIL: g++.dg/torture/stackalign/eh-vararg-1.C -O3 -g execution test
FAIL: g++.dg/torture/stackalign/eh-vararg-2.C -O3 -g execution test
=== g++ Summary ===
# of expected passes 26029
# of unexpected failures 6
# of expected failures 157
# of unsupported tests 180
/Users/dave/gnu/gcc/objdir/gcc/testsuite/g++/../../g++ version 4.6.0 20101220 (experimental) [trunk revision 168079] (GCC)
=== gcc tests ===
Running target unix
WARNING: Could not compile gcc.dg/compat/struct-layout-1 generator
XPASS: gcc.dg/tree-ssa/20040204-1.c scan-tree-dump-times optimized "link_error" 0
FAIL: gcc.target/i386/combine-mul.c scan-assembler-not 12345
=== gcc Summary ===
# of expected passes 73431
# of unexpected failures 1
# of unexpected successes 1
# of expected failures 212
# of unsupported tests 1358
/Users/dave/gnu/gcc/objdir/gcc/xgcc version 4.6.0 20101220 (experimental) [trunk revision 168079] (GCC)
=== gfortran tests ===
Running target unix
XPASS: gfortran.dg/pr25923.f90 -O PR45505 (test for warnings, line 13)
XPASS: gfortran.dg/pr25923.f90 -O PR45505 (test for bogus messages, line 22)
=== gfortran Summary ===
# of expected passes 37292
# of unexpected successes 2
# of expected failures 48
# of unsupported tests 181
/Users/dave/gnu/gcc/objdir/gcc/testsuite/gfortran/../../gfortran version 4.6.0 20101220 (experimental) [trunk revision 168079] (GCC)
=== gnat tests ===
Running target unix
=== gnat Summary ===
# of expected passes 862
# of expected failures 11
# of unsupported tests 2
=== obj-c++ tests ===
Running target unix
WARNING: obj-c++.dg/try-catch-2.mm -fgnu-runtime compilation failed to produce executable
WARNING: obj-c++.dg/try-catch-9.mm -fgnu-runtime compilation failed to produce executable
=== obj-c++ Summary ===
# of expected passes 2795
# of expected failures 2
# of unsupported tests 76
/Users/dave/gnu/gcc/objdir/gcc/testsuite/obj-c++/../../g++ version 4.6.0 20101220 (experimental) [trunk revision 168079] (GCC)
=== objc tests ===
Running target unix
WARNING: Could not compile objc.dg/gnu-encoding/struct-layout-encoding-1 generator
=== objc Summary ===
# of expected passes 5623
# of unsupported tests 93
/Users/dave/gnu/gcc/objdir/gcc/xgcc version 4.6.0 20101220 (experimental) [trunk revision 168079] (GCC)
=== libffi tests ===
Running target unix
=== libffi Summary ===
# of expected passes 1634
# of expected failures 10
# of unsupported tests 15
=== libgomp tests ===
Running target unix
=== libgomp Summary ===
# of expected passes 2522
# of unsupported tests 2
=== libjava tests ===
Running target unix
=== libjava Summary ===
# of expected passes 2574
=== libstdc++ tests ===
Running target unix
FAIL: ext/mt_allocator/deallocate_global_thread-1.cc execution test
FAIL: ext/mt_allocator/deallocate_global_thread-3.cc execution test
=== libstdc++ Summary ===
# of expected passes 6978
# of unexpected failures 2
# of expected failures 83
# of unsupported tests 651
Compiler version: 4.6.0 20101220 (experimental) [trunk revision 168079] (GCC)
Platform: i686-apple-darwin9
configure flags: --build=i686-apple-darwin9 --host=i686-apple-darwin9 --target=i686-apple-darwin9 --with-tune=generic --prefix=/opt/gnu/gcc/gcc-4.6.0 --with-gmp=/opt/gnu/gcc/gcc-4.6.0 --enable-debug=no --disable-nls --enable-languages=c,c++,objc,fortran,obj-c++,java,ada --enable-threads=posix --enable-__cxa_atexit --enable-java-gc=boehm
More information about the Gcc-testresults
mailing list