Results for 4.6.0 20101203 (experimental) [trunk revision 167416] (GCC) testsuite on i386-pc-solaris2.11
Rainer Orth
ro@CeBiTec.Uni-Bielefeld.DE
Mon Dec 6 18:16:00 GMT 2010
LAST_UPDATED: Fri Dec 3 13:25:50 UTC 2010 (revision 167416)
=== acats tests ===
=== acats Summary ===
# of expected passes 2321
# of unexpected failures 0
Native configuration is i386-pc-solaris2.11
=== g++ tests ===
Running target unix
=== g++ Summary for unix ===
# of expected passes 25458
# of expected failures 157
# of unsupported tests 185
Running target unix/-m64
FAIL: g++.dg/tls/static-1.C execution test
=== g++ Summary for unix/-m64 ===
# of expected passes 25696
# of unexpected failures 1
# of expected failures 157
# of unsupported tests 380
=== g++ Summary ===
# of expected passes 51154
# of unexpected failures 1
# of expected failures 314
# of unsupported tests 565
/var/gcc/regression/trunk/11-gcc/build/gcc/testsuite/g++/../../g++ version 4.6.0 20101203 (experimental) [trunk revision 167416] (GCC)
=== gcc tests ===
Running target unix
XPASS: gcc.dg/tree-ssa/20040204-1.c scan-tree-dump-times optimized "link_error" 0
FAIL: gcc.target/i386/avx-vpermilpd-2.c (test for excess errors)
WARNING: gcc.target/i386/avx-vpermilpd-2.c compilation failed to produce executable
FAIL: gcc.target/i386/avx-vpermilpd-256-2.c (test for excess errors)
WARNING: gcc.target/i386/avx-vpermilpd-256-2.c compilation failed to produce executable
=== gcc Summary for unix ===
# of expected passes 74562
# of unexpected failures 2
# of unexpected successes 1
# of expected failures 204
# of unsupported tests 805
Running target unix/-m64
UNRESOLVED: gcc.c-torture/execute/960321-1.c execution, -O1
UNRESOLVED: gcc.c-torture/execute/960321-1.c execution, -O2
UNRESOLVED: gcc.c-torture/execute/960321-1.c execution, -O3 -fomit-frame-pointer
UNRESOLVED: gcc.c-torture/execute/960321-1.c execution, -O3 -g
UNRESOLVED: gcc.c-torture/execute/960321-1.c execution, -Os
UNRESOLVED: gcc.c-torture/execute/960321-1.c execution, -O2 -flto -flto-partition=none
UNRESOLVED: gcc.c-torture/execute/960321-1.c execution, -O2 -flto
FAIL: gcc.dg/cpp/trad/include.c (internal compiler error)
FAIL: gcc.dg/cpp/trad/include.c (test for excess errors)
XPASS: gcc.dg/tree-ssa/20040204-1.c scan-tree-dump-times optimized "link_error" 0
FAIL: gcc.target/i386/avx-vcvtsd2si-2.c (test for excess errors)
WARNING: gcc.target/i386/avx-vcvtsd2si-2.c compilation failed to produce executable
FAIL: gcc.target/i386/avx-vcvtss2si-2.c (test for excess errors)
WARNING: gcc.target/i386/avx-vcvtss2si-2.c compilation failed to produce executable
FAIL: gcc.target/i386/avx-vcvttsd2si-2.c (test for excess errors)
WARNING: gcc.target/i386/avx-vcvttsd2si-2.c compilation failed to produce executable
FAIL: gcc.target/i386/avx-vcvttss2si-2.c (test for excess errors)
WARNING: gcc.target/i386/avx-vcvttss2si-2.c compilation failed to produce executable
FAIL: gcc.target/i386/avx-vpermilpd-2.c (test for excess errors)
WARNING: gcc.target/i386/avx-vpermilpd-2.c compilation failed to produce executable
FAIL: gcc.target/i386/avx-vpermilpd-256-2.c (test for excess errors)
WARNING: gcc.target/i386/avx-vpermilpd-256-2.c compilation failed to produce executable
=== gcc Summary for unix/-m64 ===
# of expected passes 74661
# of unexpected failures 8
# of unexpected successes 1
# of expected failures 211
# of unresolved testcases 7
# of unsupported tests 1214
=== gcc Summary ===
# of expected passes 149223
# of unexpected failures 10
# of unexpected successes 2
# of expected failures 415
# of unresolved testcases 7
# of unsupported tests 2019
/var/gcc/regression/trunk/11-gcc/build/gcc/xgcc version 4.6.0 20101203 (experimental) [trunk revision 167416] (GCC)
=== gfortran tests ===
Running target unix
=== gfortran Summary for unix ===
# of expected passes 37171
# of expected failures 42
# of unsupported tests 196
Running target unix/-m64
=== gfortran Summary for unix/-m64 ===
# of expected passes 37422
# of expected failures 40
# of unsupported tests 80
=== gfortran Summary ===
# of expected passes 74593
# of expected failures 82
# of unsupported tests 276
/var/gcc/regression/trunk/11-gcc/build/gcc/testsuite/gfortran/../../gfortran version 4.6.0 20101203 (experimental) [trunk revision 167416] (GCC)
=== gnat tests ===
Running target unix
FAIL: gnat.dg/pack9.adb scan-tree-dump-not optimized "gnat_rcheck"
=== gnat Summary for unix ===
# of expected passes 857
# of unexpected failures 1
# of expected failures 10
# of unsupported tests 3
Running target unix/-m64
FAIL: gnat.dg/pack9.adb scan-tree-dump-not optimized "gnat_rcheck"
=== gnat Summary for unix/-m64 ===
# of expected passes 857
# of unexpected failures 1
# of expected failures 10
# of unsupported tests 3
=== gnat Summary ===
# of expected passes 1714
# of unexpected failures 2
# of expected failures 20
# of unsupported tests 6
=== objc tests ===
Running target unix
XPASS: objc.dg-struct-layout-encoding-1/t026_main.m execution test
FAIL: objc.dg/torture/tls/thr-init-3.m -O2 -flto -fgnu-runtime (test for excess errors)
WARNING: objc.dg/torture/tls/thr-init-3.m -O2 -flto -fgnu-runtime compilation failed to produce executable
=== objc Summary for unix ===
# of expected passes 2741
# of unexpected failures 1
# of unexpected successes 1
# of expected failures 6
# of unsupported tests 74
Running target unix/-m64
XPASS: objc.dg-struct-layout-encoding-1/t026_main.m execution test
FAIL: objc.dg/torture/tls/thr-init-3.m -O2 -flto -fgnu-runtime (test for excess errors)
WARNING: objc.dg/torture/tls/thr-init-3.m -O2 -flto -fgnu-runtime compilation failed to produce executable
=== objc Summary for unix/-m64 ===
# of expected passes 2731
# of unexpected failures 1
# of unexpected successes 1
# of expected failures 16
# of unsupported tests 74
=== objc Summary ===
# of expected passes 5472
# of unexpected failures 2
# of unexpected successes 2
# of expected failures 22
# of unsupported tests 148
/var/gcc/regression/trunk/11-gcc/build/gcc/xgcc version 4.6.0 20101203 (experimental) [trunk revision 167416] (GCC)
=== libffi tests ===
Running target unix
=== libffi Summary for unix ===
# of expected passes 1634
# of expected failures 10
# of unsupported tests 15
Running target unix/-m64
=== libffi Summary for unix/-m64 ===
# of expected passes 1634
# of expected failures 10
# of unsupported tests 15
=== libffi Summary ===
# of expected passes 3268
# of expected failures 20
# of unsupported tests 30
=== libgomp tests ===
Running target unix
=== libgomp Summary for unix ===
# of expected passes 2506
# of unsupported tests 2
Running target unix/-m64
FAIL: libgomp.c/atomic-2.c (test for excess errors)
WARNING: libgomp.c/atomic-2.c compilation failed to produce executable
FAIL: libgomp.c/atomic-5.c (test for excess errors)
WARNING: libgomp.c/atomic-5.c compilation failed to produce executable
FAIL: libgomp.c/copyin-3.c execution test
FAIL: libgomp.c/nqueens-1.c execution test
FAIL: libgomp.c/pr24455.c execution test
FAIL: libgomp.c++/ctor-10.C -O0 execution test
FAIL: libgomp.c++/ctor-10.C -O1 execution test
FAIL: libgomp.c++/ctor-10.C -O2 execution test
FAIL: libgomp.c++/ctor-10.C -O3 -fomit-frame-pointer execution test
FAIL: libgomp.c++/ctor-10.C -O3 -fomit-frame-pointer -funroll-loops execution test
FAIL: libgomp.c++/ctor-10.C -O3 -fomit-frame-pointer -funroll-all-loops -finline-functions execution test
FAIL: libgomp.c++/ctor-10.C -O3 -g execution test
FAIL: libgomp.c++/ctor-10.C -Os execution test
FAIL: libgomp.c++/pr24455.C -O0 execution test
FAIL: libgomp.c++/pr24455.C -O1 execution test
FAIL: libgomp.c++/pr24455.C -O2 execution test
FAIL: libgomp.c++/pr24455.C -O3 -fomit-frame-pointer execution test
FAIL: libgomp.c++/pr24455.C -O3 -fomit-frame-pointer -funroll-loops execution test
FAIL: libgomp.c++/pr24455.C -O3 -fomit-frame-pointer -funroll-all-loops -finline-functions execution test
FAIL: libgomp.c++/pr24455.C -O3 -g execution test
FAIL: libgomp.c++/pr24455.C -Os execution test
=== libgomp Summary for unix/-m64 ===
# of expected passes 2483
# of unexpected failures 21
# of unsupported tests 2
=== libgomp Summary ===
# of expected passes 4989
# of unexpected failures 21
# of unsupported tests 4
=== libjava tests ===
Running target unix
=== libjava Summary for unix ===
# of expected passes 2574
Running target unix/-m64
FAIL: PR16923 run
=== libjava Summary for unix/-m64 ===
# of expected passes 2573
# of unexpected failures 1
# of untested testcases 1
=== libjava Summary ===
# of expected passes 5147
# of unexpected failures 1
# of untested testcases 1
=== libstdc++ tests ===
Running target unix
FAIL: libstdc++-abi/abi_check
FAIL: 20_util/unique_ptr/requirements/explicit_instantiation/explicit_instantiation.cc (test for excess errors)
=== libstdc++ Summary for unix ===
# of expected passes 7301
# of unexpected failures 2
# of expected failures 83
# of unsupported tests 459
Running target unix/-m64
FAIL: libstdc++-abi/abi_check
FAIL: 20_util/unique_ptr/requirements/explicit_instantiation/explicit_instantiation.cc (test for excess errors)
=== libstdc++ Summary for unix/-m64 ===
# of expected passes 7301
# of unexpected failures 2
# of expected failures 83
# of unsupported tests 459
=== libstdc++ Summary ===
# of expected passes 14602
# of unexpected failures 4
# of expected failures 166
# of unsupported tests 918
Compiler version: 4.6.0 20101203 (experimental) [trunk revision 167416] (GCC)
Platform: i386-pc-solaris2.11
configure flags: --prefix=/vol/gcc --target=i386-pc-solaris2.11 --with-gmp=/vol/gcc --with-mpfr=/vol/gcc --with-mpc=/vol/gcc --enable-languages=c,ada,c++,fortran,java,objc
BOOT_CFLAGS=-g -O2
More information about the Gcc-testresults
mailing list