Results for 4.5.2 20101203 (prerelease) [gcc-4_5-branch revision 167424] (GCC) testsuite on i386-pc-solaris2.9
Rainer Orth
ro@CeBiTec.Uni-Bielefeld.DE
Mon Dec 6 18:16:00 GMT 2010
LAST_UPDATED: Fri Dec 3 13:30:09 UTC 2010 (revision 167424)
=== acats tests ===
=== acats Summary ===
# of expected passes 2321
# of unexpected failures 0
Native configuration is i386-pc-solaris2.9
=== g++ tests ===
Running target unix
=== g++ Summary ===
# of expected passes 22798
# of expected failures 152
# of unsupported tests 245
/var/gcc/regression/gcc-4.5-branch/9-gcc/build/gcc/testsuite/g++/../../g++ version 4.5.2 20101203 (prerelease) [gcc-4_5-branch revision 167424] (GCC)
=== gcc tests ===
Running target unix
FAIL: gcc.dg/lto/20081201-2 c_lto_20081201-2_0.o-c_lto_20081201-2_1.o execute -O3 -fwhopr
=== gcc Summary ===
# of expected passes 69844
# of unexpected failures 1
# of expected failures 166
# of unsupported tests 1364
/var/gcc/regression/gcc-4.5-branch/9-gcc/build/gcc/xgcc version 4.5.2 20101203 (prerelease) [gcc-4_5-branch revision 167424] (GCC)
=== gfortran tests ===
Running target unix
=== gfortran Summary ===
# of expected passes 33874
# of expected failures 20
# of unsupported tests 290
/var/gcc/regression/gcc-4.5-branch/9-gcc/build/gcc/testsuite/gfortran/../../gfortran version 4.5.2 20101203 (prerelease) [gcc-4_5-branch revision 167424] (GCC)
=== gnat tests ===
Running target unix
=== gnat Summary ===
# of expected passes 763
# of expected failures 7
# of unsupported tests 1
=== objc tests ===
Running target unix
=== objc Summary ===
# of expected passes 1882
# of expected failures 7
# of unsupported tests 20
/var/gcc/regression/gcc-4.5-branch/9-gcc/build/gcc/xgcc version 4.5.2 20101203 (prerelease) [gcc-4_5-branch revision 167424] (GCC)
=== libffi tests ===
Running target unix
=== libffi Summary ===
# of expected passes 1634
# of expected failures 10
# of unsupported tests 15
=== libgomp tests ===
Running target unix
=== libgomp Summary ===
# of expected passes 2490
# of unsupported tests 2
=== libjava tests ===
Running target unix
FAIL: Divide_1 output - source compiled test
FAIL: Divide_1 -findirect-dispatch output - source compiled test
FAIL: Divide_1 -O3 output - source compiled test
FAIL: Divide_1 -O3 -findirect-dispatch output - source compiled test
FAIL: InvokeInterface execution - source compiled test
FAIL: InvokeInterface -O3 execution - source compiled test
=== libjava Summary ===
# of expected passes 2566
# of unexpected failures 6
# of untested testcases 2
=== libstdc++ tests ===
Running target unix
=== libstdc++ Summary ===
# of expected passes 6334
# of expected failures 93
# of unsupported tests 622
=== libstdc++ Summary ===
Compiler version: 4.5.2 20101203 (prerelease) [gcc-4_5-branch revision 167424] (GCC)
Platform: i386-pc-solaris2.9
configure flags: --prefix=/vol/gcc --target=i386-pc-solaris2.9 --with-gmp=/vol/gcc --with-mpfr=/vol/gcc --with-mpc=/vol/gcc --enable-languages=c,ada,c++,fortran,java,objc
BOOT_CFLAGS=-g -O2
More information about the Gcc-testresults
mailing list