Results for 4.6.0 20101203 (experimental) (GCC) testsuite on x86_64-apple-darwin10.5.0
Jack Howarth
howarth@bromo.med.uc.edu
Sat Dec 4 14:33:00 GMT 2010
r167446 with http://gcc.gnu.org/ml/gcc-patches/2010-11/msg02719.html,
http://gcc.gnu.org/ml/gcc-patches/2010-08/msg01024.html and
Index: gcc/config/darwin10.h
===================================================================
--- gcc/config/darwin10.h (revision 167446)
+++ gcc/config/darwin10.h (working copy)
@@ -28,3 +28,12 @@
#undef TARGET_ASM_EMIT_UNWIND_LABEL
#define TARGET_ASM_EMIT_UNWIND_LABEL default_emit_unwind_label
+
+/* Since DWARF2 is default, conditions for running dsymutil are different. */
+/* Xcode 3.2.3 and later have radar 7851516 fixed. */
+#undef DSYMUTIL_SPEC
+#define DSYMUTIL_SPEC \
+ "%{!fdump=*:%{!fsyntax-only:%{!c:%{!M:%{!MM:%{!E:%{!S:\
+ %{.c|.cc|.C|.cpp|.cp|.c++|.cxx|.CPP|.m|.mm|.s|.f|.f90|.f95|.f03|.f77|.for|.F|.F90|.F95|.F03: \
+ %{g*:%{!gstabs*:%{!g0: " DSYMUTIL " %{o*:%*}%{!o:a.out}}}}}}}}}}}}"
+
Native configuration is x86_64-apple-darwin10.5.0
=== g++ tests ===
Running target unix/-m32
WARNING: g++.dg/ext/label13.C compilation failed to produce executable
FAIL: g++.dg/torture/stackalign/eh-alloca-1.C -O3 -g execution test
FAIL: g++.dg/torture/stackalign/eh-vararg-1.C -O3 -g execution test
FAIL: g++.dg/torture/stackalign/eh-vararg-2.C -O3 -g execution test
FAIL: g++.dg/torture/stackalign/eh-alloca-1.C -O3 -g execution test
FAIL: g++.dg/torture/stackalign/eh-vararg-1.C -O3 -g execution test
FAIL: g++.dg/torture/stackalign/eh-vararg-2.C -O3 -g execution test
=== g++ Summary for unix/-m32 ===
# of expected passes 25463
# of unexpected failures 6
# of expected failures 157
# of unsupported tests 179
Running target unix/-m64
WARNING: g++.dg/ext/label13.C compilation failed to produce executable
=== g++ Summary for unix/-m64 ===
# of expected passes 25709
# of expected failures 157
# of unsupported tests 373
=== g++ Summary ===
# of expected passes 51172
# of unexpected failures 6
# of expected failures 314
# of unsupported tests 552
/sw/src/fink.build/gcc46-4.6.0-1000/darwin_objdir/gcc/testsuite/g++/../../g++ version 4.6.0 20101203 (experimental) (GCC)
=== gcc tests ===
Running target unix/-m32
FAIL: gcc.dg/debug/pr41893-1.c -gdwarf-2 -g1 (test for excess errors)
FAIL: gcc.dg/debug/pr41893-1.c -gdwarf-2 -g1 -O (test for excess errors)
FAIL: gcc.dg/debug/pr41893-1.c -gdwarf-2 -g1 -O3 (test for excess errors)
FAIL: gcc.dg/debug/pr41893-1.c -gdwarf-2 (test for excess errors)
FAIL: gcc.dg/debug/pr41893-1.c -gdwarf-2 -O (test for excess errors)
FAIL: gcc.dg/debug/pr41893-1.c -gdwarf-2 -O3 (test for excess errors)
FAIL: gcc.dg/debug/pr41893-1.c -gdwarf-2 -g3 (test for excess errors)
FAIL: gcc.dg/debug/pr41893-1.c -gdwarf-2 -g3 -O (test for excess errors)
FAIL: gcc.dg/debug/pr41893-1.c -gdwarf-2 -g3 -O3 (test for excess errors)
FAIL: gcc.dg/pr43557-1.c (test for excess errors)
XPASS: gcc.dg/tree-ssa/20040204-1.c scan-tree-dump-times optimized "link_error" 0
FAIL: gcc.target/i386/combine-mul.c scan-assembler-not 12345
=== gcc Summary for unix/-m32 ===
# of expected passes 73596
# of unexpected failures 11
# of unexpected successes 1
# of expected failures 214
# of unsupported tests 1348
Running target unix/-m64
FAIL: gcc.dg/debug/pr41893-1.c -gdwarf-2 -g1 (test for excess errors)
FAIL: gcc.dg/debug/pr41893-1.c -gdwarf-2 -g1 -O (test for excess errors)
FAIL: gcc.dg/debug/pr41893-1.c -gdwarf-2 -g1 -O3 (test for excess errors)
FAIL: gcc.dg/debug/pr41893-1.c -gdwarf-2 (test for excess errors)
FAIL: gcc.dg/debug/pr41893-1.c -gdwarf-2 -O (test for excess errors)
FAIL: gcc.dg/debug/pr41893-1.c -gdwarf-2 -O3 (test for excess errors)
FAIL: gcc.dg/debug/pr41893-1.c -gdwarf-2 -g3 (test for excess errors)
FAIL: gcc.dg/debug/pr41893-1.c -gdwarf-2 -g3 -O (test for excess errors)
FAIL: gcc.dg/debug/pr41893-1.c -gdwarf-2 -g3 -O3 (test for excess errors)
FAIL: gcc.dg/pr43557-1.c (test for excess errors)
FAIL: gcc.dg/matrix/transpose-3.c execution, -fprofile-use -fipa-matrix-reorg -fdump-ipa-matrix-reorg -O3 -fwhole-program
XPASS: gcc.dg/tree-ssa/20040204-1.c scan-tree-dump-times optimized "link_error" 0
FAIL: gcc.target/i386/combine-mul.c scan-assembler-not 12345
FAIL: gcc.target/i386/sse2-init-v2di-2.c scan-assembler movq
=== gcc Summary for unix/-m64 ===
# of expected passes 73735
# of unexpected failures 13
# of unexpected successes 1
# of expected failures 215
# of unsupported tests 1720
=== gcc Summary ===
# of expected passes 147331
# of unexpected failures 24
# of unexpected successes 2
# of expected failures 429
# of unsupported tests 3068
/sw/src/fink.build/gcc46-4.6.0-1000/darwin_objdir/gcc/xgcc version 4.6.0 20101203 (experimental) (GCC)
=== gfortran tests ===
Running target unix/-m32
XPASS: gfortran.dg/pr25923.f90 -O PR45505 (test for warnings, line 13)
XPASS: gfortran.dg/pr25923.f90 -O PR45505 (test for bogus messages, line 22)
=== gfortran Summary for unix/-m32 ===
# of expected passes 37208
# of unexpected successes 2
# of expected failures 51
# of unsupported tests 177
Running target unix/-m64
=== gfortran Summary for unix/-m64 ===
# of expected passes 37449
# of expected failures 51
# of unsupported tests 63
=== gfortran Summary ===
# of expected passes 74657
# of unexpected successes 2
# of expected failures 102
# of unsupported tests 240
/sw/src/fink.build/gcc46-4.6.0-1000/darwin_objdir/gcc/testsuite/gfortran/../../gfortran version 4.6.0 20101203 (experimental) (GCC)
=== obj-c++ tests ===
Running target unix/-m32
WARNING: obj-c++.dg/try-catch-2.mm -fgnu-runtime compilation failed to produce executable
WARNING: obj-c++.dg/try-catch-9.mm -fgnu-runtime compilation failed to produce executable
=== obj-c++ Summary for unix/-m32 ===
# of expected passes 2699
# of expected failures 2
# of unsupported tests 74
Running target unix/-m64
WARNING: obj-c++.dg/try-catch-2.mm -fgnu-runtime compilation failed to produce executable
WARNING: obj-c++.dg/try-catch-9.mm -fgnu-runtime compilation failed to produce executable
WARNING: obj-c++.dg/try-catch-2.mm -fnext-runtime compilation failed to produce executable
WARNING: obj-c++.dg/try-catch-9.mm -fnext-runtime compilation failed to produce executable
=== obj-c++ Summary for unix/-m64 ===
# of expected passes 2542
# of expected failures 123
# of unsupported tests 79
=== obj-c++ Summary ===
# of expected passes 5241
# of expected failures 125
# of unsupported tests 153
/sw/src/fink.build/gcc46-4.6.0-1000/darwin_objdir/gcc/testsuite/obj-c++/../../g++ version 4.6.0 20101203 (experimental) (GCC)
=== objc tests ===
Running target unix/-m32
XPASS: objc.dg-struct-layout-encoding-1/t026_main.m execution test
=== objc Summary for unix/-m32 ===
# of expected passes 5596
# of unexpected successes 1
# of expected failures 6
# of unsupported tests 91
Running target unix/-m64
FAIL: objc.dg/exceptions-2.m -fnext-runtime (test for excess errors)
WARNING: objc.dg/exceptions-2.m -fnext-runtime compilation failed to produce executable
XPASS: objc.dg-struct-layout-encoding-1/t026_main.m execution test
=== objc Summary for unix/-m64 ===
# of expected passes 4223
# of unexpected failures 1
# of unexpected successes 1
# of expected failures 149
# of unsupported tests 107
=== objc Summary ===
# of expected passes 9819
# of unexpected failures 1
# of unexpected successes 2
# of expected failures 155
# of unsupported tests 198
/sw/src/fink.build/gcc46-4.6.0-1000/darwin_objdir/gcc/xgcc version 4.6.0 20101203 (experimental) (GCC)
=== libffi tests ===
Running target unix/-m32
=== libffi Summary for unix/-m32 ===
# of expected passes 1634
# of expected failures 10
# of unsupported tests 15
Running target unix/-m64
=== libffi Summary for unix/-m64 ===
# of expected passes 1634
# of expected failures 10
# of unsupported tests 15
=== libffi Summary ===
# of expected passes 3268
# of expected failures 20
# of unsupported tests 30
=== libgomp tests ===
Running target unix/-m32
=== libgomp Summary for unix/-m32 ===
# of expected passes 2552
# of unsupported tests 2
Running target unix/-m64
=== libgomp Summary for unix/-m64 ===
# of expected passes 2552
# of unsupported tests 2
=== libgomp Summary ===
# of expected passes 5104
# of unsupported tests 4
=== libjava tests ===
Running target unix/-m32
FAIL: PR16923.c compilation
=== libjava Summary for unix/-m32 ===
# of expected passes 2572
# of unexpected failures 1
Running target unix/-m64
=== libjava Summary for unix/-m64 ===
# of expected passes 2574
=== libjava Summary ===
# of expected passes 5146
# of unexpected failures 1
=== libstdc++ tests ===
Running target unix/-m32
=== libstdc++ Summary for unix/-m32 ===
# of expected passes 6944
# of expected failures 83
# of unsupported tests 652
Running target unix/-m64
WARNING: program timed out.
FAIL: tr1/2_general_utilities/shared_ptr/thread/default_weaktoshared.cc execution test
=== libstdc++ Summary for unix/-m64 ===
# of expected passes 6941
# of unexpected failures 1
# of expected failures 83
# of unsupported tests 653
=== libstdc++ Summary ===
# of expected passes 13885
# of unexpected failures 1
# of expected failures 166
# of unsupported tests 1305
Compiler version: 4.6.0 20101203 (experimental) (GCC)
Platform: x86_64-apple-darwin10.5.0
configure flags: --prefix=/sw --prefix=/sw/lib/gcc4.6 --mandir=/sw/share/man --infodir=/sw/lib/gcc4.6/info --enable-languages=c,c++,fortran,objc,obj-c++,java --with-gmp=/sw --with-libiconv-prefix=/sw --with-ppl=/sw --with-cloog=/sw --with-mpc=/sw --with-system-zlib --x-includes=/usr/X11R6/include --x-libraries=/usr/X11R6/lib --program-suffix=-fsf-4.6 --enable-checking=yes --enable-cloog-backend=isl
More information about the Gcc-testresults
mailing list