Results for gcc testsuite on x86_64-unknown-linux-gnu
Laurent GUERBY gcc17
guerby@gcc17.fsffrance.org
Sun Aug 29 18:14:00 GMT 2010
=== acats tests ===
Native configuration is x86_64-unknown-linux-gnu
=== gcc tests ===
Running target unix/-m32
FAIL: gcc.c-torture/compile/20000105-1.c -O0 (test for excess errors)
FAIL: gcc.c-torture/compile/20000105-1.c -O1 (test for excess errors)
FAIL: gcc.c-torture/compile/20000105-1.c -O2 (test for excess errors)
FAIL: gcc.c-torture/compile/20000105-1.c -O3 -fomit-frame-pointer (test for excess errors)
FAIL: gcc.c-torture/compile/20000105-1.c -O3 -fomit-frame-pointer -funroll-loops (test for excess errors)
FAIL: gcc.c-torture/compile/20000105-1.c -O3 -fomit-frame-pointer -funroll-all-loops -finline-functions (test for excess errors)
FAIL: gcc.c-torture/compile/20000105-1.c -O3 -g (test for excess errors)
FAIL: gcc.c-torture/compile/20000105-1.c -Os (test for excess errors)
FAIL: gcc.c-torture/compile/20000105-2.c -O0 (test for excess errors)
FAIL: gcc.c-torture/compile/20000105-2.c -O1 (test for excess errors)
FAIL: gcc.c-torture/compile/20000105-2.c -O2 (test for excess errors)
FAIL: gcc.c-torture/compile/20000105-2.c -O3 -fomit-frame-pointer (test for excess errors)
FAIL: gcc.c-torture/compile/20000105-2.c -O3 -g (test for excess errors)
FAIL: gcc.c-torture/compile/20000105-2.c -Os (test for excess errors)
FAIL: gcc.c-torture/compile/20000120-1.c -O1 (test for excess errors)
FAIL: gcc.c-torture/compile/20000120-1.c -O2 (test for excess errors)
FAIL: gcc.c-torture/compile/20000120-1.c -O3 -fomit-frame-pointer (test for excess errors)
FAIL: gcc.c-torture/compile/20000120-1.c -O3 -g (test for excess errors)
FAIL: gcc.c-torture/compile/20000120-1.c -Os (test for excess errors)
FAIL: gcc.c-torture/compile/20000120-2.c -O0 (test for excess errors)
FAIL: gcc.c-torture/compile/20000120-2.c -O1 (test for excess errors)
FAIL: gcc.c-torture/compile/20000120-2.c -O2 (test for excess errors)
FAIL: gcc.c-torture/compile/20000120-2.c -O3 -fomit-frame-pointer (test for excess errors)
FAIL: gcc.c-torture/compile/20000120-2.c -O3 -g (test for excess errors)
FAIL: gcc.c-torture/compile/20000120-2.c -Os (test for excess errors)
FAIL: gcc.c-torture/compile/20000127-1.c -O0 (test for excess errors)
FAIL: gcc.c-torture/compile/20000127-1.c -O1 (test for excess errors)
FAIL: gcc.c-torture/compile/20000127-1.c -O3 -fomit-frame-pointer (test for excess errors)
FAIL: gcc.c-torture/compile/20000127-1.c -Os (test for excess errors)
FAIL: gcc.c-torture/compile/20000211-1.c -O0 (test for excess errors)
FAIL: gcc.c-torture/compile/20000211-1.c -O1 (test for excess errors)
FAIL: gcc.c-torture/compile/20000211-1.c -O2 (test for excess errors)
FAIL: gcc.c-torture/compile/20000211-1.c -O3 -fomit-frame-pointer (test for excess errors)
FAIL: gcc.c-torture/compile/20000211-1.c -O3 -fomit-frame-pointer -funroll-loops (test for excess errors)
FAIL: gcc.c-torture/compile/20000211-1.c -O3 -fomit-frame-pointer -funroll-all-loops -finline-functions (test for excess errors)
FAIL: gcc.c-torture/compile/20000211-1.c -O3 -g (test for excess errors)
FAIL: gcc.c-torture/compile/20000211-1.c -Os (test for excess errors)
FAIL: gcc.c-torture/compile/20000211-3.c -O0 (test for excess errors)
FAIL: gcc.c-torture/compile/20000211-3.c -O1 (test for excess errors)
FAIL: gcc.c-torture/compile/20000211-3.c -O2 (test for excess errors)
FAIL: gcc.c-torture/compile/20000211-3.c -O3 -fomit-frame-pointer (test for excess errors)
FAIL: gcc.c-torture/compile/20000211-3.c -O3 -g (test for excess errors)
FAIL: gcc.c-torture/compile/20000211-3.c -Os (test for excess errors)
FAIL: gcc.c-torture/compile/20000224-1.c -O0 (test for excess errors)
FAIL: gcc.c-torture/compile/20000224-1.c -O1 (test for excess errors)
FAIL: gTest Run By guerby on Sun Aug 29 20:13:13 2010
=== gnat tests ===
Running target unix/-m32
=== gnat Summary for unix/-m32 ===
# of expected passes 817
# of expected failures 10
# of unsupported tests 4
Running target unix/-m64
=== gnat Summary for unix/-m64 ===
# of expected passes 817
# of expected failures 10
# of unsupported tests 4
=== gnat Summary ===
# of expected passes 1634
# of expected failures 20
# of unsupported tests 8
=== libgomp tests ===
Running target unix/-m32
FAIL: libgomp.c/appendix-a/a.39.1.c (test for excess errors)
UNRESOLVED: libgomp.c/appendix-a/a.39.1.c compilation failed to produce executable
FAIL: libgomp.c/appendix-a/a.4.1.c (test for excess errors)
UNRESOLVED: libgomp.c/appendix-a/a.4.1.c compilation failed to produce executable
FAIL: libgomp.c/appendix-a/a.40.1.c (test for excess errors)
FAIL: libgomp.c/lock-2.c (test for exceTest Run By guerby on Sun Aug 29 20:13:06 2010
=== libmudflap tests ===
Running target unix/-m32
FAIL: libmudflap.c/fail1-frag.c (test for excess errors)
WARNING: libmudflap.c/fail1-frag.c compilation failed to produce executable
FAIL: libmudflap.c/fail10-frag.c (test for excess errors)
WARNING: libmudflap.c/fail10-frag.c compilation failed to produce executable
FAIL: libmudflap.c/fail11-frag.c (test for excess errors)
WARNING: libmudflap.c/fail11-frag.c compilation failed to produce executable
FAIL: libmudflap.c/fail12-frag.c (test for excess errors)
WARNING: libmudflap.c/fail12-frag.c compilation failed to produce executable
FAIL: libmudflap.c/fail13-frag.c (test for excess errors)
WARNING: libmudflap.c/fail13-frag.c compilation failed to produce executable
FAIL: libmudflap.c/fail14-frag.c (test for excess errors)
WARNING: libmudflap.c/fail14-frag.c compilation failed to produce executable
FAIL: libmudflap.c/fail15-frag.c (test for excess errors)
WARNING: libmudflap.c/fail15-frag.c compilation failed to produce executable
FAIL: libmudflap.c/fail16-frag.c (test for excess errors)
WARNING: libmudflap.c/fail16-frag.c compilation failed to produce executable
FAIL: libmudflap.c/fail17-frag.c (test for excess errors)
WARNING: libmudflap.c/fail17-frag.c compilation failed to produce executable
FAIL: libmudflap.c/fail18-frag.c (test for excess errors)
WARNING: libmudflap.c/fail18-frag.c compilation failed to produce executable
FAIL: libmudflap.c/fail19-frag.c (test for excess errors)
WARNING: libmudflap.c/fail19-frag.c compilation failed to produce executable
FAIL: libmudflap.c/fail2-frag.c (test for excess errors)
WARNING: libmudflap.c/fail2-frag.c compilation failed to produce executable
FAIL: libmudflap.c/fail20-frag.c (test for excess errors)
WARNING: libmudflap.c/fail20-frag.c compilation failed to produce executable
FAIL: libmudflap.c/fail21-frag.c (test for excess errors)
WARNING: libmudflap.c/fail21-frag.c compilation failed to produce executable
FAIL: libmudflap.c/fail22-frag.c (test for excess errors)
WARNING: libmudflap.c/fail22-frag.c compilation failed to produce executable
FAIL: libmudflap.c/fail23-frag.c (test for excess errors)
WARNING: libmudflap.c/fail23-frag.c compilation failed to produce executable
FAIL: libmudflap.c/fail25-frag.c (test for excess errors)
WARNING: libmudflap.c/fail25-frag.c compilation failed to produce executable
FAIL: libmudflap.c/fail26-frag.c (test for excess errors)
WARNING: libmudflap.c/fail26-frag.c compilation failed to produce executable
FAIL: libmudflap.c/fail27-frag.c (test for excess errors)
WARNING: libmudflap.c/fail27-frag.c compilation failed to produce executable
FAIL: libmudflap.c/fail28-frag.c (test for excess errors)
WARNING: libmudflap.c/fail28-frag.c compilation failed to produce executable
FAIL: libmudflap.c/fail29-frag.c (test for excess errors)
WARNING: libmudflap.c/fail29-frag.c compilation failed to produce executable
FAIL: libmudflap.c/fail3-frag.c (test for excess errors)
WARNING: libmudflap.c/fail3-frag.c compilation failed to produce executable
FAIL: libmudflap.c/fail30-frag.c (test for excess errors)
WARNING: libmudflap.c/fail30-frag.c compilation failed to produce executable
FAIL: libmudflap.c/fail31-frag.c (test for excess errors)
WARNING: libmudflap.c/fail31-frag.c compilation failed to produce executable
FAIL: libmudflap.c/fail32-frag.c (test for excess errors)
WARNING: libmudflap.c/fail32-frag.c compilation failed to produce executable
FAIL: libmudflap.c/fail33-frag.c (test for excess errors)
WARNING: libmudflap.c/fail33-frag.c compilation failed to produce executable
FAIL: libmudflap.c/fail34-frag.c (test for excess errors)
WARNING: libmudflap.c/fail34-frag.c compilation failed to produce executable
FAIL: libmudflap.c/fail35-frag.c (test for excess errors)
WARNING: libmudflap.c/fail35-frag.c compilation failed to produce executable
FAIL: libmudflap.c/fail36-frag.c (test for
Compiler version: gcc
Platform: x86_64-unknown-linux-gnu
configure flags:Test Run By guerby on Sun Aug 29 19:56:36 CEST 2010
More information about the Gcc-testresults
mailing list