Results for 4.6.0 20100819 (experimental) [trunk revision 163375] (GCC) testsuite on hppa2.0w-hp-hpux11.11
John David Anglin
dave@hiauly3.hia.nrc.ca
Sat Aug 21 02:23:00 GMT 2010
=== acats tests ===
=== acats Summary ===
# of expected passes 2321
# of unexpected failures 0
Native configuration is hppa2.0w-hp-hpux11.11
=== g++ tests ===
Running target unix
WARNING: g++.dg/ext/label13.C compilation failed to produce executable
WARNING: program timed out.
=== g++ Summary ===
# of expected passes 21477
# of expected failures 150
# of unsupported tests 290
/test/gnu/gcc/objdir/gcc/testsuite/g++/../../g++ version 4.6.0 20100819 (experimental) [trunk revision 163375] (GCC)
=== gcc tests ===
Running target unix
=== gcc Summary ===
# of expected passes 12195
# of expected failures 43
# of unsupported tests 201
/test/gnu/gcc/objdir/gcc/xgcc version 4.6.0 20100819 (experimental) [trunk revision 163375] (GCC)
=== gfortran tests ===
Running target unix
=== gfortran Summary ===
# of expected passes 34571
# of expected failures 39
# of unsupported tests 300
/test/gnu/gcc/objdir/gcc/testsuite/gfortran/../../gfortran version 4.6.0 20100819 (experimental) [trunk revision 163375] (GCC)
=== gnat tests ===
Running target unix
=== gnat Summary ===
# of expected passes 816
# of expected failures 10
# of unsupported tests 4
=== obj-c++ tests ===
Running target unix
WARNING: obj-c++.dg/lookup-2.mm -fgnu-runtime compilation failed to produce executable
WARNING: obj-c++.dg/try-catch-2.mm -fgnu-runtime compilation failed to produce executable
WARNING: obj-c++.dg/try-catch-9.mm -fgnu-runtime compilation failed to produce executable
=== obj-c++ Summary ===
# of expected passes 532
# of expected failures 3
# of unsupported tests 16
/test/gnu/gcc/objdir/gcc/testsuite/obj-c++/../../g++ version 4.6.0 20100819 (experimental) [trunk revision 163375] (GCC)
=== objc tests ===
Running target unix
=== objc Summary ===
# of expected passes 1961
# of expected failures 15
# of unsupported tests 23
/test/gnu/gcc/objdir/gcc/xgcc version 4.6.0 20100819 (experimental) [trunk revision 163375] (GCC)
=== libffi tests ===
Running target unix
=== libffi Summary ===
# of expected passes 1624
# of expected failures 10
# of unsupported tests 15
=== libgomp tests ===
Running target unix
=== libgomp Summary ===
# of expected passes 2476
# of unsupported tests 9
=== libjava tests ===
Running target unix
FAIL: LargeFile execution - source compiled test
FAIL: LargeFile -findirect-dispatch execution - source compiled test
FAIL: LargeFile -O3 execution - source compiled test
FAIL: LargeFile -O3 -findirect-dispatch execution - source compiled test
FAIL: anon3 -O3 -findirect-dispatch output - source compiled test
=== libjava Summary ===
# of expected passes 2565
# of unexpected failures 5
# of untested testcases 4
=== libstdc++ tests ===
Running target unix
=== libstdc++ Summary ===
# of expected passes 6526
# of expected failures 58
# of unsupported tests 621
Compiler version: 4.6.0 20100819 (experimental) [trunk revision 163375] (GCC)
Platform: hppa2.0w-hp-hpux11.11
configure flags:Test Run By dave on Fri Aug 20 02:09:52 EDT 2010
More information about the Gcc-testresults
mailing list