Results for 4.4.5 20100816 (prerelease) [gcc-4_4-branch revision 163285] (GCC) testsuite on hppa-unknown-linux-gnu
John David Anglin
dave@hiauly6.hia.nrc.ca
Tue Aug 17 17:31:00 GMT 2010
LAST_UPDATED: Mon Aug 16 20:32:20 UTC 2010 (revision 163285)
=== acats tests ===
=== acats Summary ===
# of expected passes 2315
# of unexpected failures 0
Native configuration is hppa-unknown-linux-gnu
=== g++ tests ===
Running target unix
=== g++ Summary ===
# of expected passes 19626
# of expected failures 157
# of unsupported tests 164
/home/dave/gnu/gcc-4.6/objdir/gcc/testsuite/g++/../../g++ version 4.4.5 20100816 (prerelease) [gcc-4_4-branch revision 163285] (GCC)
=== gcc tests ===
Running target unix
FAIL: gcc.dg/debug/dwarf2/inline2.c scan-assembler-times \\(DIE \\(.*?\\) DW_TAG_inlined_subroutine 6
FAIL: gcc.dg/debug/dwarf2/inline2.c scan-assembler-times \\(DIE \\(.*?\\) DW_TAG_lexical_block 6
XPASS: gcc.dg/tree-ssa/loop-1.c scan-assembler-times foo 5
=== gcc Summary ===
# of expected passes 50728
# of unexpected failures 2
# of unexpected successes 1
# of expected failures 114
# of unsupported tests 541
/home/dave/gnu/gcc-4.6/objdir/gcc/xgcc version 4.4.5 20100816 (prerelease) [gcc-4_4-branch revision 163285] (GCC)
=== gfortran tests ===
Running target unix
FAIL: gfortran.dg/pr41928.f90 -O (internal compiler error)
FAIL: gfortran.dg/pr41928.f90 -O (test for excess errors)
=== gfortran Summary ===
# of expected passes 29407
# of unexpected failures 2
# of expected failures 9
# of unsupported tests 264
/home/dave/gnu/gcc-4.6/objdir/gcc/testsuite/gfortran/../../gfortran version 4.4.5 20100816 (prerelease) [gcc-4_4-branch revision 163285] (GCC)
=== gnat tests ===
Running target unix
=== gnat Summary ===
# of expected passes 620
# of expected failures 6
=== obj-c++ tests ===
Running target unix
XPASS: obj-c++.dg/comp-types-10.mm (test for excess errors)
UNRESOLVED: obj-c++.dg/lookup-2.mm compilation failed to produce executable
UNRESOLVED: obj-c++.dg/try-catch-2.mm compilation failed to produce executable
UNRESOLVED: obj-c++.dg/try-catch-9.mm compilation failed to produce executable
=== obj-c++ Summary ===
# of expected passes 436
# of unexpected successes 1
# of expected failures 9
# of unresolved testcases 3
# of unsupported tests 13
/home/dave/gnu/gcc-4.6/objdir/gcc/testsuite/obj-c++/../../g++ version 4.4.5 20100816 (prerelease) [gcc-4_4-branch revision 163285] (GCC)
=== objc tests ===
Running target unix
=== objc Summary ===
# of expected passes 1866
# of expected failures 15
# of unsupported tests 24
/home/dave/gnu/gcc-4.6/objdir/gcc/xgcc version 4.4.5 20100816 (prerelease) [gcc-4_4-branch revision 163285] (GCC)
=== libffi tests ===
Running target unix
=== libffi Summary ===
# of expected passes 1389
# of unsupported tests 10
=== libgomp tests ===
Running target unix
=== libgomp Summary ===
# of expected passes 2462
# of unsupported tests 7
=== libjava tests ===
Running target unix
=== libjava Summary ===
# of expected passes 2574
=== libmudflap tests ===
Running target unix
FAIL: libmudflap.c++/pass41-frag.cxx execution test
FAIL: libmudflap.c++/pass41-frag.cxx (-static) execution test
FAIL: libmudflap.c++/pass41-frag.cxx ( -O) execution test
FAIL: libmudflap.c++/pass41-frag.cxx (-O2) execution test
FAIL: libmudflap.c++/pass41-frag.cxx (-O3) execution test
=== libmudflap Summary ===
# of expected passes 1889
# of unexpected failures 5
=== libstdc++ tests ===
Running target unix
FAIL: 22_locale/time_get/get_date/wchar_t/4.cc execution test
=== libstdc++ Summary ===
# of expected passes 6509
# of unexpected failures 1
# of expected failures 80
# of unsupported tests 18
Compiler version: 4.4.5 20100816 (prerelease) [gcc-4_4-branch revision 163285] (GCC)
Platform: hppa-unknown-linux-gnu
configure flags: --with-gnu-as --with-gnu-ld --enable-shared --prefix=/home/dave/opt/gnu/gcc/gcc-4.4.5 --with-local-prefix=/home/dave/opt/gnu --enable-threads=posix --enable-__cxa_atexit --build=hppa-linux --enable-clocale=gnu --enable-java-gc=boehm --enable-java-awt=xlib --without-cloog --without-ppl --disable-libstdcxx-pch --enable-languages=c,c++,objc,fortran,obj-c++,java,ada
More information about the Gcc-testresults
mailing list