Results for 4.6.0 20100816 (experimental) [trunk revision 163276] (GCC) testsuite on ia64-unknown-linux-gnu
Laurent GUERBY gcc60
guerby@Babe.esiee.fr
Mon Aug 16 16:34:00 GMT 2010
LAST_UPDATED: Mon Aug 16 06:12:30 UTC 2010 (revision 163276)
=== acats tests ===
FAIL: c390002
FAIL: c392002
FAIL: c392003
FAIL: c392013
FAIL: c393008
FAIL: c393009
FAIL: c760013
FAIL: cb1010c
FAIL: cb1010d
FAIL: cd72a02
FAIL: cdd2a01
FAIL: cdd2a03
=== acats Summary ===
# of expected passes 2309
# of unexpected failures 12
Native configuration is ia64-unknown-linux-gnu
=== gcc tests ===
Running target unix
FAIL: gcc.dg/builtin-apply4.c execution test
FAIL: gcc.dg/cproj-fails-with-broken-glibc.c execution test
FAIL: gcc.dg/guality/asm-1.c -O0 (test for excess errors)
UNRESOLVED: gcc.dg/guality/asm-1.c -O0 compilation failed to produce executable
FAIL: gcc.dg/guality/asm-1.c -O1 (test for excess errors)
UNRESOLVED: gcc.dg/guality/asm-1.c -O1 compilation failed to produce executable
FAIL: gcc.dg/guality/asm-1.c -O2 (test for excess errors)
UNRESOLVED: gcc.dg/guality/asm-1.c -O2 compilation failed to produce executable
FAIL: gcc.dg/guality/asm-1.c -O3 -fomit-frame-pointer (test for excess errors)
UNRESOLVED: gcc.dg/guality/asm-1.c -O3 -fomit-frame-pointer compilation failed to produce executable
FAIL: gcc.dg/guality/asm-1.c -O3 -g (test for excess errors)
UNRESOLVED: gcc.dg/guality/asm-1.c -O3 -g compilation failed to produce executable
FAIL: gcc.dg/guality/asm-1.c -Os (test for excess errors)
UNRESOLVED: gcc.dg/guality/asm-1.c -Os compilation failed to produce executable
XPASS: gcc.dg/guality/example.c -O0 execution test
WARNING: program timed out.
XPASS: gcc.dg/guality/guality.c -O0 execution test
WARNING: program timed out.
FAIL: gcc.dg/guality/inline-params.c -O0 execution test
FAIL: gcc.dg/guality/inline-params.c -O1 execution test
FAIL: gcc.dg/guality/pr36728-1.c -O3 -fomit-frame-pointer line 12 arg7 == 30
FAIL: gcc.dg/guality/pr36728-1.c -O3 -fomit-frame-pointer line 14 arg7 == 30
FAIL: gcc.dg/guality/pr36728-1.c -O3 -g line 12 arg7 == 30
FAIL: gcc.dg/guality/pr36728-1.c -O3 -g line 14 arg7 == 30
XPASS: gcc.dg/guality/pr41353-1.c -O0 line 28 j == 28 + 37
FAIL: gcc.dg/guality/pr41353-1.c -O3 -fomit-frame-pointer line 39 i == 12
FAIL: gcc.dg/guality/pr41353-1.c -O3 -g line 39 i == 12
XPASS: gcc.dg/guality/pr41447-1.c -O0 execution test
XPASS: gcc.dg/guality/pr41447-1.c -O2 execution test
XPASS: gcc.dg/guality/pr41447-1.c -O3 -fomit-frame-pointer execution test
XPASS: gcc.dg/guality/pr41447-1.c -O3 -g execution test
WARNING: program timed out.
XPASS: gcc.dg/guality/pr41616-1.c -O0 execution test
FAIL: gcc.dg/guality/pr43051-1.c -O1 line 34 c == &a[0]
FAIL: gcc.dg/guality/pr43051-1.c -O1 line 39 c == &a[0]
FAIL: gcc.dg/guality/pr43077-1.c -O1 line 42 b == 2
FAIL: gcc.dg/guality/pr43077-1.c -O2 line 42 b == 2
FAIL: gcc.dg/guality/pr43077-1.c -O3 -fomit-frame-pointer line 42 varb == 2
FAIL: gcc.dg/guality/pr43077-1.c -O3 -g line 42 varb == 2
FAIL: gcc.dg/guality/pr43077-1.c -Os line 42 b == 2
FAIL: gcc.dg/guality/pr43177.c -O3 -fomit-frame-pointer line 15 x == 7
FAIL: gcc.dg/guality/pr43177.c -O3 -fomit-frame-pointer line 24 x == 7
FAIL: gcc.dg/guality/pr43177.c -O3 -g line 15 x == 7
FAIL: gcc.dg/guality/pr43177.c -O3 -g line 24 x == 7
FAIL: gcc.dg/guality/pr43329-1.c -O0 (test for excess errors)
UNRESOLVED: gcc.dg/guality/pr43329-1.c -O0 compilation failed to produce executable
FAIL: gcc.dg/guality/pr43329-1.c -O1 (test for excess errors)
UNRESOLVED: gcc.dg/guality/pr43329-1.c -O1 compilation failed to produce executable
FAIL: gcc.dg/guality/pr43329-1.c -O2 (test for excess errors)
UNRESOLVED: gcc.dg/guality/pr43329-1.c -O2 compilation failed to produce executable
FAIL: gcc.dg/guality/pr43329-1.c -O3 -fomit-frame-pointer (test for excess errors)
UNRESOLVED: gcc.dg/guality/pr43329-1.c -O3 -fomit-frame-pointer compilation failed to produce executable
FAIL: gcc.dg/guality/pr43329-1.c -O3 -g (test for excess errors)
UNRESOLVED: gcc.dg/guality/pr43329-1.c -O3 -g compilation failed to produce executable
FAIL: gcc.dg/guality/pr43329-1.c -Os (test for excess errors)
UNRESOLVED: gcc.dg/guality/pr43329-1.c -Os compilation failed to produce executable
FAIL: gcc.dg/guality/vla-1.c -O0 line 17 sizeof (a) == 6
FAIL: gcc.dg/guality/vla-1.c -O0 line 24 sizeof (a) == 17 * sizeof (short)
FAIL: gcc.dg/guality/vla-1.c -O1 line 24 sizeof (a) == 17 * sizeof (short)
FAIL: gcc.dg/guality/vla-1.c -O3 -fomit-frame-pointer line 24 i == 5
FAIL: gcc.dg/guality/vla-1.c -O3 -g line 24 i == 5
XPASS: gcc.dg/tree-ssa/20031106-3.c scan-tree-dump-times optimized "link_error" 0
XPASS: gcc.dg/tree-ssa/20040204-1.c scan-tree-dump-times optimized "link_error" 0
XPASS: gcc.dg/tree-ssa/fre-vce-1.c scan-tree-dump-times fre "sv.i" 2
XPASS: gcc.dg/tree-ssa/loop-1.c scan-assembler-times foo 5
XPASS: gcc.dg/vect/pr33804.c scan-tree-dump-times vect "vectorized 1 loops" 1
XPASS: gcc.dg/vect/pr33804.c scan-tree-dump-times vect "vectorizing stmts using SLP" 1
XPASS: gcc.dg/vect/pr33953.c scan-tree-dump-times vect "vectorized 1 loops" 1
XPASS: gcc.dg/vect/pr33953.c scan-tree-dump-times vect "vectorizing stmts using SLP" 1
FAIL: gcc.dg/vect/vect-1.c scan-tree-dump-times vect "vectorized 5 loops" 1
XPASS: gcc.dg/vect/vect-peel-1.c scan-tree-dump-times vect "vectorized 1 loops" 2
XPASS: gcc.dg/vect/vect-peel-1.c scan-tree-dump-times vect "Alignment of access forced using peeling" 1
XPASS: gcc.dg/vect/vect-peel-2.c scan-tree-dump-times vect "vectorized 1 loops" 2
FAIL: gcc.dg/vect/vect-peel-3.c scan-tree-dump-times vect "Vectorizing an unaligned access" 1
FAIL: gcc.dg/vect/vect-peel-4.c scan-tree-dump-times vect "Vectorizing an unaligned access" 1
XPASS: gcc.dg/vect/vect-vfa-slp.c scan-tree-dump-times vect "vectorized 1 loops" 1
XPASS: gcc.dg/vect/slp-23.c scan-tree-dump-times vect "vectorizing stmts using SLP" 1
XPASS: gcc.dg/vect/slp-24.c scan-tree-dump-times vect "vectorized 1 loops" 1
XPASS: gcc.dg/vect/slp-24.c scan-tree-dump-times vect "vectorizing stmts using SLP" 2
XPASS: gcc.dg/vect/slp-35.c scan-tree-dump-times vect "vectorized 1 loops" 1
XPASS: gcc.dg/vect/slp-35.c scan-tree-dump-times vect "vectorizing stmts using SLP" 1
FAIL: gcc.dg/vect/slp-reduc-3.c scan-tree-dump-times vect "vectorized 1 loops" 2
FAIL: gcc.dg/vect/slp-reduc-3.c scan-tree-dump-times vect "vectorizing stmts using SLP" 1
FAIL: gcc.dg/vect/slp-reduc-6.c scan-tree-dump-times vect "vectorized 1 loops" 2
XPASS: gcc.dg/vect/no-tree-pre-slp-29.c scan-tree-dump-times vect "vectorized 1 loops" 2
XPASS: gcc.dg/vect/no-tree-pre-slp-29.c scan-tree-dump-times vect "vectorizing stmts using SLP" 2
=== gcc Summary ===
# of expected passes 56440
# of unexpected failures 44
# of unexpected successes 27
# of expected failures 262
# of unresolved testcases 12
# of unsupported tests 875
/home/guerby/build/gcc/xgcc version 4.6.0 20100816 (experimental) [trunk revision 163276] (GCC)
=== gnat tests ===
Running target unix
FAIL: gnat.dg/access4.adb (test for excess errors)
FAIL: gnat.dg/aggr3.adb (test for excess errors)
FAIL: gnat.dg/array3.adb (test for excess errors)
FAIL: gnat.dg/bit_packed_array3.adb (test for excess errors)
FAIL: gnat.dg/compose.adb (test for excess errors)
FAIL: gnat.dg/curr_task.adb (test for excess errors)
FAIL: gnat.dg/dispatch1.adb (test for excess errors)
FAIL: gnat.dg/enum2.adb (test for excess errors)
FAIL: gnat.dg/generic_dispatch.adb (test for excess errors)
FAIL: gnat.dg/inline_tagged.adb (test for excess errors)
FAIL: gnat.dg/iprot_test.adb (test for excess errors)
FAIL: gnat.dg/lto6.adb (test for excess errors)
FAIL: gnat.dg/modify_a_constant.adb (test for excess errors)
FAIL: gnat.dg/no_final.adb (test for excess errors)
FAIL: gnat.dg/renaming1.adb (test for excess errors)
FAIL: gnat.dg/slice5.adb (test for excess errors)
FAIL: gnat.dg/socket1.adb (test for excess errors)
FAIL: gnat.dg/tagged_alloc_free.adb (test for excess errors)
FAIL: gnat.dg/test_direct_io.adb (test for excess errors)
FAIL: gnat.dg/test_image.adb (test for excess errors)
FAIL: gnat.dg/test_self.adb (test for excess errors)
FAIL: gnat.dg/timer_cancel.adb (test for excess errors)
FAIL: gnat.dg/warn3.adb (test for excess errors)
FAIL: gnat.dg/specs/elab1.ads (test for excess errors)
FAIL: gnat.dg/specs/oversize.ads (test for excess errors)
=== gnat Summary ===
# of expected passes 791
# of unexpected failures 25
# of expected failures 10
# of unsupported tests 4
=== libgomp tests ===
Running target unix
=== libgomp Summary ===
# of expected passes 266
=== libmudflap tests ===
Running target unix
FAIL: libmudflap.c/pass49-frag.c execution test
FAIL: libmudflap.c/pass49-frag.c output pattern test
FAIL: libmudflap.c/pass49-frag.c execution test
FAIL: libmudflap.c/pass49-frag.c output pattern test
FAIL: libmudflap.c/pass49-frag.c (-static) execution test
FAIL: libmudflap.c/pass49-frag.c (-static) output pattern test
FAIL: libmudflap.c/pass49-frag.c (-static) execution test
FAIL: libmudflap.c/pass49-frag.c (-static) output pattern test
FAIL: libmudflap.c/pass49-frag.c (-O2) execution test
FAIL: libmudflap.c/pass49-frag.c (-O2) output pattern test
FAIL: libmudflap.c/pass49-frag.c (-O2) execution test
FAIL: libmudflap.c/pass49-frag.c (-O2) output pattern test
FAIL: libmudflap.c/pass49-frag.c (-O3) execution test
FAIL: libmudflap.c/pass49-frag.c (-O3) output pattern test
FAIL: libmudflap.c/pass49-frag.c (-O3) execution test
FAIL: libmudflap.c/pass49-frag.c (-O3) output pattern test
=== libmudflap Summary ===
# of expected passes 1724
# of unexpected failures 16
# of unsupported tests 2
Compiler version: 4.6.0 20100816 (experimental) [trunk revision 163276] (GCC)
Platform: ia64-unknown-linux-gnu
configure flags: --prefix=/n/60/guerby/install-trunk --enable-languages=c,ada --enable-__cxa_atexit --disable-nls --enable-threads=posix --with-mpfr=/opt/cfarm/mpfr-2.4.1 --with-gmp=/opt/cfarm/gmp-4.2.4 --with-mpc=/opt/cfarm/mpc-0.8
More information about the Gcc-testresults
mailing list