Results for 4.6.0 20100815 (experimental) (GCC) testsuite on i386-apple-darwin10.5.0
Jack Howarth
howarth@bromo.med.uc.edu
Sun Aug 15 20:33:00 GMT 2010
r163227 with http://gcc.gnu.org/ml/gcc-patches/2010-08/msg00886.html,
http://gcc.gnu.org/ml/gcc-patches/2010-08/msg00887.html,
http://gcc.gnu.org/ml/gcc-patches/2010-08/msg01020.html and
http://gcc.gnu.org/ml/gcc-patches/2010-08/msg01037.html.
Native configuration is i386-apple-darwin10.5.0
=== g++ tests ===
Running target unix/-m32
WARNING: g++.dg/ext/label13.C compilation failed to produce executable
FAIL: g++.dg/ext/visibility/anon6.C scan-assembler 1BIiE1cE
FAIL: g++.dg/lto/20081118-1 cp_lto_20081118-1_0.o-cp_lto_20081118-1_1.o link, -O2 -fwhopr
UNRESOLVED: g++.dg/lto/20081118-1 cp_lto_20081118-1_0.o-cp_lto_20081118-1_1.o execute -O2 -fwhopr
FAIL: g++.dg/lto/20081119-1 cp_lto_20081119-1_0.o-cp_lto_20081119-1_1.o link, -fPIC -fwhopr -r -nostdlib
UNRESOLVED: g++.dg/lto/20081119-1 cp_lto_20081119-1_0.o-cp_lto_20081119-1_1.o execute -fPIC -fwhopr -r -nostdlib
FAIL: g++.dg/lto/20081125 cp_lto_20081125_0.o-cp_lto_20081125_1.o link, -fwhopr
UNRESOLVED: g++.dg/lto/20081125 cp_lto_20081125_0.o-cp_lto_20081125_1.o execute -fwhopr
FAIL: g++.dg/lto/20081209 cp_lto_20081209_0.o-cp_lto_20081209_1.o link, -O0 -fwhopr
UNRESOLVED: g++.dg/lto/20081209 cp_lto_20081209_0.o-cp_lto_20081209_1.o execute -O0 -fwhopr
FAIL: g++.dg/lto/20081209 cp_lto_20081209_0.o-cp_lto_20081209_1.o link, -O2 -fwhopr
UNRESOLVED: g++.dg/lto/20081209 cp_lto_20081209_0.o-cp_lto_20081209_1.o execute -O2 -fwhopr
FAIL: g++.dg/lto/20081211-1 cp_lto_20081211-1_0.o-cp_lto_20081211-1_1.o link, -O0 -fwhopr
UNRESOLVED: g++.dg/lto/20081211-1 cp_lto_20081211-1_0.o-cp_lto_20081211-1_1.o execute -O0 -fwhopr
FAIL: g++.dg/lto/20081211-1 cp_lto_20081211-1_0.o-cp_lto_20081211-1_1.o link, -O2 -fwhopr
UNRESOLVED: g++.dg/lto/20081211-1 cp_lto_20081211-1_0.o-cp_lto_20081211-1_1.o execute -O2 -fwhopr
FAIL: g++.dg/lto/20090302 cp_lto_20090302_0.o-cp_lto_20090302_1.o link, -fPIC -fwhopr -r -nostdlib
UNRESOLVED: g++.dg/lto/20090302 cp_lto_20090302_0.o-cp_lto_20090302_1.o execute -fPIC -fwhopr -r -nostdlib
FAIL: g++.dg/lto/20090311-1 cp_lto_20090311-1_0.o-cp_lto_20090311-1_1.o link, -O0 -fwhopr
UNRESOLVED: g++.dg/lto/20090311-1 cp_lto_20090311-1_0.o-cp_lto_20090311-1_1.o execute -O0 -fwhopr
FAIL: g++.dg/lto/20090311-1 cp_lto_20090311-1_0.o-cp_lto_20090311-1_1.o link, -O2 -fwhopr
UNRESOLVED: g++.dg/lto/20090311-1 cp_lto_20090311-1_0.o-cp_lto_20090311-1_1.o execute -O2 -fwhopr
FAIL: g++.dg/lto/20090311 cp_lto_20090311_0.o-cp_lto_20090311_1.o link, -O0 -fwhopr
UNRESOLVED: g++.dg/lto/20090311 cp_lto_20090311_0.o-cp_lto_20090311_1.o execute -O0 -fwhopr
FAIL: g++.dg/lto/20090312 cp_lto_20090312_0.o-cp_lto_20090312_1.o link, -O0 -fwhopr
UNRESOLVED: g++.dg/lto/20090312 cp_lto_20090312_0.o-cp_lto_20090312_1.o execute -O0 -fwhopr
FAIL: g++.dg/lto/20090312 cp_lto_20090312_0.o-cp_lto_20090312_1.o link, -O2 -fwhopr
UNRESOLVED: g++.dg/lto/20090312 cp_lto_20090312_0.o-cp_lto_20090312_1.o execute -O2 -fwhopr
FAIL: g++.dg/lto/20090315 cp_lto_20090315_0.o-cp_lto_20090315_1.o link, -O0 -fwhopr
UNRESOLVED: g++.dg/lto/20090315 cp_lto_20090315_0.o-cp_lto_20090315_1.o execute -O0 -fwhopr
FAIL: g++.dg/lto/20090315 cp_lto_20090315_0.o-cp_lto_20090315_1.o link, -O2 -fwhopr
UNRESOLVED: g++.dg/lto/20090315 cp_lto_20090315_0.o-cp_lto_20090315_1.o execute -O2 -fwhopr
FAIL: g++.dg/lto/20091210-1 cp_lto_20091210-1_0.o-cp_lto_20091210-1_1.o link, -O0 -fwhopr
UNRESOLVED: g++.dg/lto/20091210-1 cp_lto_20091210-1_0.o-cp_lto_20091210-1_1.o execute -O0 -fwhopr
FAIL: g++.dg/lto/20091210-1 cp_lto_20091210-1_0.o-cp_lto_20091210-1_1.o link, -O2 -fwhopr
UNRESOLVED: g++.dg/lto/20091210-1 cp_lto_20091210-1_0.o-cp_lto_20091210-1_1.o execute -O2 -fwhopr
FAIL: g++.dg/lto/20100723-1 cp_lto_20100723-1_0.o-cp_lto_20100723-1_0.o link, -fcompare-debug -flto (internal compiler error)
UNRESOLVED: g++.dg/lto/20100723-1 cp_lto_20100723-1_0.o-cp_lto_20100723-1_0.o execute -fcompare-debug -flto
FAIL: g++.dg/lto/20100723-1 cp_lto_20100723-1_0.o-cp_lto_20100723-1_0.o link, -fcompare-debug -fwhopr (internal compiler error)
UNRESOLVED: g++.dg/lto/20100723-1 cp_lto_20100723-1_0.o-cp_lto_20100723-1_0.o execute -fcompare-debug -fwhopr
UNRESOLVED: attribute_plugin.c compilation, -I. -I/sw_i386/src/fink.build/gcc46-4.6.0-1000/gcc-4.6-20100814/gcc/testsuite -I/sw_i386/src/fink.build/gcc46-4.6.0-1000/gcc-4.6-20100814/gcc/testsuite/../../gcc -I/sw_i386/src/fink.build/gcc46-4.6.0-1000/darwin_objdir/gcc/testsuite/g++/../../../gcc -I/sw_i386/src/fink.build/gcc46-4.6.0-1000/gcc-4.6-20100814/gcc/testsuite/../../include -I/sw_i386/src/fink.build/gcc46-4.6.0-1000/gcc-4.6-20100814/gcc/testsuite/../../libcpp/include -I/sw_i386/include -I/sw_i386/include -I/sw_i386/src/fink.build/gcc46-4.6.0-1000/darwin_objdir/gcc/testsuite/g++/../../../intl -DIN_GCC -fPIC -shared -undefined dynamic_lookup
UNRESOLVED: pragma_plugin.c compilation, -I. -I/sw_i386/src/fink.build/gcc46-4.6.0-1000/gcc-4.6-20100814/gcc/testsuite -I/sw_i386/src/fink.build/gcc46-4.6.0-1000/gcc-4.6-20100814/gcc/testsuite/../../gcc -I/sw_i386/src/fink.build/gcc46-4.6.0-1000/darwin_objdir/gcc/testsuite/g++/../../../gcc -I/sw_i386/src/fink.build/gcc46-4.6.0-1000/gcc-4.6-20100814/gcc/testsuite/../../include -I/sw_i386/src/fink.build/gcc46-4.6.0-1000/gcc-4.6-20100814/gcc/testsuite/../../libcpp/include -I/sw_i386/include -I/sw_i386/include -I/sw_i386/src/fink.build/gcc46-4.6.0-1000/darwin_objdir/gcc/testsuite/g++/../../../intl -DIN_GCC -fPIC -shared -undefined dynamic_lookup
UNRESOLVED: selfassign.c compilation, -I. -I/sw_i386/src/fink.build/gcc46-4.6.0-1000/gcc-4.6-20100814/gcc/testsuite -I/sw_i386/src/fink.build/gcc46-4.6.0-1000/gcc-4.6-20100814/gcc/testsuite/../../gcc -I/sw_i386/src/fink.build/gcc46-4.6.0-1000/darwin_objdir/gcc/testsuite/g++/../../../gcc -I/sw_i386/src/fink.build/gcc46-4.6.0-1000/gcc-4.6-20100814/gcc/testsuite/../../include -I/sw_i386/src/fink.build/gcc46-4.6.0-1000/gcc-4.6-20100814/gcc/testsuite/../../libcpp/include -I/sw_i386/include -I/sw_i386/include -I/sw_i386/src/fink.build/gcc46-4.6.0-1000/darwin_objdir/gcc/testsuite/g++/../../../intl -O -DIN_GCC -fPIC -shared -undefined dynamic_lookup
UNRESOLVED: dumb_plugin.c compilation, -I. -I/sw_i386/src/fink.build/gcc46-4.6.0-1000/gcc-4.6-20100814/gcc/testsuite -I/sw_i386/src/fink.build/gcc46-4.6.0-1000/gcc-4.6-20100814/gcc/testsuite/../../gcc -I/sw_i386/src/fink.build/gcc46-4.6.0-1000/darwin_objdir/gcc/testsuite/g++/../../../gcc -I/sw_i386/src/fink.build/gcc46-4.6.0-1000/gcc-4.6-20100814/gcc/testsuite/../../include -I/sw_i386/src/fink.build/gcc46-4.6.0-1000/gcc-4.6-20100814/gcc/testsuite/../../libcpp/include -I/sw_i386/include -I/sw_i386/include -I/sw_i386/src/fink.build/gcc46-4.6.0-1000/darwin_objdir/gcc/testsuite/g++/../../../intl -DIN_GCC -fPIC -shared -undefined dynamic_lookup
UNRESOLVED: header_plugin.c compilation, -I. -I/sw_i386/src/fink.build/gcc46-4.6.0-1000/gcc-4.6-20100814/gcc/testsuite -I/sw_i386/src/fink.build/gcc46-4.6.0-1000/gcc-4.6-20100814/gcc/testsuite/../../gcc -I/sw_i386/src/fink.build/gcc46-4.6.0-1000/darwin_objdir/gcc/testsuite/g++/../../../gcc -I/sw_i386/src/fink.build/gcc46-4.6.0-1000/gcc-4.6-20100814/gcc/testsuite/../../include -I/sw_i386/src/fink.build/gcc46-4.6.0-1000/gcc-4.6-20100814/gcc/testsuite/../../libcpp/include -I/sw_i386/include -I/sw_i386/include -I/sw_i386/src/fink.build/gcc46-4.6.0-1000/darwin_objdir/gcc/testsuite/g++/../../../intl -DIN_GCC -fPIC -shared -undefined dynamic_lookup
FAIL: g++.dg/torture/pr43879-1_1.C -O2 -fwhopr (test for excess errors)
WARNING: g++.dg/torture/pr43879-1_1.C -O2 -fwhopr compilation failed to produce executable
FAIL: g++.dg/torture/stackalign/eh-alloca-1.C -O3 -g execution test
FAIL: g++.dg/torture/stackalign/eh-vararg-1.C -O3 -g execution test
FAIL: g++.dg/torture/stackalign/eh-vararg-2.C -O3 -g execution test
FAIL: g++.dg/torture/stackalign/eh-alloca-1.C -O3 -g execution test
FAIL: g++.dg/torture/stackalign/eh-vararg-1.C -O3 -g execution test
FAIL: g++.dg/torture/stackalign/eh-vararg-2.C -O3 -g execution test
FAIL: g++.dg/tree-prof/partition1.C compilation, -g -fprofile-use
UNRESOLVED: g++.dg/tree-prof/partition1.C execution, -g -fprofile-use
FAIL: g++.dg/tree-prof/partition1.C compilation, -O3 -g -fprofile-use
UNRESOLVED: g++.dg/tree-prof/partition1.C execution, -O3 -g -fprofile-use
=== g++ Summary for unix/-m32 ===
# of expected passes 24278
# of unexpected failures 29
# of expected failures 150
# of unresolved testcases 26
# of unsupported tests 168
Running target unix/-m64
WARNING: g++.dg/ext/label13.C compilation failed to produce executable
FAIL: g++.dg/ext/visibility/anon6.C scan-assembler 1BIiE1cE
FAIL: g++.dg/lto/20100723-1 cp_lto_20100723-1_0.o-cp_lto_20100723-1_0.o link, -fcompare-debug -flto (internal compiler error)
UNRESOLVED: g++.dg/lto/20100723-1 cp_lto_20100723-1_0.o-cp_lto_20100723-1_0.o execute -fcompare-debug -flto
FAIL: g++.dg/lto/20100723-1 cp_lto_20100723-1_0.o-cp_lto_20100723-1_0.o link, -fcompare-debug -fwhopr (internal compiler error)
UNRESOLVED: g++.dg/lto/20100723-1 cp_lto_20100723-1_0.o-cp_lto_20100723-1_0.o execute -fcompare-debug -fwhopr
UNRESOLVED: attribute_plugin.c compilation, -I. -I/sw_i386/src/fink.build/gcc46-4.6.0-1000/gcc-4.6-20100814/gcc/testsuite -I/sw_i386/src/fink.build/gcc46-4.6.0-1000/gcc-4.6-20100814/gcc/testsuite/../../gcc -I/sw_i386/src/fink.build/gcc46-4.6.0-1000/darwin_objdir/gcc/testsuite/g++/../../../gcc -I/sw_i386/src/fink.build/gcc46-4.6.0-1000/gcc-4.6-20100814/gcc/testsuite/../../include -I/sw_i386/src/fink.build/gcc46-4.6.0-1000/gcc-4.6-20100814/gcc/testsuite/../../libcpp/include -I/sw_i386/include -I/sw_i386/include -I/sw_i386/src/fink.build/gcc46-4.6.0-1000/darwin_objdir/gcc/testsuite/g++/../../../intl -DIN_GCC -fPIC -shared -undefined dynamic_lookup
UNRESOLVED: pragma_plugin.c compilation, -I. -I/sw_i386/src/fink.build/gcc46-4.6.0-1000/gcc-4.6-20100814/gcc/testsuite -I/sw_i386/src/fink.build/gcc46-4.6.0-1000/gcc-4.6-20100814/gcc/testsuite/../../gcc -I/sw_i386/src/fink.build/gcc46-4.6.0-1000/darwin_objdir/gcc/testsuite/g++/../../../gcc -I/sw_i386/src/fink.build/gcc46-4.6.0-1000/gcc-4.6-20100814/gcc/testsuite/../../include -I/sw_i386/src/fink.build/gcc46-4.6.0-1000/gcc-4.6-20100814/gcc/testsuite/../../libcpp/include -I/sw_i386/include -I/sw_i386/include -I/sw_i386/src/fink.build/gcc46-4.6.0-1000/darwin_objdir/gcc/testsuite/g++/../../../intl -DIN_GCC -fPIC -shared -undefined dynamic_lookup
UNRESOLVED: selfassign.c compilation, -I. -I/sw_i386/src/fink.build/gcc46-4.6.0-1000/gcc-4.6-20100814/gcc/testsuite -I/sw_i386/src/fink.build/gcc46-4.6.0-1000/gcc-4.6-20100814/gcc/testsuite/../../gcc -I/sw_i386/src/fink.build/gcc46-4.6.0-1000/darwin_objdir/gcc/testsuite/g++/../../../gcc -I/sw_i386/src/fink.build/gcc46-4.6.0-1000/gcc-4.6-20100814/gcc/testsuite/../../include -I/sw_i386/src/fink.build/gcc46-4.6.0-1000/gcc-4.6-20100814/gcc/testsuite/../../libcpp/include -I/sw_i386/include -I/sw_i386/include -I/sw_i386/src/fink.build/gcc46-4.6.0-1000/darwin_objdir/gcc/testsuite/g++/../../../intl -O -DIN_GCC -fPIC -shared -undefined dynamic_lookup
UNRESOLVED: dumb_plugin.c compilation, -I. -I/sw_i386/src/fink.build/gcc46-4.6.0-1000/gcc-4.6-20100814/gcc/testsuite -I/sw_i386/src/fink.build/gcc46-4.6.0-1000/gcc-4.6-20100814/gcc/testsuite/../../gcc -I/sw_i386/src/fink.build/gcc46-4.6.0-1000/darwin_objdir/gcc/testsuite/g++/../../../gcc -I/sw_i386/src/fink.build/gcc46-4.6.0-1000/gcc-4.6-20100814/gcc/testsuite/../../include -I/sw_i386/src/fink.build/gcc46-4.6.0-1000/gcc-4.6-20100814/gcc/testsuite/../../libcpp/include -I/sw_i386/include -I/sw_i386/include -I/sw_i386/src/fink.build/gcc46-4.6.0-1000/darwin_objdir/gcc/testsuite/g++/../../../intl -DIN_GCC -fPIC -shared -undefined dynamic_lookup
UNRESOLVED: header_plugin.c compilation, -I. -I/sw_i386/src/fink.build/gcc46-4.6.0-1000/gcc-4.6-20100814/gcc/testsuite -I/sw_i386/src/fink.build/gcc46-4.6.0-1000/gcc-4.6-20100814/gcc/testsuite/../../gcc -I/sw_i386/src/fink.build/gcc46-4.6.0-1000/darwin_objdir/gcc/testsuite/g++/../../../gcc -I/sw_i386/src/fink.build/gcc46-4.6.0-1000/gcc-4.6-20100814/gcc/testsuite/../../include -I/sw_i386/src/fink.build/gcc46-4.6.0-1000/gcc-4.6-20100814/gcc/testsuite/../../libcpp/include -I/sw_i386/include -I/sw_i386/include -I/sw_i386/src/fink.build/gcc46-4.6.0-1000/darwin_objdir/gcc/testsuite/g++/../../../intl -DIN_GCC -fPIC -shared -undefined dynamic_lookup
FAIL: g++.dg/tree-prof/partition1.C compilation, -g -fprofile-use
UNRESOLVED: g++.dg/tree-prof/partition1.C execution, -g -fprofile-use
FAIL: g++.dg/tree-prof/partition1.C compilation, -O3 -g -fprofile-use
UNRESOLVED: g++.dg/tree-prof/partition1.C execution, -O3 -g -fprofile-use
=== g++ Summary for unix/-m64 ===
# of expected passes 24549
# of unexpected failures 5
# of expected failures 150
# of unresolved testcases 9
# of unsupported tests 364
=== g++ Summary ===
# of expected passes 48827
# of unexpected failures 34
# of expected failures 300
# of unresolved testcases 35
# of unsupported tests 532
/sw_i386/src/fink.build/gcc46-4.6.0-1000/darwin_objdir/gcc/testsuite/g++/../../g++ version 4.6.0 20100815 (experimental) (GCC)
=== gcc tests ===
Running target unix/-m32
FAIL: gcc.c-torture/execute/builtins/abs-1.c compilation, -O2 -fwhopr
UNRESOLVED: gcc.c-torture/execute/builtins/abs-1.c execution, -O2 -fwhopr
FAIL: gcc.c-torture/execute/builtins/strstr-asm.c compilation, -O2 -fwhopr
UNRESOLVED: gcc.c-torture/execute/builtins/strstr-asm.c execution, -O2 -fwhopr
WARNING: program timed out.
FAIL: gcc.c-torture/execute/pr16790-1.c compilation, -O2 -flto
UNRESOLVED: gcc.c-torture/execute/pr16790-1.c execution, -O2 -flto
FAIL: gcc.dg/debug/dwarf2/aranges-fnsec-1.c scan-assembler DW_AT_ranges
FAIL: gcc.dg/framework-1.c (test for excess errors)
FAIL: gcc.dg/lto/20081111 c_lto_20081111_0.o-c_lto_20081111_1.o link, -O0 -fwhopr
UNRESOLVED: gcc.dg/lto/20081111 c_lto_20081111_0.o-c_lto_20081111_1.o execute -O0 -fwhopr
FAIL: gcc.dg/lto/20081111 c_lto_20081111_0.o-c_lto_20081111_1.o link, -O2 -fwhopr
UNRESOLVED: gcc.dg/lto/20081111 c_lto_20081111_0.o-c_lto_20081111_1.o execute -O2 -fwhopr
FAIL: gcc.dg/lto/20081112 c_lto_20081112_0.o-c_lto_20081112_1.o link, -O2 -fwhopr
UNRESOLVED: gcc.dg/lto/20081112 c_lto_20081112_0.o-c_lto_20081112_1.o execute -O2 -fwhopr
FAIL: gcc.dg/lto/20090213 c_lto_20090213_0.o-c_lto_20090213_1.o link, -O2 -fwhopr
UNRESOLVED: gcc.dg/lto/20090213 c_lto_20090213_0.o-c_lto_20090213_1.o execute -O2 -fwhopr
FAIL: gcc.dg/lto/20090218 c_lto_20090218_0.o-c_lto_20090218_3.o link, -O2 -fwhopr
UNRESOLVED: gcc.dg/lto/20090218 c_lto_20090218_0.o-c_lto_20090218_3.o execute -O2 -fwhopr
FAIL: gcc.dg/lto/20090717 c_lto_20090717_0.o-c_lto_20090717_1.o link, -O0 -fwhopr
UNRESOLVED: gcc.dg/lto/20090717 c_lto_20090717_0.o-c_lto_20090717_1.o execute -O0 -fwhopr
FAIL: gcc.dg/lto/20090717 c_lto_20090717_0.o-c_lto_20090717_1.o link, -O2 -fwhopr
UNRESOLVED: gcc.dg/lto/20090717 c_lto_20090717_0.o-c_lto_20090717_1.o execute -O2 -fwhopr
FAIL: gcc.dg/lto/20091005-1 c_lto_20091005-1_0.o-c_lto_20091005-1_1.o link, -O0 -fwhopr
UNRESOLVED: gcc.dg/lto/20091005-1 c_lto_20091005-1_0.o-c_lto_20091005-1_1.o execute -O0 -fwhopr
FAIL: gcc.dg/lto/20100227-1 c_lto_20100227-1_0.o-c_lto_20100227-1_1.o link, -O0 -fwhopr
UNRESOLVED: gcc.dg/lto/20100227-1 c_lto_20100227-1_0.o-c_lto_20100227-1_1.o execute -O0 -fwhopr
FAIL: gcc.dg/lto/20100227-1 c_lto_20100227-1_0.o-c_lto_20100227-1_1.o link, -O2 -fwhopr
UNRESOLVED: gcc.dg/lto/20100227-1 c_lto_20100227-1_0.o-c_lto_20100227-1_1.o execute -O2 -fwhopr
FAIL: gcc.dg/lto/ipacp c_lto_ipacp_0.o-c_lto_ipacp_1.o link, -O1 -fwhopr -fipa-cp -fipa-cp-clone
UNRESOLVED: gcc.dg/lto/ipacp c_lto_ipacp_0.o-c_lto_ipacp_1.o execute -O1 -fwhopr -fipa-cp -fipa-cp-clone
FAIL: gcc.dg/lto/ipareference2 c_lto_ipareference2_0.o-c_lto_ipareference2_1.o link, -O1 -fwhopr -fwhole-program
UNRESOLVED: gcc.dg/lto/ipareference2 c_lto_ipareference2_0.o-c_lto_ipareference2_1.o execute -O1 -fwhopr -fwhole-program
FAIL: gcc.dg/lto/materialize-1 c_lto_materialize-1_0.o-c_lto_materialize-1_1.o link, -O3 -fwhopr
UNRESOLVED: gcc.dg/lto/materialize-1 c_lto_materialize-1_0.o-c_lto_materialize-1_1.o execute -O3 -fwhopr
UNRESOLVED: selfassign.c compilation, -I. -I/sw_i386/src/fink.build/gcc46-4.6.0-1000/gcc-4.6-20100814/gcc/testsuite -I/sw_i386/src/fink.build/gcc46-4.6.0-1000/gcc-4.6-20100814/gcc/testsuite/../../gcc -I/sw_i386/src/fink.build/gcc46-4.6.0-1000/darwin_objdir/gcc/testsuite/gcc/../../../gcc -I/sw_i386/src/fink.build/gcc46-4.6.0-1000/gcc-4.6-20100814/gcc/testsuite/../../include -I/sw_i386/src/fink.build/gcc46-4.6.0-1000/gcc-4.6-20100814/gcc/testsuite/../../libcpp/include -I/sw_i386/include -I/sw_i386/include -I/sw_i386/src/fink.build/gcc46-4.6.0-1000/darwin_objdir/gcc/testsuite/gcc/../../../intl -O -DIN_GCC -fPIC -shared -undefined dynamic_lookup
UNRESOLVED: ggcplug.c compilation, -I. -I/sw_i386/src/fink.build/gcc46-4.6.0-1000/gcc-4.6-20100814/gcc/testsuite -I/sw_i386/src/fink.build/gcc46-4.6.0-1000/gcc-4.6-20100814/gcc/testsuite/../../gcc -I/sw_i386/src/fink.build/gcc46-4.6.0-1000/darwin_objdir/gcc/testsuite/gcc/../../../gcc -I/sw_i386/src/fink.build/gcc46-4.6.0-1000/gcc-4.6-20100814/gcc/testsuite/../../include -I/sw_i386/src/fink.build/gcc46-4.6.0-1000/gcc-4.6-20100814/gcc/testsuite/../../libcpp/include -I/sw_i386/include -I/sw_i386/include -I/sw_i386/src/fink.build/gcc46-4.6.0-1000/darwin_objdir/gcc/testsuite/gcc/../../../intl -O -DIN_GCC -fPIC -shared -undefined dynamic_lookup
UNRESOLVED: one_time_plugin.c compilation, -I. -I/sw_i386/src/fink.build/gcc46-4.6.0-1000/gcc-4.6-20100814/gcc/testsuite -I/sw_i386/src/fink.build/gcc46-4.6.0-1000/gcc-4.6-20100814/gcc/testsuite/../../gcc -I/sw_i386/src/fink.build/gcc46-4.6.0-1000/darwin_objdir/gcc/testsuite/gcc/../../../gcc -I/sw_i386/src/fink.build/gcc46-4.6.0-1000/gcc-4.6-20100814/gcc/testsuite/../../include -I/sw_i386/src/fink.build/gcc46-4.6.0-1000/gcc-4.6-20100814/gcc/testsuite/../../libcpp/include -I/sw_i386/include -I/sw_i386/include -I/sw_i386/src/fink.build/gcc46-4.6.0-1000/darwin_objdir/gcc/testsuite/gcc/../../../intl -DIN_GCC -fPIC -shared -undefined dynamic_lookup
UNRESOLVED: start_unit_plugin.c compilation, -I. -I/sw_i386/src/fink.build/gcc46-4.6.0-1000/gcc-4.6-20100814/gcc/testsuite -I/sw_i386/src/fink.build/gcc46-4.6.0-1000/gcc-4.6-20100814/gcc/testsuite/../../gcc -I/sw_i386/src/fink.build/gcc46-4.6.0-1000/darwin_objdir/gcc/testsuite/gcc/../../../gcc -I/sw_i386/src/fink.build/gcc46-4.6.0-1000/gcc-4.6-20100814/gcc/testsuite/../../include -I/sw_i386/src/fink.build/gcc46-4.6.0-1000/gcc-4.6-20100814/gcc/testsuite/../../libcpp/include -I/sw_i386/include -I/sw_i386/include -I/sw_i386/src/fink.build/gcc46-4.6.0-1000/darwin_objdir/gcc/testsuite/gcc/../../../intl -DIN_GCC -fPIC -shared -undefined dynamic_lookup
UNRESOLVED: finish_unit_plugin.c compilation, -I. -I/sw_i386/src/fink.build/gcc46-4.6.0-1000/gcc-4.6-20100814/gcc/testsuite -I/sw_i386/src/fink.build/gcc46-4.6.0-1000/gcc-4.6-20100814/gcc/testsuite/../../gcc -I/sw_i386/src/fink.build/gcc46-4.6.0-1000/darwin_objdir/gcc/testsuite/gcc/../../../gcc -I/sw_i386/src/fink.build/gcc46-4.6.0-1000/gcc-4.6-20100814/gcc/testsuite/../../include -I/sw_i386/src/fink.build/gcc46-4.6.0-1000/gcc-4.6-20100814/gcc/testsuite/../../libcpp/include -I/sw_i386/include -I/sw_i386/include -I/sw_i386/src/fink.build/gcc46-4.6.0-1000/darwin_objdir/gcc/testsuite/gcc/../../../intl -DIN_GCC -fPIC -shared -undefined dynamic_lookup
FAIL: gcc.dg/torture/builtin-math-7.c -O0 execution test
FAIL: gcc.dg/torture/builtin-math-7.c -O1 execution test
FAIL: gcc.dg/torture/builtin-math-7.c -O2 execution test
FAIL: gcc.dg/torture/builtin-math-7.c -O3 -fomit-frame-pointer execution test
FAIL: gcc.dg/torture/builtin-math-7.c -O3 -fomit-frame-pointer -funroll-loops execution test
FAIL: gcc.dg/torture/builtin-math-7.c -O3 -fomit-frame-pointer -funroll-all-loops -finline-functions execution test
FAIL: gcc.dg/torture/builtin-math-7.c -O3 -g execution test
FAIL: gcc.dg/torture/builtin-math-7.c -Os execution test
FAIL: gcc.dg/torture/builtin-math-7.c -O2 -flto execution test
FAIL: gcc.dg/torture/builtin-math-7.c -O2 -fwhopr execution test
FAIL: gcc.dg/torture/pr43879_1.c -O2 -fwhopr (test for excess errors)
WARNING: gcc.dg/torture/pr43879_1.c -O2 -fwhopr compilation failed to produce executable
XPASS: gcc.dg/tree-ssa/20031106-3.c scan-tree-dump-times optimized "link_error" 0
XPASS: gcc.dg/tree-ssa/20040204-1.c scan-tree-dump-times optimized "link_error" 0
XPASS: gcc.dg/tree-ssa/fre-vce-1.c scan-tree-dump-times fre "sv.i" 2
=== gcc Summary for unix/-m32 ===
# of expected passes 71522
# of unexpected failures 29
# of unexpected successes 3
# of expected failures 211
# of unresolved testcases 21
# of unsupported tests 1285
Running target unix/-m64
FAIL: gcc.dg/debug/dwarf2/aranges-fnsec-1.c scan-assembler DW_AT_ranges
FAIL: gcc.dg/framework-1.c (test for excess errors)
FAIL: gcc.dg/matrix/transpose-3.c execution, -fprofile-use -fipa-matrix-reorg -fdump-ipa-matrix-reorg -O3 -fwhole-program -combine
UNRESOLVED: selfassign.c compilation, -I. -I/sw_i386/src/fink.build/gcc46-4.6.0-1000/gcc-4.6-20100814/gcc/testsuite -I/sw_i386/src/fink.build/gcc46-4.6.0-1000/gcc-4.6-20100814/gcc/testsuite/../../gcc -I/sw_i386/src/fink.build/gcc46-4.6.0-1000/darwin_objdir/gcc/testsuite/gcc/../../../gcc -I/sw_i386/src/fink.build/gcc46-4.6.0-1000/gcc-4.6-20100814/gcc/testsuite/../../include -I/sw_i386/src/fink.build/gcc46-4.6.0-1000/gcc-4.6-20100814/gcc/testsuite/../../libcpp/include -I/sw_i386/include -I/sw_i386/include -I/sw_i386/src/fink.build/gcc46-4.6.0-1000/darwin_objdir/gcc/testsuite/gcc/../../../intl -O -DIN_GCC -fPIC -shared -undefined dynamic_lookup
UNRESOLVED: ggcplug.c compilation, -I. -I/sw_i386/src/fink.build/gcc46-4.6.0-1000/gcc-4.6-20100814/gcc/testsuite -I/sw_i386/src/fink.build/gcc46-4.6.0-1000/gcc-4.6-20100814/gcc/testsuite/../../gcc -I/sw_i386/src/fink.build/gcc46-4.6.0-1000/darwin_objdir/gcc/testsuite/gcc/../../../gcc -I/sw_i386/src/fink.build/gcc46-4.6.0-1000/gcc-4.6-20100814/gcc/testsuite/../../include -I/sw_i386/src/fink.build/gcc46-4.6.0-1000/gcc-4.6-20100814/gcc/testsuite/../../libcpp/include -I/sw_i386/include -I/sw_i386/include -I/sw_i386/src/fink.build/gcc46-4.6.0-1000/darwin_objdir/gcc/testsuite/gcc/../../../intl -O -DIN_GCC -fPIC -shared -undefined dynamic_lookup
UNRESOLVED: one_time_plugin.c compilation, -I. -I/sw_i386/src/fink.build/gcc46-4.6.0-1000/gcc-4.6-20100814/gcc/testsuite -I/sw_i386/src/fink.build/gcc46-4.6.0-1000/gcc-4.6-20100814/gcc/testsuite/../../gcc -I/sw_i386/src/fink.build/gcc46-4.6.0-1000/darwin_objdir/gcc/testsuite/gcc/../../../gcc -I/sw_i386/src/fink.build/gcc46-4.6.0-1000/gcc-4.6-20100814/gcc/testsuite/../../include -I/sw_i386/src/fink.build/gcc46-4.6.0-1000/gcc-4.6-20100814/gcc/testsuite/../../libcpp/include -I/sw_i386/include -I/sw_i386/include -I/sw_i386/src/fink.build/gcc46-4.6.0-1000/darwin_objdir/gcc/testsuite/gcc/../../../intl -DIN_GCC -fPIC -shared -undefined dynamic_lookup
UNRESOLVED: start_unit_plugin.c compilation, -I. -I/sw_i386/src/fink.build/gcc46-4.6.0-1000/gcc-4.6-20100814/gcc/testsuite -I/sw_i386/src/fink.build/gcc46-4.6.0-1000/gcc-4.6-20100814/gcc/testsuite/../../gcc -I/sw_i386/src/fink.build/gcc46-4.6.0-1000/darwin_objdir/gcc/testsuite/gcc/../../../gcc -I/sw_i386/src/fink.build/gcc46-4.6.0-1000/gcc-4.6-20100814/gcc/testsuite/../../include -I/sw_i386/src/fink.build/gcc46-4.6.0-1000/gcc-4.6-20100814/gcc/testsuite/../../libcpp/include -I/sw_i386/include -I/sw_i386/include -I/sw_i386/src/fink.build/gcc46-4.6.0-1000/darwin_objdir/gcc/testsuite/gcc/../../../intl -DIN_GCC -fPIC -shared -undefined dynamic_lookup
UNRESOLVED: finish_unit_plugin.c compilation, -I. -I/sw_i386/src/fink.build/gcc46-4.6.0-1000/gcc-4.6-20100814/gcc/testsuite -I/sw_i386/src/fink.build/gcc46-4.6.0-1000/gcc-4.6-20100814/gcc/testsuite/../../gcc -I/sw_i386/src/fink.build/gcc46-4.6.0-1000/darwin_objdir/gcc/testsuite/gcc/../../../gcc -I/sw_i386/src/fink.build/gcc46-4.6.0-1000/gcc-4.6-20100814/gcc/testsuite/../../include -I/sw_i386/src/fink.build/gcc46-4.6.0-1000/gcc-4.6-20100814/gcc/testsuite/../../libcpp/include -I/sw_i386/include -I/sw_i386/include -I/sw_i386/src/fink.build/gcc46-4.6.0-1000/darwin_objdir/gcc/testsuite/gcc/../../../intl -DIN_GCC -fPIC -shared -undefined dynamic_lookup
FAIL: gcc.dg/torture/builtin-math-7.c -O0 execution test
FAIL: gcc.dg/torture/builtin-math-7.c -O1 execution test
FAIL: gcc.dg/torture/builtin-math-7.c -O2 execution test
FAIL: gcc.dg/torture/builtin-math-7.c -O3 -fomit-frame-pointer execution test
FAIL: gcc.dg/torture/builtin-math-7.c -O3 -fomit-frame-pointer -funroll-loops execution test
FAIL: gcc.dg/torture/builtin-math-7.c -O3 -fomit-frame-pointer -funroll-all-loops -finline-functions execution test
FAIL: gcc.dg/torture/builtin-math-7.c -O3 -g execution test
FAIL: gcc.dg/torture/builtin-math-7.c -Os execution test
FAIL: gcc.dg/torture/builtin-math-7.c -O2 -flto execution test
FAIL: gcc.dg/torture/builtin-math-7.c -O2 -fwhopr execution test
XPASS: gcc.dg/tree-ssa/20031106-3.c scan-tree-dump-times optimized "link_error" 0
XPASS: gcc.dg/tree-ssa/20040204-1.c scan-tree-dump-times optimized "link_error" 0
XPASS: gcc.dg/tree-ssa/fre-vce-1.c scan-tree-dump-times fre "sv.i" 2
FAIL: gcc.target/x86_64/abi/callabi/leaf-1.c scan-assembler-not %rsp
FAIL: gcc.target/x86_64/abi/callabi/leaf-2.c scan-assembler-not %rsp
=== gcc Summary for unix/-m64 ===
# of expected passes 71708
# of unexpected failures 15
# of unexpected successes 3
# of expected failures 212
# of unresolved testcases 5
# of unsupported tests 1618
=== gcc Summary ===
# of expected passes 143230
# of unexpected failures 44
# of unexpected successes 6
# of expected failures 423
# of unresolved testcases 26
# of unsupported tests 2903
/sw_i386/src/fink.build/gcc46-4.6.0-1000/darwin_objdir/gcc/xgcc version 4.6.0 20100815 (experimental) (GCC)
=== gfortran tests ===
Running target unix/-m32
FAIL: gfortran.dg/array_memcpy_3.f90 -O scan-tree-dump-times original "memcpy|(ref-all.*ref-all)" 2
=== gfortran Summary for unix/-m32 ===
# of expected passes 35445
# of unexpected failures 1
# of expected failures 50
# of unsupported tests 138
Running target unix/-m64
FAIL: gfortran.dg/array_memcpy_3.f90 -O scan-tree-dump-times original "memcpy|(ref-all.*ref-all)" 2
=== gfortran Summary for unix/-m64 ===
# of expected passes 35604
# of unexpected failures 1
# of expected failures 50
# of unsupported tests 64
=== gfortran Summary ===
# of expected passes 71049
# of unexpected failures 2
# of expected failures 100
# of unsupported tests 202
/sw_i386/src/fink.build/gcc46-4.6.0-1000/darwin_objdir/gcc/testsuite/gfortran/../../gfortran version 4.6.0 20100815 (experimental) (GCC)
=== obj-c++ tests ===
Running target unix/-m32
WARNING: obj-c++.dg/lookup-2.mm -fgnu-runtime compilation failed to produce executable
WARNING: obj-c++.dg/try-catch-2.mm -fgnu-runtime compilation failed to produce executable
WARNING: obj-c++.dg/try-catch-9.mm -fgnu-runtime compilation failed to produce executable
=== obj-c++ Summary for unix/-m32 ===
# of expected passes 1176
# of expected failures 3
# of unsupported tests 15
Running target unix/-m64
WARNING: obj-c++.dg/lookup-2.mm -fgnu-runtime compilation failed to produce executable
WARNING: obj-c++.dg/try-catch-2.mm -fgnu-runtime compilation failed to produce executable
WARNING: obj-c++.dg/try-catch-9.mm -fgnu-runtime compilation failed to produce executable
WARNING: obj-c++.dg/try-catch-2.mm -fnext-runtime compilation failed to produce executable
WARNING: obj-c++.dg/try-catch-9.mm -fnext-runtime compilation failed to produce executable
=== obj-c++ Summary for unix/-m64 ===
# of expected passes 1084
# of expected failures 61
# of unsupported tests 19
=== obj-c++ Summary ===
# of expected passes 2260
# of expected failures 64
# of unsupported tests 34
/sw_i386/src/fink.build/gcc46-4.6.0-1000/darwin_objdir/gcc/testsuite/obj-c++/../../g++ version 4.6.0 20100815 (experimental) (GCC)
=== objc tests ===
Running target unix/-m32
FAIL: objc.dg/headers.m -fnext-runtime (test for excess errors)
FAIL: objc.dg/no-extra-load.m -fnext-runtime (test for excess errors)
ERROR: objc.dg/no-extra-load.m: error executing dg-final: couldn't open "no-extra-load.s": no such file or directory
UNRESOLVED: objc.dg/no-extra-load.m: error executing dg-final: couldn't open "no-extra-load.s": no such file or directory
=== objc Summary for unix/-m32 ===
# of expected passes 3997
# of unexpected failures 2
# of expected failures 7
# of unresolved testcases 1
# of unsupported tests 26
Running target unix/-m64
FAIL: objc.dg/headers.m -fnext-runtime (test for excess errors)
FAIL: objc.dg/no-extra-load.m -fnext-runtime (test for excess errors)
ERROR: objc.dg/no-extra-load.m: error executing dg-final: couldn't open "no-extra-load.s": no such file or directory
UNRESOLVED: objc.dg/no-extra-load.m: error executing dg-final: couldn't open "no-extra-load.s": no such file or directory
=== objc Summary for unix/-m64 ===
# of expected passes 2702
# of unexpected failures 2
# of expected failures 56
# of unresolved testcases 1
# of unsupported tests 31
=== objc Summary ===
# of expected passes 6699
# of unexpected failures 4
# of expected failures 63
# of unresolved testcases 2
# of unsupported tests 57
/sw_i386/src/fink.build/gcc46-4.6.0-1000/darwin_objdir/gcc/xgcc version 4.6.0 20100815 (experimental) (GCC)
=== libffi tests ===
Running target unix/-m32
=== libffi Summary for unix/-m32 ===
# of expected passes 1624
# of expected failures 10
# of unsupported tests 15
Running target unix/-m64
=== libffi Summary for unix/-m64 ===
# of expected passes 1624
# of expected failures 10
# of unsupported tests 15
=== libffi Summary ===
# of expected passes 3248
# of expected failures 20
# of unsupported tests 30
=== libgomp tests ===
Running target unix/-m32
=== libgomp Summary for unix/-m32 ===
# of expected passes 2536
# of unsupported tests 2
Running target unix/-m64
=== libgomp Summary for unix/-m64 ===
# of expected passes 2536
# of unsupported tests 2
=== libgomp Summary ===
# of expected passes 5072
# of unsupported tests 4
=== libjava tests ===
Running target unix/-m32
=== libjava Summary for unix/-m32 ===
# of expected passes 2574
Running target unix/-m64
FAIL: PR16923.c compilation
FAIL: Throw_2 execution - source compiled test
FAIL: Throw_2 -findirect-dispatch execution - source compiled test
FAIL: Throw_2 -O3 execution - source compiled test
FAIL: Throw_2 -O3 -findirect-dispatch execution - source compiled test
=== libjava Summary for unix/-m64 ===
# of expected passes 2564
# of unexpected failures 5
# of untested testcases 4
=== libjava Summary ===
# of expected passes 5138
# of unexpected failures 5
# of untested testcases 4
=== libstdc++ tests ===
Running target unix/-m32
FAIL: 20_util/auto_ptr/6.cc (test for excess errors)
FAIL: 20_util/shared_ptr/assign/auto_ptr.cc (test for excess errors)
FAIL: 20_util/shared_ptr/cons/auto_ptr.cc (test for excess errors)
FAIL: 20_util/shared_ptr/cons/copy.cc (test for excess errors)
FAIL: 20_util/shared_ptr/cons/move.cc (test for excess errors)
FAIL: 20_util/shared_ptr/cons/pointer.cc (test for excess errors)
FAIL: 20_util/shared_ptr/cons/unique_ptr.cc (test for excess errors)
FAIL: 20_util/shared_ptr/cons/unique_ptr_deleter.cc (test for excess errors)
FAIL: 20_util/shared_ptr/cons/unique_ptr_deleter_ref_1.cc (test for excess errors)
FAIL: 20_util/shared_ptr/cons/unique_ptr_deleter_ref_2.cc (test for excess errors)
FAIL: 20_util/shared_ptr/cons/weak_ptr.cc (test for excess errors)
FAIL: 20_util/shared_ptr/cons/weak_ptr_expired.cc (test for excess errors)
FAIL: 20_util/shared_ptr/creation/36949.cc (test for excess errors)
FAIL: 20_util/shared_ptr/creation/dr925.cc (test for excess errors)
FAIL: 20_util/shared_ptr/creation/make.cc (test for excess errors)
FAIL: 20_util/shared_ptr/hash/1.cc (test for excess errors)
FAIL: 20_util/shared_ptr/misc/42019.cc (test for excess errors)
FAIL: 20_util/shared_ptr/misc/swap.cc (test for excess errors)
FAIL: 20_util/shared_ptr/modifiers/reset.cc (test for excess errors)
FAIL: 20_util/shared_ptr/modifiers/reset_alloc.cc (test for excess errors)
FAIL: 20_util/shared_ptr/modifiers/swap.cc (test for excess errors)
FAIL: 20_util/shared_ptr/observers/get.cc (test for excess errors)
FAIL: 20_util/shared_ptr/observers/owner_before.cc (test for excess errors)
FAIL: 20_util/unique_ptr/assign/move.cc (test for excess errors)
FAIL: 20_util/unique_ptr/assign/move_array.cc (test for excess errors)
FAIL: 21_strings/basic_string/capacity/1.cc (test for excess errors)
FAIL: 21_strings/basic_string/element_access/char/21674.cc (test for excess errors)
FAIL: 21_strings/basic_string/element_access/wchar_t/21674.cc (test for excess errors)
FAIL: 21_strings/basic_string/inserters_extractors/pod/10081-in.cc (test for excess errors)
FAIL: 21_strings/basic_string/inserters_extractors/pod/10081-out.cc (test for excess errors)
FAIL: 22_locale/numpunct/members/pod/1.cc (test for excess errors)
FAIL: 22_locale/numpunct/members/pod/2.cc (test for excess errors)
FAIL: 23_containers/deque/invalidation/4.cc (test for excess errors)
FAIL: 23_containers/list/invalidation/1.cc (test for excess errors)
FAIL: 23_containers/list/invalidation/3.cc (test for excess errors)
FAIL: 23_containers/map/invalidation/1.cc (test for excess errors)
FAIL: 23_containers/map/requirements/exception/basic.cc (test for excess errors)
FAIL: 23_containers/multimap/invalidation/1.cc (test for excess errors)
FAIL: 23_containers/multimap/invalidation/2.cc (test for excess errors)
FAIL: 23_containers/multimap/requirements/exception/basic.cc (test for excess errors)
FAIL: 23_containers/multiset/invalidation/1.cc (test for excess errors)
FAIL: 23_containers/multiset/invalidation/2.cc (test for excess errors)
FAIL: 23_containers/set/invalidation/1.cc (test for excess errors)
FAIL: 23_containers/unordered_multimap/requirements/exception/basic.cc (test for excess errors)
FAIL: 23_containers/vector/bool/clear_allocator.cc (test for excess errors)
FAIL: 23_containers/vector/invalidation/2.cc (test for excess errors)
FAIL: 23_containers/vector/invalidation/3.cc (test for excess errors)
FAIL: 23_containers/vector/invalidation/4.cc (test for excess errors)
FAIL: 23_containers/vector/requirements/exception/basic.cc (test for excess errors)
FAIL: 23_containers/vector/requirements/exception/propagation_consistent.cc (test for excess errors)
FAIL: 25_algorithms/iter_swap/20577.cc (test for excess errors)
FAIL: 26_numerics/complex/inserters_extractors/char/1.cc (test for excess errors)
FAIL: 26_numerics/random/chi_squared_distribution/cons/default.cc (test for excess errors)
FAIL: 26_numerics/random/chi_squared_distribution/cons/parms.cc (test for excess errors)
FAIL: 26_numerics/random/chi_squared_distribution/operators/equal.cc (test for excess errors)
FAIL: 26_numerics/random/chi_squared_distribution/operators/serialize.cc (test for excess errors)
FAIL: 26_numerics/random/fisher_f_distribution/cons/default.cc (test for excess errors)
FAIL: 26_numerics/random/fisher_f_distribution/cons/parms.cc (test for excess errors)
FAIL: 26_numerics/random/fisher_f_distribution/operators/equal.cc (test for excess errors)
FAIL: 26_numerics/random/fisher_f_distribution/operators/serialize.cc (test for excess errors)
FAIL: 26_numerics/random/gamma_distribution/cons/default.cc (test for excess errors)
FAIL: 26_numerics/random/gamma_distribution/cons/parms.cc (test for excess errors)
FAIL: 26_numerics/random/gamma_distribution/operators/equal.cc (test for excess errors)
FAIL: 26_numerics/random/gamma_distribution/operators/serialize.cc (test for excess errors)
FAIL: 26_numerics/random/negative_binomial_distribution/cons/default.cc (test for excess errors)
FAIL: 26_numerics/random/negative_binomial_distribution/cons/parms.cc (test for excess errors)
FAIL: 26_numerics/random/negative_binomial_distribution/operators/equal.cc (test for excess errors)
FAIL: 26_numerics/random/negative_binomial_distribution/operators/serialize.cc (test for excess errors)
FAIL: 26_numerics/random/student_t_distribution/cons/default.cc (test for excess errors)
FAIL: 26_numerics/random/student_t_distribution/cons/parms.cc (test for excess errors)
FAIL: 26_numerics/random/student_t_distribution/operators/equal.cc (test for excess errors)
FAIL: 26_numerics/random/student_t_distribution/operators/inequal.cc (test for excess errors)
FAIL: 26_numerics/random/student_t_distribution/operators/serialize.cc (test for excess errors)
FAIL: 27_io/basic_filebuf/close/12790-1.cc (test for excess errors)
FAIL: 27_io/basic_filebuf/close/char/3.cc (test for excess errors)
FAIL: 27_io/basic_filebuf/in_avail/char/1.cc (test for excess errors)
FAIL: 27_io/basic_filebuf/open/12790-1.cc (test for excess errors)
FAIL: 27_io/basic_filebuf/seekoff/12790-1.cc (test for excess errors)
FAIL: 27_io/basic_filebuf/seekoff/12790-2.cc (test for excess errors)
FAIL: 27_io/basic_filebuf/seekoff/12790-3.cc (test for excess errors)
FAIL: 27_io/basic_filebuf/seekoff/12790-4.cc (test for excess errors)
FAIL: 27_io/basic_filebuf/seekpos/12790-1.cc (test for excess errors)
FAIL: 27_io/basic_filebuf/seekpos/12790-2.cc (test for excess errors)
FAIL: 27_io/basic_filebuf/seekpos/12790-3.cc (test for excess errors)
FAIL: 27_io/basic_ios/imbue/14072.cc (test for excess errors)
FAIL: 27_io/basic_istream/extractors_arithmetic/pod/3983-1.cc (test for excess errors)
FAIL: 27_io/basic_istream/extractors_character/pod/3983-2.cc (test for excess errors)
FAIL: 27_io/basic_istream/extractors_other/pod/3983-3.cc (test for excess errors)
FAIL: 27_io/basic_istream/sentry/pod/1.cc (test for excess errors)
FAIL: 27_io/basic_istringstream/cons/2020.cc (test for excess errors)
FAIL: 27_io/basic_ostream/inserters_arithmetic/pod/23875.cc (test for excess errors)
FAIL: 27_io/basic_ostream/sentry/pod/1.cc (test for excess errors)
FAIL: 27_io/basic_ostringstream/cons/2020.cc (test for excess errors)
FAIL: 27_io/basic_stringbuf/cons/2020.cc (test for excess errors)
FAIL: 27_io/basic_stringstream/cons/2020.cc (test for excess errors)
FAIL: 28_regex/07_traits/char/isctype.cc (test for excess errors)
FAIL: 28_regex/07_traits/char/transform.cc (test for excess errors)
FAIL: 28_regex/07_traits/char/value.cc (test for excess errors)
FAIL: 28_regex/07_traits/wchar_t/value.cc (test for excess errors)
FAIL: 28_regex/10_match_results/ctors/char/default.cc (test for excess errors)
FAIL: 28_regex/10_match_results/ctors/wchar_t/default.cc (test for excess errors)
FAIL: backward/hash_map/14648.cc (test for excess errors)
FAIL: ext/concurrence_lock_error/cons_virtual_derivation.cc (test for excess errors)
FAIL: ext/concurrence_unlock_error/cons_virtual_derivation.cc (test for excess errors)
FAIL: ext/pb_ds/example/basic_map.cc (test for excess errors)
FAIL: ext/pb_ds/example/basic_set.cc (test for excess errors)
FAIL: ext/pb_ds/example/hash_load_set_change.cc (test for excess errors)
FAIL: ext/pb_ds/example/hash_mod.cc (test for excess errors)
FAIL: ext/pb_ds/example/hash_shift_mask.cc (test for excess errors)
FAIL: ext/pb_ds/example/ranged_hash.cc (test for excess errors)
FAIL: ext/pb_ds/example/store_hash.cc (test for excess errors)
FAIL: ext/pb_ds/example/tree_intervals.cc (test for excess errors)
FAIL: ext/pb_ds/example/tree_order_statistics.cc (test for excess errors)
FAIL: ext/pb_ds/regression/associative_containers.cc (test for excess errors)
FAIL: ext/pb_ds/regression/priority_queue_rand.cc (test for excess errors)
FAIL: ext/pb_ds/regression/trie_data_map_rand.cc (test for excess errors)
FAIL: ext/pb_ds/regression/trie_no_data_map_rand.cc (test for excess errors)
FAIL: ext/pod_char_traits.cc (test for excess errors)
FAIL: ext/rope/2.cc (test for excess errors)
FAIL: ext/rope/36832.cc (test for excess errors)
FAIL: ext/throw_allocator/check_delete.cc (test for excess errors)
FAIL: ext/throw_allocator/check_new.cc (test for excess errors)
FAIL: ext/throw_allocator/deallocate_global.cc (test for excess errors)
FAIL: ext/throw_allocator/variadic_construct.cc (test for excess errors)
FAIL: tr1/2_general_utilities/enable_shared_from_this/not_shared.cc (test for excess errors)
FAIL: tr1/2_general_utilities/enable_shared_from_this/not_shared2.cc (test for excess errors)
FAIL: tr1/2_general_utilities/enable_shared_from_this/not_shared3.cc (test for excess errors)
FAIL: tr1/2_general_utilities/enable_shared_from_this/shared.cc (test for excess errors)
FAIL: tr1/2_general_utilities/enable_shared_from_this/still_shared.cc (test for excess errors)
FAIL: tr1/2_general_utilities/shared_ptr/assign/assign.cc (test for excess errors)
FAIL: tr1/2_general_utilities/shared_ptr/assign/auto_ptr.cc (test for excess errors)
FAIL: tr1/2_general_utilities/shared_ptr/cons/auto_ptr.cc (test for excess errors)
FAIL: tr1/2_general_utilities/shared_ptr/cons/pointer.cc (test for excess errors)
FAIL: tr1/2_general_utilities/shared_ptr/cons/weak_ptr.cc (test for excess errors)
FAIL: tr1/2_general_utilities/shared_ptr/cons/weak_ptr_expired.cc (test for excess errors)
FAIL: tr1/2_general_utilities/shared_ptr/misc/swap.cc (test for excess errors)
FAIL: tr1/2_general_utilities/shared_ptr/modifiers/swap.cc (test for excess errors)
FAIL: tr1/2_general_utilities/shared_ptr/observers/bool_conv.cc (test for excess errors)
FAIL: tr1/2_general_utilities/shared_ptr/observers/get.cc (test for excess errors)
FAIL: tr1/2_general_utilities/shared_ptr/observers/unique.cc (test for excess errors)
FAIL: tr1/5_numerical_facilities/special_functions/17_hyperg/check_value.cc (test for excess errors)
=== libstdc++ Summary for unix/-m32 ===
# of expected passes 6518
# of unexpected failures 141
# of expected failures 58
# of unsupported tests 554
Running target unix/-m64
=== libstdc++ Summary for unix/-m64 ===
# of expected passes 6657
# of expected failures 58
# of unsupported tests 555
=== libstdc++ Summary ===
# of expected passes 13175
# of unexpected failures 141
# of expected failures 116
# of unsupported tests 1109
Compiler version: 4.6.0 20100815 (experimental) (GCC)
Platform: i386-apple-darwin10.5.0
configure flags: --prefix=/sw_i386 --prefix=/sw_i386/lib/gcc4.6 --mandir=/sw_i386/share/man --infodir=/sw_i386/lib/gcc4.6/info --enable-languages=c,c++,fortran,objc,obj-c++,java --with-gmp=/sw_i386 --with-libiconv-prefix=/sw_i386 --with-ppl=/sw_i386 --with-cloog=/sw_i386 --with-mpc=/sw_i386 --with-system-zlib --x-includes=/usr/X11R6/include --x-libraries=/usr/X11R6/lib --program-suffix=-fsf-4.6 --enable-lto --enable-checking=yes
More information about the Gcc-testresults
mailing list