Results for gcc testsuite on x86_64-unknown-linux-gnu
Laurent GUERBY gcc17
guerby@gcc17.fsffrance.org
Mon Aug 9 21:30:00 GMT 2010
Native configuration is x86_64-unknown-linux-gnu
=== gnat tests ===
Running target unix/-m32
=== gnat Summary for unix/-m32 ===
# of expected passes 815
# of expected failures 10
# of unsupported tests 4
Running target unix/-m64
=== gnat Summary for unix/-m64 ===
# of expected passes 815
# of expected failures 10
# of unsupported tests 4
=== gnat Summary ===
# of expected passes 1630
# of expected failures 20
# of unsupported tests 8
=== libmudflap tests ===
Running target unix/-m32
FAIL: libmudflap.c/pass49-frag.c execution test
FAIL: libmudflap.c/pass49-frag.c output pattern test
FAIL: libmudflap.c/pass49-frag.c execution test
FAIL: libmudflap.c/pass49-frag.c output pattern test
FAIL: libmudflap.c/pass49-frag.c (-static) execution test
FAIL: libmudflap.c/pass49-frag.c (-static) output pattern test
FAIL: libmudflap.c/pass49-frag.c (-static) execution test
FAIL: libmudflap.c/pass49-frag.c (-static) output pattern test
FAIL: libmudflap.c/pass49-frag.c (-O2) execution test
FAIL: libmudflap.c/pass49-frag.c (-O2) output pattern test
FAIL: libmudflap.c/pass49-frag.c (-O2) execution test
FAIL: libmudflap.c/pass49-frag.c (-O2) output pattern test
FAIL: libmudflap.c/pass49-frag.c (-O3) execution test
FAIL: libmudflap.c/pass49-frag.c (-O3) output pattern test
FAIL: libmudflap.c/pass49-frag.c (-O3) execution test
FAIL: libmudflap.c/pass49-frag.c (-O3) output pattern test
=== libmudflap Summary for unix/-m32 ===
# of expected passes 1724
# of unexpected failures 16
# of unsupported tests 2
Running target unix/-m64
FAIL: libmudflap.c/pass49-frag.c execution test
FAIL: libmudflap.c/pass49-frag.c output pattern test
FAIL: libmudflap.c/pass49-frag.c execution test
FAIL: libmudflap.c/pass49-frag.c output pattern test
FAIL: libmudflap.c/pass49-frag.c (-static) execution test
FAIL: libmudflap.c/pass49-frag.c (-static) output pattern test
FAIL: libmudflap.c/pass49-frag.c (-static) execution test
FAIL: libmudflap.c/pass49-frag.c (-static) output pattern test
FAIL: libmudflap.c/pass49-frag.c (-O2) execution test
FAIL: libmudflap.c/pass49-frag.c (-O2) output pattern test
FAIL: libmudflap.c/pass49-frag.c (-O2) execution test
FAIL: libmudflap.c/pass49-frag.c (-O2) output pattern test
FAIL: libmudflap.c/pass49-frag.c (-O3) execution test
FAIL: libmudflap.c/pass49-frag.c (-O3) output pattern test
FAIL: libmudflap.c/pass49-frag.c (-O3) execution test
FAIL: libmudflap.c/pass49-frag.c (-O3) output pattern test
=== libmudflap Summary for unix/-m64 ===
# of expected passes 1724
# of unexpected failures 16
# of unsupported tests 2
=== libmudflap Summary ===
# of expected passes 3448
# of unexpected failures 32
# of unsupported tests 4
Compiler version: gcc
Platform: x86_64-unknown-linux-gnu
configure flags:Test Run By guerby on Mon Aug 9 23:08:08 2010
More information about the Gcc-testresults
mailing list