Results for 4.4.5 20100803 (prerelease) (GCC) testsuite on powerpc64-unknown-linux-gnu
Mikael Pettersson
mikpe@it.uu.se
Fri Aug 6 18:23:00 GMT 2010
LAST_UPDATED: Obtained from SVN: branches/gcc-4_4-branch revision 162848
Native configuration is powerpc64-unknown-linux-gnu
=== g++ tests ===
Running target unix
=== g++ Summary ===
# of expected passes 19765
# of expected failures 157
# of unsupported tests 139
/mnt/archive/objdir44/gcc/testsuite/g++/../../g++ version 4.4.5 20100803 (prerelease) (GCC)
=== gcc tests ===
Running target unix
FAIL: gcc.dg/tree-ssa/pr42585.c scan-tree-dump-times optimized "struct _fat_ptr _ans" 0
FAIL: gcc.dg/tree-ssa/pr42585.c scan-tree-dump-times optimized "struct _fat_ptr _T2" 0
FAIL: gcc.target/powerpc/ppc64-double-1.c scan-assembler-not stfd
=== gcc Summary ===
# of expected passes 54767
# of unexpected failures 3
# of expected failures 191
# of unsupported tests 569
/mnt/archive/objdir44/gcc/xgcc version 4.4.5 20100803 (prerelease) (GCC)
=== gfortran tests ===
Running target unix
XPASS: gfortran.dg/nint_2.f90 -O0 execution test
=== gfortran Summary ===
# of expected passes 30195
# of unexpected successes 1
# of expected failures 33
# of unsupported tests 135
/mnt/archive/objdir44/gcc/testsuite/gfortran/../../gfortran version 4.4.5 20100803 (prerelease) (GCC)
=== obj-c++ tests ===
Running target unix
XPASS: obj-c++.dg/comp-types-10.mm (test for excess errors)
WARNING: obj-c++.dg/lookup-2.mm compilation failed to produce executable
WARNING: obj-c++.dg/try-catch-2.mm compilation failed to produce executable
WARNING: obj-c++.dg/try-catch-9.mm compilation failed to produce executable
=== obj-c++ Summary ===
# of expected passes 436
# of unexpected successes 1
# of expected failures 9
# of unsupported tests 13
/mnt/archive/objdir44/gcc/testsuite/obj-c++/../../g++ version 4.4.5 20100803 (prerelease) (GCC)
=== objc tests ===
Running target unix
=== objc Summary ===
# of expected passes 1866
# of expected failures 15
# of unsupported tests 24
/mnt/archive/objdir44/gcc/xgcc version 4.4.5 20100803 (prerelease) (GCC)
=== libffi tests ===
Running target unix
=== libffi Summary ===
# of expected passes 1389
# of unsupported tests 10
=== libgomp tests ===
Running target unix
=== libgomp Summary ===
# of expected passes 2476
=== libjava tests ===
Running target unix
=== libjava Summary ===
# of expected passes 2574
=== libstdc++ tests ===
Running target unix
FAIL: abi_check
=== libstdc++ Summary ===
# of expected passes 6518
# of unexpected failures 1
# of expected failures 80
# of unsupported tests 13
Compiler version: 4.4.5 20100803 (prerelease) (GCC)
Platform: powerpc64-unknown-linux-gnu
configure flags: --with-gmp=/home/mikpe/pkgs/linux-ppc64/gmp-4.3.2 --with-mpfr=/home/mikpe/pkgs/linux-ppc64/mpfr-2.4.2 --disable-nls --enable-multilib --enable-threads=posix --with-cpu=default32 --enable-checking=release --disable-libmudflap --enable-languages=c,c++,objc,obj-c++,java,fortran
BOOT_CFLAGS=-g -O2
More information about the Gcc-testresults
mailing list