Results for 4.6.0 20100427 (experimental) [trunk revision 158765] (GCC) testsuite on sparc64-unknown-linux-gnu
Laurent GUERBY gcc62
guerby@grobluk.esiee.fr
Tue Apr 27 20:27:00 GMT 2010
LAST_UPDATED: Tue Apr 27 05:41:46 UTC 2010 (revision 158765)
=== acats tests ===
=== acats Summary ===
# of expected passes 2321
# of unexpected failures 0
Native configuration is sparc64-unknown-linux-gnu
=== gcc tests ===
Running target unix/-m32
FAIL: gcc.dg/20061124-1.c (test for excess errors)
UNRESOLVED: gcc.dg/20061124-1.c compilation failed to produce executable
FAIL: gcc.dg/Walways-true-1.c correct warning (test for warnings, line 29)
FAIL: gcc.dg/Walways-true-1.c correct warning (test for warnings, line 33)
FAIL: gcc.dg/Walways-true-1.c correct warning (test for warnings, line 37)
FAIL: gcc.dg/Walways-true-1.c correct warning (test for warnings, line 41)
FAIL: gcc.dg/Walways-true-1.c correct warning (test for warnings, line 43)
FAIL: gcc.dg/Walways-true-1.c correct warning (test for warnings, line 47)
FAIL: gcc.dg/Walways-true-1.c correct warning (test for warnings, line 51)
FAIL: gcc.dg/Walways-true-1.c correct warning (test for warnings, line 55)
FAIL: gcc.dg/Walways-true-1.c (test for excess errors)
FAIL: gcc.dg/Walways-true-2.c correct warning (test for warnings, line 40)
FAIL: gcc.dg/Walways-true-2.c correct warning (test for warnings, line 44)
FAIL: gcc.dg/Walways-true-2.c correct warning (test for warnings, line 54)
FAIL: gcc.dg/Walways-true-2.c correct warning (test for warnings, line 58)
FAIL: gcc.dg/Walways-true-2.c (test for excess errors)
FAIL: gcc.dg/cproj-fails-with-broken-glibc.c execution test
FAIL: gcc.dg/misc-column.c (test for warnings, line 22)
FAIL: gcc.dg/misc-column.c (test for excess errors)
FAIL: gcc.dg/pr32207.c (test for warnings, line 8)
FAIL: gcc.dg/pr32207.c (test for warnings, line 9)
FAIL: gcc.dg/pr32207.c (test for excess errors)
FAIL: gcc.dg/pr34668-1.c (internal compiler error)
FAIL: gcc.dg/pr34668-1.c (test for excess errors)
WARNING: program timed out.
FAIL: gcc.dg/pr43058.c (test for excess errors)
FAIL: gcc.dg/warn-addr-cmp.c (test for warnings, line 39)
FAIL: gcc.dg/warn-addr-cmp.c (test for warnings, line 41)
FAIL: gcc.dg/warn-addr-cmp.c (test for warnings, line 43)
FAIL: gcc.dg/warn-addr-cmp.c (test for warnings, line 45)
FAIL: gcc.dg/warn-addr-cmp.c (test for warnings, line 62)
FAIL: gcc.dg/warn-addr-cmp.c (test for warnings, line 64)
FAIL: gcc.dg/warn-addr-cmp.c (test for warnings, line 66)
FAIL: gcc.dg/warn-addr-cmp.c (test for warnings, line 68)
FAIL: gcc.dg/warn-addr-cmp.c (test for excess errors)
XPASS: gcc.dg/guality/example.c -O0 execution test
XPASS: gcc.dg/guality/example.c -O1 execution test
XPASS: gcc.dg/guality/example.c -Os execution test
XPASS: gcc.dg/guality/guality.c -O0 execution test
XPASS: gcc.dg/guality/guality.c -O1 execution test
XPASS: gcc.dg/guality/guality.c -O2 execution test
XPASS: gcc.dg/guality/guality.c -O3 -fomit-frame-pointer execution test
XPASS: gcc.dg/guality/guality.c -O3 -g execution test
XPASS: gcc.dg/guality/guality.c -Os execution test
FAIL: gcc.dg/guality/inline-params.c -O0 execution test
FAIL: gcc.dg/guality/inline-params.c -O1 execution test
XPASS: gcc.dg/guality/pr41353-1.c -O0 line 28 j == 28 + 37
FAIL: gcc.dg/guality/pr41353-1.c -O1 line 28 i == 37
FAIL: gcc.dg/guality/pr41353-1.c -O2 line 28 i == 37
FAIL: gcc.dg/guality/pr41353-1.c -O3 -fomit-frame-pointer line 28 i == 37
FAIL: gcc.dg/guality/pr41353-1.c -O3 -g line 28 i == 37
FAIL: gcc.dg/guality/pr41353-1.c -Os line 28 i == 37
XPASS: gcc.dg/guality/pr41447-1.c -O0 execution test
XPASS: gcc.dg/guality/pr41447-1.c -O1 execution test
XPASS: gcc.dg/guality/pr41447-1.c -O2 execution test
XPASS: gcc.dg/guality/pr41447-1.c -O3 -fomit-frame-pointer execution test
XPASS: gcc.dg/guality/pr41447-1.c -O3 -g execution test
XPASS: gcc.dg/guality/pr41447-1.c -Os execution test
XPASS: gcc.dg/guality/pr41616-1.c -O0 execution test
FAIL: gcc.dg/guality/vla-1.c -O0 line 17 sizeof (a) == 6
FAIL: gcc.dg/guality/vla-1.c -O0 line 24 sizeof (a) == 17 * sizeof (short)
FAIL: gcc.dg/guality/vla-1.c -O1 line 17 i == 5
FAIL: gcc.dg/guality/vla-1.c -O1 line 17 sizeof (a) == 6
FAIL: gcc.dg/guality/vla-1.c -O1 line 24 sizeof (a) == 17 * sizeof (short)
FAIL: gcc.dg/guality/vla-1.c -O2 line 17 i == 5
FAIL: gcc.dg/guality/vla-1.c -O2 line 17 sizeof (a) == 6
FAIL: gcc.dg/guality/vla-1.c -O2 line 24 i == 5
FAIL: gcc.dg/guality/vla-1.c -O2 line 24 sizeof (a) == 17 * sizeof (short)
FAIL: gcc.dg/guality/vla-1.c -O3 -fomit-frame-pointer line 17 i == 5
FAIL: gcc.dg/guality/vla-1.c -O3 -fomit-frame-pointer line 17 sizeof (a) == 6
FAIL: gcc.dg/guality/vla-1.c -O3 -fomit-frame-pointer line 24 i == 5
FAIL: gcc.dg/guality/vla-1.c -O3 -fomit-frame-pointer line 24 sizeof (a) == 17 * sizeof (short)
FAIL: gcc.dg/guality/vla-1.c -O3 -g line 17 i == 5
FAIL: gcc.dg/guality/vla-1.c -O3 -g line 17 sizeof (a) == 6
FAIL: gcc.dg/guality/vla-1.c -O3 -g line 24 i == 5
FAIL: gcc.dg/guality/vla-1.c -O3 -g line 24 sizeof (a) == 17 * sizeof (short)
FAIL: gcc.dg/guality/vla-1.c -Os line 17 i == 5
FAIL: gcc.dg/guality/vla-1.c -Os line 17 sizeof (a) == 6
FAIL: gcc.dg/guality/vla-1.c -Os line 24 i == 5
FAIL: gcc.dg/guality/vla-1.c -Os line 24 sizeof (a) == 17 * sizeof (short)
FAIL: gcc.dg/vect/pr43430-1.c scan-tree-dump-times vect "vectorized 1 loops" 1
FAIL: gcc.dg/vect/slp-multitypes-2.c execution test
FAIL: gcc.dg/vect/slp-reduc-3.c scan-tree-dump-times vect "vectorizing stmts using SLP" 1
FAIL: gcc.dg/vect/slp-reduc-6.c scan-tree-dump-times vect "vectorized 1 loops" 2
=== gcc Summary for unix/-m32 ===
# of expected passes 55515
# of unexpected failures 65
# of unexpected successes 17
# of expected failures 222
# of unresolved testcases 1
# of unsupported tests 924
Running target unix/-m64
WARNING: program timed out.
FAIL: gcc.c-torture/compile/limits-fnargs.c -O2 (test for excess errors)
WARNING: program timed out.
FAIL: gcc.c-torture/compile/limits-fnargs.c -O3 -fomit-frame-pointer (test for excess errors)
WARNING: program timed out.
FAIL: gcc.c-torture/compile/limits-fnargs.c -O3 -g (test for excess errors)
FAIL: gcc.dg/Walways-true-1.c correct warning (test for warnings, line 29)
FAIL: gcc.dg/Walways-true-1.c correct warning (test for warnings, line 33)
FAIL: gcc.dg/Walways-true-1.c correct warning (test for warnings, line 37)
FAIL: gcc.dg/Walways-true-1.c correct warning (test for warnings, line 41)
FAIL: gcc.dg/Walways-true-1.c correct warning (test for warnings, line 43)
FAIL: gcc.dg/Walways-true-1.c correct warning (test for warnings, line 47)
FAIL: gcc.dg/Walways-true-1.c correct warning (test for warnings, line 51)
FAIL: gcc.dg/Walways-true-1.c correct warning (test for warnings, line 55)
FAIL: gcc.dg/Walways-true-1.c (test for excess errors)
FAIL: gcc.dg/Walways-true-2.c correct warning (test for warnings, line 40)
FAIL: gcc.dg/Walways-true-2.c correct warning (test for warnings, line 44)
FAIL: gcc.dg/Walways-true-2.c correct warning (test for warnings, line 54)
FAIL: gcc.dg/Walways-true-2.c correct warning (test for warnings, line 58)
FAIL: gcc.dg/Walways-true-2.c (test for excess errors)
FAIL: gcc.dg/cproj-fails-with-broken-glibc.c execution test
FAIL: gcc.dg/misc-column.c (test for warnings, line 22)
FAIL: gcc.dg/misc-column.c (test for excess errors)
FAIL: gcc.dg/pr32207.c (test for warnings, line 8)
FAIL: gcc.dg/pr32207.c (test for warnings, line 9)
FAIL: gcc.dg/pr32207.c (test for excess errors)
FAIL: gcc.dg/pr34668-1.c (internal compiler error)
FAIL: gcc.dg/pr34668-1.c (test for excess errors)
WARNING: program timed out.
FAIL: gcc.dg/pr43058.c (test for excess errors)
FAIL: gcc.dg/warn-addr-cmp.c (test for warnings, line 39)
FAIL: gcc.dg/warn-addr-cmp.c (test for warnings, line 41)
FAIL: gcc.dg/warn-addr-cmp.c (test for warnings, line 43)
FAIL: gcc.dg/warn-addr-cmp.c (test for warnings, line 45)
FAIL: gcc.dg/warn-addr-cmp.c (test for warnings, line 62)
FAIL: gcc.dg/warn-addr-cmp.c (test for warnings, line 64)
FAIL: gcc.dg/warn-addr-cmp.c (test for warnings, line 66)
FAIL: gcc.dg/warn-addr-cmp.c (test for warnings, line 68)
FAIL: gcc.dg/warn-addr-cmp.c (test for excess errors)
WARNING: program timed out.
FAIL: gcc.dg/torture/fp-int-convert-long-double.c -O3 -g (test for excess errors)
UNRESOLVED: gcc.dg/torture/fp-int-convert-long-double.c -O3 -g compilation failed to produce executable
FAIL: gcc.dg/vect/pr43430-1.c scan-tree-dump-times vect "vectorized 1 loops" 1
FAIL: gcc.dg/vect/slp-reduc-3.c scan-tree-dump-times vect "vectorizing stmts using SLP" 1
FAIL: gcc.dg/vect/slp-reduc-6.c scan-tree-dump-times vect "vectorized 1 loops" 2
FAIL: gcc.misc-tests/linkage.c link
=== gcc Summary for unix/-m64 ===
# of expected passes 54967
# of unexpected failures 40
# of expected failures 199
# of unresolved testcases 1
# of unsupported tests 766
=== gcc Summary ===
# of expected passes 110482
# of unexpected failures 105
# of unexpected successes 17
# of expected failures 421
# of unresolved testcases 2
# of unsupported tests 1690
/home/guerby/build/gcc/xgcc version 4.6.0 20100427 (experimental) [trunk revision 158765] (GCC)
=== gnat tests ===
Running target unix/-m32
=== gnat Summary for unix/-m32 ===
# of expected passes 780
# of expected failures 8
# of unsupported tests 1
Running target unix/-m64
=== gnat Summary for unix/-m64 ===
# of expected passes 780
# of expected failures 8
# of unsupported tests 1
=== gnat Summary ===
# of expected passes 1560
# of expected failures 16
# of unsupported tests 2
=== libgomp tests ===
Running target unix/-m32
=== libgomp Summary for unix/-m32 ===
# of expected passes 266
Running target unix/-m64
=== libgomp Summary for unix/-m64 ===
# of expected passes 266
=== libgomp Summary ===
# of expected passes 532
=== libmudflap tests ===
Running target unix/-m32
=== libmudflap Summary for unix/-m32 ===
# of expected passes 1740
# of unsupported tests 2
Running target unix/-m64
=== libmudflap Summary for unix/-m64 ===
# of expected passes 1740
# of unsupported tests 2
=== libmudflap Summary ===
# of expected passes 3480
# of unsupported tests 4
Compiler version: 4.6.0 20100427 (experimental) [trunk revision 158765] (GCC)
Platform: sparc64-unknown-linux-gnu
configure flags: --prefix=/n/62/guerby/install-trunk-64 --disable-werror --enable-languages=c,ada --enable-__cxa_atexit --disable-nls --enable-threads=posix --with-mpfr=/opt/cfarm/mpfr-2.4.1-64 --with-gmp=/opt/cfarm/gmp-4.2.4-64 --with-mpc=/opt/cfarm/mpc-0.8-64
More information about the Gcc-testresults
mailing list