Results for 4.6.0 20100427 (experimental) (GCC) testsuite on i686-pc-linux-gnu
GCC regression tester
regress@geoffk.org
Tue Apr 27 10:24:00 GMT 2010
This build run by an automatic regression tester.
See <http://glutton.geoffk.org/HEAD/> for more information.
Date: 2010-04-27T08:50:06Z
Revision: 158768
URL: svn://gcc.gnu.org/svn/gcc/trunk
Status: regress-5
Prev-Endtime: 2010-04-27T07:19:07Z
Native configuration is i686-pc-linux-gnu
=== g++ tests ===
Running target unix
=== g++ Summary ===
# of expected passes 23209
# of expected failures 151
# of unsupported tests 114
/home/regress/tbox/native/build/gcc/testsuite/g++/../../g++ version 4.6.0 20100427 (experimental) (GCC)
=== gcc tests ===
Running target unix
FAIL: gcc.dg/Walways-true-1.c correct warning (test for warnings, line 29)
FAIL: gcc.dg/Walways-true-1.c correct warning (test for warnings, line 33)
FAIL: gcc.dg/Walways-true-1.c correct warning (test for warnings, line 37)
FAIL: gcc.dg/Walways-true-1.c correct warning (test for warnings, line 41)
FAIL: gcc.dg/Walways-true-1.c correct warning (test for warnings, line 43)
FAIL: gcc.dg/Walways-true-1.c correct warning (test for warnings, line 47)
FAIL: gcc.dg/Walways-true-1.c correct warning (test for warnings, line 51)
FAIL: gcc.dg/Walways-true-1.c correct warning (test for warnings, line 55)
FAIL: gcc.dg/Walways-true-1.c (test for excess errors)
FAIL: gcc.dg/Walways-true-2.c correct warning (test for warnings, line 40)
FAIL: gcc.dg/Walways-true-2.c correct warning (test for warnings, line 44)
FAIL: gcc.dg/Walways-true-2.c correct warning (test for warnings, line 54)
FAIL: gcc.dg/Walways-true-2.c correct warning (test for warnings, line 58)
FAIL: gcc.dg/Walways-true-2.c (test for excess errors)
FAIL: gcc.dg/cproj-fails-with-broken-glibc.c execution test
FAIL: gcc.dg/misc-column.c (test for warnings, line 22)
FAIL: gcc.dg/misc-column.c (test for excess errors)
FAIL: gcc.dg/pr32207.c (test for warnings, line 8)
FAIL: gcc.dg/pr32207.c (test for warnings, line 9)
FAIL: gcc.dg/pr32207.c (test for excess errors)
FAIL: gcc.dg/pr34668-1.c (internal compiler error)
FAIL: gcc.dg/pr34668-1.c (test for excess errors)
FAIL: gcc.dg/warn-addr-cmp.c (test for warnings, line 39)
FAIL: gcc.dg/warn-addr-cmp.c (test for warnings, line 41)
FAIL: gcc.dg/warn-addr-cmp.c (test for warnings, line 43)
FAIL: gcc.dg/warn-addr-cmp.c (test for warnings, line 45)
FAIL: gcc.dg/warn-addr-cmp.c (test for warnings, line 62)
FAIL: gcc.dg/warn-addr-cmp.c (test for warnings, line 64)
FAIL: gcc.dg/warn-addr-cmp.c (test for warnings, line 66)
FAIL: gcc.dg/warn-addr-cmp.c (test for warnings, line 68)
FAIL: gcc.dg/warn-addr-cmp.c (test for excess errors)
XPASS: gcc.dg/guality/example.c -O0 execution test
XPASS: gcc.dg/guality/example.c -O1 execution test
XPASS: gcc.dg/guality/guality.c -O0 execution test
XPASS: gcc.dg/guality/guality.c -O1 execution test
XPASS: gcc.dg/guality/guality.c -O2 execution test
XPASS: gcc.dg/guality/guality.c -O3 -fomit-frame-pointer execution test
XPASS: gcc.dg/guality/guality.c -O3 -g execution test
XPASS: gcc.dg/guality/guality.c -Os execution test
XPASS: gcc.dg/guality/guality.c -O2 -flto execution test
XPASS: gcc.dg/guality/guality.c -O2 -fwhopr execution test
FAIL: gcc.dg/guality/inline-params.c -O0 execution test
FAIL: gcc.dg/guality/inline-params.c -O1 execution test
XPASS: gcc.dg/guality/pr41353-1.c -O0 line 28 j == 28 + 37
FAIL: gcc.dg/guality/pr41353-1.c -O2 -flto line 28 i == 37
FAIL: gcc.dg/guality/pr41353-1.c -O2 -fwhopr line 28 i == 37
XPASS: gcc.dg/guality/pr41447-1.c -O0 execution test
XPASS: gcc.dg/guality/pr41447-1.c -O1 execution test
XPASS: gcc.dg/guality/pr41447-1.c -O2 execution test
XPASS: gcc.dg/guality/pr41447-1.c -O3 -g execution test
XPASS: gcc.dg/guality/pr41447-1.c -Os execution test
XPASS: gcc.dg/guality/pr41447-1.c -O2 -flto execution test
XPASS: gcc.dg/guality/pr41616-1.c -O0 execution test
FAIL: gcc.dg/guality/pr43077-1.c -O2 -flto line 11 varb == 2
FAIL: gcc.dg/guality/pr43077-1.c -O2 -flto line 42 varb == 2
FAIL: gcc.dg/guality/pr43077-1.c -O2 -fwhopr line 11 varb == 2
FAIL: gcc.dg/guality/pr43077-1.c -O2 -fwhopr line 42 varb == 2
FAIL: gcc.dg/guality/vla-1.c -O0 line 17 sizeof (a) == 6
FAIL: gcc.dg/guality/vla-1.c -O0 line 24 sizeof (a) == 17 * sizeof (short)
FAIL: gcc.dg/guality/vla-1.c -O1 line 17 sizeof (a) == 6
FAIL: gcc.dg/guality/vla-1.c -O1 line 24 sizeof (a) == 17 * sizeof (short)
FAIL: gcc.dg/guality/vla-1.c -O2 line 17 sizeof (a) == 6
FAIL: gcc.dg/guality/vla-1.c -O2 line 24 sizeof (a) == 17 * sizeof (short)
FAIL: gcc.dg/guality/vla-1.c -O3 -fomit-frame-pointer line 17 sizeof (a) == 6
FAIL: gcc.dg/guality/vla-1.c -O3 -fomit-frame-pointer line 24 sizeof (a) == 17 * sizeof (short)
FAIL: gcc.dg/guality/vla-1.c -O3 -g line 17 sizeof (a) == 6
FAIL: gcc.dg/guality/vla-1.c -O3 -g line 24 sizeof (a) == 17 * sizeof (short)
FAIL: gcc.dg/guality/vla-1.c -Os line 17 sizeof (a) == 6
FAIL: gcc.dg/guality/vla-1.c -Os line 24 sizeof (a) == 17 * sizeof (short)
FAIL: gcc.dg/guality/vla-1.c -O2 -flto line 17 sizeof (a) == 6
FAIL: gcc.dg/guality/vla-1.c -O2 -flto line 24 sizeof (a) == 17 * sizeof (short)
FAIL: gcc.dg/guality/vla-1.c -O2 -fwhopr line 17 sizeof (a) == 6
FAIL: gcc.dg/guality/vla-1.c -O2 -fwhopr line 24 sizeof (a) == 17 * sizeof (short)
FAIL: gcc.dg/lto/20090126-1 c_lto_20090126-1_0.o-c_lto_20090126-1_0.o link, (internal compiler error)
UNRESOLVED: gcc.dg/lto/20090126-1 c_lto_20090126-1_0.o-c_lto_20090126-1_0.o execute -O0 -fwhopr
=== gcc Summary ===
# of expected passes 71983
# of unexpected failures 56
# of unexpected successes 18
# of expected failures 195
# of unresolved testcases 1
# of unsupported tests 1269
/home/regress/tbox/native/build/gcc/xgcc version 4.6.0 20100427 (experimental) (GCC)
=== gfortran tests ===
Running target unix
FAIL: gfortran.dg/coarray_12.f90 -O scan-tree-dump-times original "a.dim.0..ubound = .* nn;" 1
FAIL: gfortran.dg/coarray_12.f90 -O scan-tree-dump-times original "a.dim.1..ubound = .* mm;" 1
=== gfortran Summary ===
# of expected passes 34180
# of unexpected failures 2
# of expected failures 20
# of unsupported tests 129
/home/regress/tbox/native/build/gcc/testsuite/gfortran/../../gfortran version 4.6.0 20100427 (experimental) (GCC)
=== objc tests ===
Running target unix
=== objc Summary ===
# of expected passes 1877
# of expected failures 7
# of unsupported tests 20
/home/regress/tbox/native/build/gcc/xgcc version 4.6.0 20100427 (experimental) (GCC)
=== libffi tests ===
Running target unix
=== libffi Summary ===
# of expected passes 1624
# of expected failures 10
# of unsupported tests 15
=== libgomp tests ===
Running target unix
=== libgomp Summary ===
# of expected passes 2494
=== libjava tests ===
Running target unix
=== libjava Summary ===
# of expected passes 2574
=== libmudflap tests ===
Running target unix
FAIL: libmudflap.c++/pass57-frag.cxx (test for excess errors)
FAIL: libmudflap.c++/pass57-frag.cxx (-static) (test for excess errors)
FAIL: libmudflap.c++/pass57-frag.cxx ( -O) (test for excess errors)
FAIL: libmudflap.c++/pass57-frag.cxx (-O2) (test for excess errors)
FAIL: libmudflap.c++/pass57-frag.cxx (-O3) (test for excess errors)
=== libmudflap Summary ===
# of expected passes 1889
# of unexpected failures 5
=== libstdc++ tests ===
Running target unix
=== libstdc++ Summary ===
# of expected passes 7710
# of expected failures 95
# of unsupported tests 13
Compiler version: 4.6.0 20100427 (experimental) (GCC)
Platform: i686-pc-linux-gnu
configure flags: --prefix=/home/regress/tbox/objs --target=i686-pc-linux-gnu
More information about the Gcc-testresults
mailing list