Results for 4.4.4 20100421 (prerelease) [gcc-4_4-branch revision 158624] (GCC) testsuite on sparc64-unknown-linux-gnu
ghazi@chrisb.id.au
ghazi@chrisb.id.au
Sat Apr 24 06:13:00 GMT 2010
LAST_UPDATED: Thu Apr 22 00:13:46 UTC 2010 (revision 158624)
Native configuration is sparc64-unknown-linux-gnu
=== g++ tests ===
Running target unix/-m32/-fPIC
=== g++ Summary for unix/-m32/-fPIC ===
# of expected passes 19634
# of expected failures 157
# of unsupported tests 162
Running target unix/-m32/-fpic
FAIL: tmpdir-g++.dg-struct-layout-1/t002 cp_compat_x_tst.o-cp_compat_y_tst.o link
UNRESOLVED: tmpdir-g++.dg-struct-layout-1/t002 cp_compat_x_tst.o-cp_compat_y_tst.o execute
=== g++ Summary for unix/-m32/-fpic ===
# of expected passes 19632
# of unexpected failures 1
# of expected failures 157
# of unresolved testcases 1
# of unsupported tests 162
Running target unix/-m32
FAIL: g++.dg/other/error15.C (test for errors, line 54)
FAIL: g++.dg/other/error15.C (test for excess errors)
=== g++ Summary for unix/-m32 ===
# of expected passes 19632
# of unexpected failures 2
# of expected failures 157
# of unsupported tests 162
Running target unix/-fPIC
FAIL: g++.dg/other/error15.C (test for errors, line 54)
FAIL: g++.dg/other/error15.C (test for excess errors)
=== g++ Summary for unix/-fPIC ===
# of expected passes 19603
# of unexpected failures 2
# of expected failures 157
# of unsupported tests 163
Running target unix/-fpic
FAIL: tmpdir-g++.dg-struct-layout-1/t001 cp_compat_x_tst.o-cp_compat_y_tst.o link
UNRESOLVED: tmpdir-g++.dg-struct-layout-1/t001 cp_compat_x_tst.o-cp_compat_y_tst.o execute
FAIL: tmpdir-g++.dg-struct-layout-1/t002 cp_compat_x_tst.o-cp_compat_y_tst.o link
UNRESOLVED: tmpdir-g++.dg-struct-layout-1/t002 cp_compat_x_tst.o-cp_compat_y_tst.o execute
FAIL: tmpdir-g++.dg-struct-layout-1/t003 cp_compat_x_tst.o-cp_compat_y_tst.o link
UNRESOLVED: tmpdir-g++.dg-struct-layout-1/t003 cp_compat_x_tst.o-cp_compat_y_tst.o execute
FAIL: tmpdir-g++.dg-struct-layout-1/t004 cp_compat_x_tst.o-cp_compat_y_tst.o link
UNRESOLVED: tmpdir-g++.dg-struct-layout-1/t004 cp_compat_x_tst.o-cp_compat_y_tst.o execute
FAIL: tmpdir-g++.dg-struct-layout-1/t005 cp_compat_x_tst.o-cp_compat_y_tst.o link
UNRESOLVED: tmpdir-g++.dg-struct-layout-1/t005 cp_compat_x_tst.o-cp_compat_y_tst.o execute
FAIL: tmpdir-g++.dg-struct-layout-1/t006 cp_compat_x_tst.o-cp_compat_y_tst.o link
UNRESOLVED: tmpdir-g++.dg-struct-layout-1/t006 cp_compat_x_tst.o-cp_compat_y_tst.o execute
FAIL: tmpdir-g++.dg-struct-layout-1/t007 cp_compat_x_tst.o-cp_compat_y_tst.o link
UNRESOLVED: tmpdir-g++.dg-struct-layout-1/t007 cp_compat_x_tst.o-cp_compat_y_tst.o execute
FAIL: tmpdir-g++.dg-struct-layout-1/t020 cp_compat_x_tst.o-cp_compat_y_tst.o link
UNRESOLVED: tmpdir-g++.dg-struct-layout-1/t020 cp_compat_x_tst.o-cp_compat_y_tst.o execute
FAIL: tmpdir-g++.dg-struct-layout-1/t021 cp_compat_x_tst.o-cp_compat_y_tst.o link
UNRESOLVED: tmpdir-g++.dg-struct-layout-1/t021 cp_compat_x_tst.o-cp_compat_y_tst.o execute
FAIL: tmpdir-g++.dg-struct-layout-1/t023 cp_compat_x_tst.o-cp_compat_y_tst.o link
UNRESOLVED: tmpdir-g++.dg-struct-layout-1/t023 cp_compat_x_tst.o-cp_compat_y_tst.o execute
FAIL: tmpdir-g++.dg-struct-layout-1/t024 cp_compat_x_tst.o-cp_compat_y_tst.o link
UNRESOLVED: tmpdir-g++.dg-struct-layout-1/t024 cp_compat_x_tst.o-cp_compat_y_tst.o execute
FAIL: tmpdir-g++.dg-struct-layout-1/t025 cp_compat_x_tst.o-cp_compat_y_tst.o link
UNRESOLVED: tmpdir-g++.dg-struct-layout-1/t025 cp_compat_x_tst.o-cp_compat_y_tst.o execute
FAIL: tmpdir-g++.dg-struct-layout-1/t026 cp_compat_x_tst.o-cp_compat_y_tst.o link
UNRESOLVED: tmpdir-g++.dg-struct-layout-1/t026 cp_compat_x_tst.o-cp_compat_y_tst.o execute
FAIL: tmpdir-g++.dg-struct-layout-1/t027 cp_compat_x_tst.o-cp_compat_y_tst.o link
UNRESOLVED: tmpdir-g++.dg-struct-layout-1/t027 cp_compat_x_tst.o-cp_compat_y_tst.o execute
FAIL: tmpdir-g++.dg-struct-layout-1/t030 cp_compat_x_tst.o-cp_compat_y_tst.o link
UNRESOLVED: tmpdir-g++.dg-struct-layout-1/t030 cp_compat_x_tst.o-cp_compat_y_tst.o execute
FAIL: g++.dg/other/error15.C (test for errors, line 54)
FAIL: g++.dg/other/error15.C (test for excess errors)
=== g++ Summary for unix/-fpic ===
# of expected passes 19573
# of unexpected failures 17
# of expected failures 157
# of unresolved testcases 15
# of unsupported tests 163
Running target unix
=== g++ Summary for unix ===
# of expected passes 19605
# of expected failures 157
# of unsupported tests 163
=== g++ Summary ===
# of expected passes 117679
# of unexpected failures 22
# of expected failures 942
# of unresolved testcases 16
# of unsupported tests 975
/home/ghazi/gcc-testing/44/build/gcc/testsuite/g++/../../g++ version 4.4.4 20100421 (prerelease) [gcc-4_4-branch revision 158624] (GCC)
=== gcc tests ===
Running target unix/-m32/-fPIC
FAIL: gcc.dg/debug/dwarf2/inline2.c scan-assembler-times \\(DIE \\(.*?\\) DW_TAG_inlined_subroutine 6
FAIL: gcc.dg/debug/dwarf2/inline2.c scan-assembler-times \\(DIE \\(.*?\\) DW_TAG_lexical_block 6
FAIL: gcc.dg/20061124-1.c (test for excess errors)
WARNING: gcc.dg/20061124-1.c compilation failed to produce executable
FAIL: gcc.dg/pointer-arith-4.c (test for errors, line 40)
FAIL: gcc.dg/pointer-arith-4.c (test for excess errors)
FAIL: gcc.dg/torture/asm-subreg-1.c -O1 (test for excess errors)
FAIL: gcc.dg/torture/asm-subreg-1.c -O2 (test for excess errors)
FAIL: gcc.dg/torture/asm-subreg-1.c -O3 -fomit-frame-pointer (test for excess errors)
FAIL: gcc.dg/torture/asm-subreg-1.c -O3 -g (test for excess errors)
FAIL: gcc.dg/torture/asm-subreg-1.c -Os (test for excess errors)
FAIL: gcc.dg/tree-prof/bb-reorg.c compilation, -fprofile-use -D_PROFILE_USE
UNRESOLVED: gcc.dg/tree-prof/bb-reorg.c execution, -fprofile-use -D_PROFILE_USE
FAIL: gcc.dg/tree-prof/pr34999.c compilation, -fprofile-use -D_PROFILE_USE
UNRESOLVED: gcc.dg/tree-prof/pr34999.c execution, -fprofile-use -D_PROFILE_USE
FAIL: gcc.dg/vect/vect-35.c scan-tree-dump-times vect "vectorized 1 loops" 1
FAIL: gcc.dg/vect/slp-multitypes-2.c execution test
=== gcc Summary for unix/-m32/-fPIC ===
# of expected passes 51650
# of unexpected failures 14
# of expected failures 223
# of unresolved testcases 2
# of unsupported tests 669
Running target unix/-m32/-fpic
FAIL: tmpdir-gcc.dg-struct-layout-1/t002 c_compat_x_tst.o-c_compat_y_tst.o link
UNRESOLVED: tmpdir-gcc.dg-struct-layout-1/t002 c_compat_x_tst.o-c_compat_y_tst.o execute
FAIL: gcc.dg/debug/dwarf2/inline2.c scan-assembler-times \\(DIE \\(.*?\\) DW_TAG_inlined_subroutine 6
FAIL: gcc.dg/debug/dwarf2/inline2.c scan-assembler-times \\(DIE \\(.*?\\) DW_TAG_lexical_block 6
FAIL: gcc.dg/20061124-1.c (test for excess errors)
WARNING: gcc.dg/20061124-1.c compilation failed to produce executable
FAIL: gcc.dg/tree-prof/bb-reorg.c compilation, -fprofile-use -D_PROFILE_USE
UNRESOLVED: gcc.dg/tree-prof/bb-reorg.c execution, -fprofile-use -D_PROFILE_USE
FAIL: gcc.dg/tree-prof/pr34999.c compilation, -fprofile-use -D_PROFILE_USE
UNRESOLVED: gcc.dg/tree-prof/pr34999.c execution, -fprofile-use -D_PROFILE_USE
FAIL: gcc.dg/vect/vect-35.c scan-tree-dump-times vect "vectorized 1 loops" 1
FAIL: gcc.dg/vect/slp-multitypes-2.c execution test
=== gcc Summary for unix/-m32/-fpic ===
# of expected passes 51655
# of unexpected failures 8
# of expected failures 223
# of unresolved testcases 3
# of unsupported tests 669
Running target unix/-m32
FAIL: gcc.dg/debug/dwarf2/inline2.c scan-assembler-times \\(DIE \\(.*?\\) DW_TAG_inlined_subroutine 6
FAIL: gcc.dg/debug/dwarf2/inline2.c scan-assembler-times \\(DIE \\(.*?\\) DW_TAG_lexical_block 6
FAIL: gcc.dg/20061124-1.c (test for excess errors)
WARNING: gcc.dg/20061124-1.c compilation failed to produce executable
FAIL: gcc.dg/vect/vect-35.c scan-tree-dump-times vect "vectorized 1 loops" 1
FAIL: gcc.dg/vect/slp-multitypes-2.c execution test
=== gcc Summary for unix/-m32 ===
# of expected passes 51688
# of unexpected failures 5
# of expected failures 223
# of unsupported tests 656
Running target unix/-fPIC
FAIL: gcc.dg/debug/dwarf2/inline2.c scan-assembler-times \\(DIE \\(.*?\\) DW_TAG_inlined_subroutine 6
FAIL: gcc.dg/debug/dwarf2/inline2.c scan-assembler-times \\(DIE \\(.*?\\) DW_TAG_lexical_block 6
FAIL: gcc.dg/pointer-arith-4.c (test for errors, line 40)
FAIL: gcc.dg/pointer-arith-4.c (test for excess errors)
FAIL: gcc.dg/torture/asm-subreg-1.c -O1 (test for excess errors)
FAIL: gcc.dg/torture/asm-subreg-1.c -O2 (test for excess errors)
FAIL: gcc.dg/torture/asm-subreg-1.c -O3 -fomit-frame-pointer (test for excess errors)
FAIL: gcc.dg/torture/asm-subreg-1.c -O3 -g (test for excess errors)
FAIL: gcc.dg/torture/asm-subreg-1.c -Os (test for excess errors)
FAIL: gcc.dg/tree-prof/bb-reorg.c compilation, -fprofile-use -D_PROFILE_USE
UNRESOLVED: gcc.dg/tree-prof/bb-reorg.c execution, -fprofile-use -D_PROFILE_USE
FAIL: gcc.dg/tree-prof/pr34999.c compilation, -fprofile-use -D_PROFILE_USE
UNRESOLVED: gcc.dg/tree-prof/pr34999.c execution, -fprofile-use -D_PROFILE_USE
FAIL: gcc.misc-tests/linkage.c link
=== gcc Summary for unix/-fPIC ===
# of expected passes 51658
# of unexpected failures 12
# of expected failures 219
# of unresolved testcases 2
# of unsupported tests 670
Running target unix/-fpic
FAIL: gcc.dg/compat/struct-by-value-10 c_compat_x_tst.o-c_compat_y_tst.o link
UNRESOLVED: gcc.dg/compat/struct-by-value-10 c_compat_x_tst.o-c_compat_y_tst.o execute
FAIL: gcc.dg/compat/struct-by-value-16 c_compat_x_tst.o-c_compat_y_tst.o link
UNRESOLVED: gcc.dg/compat/struct-by-value-16 c_compat_x_tst.o-c_compat_y_tst.o execute
FAIL: gcc.dg/compat/struct-by-value-16a c_compat_x_tst.o-c_compat_y_tst.o link
UNRESOLVED: gcc.dg/compat/struct-by-value-16a c_compat_x_tst.o-c_compat_y_tst.o execute
FAIL: gcc.dg/compat/struct-by-value-17 c_compat_x_tst.o-c_compat_y_tst.o link
UNRESOLVED: gcc.dg/compat/struct-by-value-17 c_compat_x_tst.o-c_compat_y_tst.o execute
FAIL: gcc.dg/compat/struct-by-value-17a c_compat_x_tst.o-c_compat_y_tst.o link
UNRESOLVED: gcc.dg/compat/struct-by-value-17a c_compat_x_tst.o-c_compat_y_tst.o execute
FAIL: gcc.dg/compat/struct-by-value-18 c_compat_x_tst.o-c_compat_y_tst.o link
UNRESOLVED: gcc.dg/compat/struct-by-value-18 c_compat_x_tst.o-c_compat_y_tst.o execute
FAIL: gcc.dg/compat/struct-by-value-18a c_compat_x_tst.o-c_compat_y_tst.o link
UNRESOLVED: gcc.dg/compat/struct-by-value-18a c_compat_x_tst.o-c_compat_y_tst.o execute
FAIL: gcc.dg/compat/struct-by-value-2 c_compat_x_tst.o-c_compat_y_tst.o link
UNRESOLVED: gcc.dg/compat/struct-by-value-2 c_compat_x_tst.o-c_compat_y_tst.o execute
FAIL: gcc.dg/compat/struct-by-value-4 c_compat_x_tst.o-c_compat_y_tst.o link
UNRESOLVED: gcc.dg/compat/struct-by-value-4 c_compat_x_tst.o-c_compat_y_tst.o execute
FAIL: gcc.dg/compat/struct-by-value-5a c_compat_x_tst.o-c_compat_y_tst.o link
UNRESOLVED: gcc.dg/compat/struct-by-value-5a c_compat_x_tst.o-c_compat_y_tst.o execute
FAIL: gcc.dg/compat/struct-by-value-5b c_compat_x_tst.o-c_compat_y_tst.o link
UNRESOLVED: gcc.dg/compat/struct-by-value-5b c_compat_x_tst.o-c_compat_y_tst.o execute
FAIL: gcc.dg/compat/struct-by-value-6a c_compat_x_tst.o-c_compat_y_tst.o link
UNRESOLVED: gcc.dg/compat/struct-by-value-6a c_compat_x_tst.o-c_compat_y_tst.o execute
FAIL: gcc.dg/compat/struct-by-value-6b c_compat_x_tst.o-c_compat_y_tst.o link
UNRESOLVED: gcc.dg/compat/struct-by-value-6b c_compat_x_tst.o-c_compat_y_tst.o execute
FAIL: gcc.dg/compat/struct-by-value-7a c_compat_x_tst.o-c_compat_y_tst.o link
UNRESOLVED: gcc.dg/compat/struct-by-value-7a c_compat_x_tst.o-c_compat_y_tst.o execute
FAIL: gcc.dg/compat/struct-by-value-7b c_compat_x_tst.o-c_compat_y_tst.o link
UNRESOLVED: gcc.dg/compat/struct-by-value-7b c_compat_x_tst.o-c_compat_y_tst.o execute
FAIL: gcc.dg/compat/struct-by-value-8 c_compat_x_tst.o-c_compat_y_tst.o link
UNRESOLVED: gcc.dg/compat/struct-by-value-8 c_compat_x_tst.o-c_compat_y_tst.o execute
FAIL: gcc.dg/compat/struct-by-value-9 c_compat_x_tst.o-c_compat_y_tst.o link
UNRESOLVED: gcc.dg/compat/struct-by-value-9 c_compat_x_tst.o-c_compat_y_tst.o execute
FAIL: gcc.dg/compat/struct-return-10 c_compat_x_tst.o-c_compat_y_tst.o link
UNRESOLVED: gcc.dg/compat/struct-return-10 c_compat_x_tst.o-c_compat_y_tst.o execute
FAIL: gcc.dg/compat/struct-return-2 c_compat_x_tst.o-c_compat_y_tst.o link
UNRESOLVED: gcc.dg/compat/struct-return-2 c_compat_x_tst.o-c_compat_y_tst.o execute
FAIL: tmpdir-gcc.dg-struct-layout-1/t001 c_compat_x_tst.o-c_compat_y_tst.o link
UNRESOLVED: tmpdir-gcc.dg-struct-layout-1/t001 c_compat_x_tst.o-c_compat_y_tst.o execute
FAIL: tmpdir-gcc.dg-struct-layout-1/t002 c_compat_x_tst.o-c_compat_y_tst.o link
UNRESOLVED: tmpdir-gcc.dg-struct-layout-1/t002 c_compat_x_tst.o-c_compat_y_tst.o execute
FAIL: tmpdir-gcc.dg-struct-layout-1/t003 c_compat_x_tst.o-c_compat_y_tst.o link
UNRESOLVED: tmpdir-gcc.dg-struct-layout-1/t003 c_compat_x_tst.o-c_compat_y_tst.o execute
FAIL: tmpdir-gcc.dg-struct-layout-1/t004 c_compat_x_tst.o-c_compat_y_tst.o link
UNRESOLVED: tmpdir-gcc.dg-struct-layout-1/t004 c_compat_x_tst.o-c_compat_y_tst.o execute
FAIL: tmpdir-gcc.dg-struct-layout-1/t005 c_compat_x_tst.o-c_compat_y_tst.o link
UNRESOLVED: tmpdir-gcc.dg-struct-layout-1/t005 c_compat_x_tst.o-c_compat_y_tst.o execute
FAIL: tmpdir-gcc.dg-struct-layout-1/t006 c_compat_x_tst.o-c_compat_y_tst.o link
UNRESOLVED: tmpdir-gcc.dg-struct-layout-1/t006 c_compat_x_tst.o-c_compat_y_tst.o execute
FAIL: tmpdir-gcc.dg-struct-layout-1/t007 c_compat_x_tst.o-c_compat_y_tst.o link
UNRESOLVED: tmpdir-gcc.dg-struct-layout-1/t007 c_compat_x_tst.o-c_compat_y_tst.o execute
FAIL: tmpdir-gcc.dg-struct-layout-1/t020 c_compat_x_tst.o-c_compat_y_tst.o link
UNRESOLVED: tmpdir-gcc.dg-struct-layout-1/t020 c_compat_x_tst.o-c_compat_y_tst.o execute
FAIL: tmpdir-gcc.dg-struct-layout-1/t021 c_compat_x_tst.o-c_compat_y_tst.o link
UNRESOLVED: tmpdir-gcc.dg-struct-layout-1/t021 c_compat_x_tst.o-c_compat_y_tst.o execute
FAIL: tmpdir-gcc.dg-struct-layout-1/t023 c_compat_x_tst.o-c_compat_y_tst.o link
UNRESOLVED: tmpdir-gcc.dg-struct-layout-1/t023 c_compat_x_tst.o-c_compat_y_tst.o execute
FAIL: tmpdir-gcc.dg-struct-layout-1/t024 c_compat_x_tst.o-c_compat_y_tst.o link
UNRESOLVED: tmpdir-gcc.dg-struct-layout-1/t024 c_compat_x_tst.o-c_compat_y_tst.o execute
FAIL: tmpdir-gcc.dg-struct-layout-1/t025 c_compat_x_tst.o-c_compat_y_tst.o link
UNRESOLVED: tmpdir-gcc.dg-struct-layout-1/t025 c_compat_x_tst.o-c_compat_y_tst.o execute
FAIL: tmpdir-gcc.dg-struct-layout-1/t026 c_compat_x_tst.o-c_compat_y_tst.o link
UNRESOLVED: tmpdir-gcc.dg-struct-layout-1/t026 c_compat_x_tst.o-c_compat_y_tst.o execute
FAIL: tmpdir-gcc.dg-struct-layout-1/t027 c_compat_x_tst.o-c_compat_y_tst.o link
UNRESOLVED: tmpdir-gcc.dg-struct-layout-1/t027 c_compat_x_tst.o-c_compat_y_tst.o execute
FAIL: tmpdir-gcc.dg-struct-layout-1/t028 c_compat_x_tst.o-c_compat_y_tst.o link
UNRESOLVED: tmpdir-gcc.dg-struct-layout-1/t028 c_compat_x_tst.o-c_compat_y_tst.o execute
FAIL: gcc.dg/debug/dwarf2/inline2.c scan-assembler-times \\(DIE \\(.*?\\) DW_TAG_inlined_subroutine 6
FAIL: gcc.dg/debug/dwarf2/inline2.c scan-assembler-times \\(DIE \\(.*?\\) DW_TAG_lexical_block 6
FAIL: gcc.dg/pointer-arith-4.c (test for errors, line 40)
FAIL: gcc.dg/pointer-arith-4.c (test for excess errors)
FAIL: gcc.dg/torture/fp-int-convert-double.c -O0 (test for excess errors)
WARNING: gcc.dg/torture/fp-int-convert-double.c -O0 compilation failed to produce executable
FAIL: gcc.dg/torture/fp-int-convert-double.c -O1 (test for excess errors)
WARNING: gcc.dg/torture/fp-int-convert-double.c -O1 compilation failed to produce executable
FAIL: gcc.dg/torture/fp-int-convert-double.c -O2 (test for excess errors)
WARNING: gcc.dg/torture/fp-int-convert-double.c -O2 compilation failed to produce executable
FAIL: gcc.dg/torture/fp-int-convert-double.c -O3 -fomit-frame-pointer (test for excess errors)
WARNING: gcc.dg/torture/fp-int-convert-double.c -O3 -fomit-frame-pointer compilation failed to produce executable
FAIL: gcc.dg/torture/fp-int-convert-double.c -O3 -g (test for excess errors)
WARNING: gcc.dg/torture/fp-int-convert-double.c -O3 -g compilation failed to produce executable
FAIL: gcc.dg/torture/fp-int-convert-double.c -Os (test for excess errors)
WARNING: gcc.dg/torture/fp-int-convert-double.c -Os compilation failed to produce executable
FAIL: gcc.dg/torture/fp-int-convert-float.c -O0 (test for excess errors)
WARNING: gcc.dg/torture/fp-int-convert-float.c -O0 compilation failed to produce executable
FAIL: gcc.dg/torture/fp-int-convert-float.c -O1 (test for excess errors)
WARNING: gcc.dg/torture/fp-int-convert-float.c -O1 compilation failed to produce executable
FAIL: gcc.dg/torture/fp-int-convert-float.c -O2 (test for excess errors)
WARNING: gcc.dg/torture/fp-int-convert-float.c -O2 compilation failed to produce executable
FAIL: gcc.dg/torture/fp-int-convert-float.c -O3 -fomit-frame-pointer (test for excess errors)
WARNING: gcc.dg/torture/fp-int-convert-float.c -O3 -fomit-frame-pointer compilation failed to produce executable
FAIL: gcc.dg/torture/fp-int-convert-float.c -O3 -g (test for excess errors)
WARNING: gcc.dg/torture/fp-int-convert-float.c -O3 -g compilation failed to produce executable
FAIL: gcc.dg/torture/fp-int-convert-float.c -Os (test for excess errors)
WARNING: gcc.dg/torture/fp-int-convert-float.c -Os compilation failed to produce executable
FAIL: gcc.dg/torture/fp-int-convert-long-double.c -O0 (test for excess errors)
WARNING: gcc.dg/torture/fp-int-convert-long-double.c -O0 compilation failed to produce executable
FAIL: gcc.dg/torture/fp-int-convert-long-double.c -O1 (test for excess errors)
WARNING: gcc.dg/torture/fp-int-convert-long-double.c -O1 compilation failed to produce executable
FAIL: gcc.dg/torture/fp-int-convert-long-double.c -O2 (test for excess errors)
WARNING: gcc.dg/torture/fp-int-convert-long-double.c -O2 compilation failed to produce executable
FAIL: gcc.dg/torture/fp-int-convert-long-double.c -O3 -fomit-frame-pointer (test for excess errors)
WARNING: gcc.dg/torture/fp-int-convert-long-double.c -O3 -fomit-frame-pointer compilation failed to produce executable
FAIL: gcc.dg/torture/fp-int-convert-long-double.c -O3 -g (test for excess errors)
WARNING: gcc.dg/torture/fp-int-convert-long-double.c -O3 -g compilation failed to produce executable
FAIL: gcc.dg/torture/fp-int-convert-long-double.c -Os (test for excess errors)
WARNING: gcc.dg/torture/fp-int-convert-long-double.c -Os compilation failed to produce executable
FAIL: gcc.dg/tree-prof/bb-reorg.c compilation, -fprofile-use -D_PROFILE_USE
UNRESOLVED: gcc.dg/tree-prof/bb-reorg.c execution, -fprofile-use -D_PROFILE_USE
FAIL: gcc.dg/tree-prof/pr34999.c compilation, -fprofile-use -D_PROFILE_USE
UNRESOLVED: gcc.dg/tree-prof/pr34999.c execution, -fprofile-use -D_PROFILE_USE
FAIL: gcc.misc-tests/linkage.c link
=== gcc Summary for unix/-fpic ===
# of expected passes 51559
# of unexpected failures 59
# of expected failures 219
# of unresolved testcases 36
# of unsupported tests 670
Running target unix
WARNING: program timed out.
FAIL: gcc.c-torture/compile/limits-fnargs.c -O3 -g (test for excess errors)
FAIL: gcc.dg/debug/dwarf2/inline2.c scan-assembler-times \\(DIE \\(.*?\\) DW_TAG_inlined_subroutine 6
FAIL: gcc.dg/debug/dwarf2/inline2.c scan-assembler-times \\(DIE \\(.*?\\) DW_TAG_lexical_block 6
FAIL: gcc.dg/pointer-arith-4.c (test for errors, line 40)
FAIL: gcc.dg/pointer-arith-4.c (test for excess errors)
FAIL: gcc.misc-tests/linkage.c link
=== gcc Summary for unix ===
# of expected passes 51693
# of unexpected failures 6
# of expected failures 219
# of unsupported tests 657
=== gcc Summary ===
# of expected passes 309903
# of unexpected failures 104
# of expected failures 1326
# of unresolved testcases 43
# of unsupported tests 3991
/home/ghazi/gcc-testing/44/build/gcc/xgcc version 4.4.4 20100421 (prerelease) [gcc-4_4-branch revision 158624] (GCC)
=== gfortran tests ===
Running target unix/-m32/-fPIC
FAIL: gfortran.dg/block_name_2.f90 -O (test for errors, line 57)
FAIL: gfortran.dg/block_name_2.f90 -O (test for excess errors)
FAIL: gfortran.dg/gomp/reduction1.f90 -O (test for errors, line 129)
FAIL: gfortran.dg/gomp/reduction1.f90 -O (test for excess errors)
=== gfortran Summary for unix/-m32/-fPIC ===
# of expected passes 29814
# of unexpected failures 4
# of expected failures 12
# of unsupported tests 273
Running target unix/-m32/-fpic
FAIL: gfortran.dg/gomp/reduction1.f90 -O (test for errors, line 129)
FAIL: gfortran.dg/gomp/reduction1.f90 -O (test for excess errors)
=== gfortran Summary for unix/-m32/-fpic ===
# of expected passes 29816
# of unexpected failures 2
# of expected failures 12
# of unsupported tests 273
Running target unix/-m32
FAIL: gfortran.dg/io_constraints_1.f90 -O (test for errors, line 73)
FAIL: gfortran.dg/io_constraints_1.f90 -O (test for excess errors)
FAIL: gfortran.dg/gomp/reduction1.f90 -O (test for errors, line 129)
FAIL: gfortran.dg/gomp/reduction1.f90 -O (test for excess errors)
FAIL: gfortran.fortran-torture/execute/forall_7.f90 execution, -O3 -g
=== gfortran Summary for unix/-m32 ===
# of expected passes 29813
# of unexpected failures 5
# of expected failures 12
# of unsupported tests 273
Running target unix/-fPIC
FAIL: gfortran.dg/block_name_2.f90 -O (test for errors, line 57)
FAIL: gfortran.dg/block_name_2.f90 -O (test for excess errors)
=== gfortran Summary for unix/-fPIC ===
# of expected passes 30262
# of unexpected failures 2
# of expected failures 12
# of unsupported tests 55
Running target unix/-fpic
FAIL: gfortran.dg/cray_pointers_2.f90 -O0 (test for excess errors)
WARNING: gfortran.dg/cray_pointers_2.f90 -O0 compilation failed to produce executable
FAIL: gfortran.dg/cray_pointers_2.f90 -O1 (test for excess errors)
WARNING: gfortran.dg/cray_pointers_2.f90 -O1 compilation failed to produce executable
FAIL: gfortran.dg/cray_pointers_2.f90 -O2 (test for excess errors)
WARNING: gfortran.dg/cray_pointers_2.f90 -O2 compilation failed to produce executable
FAIL: gfortran.dg/cray_pointers_2.f90 -O3 -fomit-frame-pointer (test for excess errors)
WARNING: gfortran.dg/cray_pointers_2.f90 -O3 -fomit-frame-pointer compilation failed to produce executable
FAIL: gfortran.dg/cray_pointers_2.f90 -O3 -fomit-frame-pointer -funroll-loops (test for excess errors)
WARNING: gfortran.dg/cray_pointers_2.f90 -O3 -fomit-frame-pointer -funroll-loops compilation failed to produce executable
FAIL: gfortran.dg/cray_pointers_2.f90 -O3 -fomit-frame-pointer -funroll-all-loops -finline-functions (test for excess errors)
WARNING: gfortran.dg/cray_pointers_2.f90 -O3 -fomit-frame-pointer -funroll-all-loops -finline-functions compilation failed to produce executable
FAIL: gfortran.dg/cray_pointers_2.f90 -O3 -g (test for excess errors)
WARNING: gfortran.dg/cray_pointers_2.f90 -O3 -g compilation failed to produce executable
FAIL: gfortran.dg/cray_pointers_2.f90 -Os (test for excess errors)
WARNING: gfortran.dg/cray_pointers_2.f90 -Os compilation failed to produce executable
=== gfortran Summary for unix/-fpic ===
# of expected passes 30248
# of unexpected failures 8
# of expected failures 12
# of unsupported tests 55
Running target unix
FAIL: gfortran.dg/block_name_2.f90 -O (test for errors, line 57)
FAIL: gfortran.dg/block_name_2.f90 -O (test for excess errors)
=== gfortran Summary for unix ===
# of expected passes 30262
# of unexpected failures 2
# of expected failures 12
# of unsupported tests 55
=== gfortran Summary ===
# of expected passes 180215
# of unexpected failures 23
# of expected failures 72
# of unsupported tests 984
/home/ghazi/gcc-testing/44/build/gcc/testsuite/gfortran/../../gfortran version 4.4.4 20100421 (prerelease) [gcc-4_4-branch revision 158624] (GCC)
=== obj-c++ tests ===
Running target unix/-m32/-fPIC
XPASS: obj-c++.dg/comp-types-10.mm (test for excess errors)
WARNING: obj-c++.dg/lookup-2.mm compilation failed to produce executable
WARNING: obj-c++.dg/try-catch-2.mm compilation failed to produce executable
WARNING: obj-c++.dg/try-catch-9.mm compilation failed to produce executable
=== obj-c++ Summary for unix/-m32/-fPIC ===
# of expected passes 436
# of unexpected successes 1
# of expected failures 9
# of unsupported tests 13
Running target unix/-m32/-fpic
XPASS: obj-c++.dg/comp-types-10.mm (test for excess errors)
WARNING: obj-c++.dg/lookup-2.mm compilation failed to produce executable
WARNING: obj-c++.dg/try-catch-2.mm compilation failed to produce executable
WARNING: obj-c++.dg/try-catch-9.mm compilation failed to produce executable
=== obj-c++ Summary for unix/-m32/-fpic ===
# of expected passes 436
# of unexpected successes 1
# of expected failures 9
# of unsupported tests 13
Running target unix/-m32
XPASS: obj-c++.dg/comp-types-10.mm (test for excess errors)
WARNING: obj-c++.dg/lookup-2.mm compilation failed to produce executable
WARNING: obj-c++.dg/try-catch-2.mm compilation failed to produce executable
WARNING: obj-c++.dg/try-catch-9.mm compilation failed to produce executable
=== obj-c++ Summary for unix/-m32 ===
# of expected passes 436
# of unexpected successes 1
# of expected failures 9
# of unsupported tests 13
Running target unix/-fPIC
XPASS: obj-c++.dg/comp-types-10.mm (test for excess errors)
WARNING: obj-c++.dg/lookup-2.mm compilation failed to produce executable
WARNING: obj-c++.dg/try-catch-2.mm compilation failed to produce executable
WARNING: obj-c++.dg/try-catch-9.mm compilation failed to produce executable
=== obj-c++ Summary for unix/-fPIC ===
# of expected passes 425
# of unexpected successes 1
# of expected failures 20
# of unsupported tests 13
Running target unix/-fpic
XPASS: obj-c++.dg/comp-types-10.mm (test for excess errors)
WARNING: obj-c++.dg/lookup-2.mm compilation failed to produce executable
WARNING: obj-c++.dg/try-catch-2.mm compilation failed to produce executable
WARNING: obj-c++.dg/try-catch-9.mm compilation failed to produce executable
=== obj-c++ Summary for unix/-fpic ===
# of expected passes 425
# of unexpected successes 1
# of expected failures 20
# of unsupported tests 13
Running target unix
XPASS: obj-c++.dg/comp-types-10.mm (test for excess errors)
WARNING: obj-c++.dg/lookup-2.mm compilation failed to produce executable
WARNING: obj-c++.dg/try-catch-2.mm compilation failed to produce executable
WARNING: obj-c++.dg/try-catch-9.mm compilation failed to produce executable
=== obj-c++ Summary for unix ===
# of expected passes 425
# of unexpected successes 1
# of expected failures 20
# of unsupported tests 13
=== obj-c++ Summary ===
# of expected passes 2583
# of unexpected successes 6
# of expected failures 87
# of unsupported tests 78
/home/ghazi/gcc-testing/44/build/gcc/testsuite/obj-c++/../../g++ version 4.4.4 20100421 (prerelease) [gcc-4_4-branch revision 158624] (GCC)
=== objc tests ===
Running target unix/-m32/-fPIC
FAIL: objc/execute/forward-1.m execution, -O0 -fgnu-runtime
FAIL: objc/execute/forward-1.m execution, -O1 -fgnu-runtime
FAIL: objc/execute/forward-1.m execution, -O2 -fgnu-runtime
FAIL: objc/execute/forward-1.m execution, -O3 -fomit-frame-pointer -fgnu-runtime
FAIL: objc/execute/forward-1.m execution, -O3 -fomit-frame-pointer -funroll-loops -fgnu-runtime
FAIL: objc/execute/forward-1.m execution, -O3 -fomit-frame-pointer -funroll-all-loops -finline-functions -fgnu-runtime
FAIL: objc/execute/forward-1.m execution, -O3 -g -fgnu-runtime
FAIL: objc/execute/forward-1.m execution, -Os -fgnu-runtime
=== objc Summary for unix/-m32/-fPIC ===
# of expected passes 1866
# of unexpected failures 8
# of expected failures 7
# of unsupported tests 24
Running target unix/-m32/-fpic
FAIL: objc/execute/forward-1.m execution, -O0 -fgnu-runtime
FAIL: objc/execute/forward-1.m execution, -O1 -fgnu-runtime
FAIL: objc/execute/forward-1.m execution, -O2 -fgnu-runtime
FAIL: objc/execute/forward-1.m execution, -O3 -fomit-frame-pointer -fgnu-runtime
FAIL: objc/execute/forward-1.m execution, -O3 -fomit-frame-pointer -funroll-loops -fgnu-runtime
FAIL: objc/execute/forward-1.m execution, -O3 -fomit-frame-pointer -funroll-all-loops -finline-functions -fgnu-runtime
FAIL: objc/execute/forward-1.m execution, -O3 -g -fgnu-runtime
FAIL: objc/execute/forward-1.m execution, -Os -fgnu-runtime
=== objc Summary for unix/-m32/-fpic ===
# of expected passes 1866
# of unexpected failures 8
# of expected failures 7
# of unsupported tests 24
Running target unix/-m32
FAIL: objc/execute/forward-1.m execution, -O0 -fgnu-runtime
FAIL: objc/execute/forward-1.m execution, -O1 -fgnu-runtime
FAIL: objc/execute/forward-1.m execution, -O2 -fgnu-runtime
FAIL: objc/execute/forward-1.m execution, -O3 -fomit-frame-pointer -fgnu-runtime
FAIL: objc/execute/forward-1.m execution, -O3 -fomit-frame-pointer -funroll-loops -fgnu-runtime
FAIL: objc/execute/forward-1.m execution, -O3 -fomit-frame-pointer -funroll-all-loops -finline-functions -fgnu-runtime
FAIL: objc/execute/forward-1.m execution, -O3 -g -fgnu-runtime
FAIL: objc/execute/forward-1.m execution, -Os -fgnu-runtime
=== objc Summary for unix/-m32 ===
# of expected passes 1866
# of unexpected failures 8
# of expected failures 7
# of unsupported tests 24
Running target unix/-fPIC
FAIL: objc/execute/forward-1.m execution, -O0 -fgnu-runtime
FAIL: objc/execute/forward-1.m execution, -O1 -fgnu-runtime
FAIL: objc/execute/forward-1.m execution, -O2 -fgnu-runtime
FAIL: objc/execute/forward-1.m execution, -O3 -fomit-frame-pointer -fgnu-runtime
FAIL: objc/execute/forward-1.m execution, -O3 -fomit-frame-pointer -funroll-loops -fgnu-runtime
FAIL: objc/execute/forward-1.m execution, -O3 -fomit-frame-pointer -funroll-all-loops -finline-functions -fgnu-runtime
FAIL: objc/execute/forward-1.m execution, -O3 -g -fgnu-runtime
FAIL: objc/execute/forward-1.m execution, -Os -fgnu-runtime
=== objc Summary for unix/-fPIC ===
# of expected passes 1866
# of unexpected failures 8
# of expected failures 7
# of unsupported tests 24
Running target unix/-fpic
FAIL: objc/execute/forward-1.m execution, -O0 -fgnu-runtime
FAIL: objc/execute/forward-1.m execution, -O1 -fgnu-runtime
FAIL: objc/execute/forward-1.m execution, -O2 -fgnu-runtime
FAIL: objc/execute/forward-1.m execution, -O3 -fomit-frame-pointer -fgnu-runtime
FAIL: objc/execute/forward-1.m execution, -O3 -fomit-frame-pointer -funroll-loops -fgnu-runtime
FAIL: objc/execute/forward-1.m execution, -O3 -fomit-frame-pointer -funroll-all-loops -finline-functions -fgnu-runtime
FAIL: objc/execute/forward-1.m execution, -O3 -g -fgnu-runtime
FAIL: objc/execute/forward-1.m execution, -Os -fgnu-runtime
FAIL: objc.dg-struct-layout-encoding-1/t001_main.m (test for excess errors)
WARNING: objc.dg-struct-layout-encoding-1/t001_main.m compilation failed to produce executable
FAIL: objc.dg-struct-layout-encoding-1/t002_main.m (test for excess errors)
WARNING: objc.dg-struct-layout-encoding-1/t002_main.m compilation failed to produce executable
FAIL: objc.dg-struct-layout-encoding-1/t003_main.m (test for excess errors)
WARNING: objc.dg-struct-layout-encoding-1/t003_main.m compilation failed to produce executable
FAIL: objc.dg-struct-layout-encoding-1/t024_main.m (test for excess errors)
WARNING: objc.dg-struct-layout-encoding-1/t024_main.m compilation failed to produce executable
FAIL: objc.dg-struct-layout-encoding-1/t025_main.m (test for excess errors)
WARNING: objc.dg-struct-layout-encoding-1/t025_main.m compilation failed to produce executable
FAIL: objc.dg-struct-layout-encoding-1/t026_main.m (test for excess errors)
WARNING: objc.dg-struct-layout-encoding-1/t026_main.m compilation failed to produce executable
FAIL: objc.dg-struct-layout-encoding-1/t027_main.m (test for excess errors)
WARNING: objc.dg-struct-layout-encoding-1/t027_main.m compilation failed to produce executable
=== objc Summary for unix/-fpic ===
# of expected passes 1855
# of unexpected failures 15
# of expected failures 4
# of unsupported tests 24
Running target unix
FAIL: objc/execute/forward-1.m execution, -O0 -fgnu-runtime
FAIL: objc/execute/forward-1.m execution, -O1 -fgnu-runtime
FAIL: objc/execute/forward-1.m execution, -O2 -fgnu-runtime
FAIL: objc/execute/forward-1.m execution, -O3 -fomit-frame-pointer -fgnu-runtime
FAIL: objc/execute/forward-1.m execution, -O3 -fomit-frame-pointer -funroll-loops -fgnu-runtime
FAIL: objc/execute/forward-1.m execution, -O3 -fomit-frame-pointer -funroll-all-loops -finline-functions -fgnu-runtime
FAIL: objc/execute/forward-1.m execution, -O3 -g -fgnu-runtime
FAIL: objc/execute/forward-1.m execution, -Os -fgnu-runtime
=== objc Summary for unix ===
# of expected passes 1866
# of unexpected failures 8
# of expected failures 7
# of unsupported tests 24
=== objc Summary ===
# of expected passes 11185
# of unexpected failures 55
# of expected failures 39
# of unsupported tests 144
/home/ghazi/gcc-testing/44/build/gcc/xgcc version 4.4.4 20100421 (prerelease) [gcc-4_4-branch revision 158624] (GCC)
=== libffi tests ===
Running target unix/-m32/-fPIC
=== libffi Summary for unix/-m32/-fPIC ===
# of expected passes 1389
# of unsupported tests 10
Running target unix/-m32/-fpic
=== libffi Summary for unix/-m32/-fpic ===
# of expected passes 1389
# of unsupported tests 10
Running target unix/-m32
=== libffi Summary for unix/-m32 ===
# of expected passes 1389
# of unsupported tests 10
Running target unix/-fPIC
=== libffi Summary for unix/-fPIC ===
# of expected passes 1389
# of unsupported tests 10
Running target unix/-fpic
=== libffi Summary for unix/-fpic ===
# of expected passes 1389
# of unsupported tests 10
Running target unix
=== libffi Summary for unix ===
# of expected passes 1389
# of unsupported tests 10
=== libffi Summary ===
# of expected passes 8334
# of unsupported tests 60
=== libgomp tests ===
Running target unix/-m32/-fPIC
FAIL: libgomp.fortran/appendix-a/a.22.7.f90 -O3 -fomit-frame-pointer -funroll-loops execution test
FAIL: libgomp.fortran/appendix-a/a.22.7.f90 -O3 -fomit-frame-pointer -funroll-all-loops -finline-functions execution test
=== libgomp Summary for unix/-m32/-fPIC ===
# of expected passes 2456
# of unexpected failures 2
Running target unix/-m32/-fpic
FAIL: libgomp.fortran/appendix-a/a.22.7.f90 -O3 -fomit-frame-pointer -funroll-loops execution test
FAIL: libgomp.fortran/appendix-a/a.22.7.f90 -O3 -fomit-frame-pointer -funroll-all-loops -finline-functions execution test
=== libgomp Summary for unix/-m32/-fpic ===
# of expected passes 2456
# of unexpected failures 2
Running target unix/-m32
=== libgomp Summary for unix/-m32 ===
# of expected passes 2458
Running target unix/-fPIC
FAIL: libgomp.fortran/appendix-a/a.22.7.f90 -O3 -fomit-frame-pointer -funroll-loops execution test
FAIL: libgomp.fortran/appendix-a/a.22.7.f90 -O3 -fomit-frame-pointer -funroll-all-loops -finline-functions execution test
=== libgomp Summary for unix/-fPIC ===
# of expected passes 2456
# of unexpected failures 2
Running target unix/-fpic
FAIL: libgomp.fortran/appendix-a/a.22.7.f90 -O3 -fomit-frame-pointer -funroll-loops execution test
FAIL: libgomp.fortran/appendix-a/a.22.7.f90 -O3 -fomit-frame-pointer -funroll-all-loops -finline-functions execution test
=== libgomp Summary for unix/-fpic ===
# of expected passes 2456
# of unexpected failures 2
Running target unix
FAIL: libgomp.c/sort-1.c execution test
=== libgomp Summary for unix ===
# of expected passes 2457
# of unexpected failures 1
=== libgomp Summary ===
# of expected passes 14739
# of unexpected failures 9
=== libjava tests ===
Running target unix/-m32/-fPIC
=== libjava Summary for unix/-m32/-fPIC ===
# of expected passes 2574
Running target unix/-m32/-fpic
=== libjava Summary for unix/-m32/-fpic ===
# of expected passes 2574
Running target unix/-m32
=== libjava Summary for unix/-m32 ===
# of expected passes 2574
Running target unix/-fPIC
FAIL: TestClosureGC run
FAIL: Array_3 execution - source compiled test
FAIL: Array_3 -findirect-dispatch execution - source compiled test
FAIL: Array_3 -O3 execution - source compiled test
FAIL: Array_3 -O3 -findirect-dispatch execution - source compiled test
FAIL: Invoke_1 execution - source compiled test
FAIL: Invoke_1 -findirect-dispatch execution - source compiled test
FAIL: Invoke_1 -O3 execution - source compiled test
FAIL: Invoke_1 -O3 -findirect-dispatch execution - source compiled test
FAIL: PR218 -O3 execution - source compiled test
FAIL: Throw_3 -O3 execution - source compiled test
FAIL: Throw_3 -O3 -findirect-dispatch execution - source compiled test
FAIL: pr83 -findirect-dispatch execution - source compiled test
FAIL: pr83 -O3 -findirect-dispatch execution - source compiled test
=== libjava Summary for unix/-fPIC ===
# of expected passes 2547
# of unexpected failures 14
# of untested testcases 14
Running target unix/-fpic
FAIL: TestClosureGC run
FAIL: Array_3 execution - source compiled test
FAIL: Array_3 -findirect-dispatch execution - source compiled test
FAIL: Array_3 -O3 execution - source compiled test
FAIL: Array_3 -O3 -findirect-dispatch execution - source compiled test
FAIL: Invoke_1 execution - source compiled test
FAIL: Invoke_1 -findirect-dispatch execution - source compiled test
FAIL: Invoke_1 -O3 execution - source compiled test
FAIL: Invoke_1 -O3 -findirect-dispatch execution - source compiled test
FAIL: PR218 -O3 execution - source compiled test
FAIL: Throw_3 -O3 execution - source compiled test
FAIL: Throw_3 -O3 -findirect-dispatch execution - source compiled test
FAIL: pr83 -findirect-dispatch execution - source compiled test
FAIL: pr83 -O3 -findirect-dispatch execution - source compiled test
=== libjava Summary for unix/-fpic ===
# of expected passes 2547
# of unexpected failures 14
# of untested testcases 14
Running target unix
FAIL: TestClosureGC run
FAIL: Array_3 execution - source compiled test
FAIL: Array_3 -findirect-dispatch execution - source compiled test
FAIL: Array_3 -O3 -findirect-dispatch execution - source compiled test
FAIL: Invoke_1 execution - source compiled test
FAIL: Invoke_1 -findirect-dispatch execution - source compiled test
FAIL: Invoke_1 -O3 execution - source compiled test
FAIL: Invoke_1 -O3 -findirect-dispatch execution - source compiled test
FAIL: PR218 -O3 execution - source compiled test
FAIL: Throw_3 -O3 execution - source compiled test
FAIL: Throw_3 -O3 -findirect-dispatch execution - source compiled test
FAIL: pr83 -findirect-dispatch execution - source compiled test
FAIL: pr83 -O3 -findirect-dispatch execution - source compiled test
=== libjava Summary for unix ===
# of expected passes 2549
# of unexpected failures 13
# of untested testcases 13
=== libjava Summary ===
# of expected passes 15365
# of unexpected failures 41
# of untested testcases 41
=== libmudflap tests ===
Running target unix/-m32/-fPIC
FAIL: libmudflap.c++/pass41-frag.cxx execution test
FAIL: libmudflap.c++/pass41-frag.cxx (-static) execution test
FAIL: libmudflap.c++/pass41-frag.cxx ( -O) execution test
FAIL: libmudflap.c++/pass41-frag.cxx (-O2) execution test
FAIL: libmudflap.c++/pass41-frag.cxx (-O3) execution test
=== libmudflap Summary for unix/-m32/-fPIC ===
# of expected passes 1889
# of unexpected failures 5
Running target unix/-m32/-fpic
FAIL: libmudflap.c++/pass41-frag.cxx execution test
FAIL: libmudflap.c++/pass41-frag.cxx (-static) execution test
FAIL: libmudflap.c++/pass41-frag.cxx ( -O) execution test
FAIL: libmudflap.c++/pass41-frag.cxx (-O2) execution test
FAIL: libmudflap.c++/pass41-frag.cxx (-O3) execution test
=== libmudflap Summary for unix/-m32/-fpic ===
# of expected passes 1889
# of unexpected failures 5
Running target unix/-m32
FAIL: libmudflap.c++/pass41-frag.cxx execution test
FAIL: libmudflap.c++/pass41-frag.cxx (-static) execution test
FAIL: libmudflap.c++/pass41-frag.cxx ( -O) execution test
FAIL: libmudflap.c++/pass41-frag.cxx (-O2) execution test
FAIL: libmudflap.c++/pass41-frag.cxx (-O3) execution test
=== libmudflap Summary for unix/-m32 ===
# of expected passes 1889
# of unexpected failures 5
Running target unix/-fPIC
FAIL: libmudflap.c++/pass41-frag.cxx execution test
FAIL: libmudflap.c++/pass41-frag.cxx (-static) execution test
FAIL: libmudflap.c++/pass41-frag.cxx ( -O) execution test
FAIL: libmudflap.c++/pass41-frag.cxx (-O2) execution test
FAIL: libmudflap.c++/pass41-frag.cxx (-O3) execution test
=== libmudflap Summary for unix/-fPIC ===
# of expected passes 1889
# of unexpected failures 5
Running target unix/-fpic
FAIL: libmudflap.c++/pass41-frag.cxx execution test
FAIL: libmudflap.c++/pass41-frag.cxx (-static) execution test
FAIL: libmudflap.c++/pass41-frag.cxx ( -O) execution test
FAIL: libmudflap.c++/pass41-frag.cxx (-O2) execution test
FAIL: libmudflap.c++/pass41-frag.cxx (-O3) execution test
=== libmudflap Summary for unix/-fpic ===
# of expected passes 1889
# of unexpected failures 5
Running target unix
FAIL: libmudflap.c++/pass41-frag.cxx execution test
FAIL: libmudflap.c++/pass41-frag.cxx (-static) execution test
FAIL: libmudflap.c++/pass41-frag.cxx ( -O) execution test
FAIL: libmudflap.c++/pass41-frag.cxx (-O2) execution test
FAIL: libmudflap.c++/pass41-frag.cxx (-O3) execution test
=== libmudflap Summary for unix ===
# of expected passes 1889
# of unexpected failures 5
=== libmudflap Summary ===
# of expected passes 11334
# of unexpected failures 30
=== libstdc++ tests ===
Running target unix/-m32/-fPIC
FAIL: abi_check
FAIL: 22_locale/money_put/put/char/12971.cc execution test
FAIL: 22_locale/money_put/put/char/6.cc execution test
FAIL: 22_locale/money_put/put/wchar_t/12971.cc execution test
FAIL: 22_locale/money_put/put/wchar_t/6.cc execution test
FAIL: 26_numerics/complex/13450.cc execution test
FAIL: 27_io/basic_ostream/inserters_arithmetic/char/1.cc execution test
FAIL: 27_io/basic_ostream/inserters_arithmetic/char/4402.cc execution test
FAIL: 27_io/basic_ostream/inserters_arithmetic/char/9555-oa.cc execution test
FAIL: 27_io/basic_ostream/inserters_arithmetic/wchar_t/1.cc execution test
FAIL: 27_io/basic_ostream/inserters_arithmetic/wchar_t/4402.cc execution test
FAIL: 27_io/basic_ostream/inserters_arithmetic/wchar_t/9555-oa.cc execution test
FAIL: 30_threads/call_once/39909.cc execution test
=== libstdc++ Summary for unix/-m32/-fPIC ===
# of expected passes 5861
# of unexpected failures 13
# of expected failures 80
# of unsupported tests 336
Running target unix/-m32/-fpic
FAIL: abi_check
FAIL: 22_locale/money_put/put/char/12971.cc execution test
FAIL: 22_locale/money_put/put/char/6.cc execution test
FAIL: 22_locale/money_put/put/wchar_t/12971.cc execution test
FAIL: 22_locale/money_put/put/wchar_t/6.cc execution test
FAIL: 26_numerics/complex/13450.cc execution test
FAIL: 27_io/basic_ostream/inserters_arithmetic/char/1.cc execution test
FAIL: 27_io/basic_ostream/inserters_arithmetic/char/4402.cc execution test
FAIL: 27_io/basic_ostream/inserters_arithmetic/char/9555-oa.cc execution test
FAIL: 27_io/basic_ostream/inserters_arithmetic/wchar_t/1.cc execution test
FAIL: 27_io/basic_ostream/inserters_arithmetic/wchar_t/4402.cc execution test
FAIL: 27_io/basic_ostream/inserters_arithmetic/wchar_t/9555-oa.cc execution test
FAIL: 30_threads/call_once/39909.cc execution test
=== libstdc++ Summary for unix/-m32/-fpic ===
# of expected passes 5861
# of unexpected failures 13
# of expected failures 80
# of unsupported tests 336
Running target unix/-m32
FAIL: abi_check
FAIL: 22_locale/money_put/put/char/12971.cc execution test
FAIL: 22_locale/money_put/put/char/6.cc execution test
FAIL: 22_locale/money_put/put/wchar_t/12971.cc execution test
FAIL: 22_locale/money_put/put/wchar_t/6.cc execution test
FAIL: 26_numerics/complex/13450.cc execution test
FAIL: 27_io/basic_ostream/inserters_arithmetic/char/1.cc execution test
FAIL: 27_io/basic_ostream/inserters_arithmetic/char/4402.cc execution test
FAIL: 27_io/basic_ostream/inserters_arithmetic/char/9555-oa.cc execution test
FAIL: 27_io/basic_ostream/inserters_arithmetic/wchar_t/1.cc execution test
FAIL: 27_io/basic_ostream/inserters_arithmetic/wchar_t/4402.cc execution test
FAIL: 27_io/basic_ostream/inserters_arithmetic/wchar_t/9555-oa.cc execution test
=== libstdc++ Summary for unix/-m32 ===
# of expected passes 5862
# of unexpected failures 12
# of expected failures 80
# of unsupported tests 336
Running target unix/-fPIC
FAIL: abi_check
FAIL: 30_threads/call_once/39909.cc execution test
=== libstdc++ Summary for unix/-fPIC ===
# of expected passes 5881
# of unexpected failures 2
# of expected failures 80
# of unsupported tests 331
Running target unix/-fpic
FAIL: abi_check
FAIL: 30_threads/call_once/39909.cc execution test
FAIL: tr1/5_numerical_facilities/special_functions/17_hyperg/check_value.cc (test for excess errors)
WARNING: tr1/5_numerical_facilities/special_functions/17_hyperg/check_value.cc compilation failed to produce executable
=== libstdc++ Summary for unix/-fpic ===
# of expected passes 5879
# of unexpected failures 3
# of expected failures 80
# of unsupported tests 331
Running target unix
FAIL: abi_check
=== libstdc++ Summary for unix ===
# of expected passes 5882
# of unexpected failures 1
# of expected failures 80
# of unsupported tests 331
=== libstdc++ Summary ===
# of expected passes 35226
# of unexpected failures 44
# of expected failures 480
# of unsupported tests 2001
Compiler version: 4.4.4 20100421 (prerelease) [gcc-4_4-branch revision 158624] (GCC)
Platform: sparc64-unknown-linux-gnu
configure flags: --enable-languages=c,c++,objc,f95,obj-c++,java --with-mpc=/opt/cfarm/mpc-0.8-64 --with-mpfr=/opt/cfarm/mpfr-2.4.2-64 --with-gmp=/opt/cfarm/gmp-4.2.4-64
More information about the Gcc-testresults
mailing list