Results for 4.6.0 20100419 (experimental) [trunk revision 158533] (GCC) testsuite on x86_64-unknown-linux-gnu
ghazi@gcc14.fsffrance.org
ghazi@gcc14.fsffrance.org
Tue Apr 20 15:39:00 GMT 2010
LAST_UPDATED: Tue Apr 20 00:05:49 UTC 2010 (revision 158533)
Native configuration is x86_64-unknown-linux-gnu
=== g++ tests ===
Running target unix/-m32/-fPIC
FAIL: g++.dg/template/typedef32.C (test for excess errors)
=== g++ Summary for unix/-m32/-fPIC ===
# of expected passes 22290
# of unexpected failures 1
# of expected failures 149
# of unsupported tests 119
Running target unix/-m32/-fpic
FAIL: g++.dg/template/typedef32.C (test for excess errors)
=== g++ Summary for unix/-m32/-fpic ===
# of expected passes 22290
# of unexpected failures 1
# of expected failures 149
# of unsupported tests 119
Running target unix/-m32
FAIL: g++.dg/template/typedef32.C (test for excess errors)
=== g++ Summary for unix/-m32 ===
# of expected passes 22292
# of unexpected failures 1
# of expected failures 149
# of unsupported tests 117
Running target unix/-fPIC
FAIL: g++.dg/template/typedef32.C (test for excess errors)
=== g++ Summary for unix/-fPIC ===
# of expected passes 21939
# of unexpected failures 1
# of expected failures 149
# of unsupported tests 283
Running target unix/-fpic
FAIL: g++.dg/template/typedef32.C (test for excess errors)
=== g++ Summary for unix/-fpic ===
# of expected passes 21939
# of unexpected failures 1
# of expected failures 149
# of unsupported tests 283
Running target unix
FAIL: g++.dg/template/typedef32.C (test for excess errors)
=== g++ Summary for unix ===
# of expected passes 21939
# of unexpected failures 1
# of expected failures 149
# of unsupported tests 283
=== g++ Summary ===
# of expected passes 132689
# of unexpected failures 6
# of expected failures 894
# of unsupported tests 1204
/home/ghazi/gcc-testing/46/build/gcc/testsuite/g++/../../g++ version 4.6.0 20100419 (experimental) [trunk revision 158533] (GCC)
=== gcc tests ===
Running target unix/-m32/-fPIC
XPASS: gcc.dg/guality/example.c -O0 execution test
XPASS: gcc.dg/guality/example.c -O1 execution test
XPASS: gcc.dg/guality/guality.c -O0 execution test
XPASS: gcc.dg/guality/guality.c -O1 execution test
XPASS: gcc.dg/guality/guality.c -O2 execution test
XPASS: gcc.dg/guality/guality.c -O3 -fomit-frame-pointer execution test
XPASS: gcc.dg/guality/guality.c -O3 -g execution test
XPASS: gcc.dg/guality/guality.c -Os execution test
FAIL: gcc.dg/guality/inline-params.c -O0 execution test
FAIL: gcc.dg/guality/inline-params.c -O1 execution test
XPASS: gcc.dg/guality/pr41353-1.c -O0 line 28 j == 28 + 37
XPASS: gcc.dg/guality/pr41447-1.c -O0 execution test
XPASS: gcc.dg/guality/pr41447-1.c -O1 execution test
XPASS: gcc.dg/guality/pr41616-1.c -O0 execution test
FAIL: gcc.dg/guality/pr43051-1.c -O2 line 39 c == &a[0]
FAIL: gcc.dg/guality/pr43051-1.c -O3 -g line 39 c == &a[0]
FAIL: gcc.dg/guality/vla-1.c -O0 line 17 sizeof (a) == 6
FAIL: gcc.dg/guality/vla-1.c -O0 line 24 sizeof (a) == 17 * sizeof (short)
FAIL: gcc.dg/guality/vla-1.c -O1 line 24 sizeof (a) == 17 * sizeof (short)
FAIL: gcc.dg/guality/vla-1.c -O2 line 24 sizeof (a) == 17 * sizeof (short)
FAIL: gcc.dg/guality/vla-1.c -O3 -fomit-frame-pointer line 24 sizeof (a) == 17 * sizeof (short)
FAIL: gcc.dg/guality/vla-1.c -O3 -g line 24 sizeof (a) == 17 * sizeof (short)
FAIL: gcc.dg/guality/vla-1.c -Os line 24 sizeof (a) == 17 * sizeof (short)
=== gcc Summary for unix/-m32/-fPIC ===
# of expected passes 61273
# of unexpected failures 11
# of unexpected successes 12
# of expected failures 190
# of unsupported tests 1171
Running target unix/-m32/-fpic
XPASS: gcc.dg/guality/example.c -O0 execution test
XPASS: gcc.dg/guality/example.c -O1 execution test
XPASS: gcc.dg/guality/guality.c -O0 execution test
XPASS: gcc.dg/guality/guality.c -O1 execution test
XPASS: gcc.dg/guality/guality.c -O2 execution test
XPASS: gcc.dg/guality/guality.c -O3 -fomit-frame-pointer execution test
XPASS: gcc.dg/guality/guality.c -O3 -g execution test
XPASS: gcc.dg/guality/guality.c -Os execution test
FAIL: gcc.dg/guality/inline-params.c -O0 execution test
FAIL: gcc.dg/guality/inline-params.c -O1 execution test
XPASS: gcc.dg/guality/pr41353-1.c -O0 line 28 j == 28 + 37
XPASS: gcc.dg/guality/pr41447-1.c -O0 execution test
XPASS: gcc.dg/guality/pr41447-1.c -O1 execution test
XPASS: gcc.dg/guality/pr41616-1.c -O0 execution test
FAIL: gcc.dg/guality/pr43051-1.c -O2 line 39 c == &a[0]
FAIL: gcc.dg/guality/pr43051-1.c -O3 -g line 39 c == &a[0]
FAIL: gcc.dg/guality/vla-1.c -O0 line 17 sizeof (a) == 6
FAIL: gcc.dg/guality/vla-1.c -O0 line 24 sizeof (a) == 17 * sizeof (short)
FAIL: gcc.dg/guality/vla-1.c -O1 line 24 sizeof (a) == 17 * sizeof (short)
FAIL: gcc.dg/guality/vla-1.c -O2 line 24 sizeof (a) == 17 * sizeof (short)
FAIL: gcc.dg/guality/vla-1.c -O3 -fomit-frame-pointer line 24 sizeof (a) == 17 * sizeof (short)
FAIL: gcc.dg/guality/vla-1.c -O3 -g line 24 sizeof (a) == 17 * sizeof (short)
FAIL: gcc.dg/guality/vla-1.c -Os line 24 sizeof (a) == 17 * sizeof (short)
=== gcc Summary for unix/-m32/-fpic ===
# of expected passes 61271
# of unexpected failures 11
# of unexpected successes 12
# of expected failures 190
# of unsupported tests 1173
Running target unix/-m32
FAIL: gcc.dg/pr34668-1.c (internal compiler error)
FAIL: gcc.dg/pr34668-1.c (test for excess errors)
XPASS: gcc.dg/guality/example.c -O0 execution test
XPASS: gcc.dg/guality/example.c -O1 execution test
XPASS: gcc.dg/guality/guality.c -O0 execution test
XPASS: gcc.dg/guality/guality.c -O1 execution test
XPASS: gcc.dg/guality/guality.c -O2 execution test
XPASS: gcc.dg/guality/guality.c -O3 -fomit-frame-pointer execution test
XPASS: gcc.dg/guality/guality.c -O3 -g execution test
XPASS: gcc.dg/guality/guality.c -Os execution test
FAIL: gcc.dg/guality/inline-params.c -O0 execution test
FAIL: gcc.dg/guality/inline-params.c -O1 execution test
XPASS: gcc.dg/guality/pr41353-1.c -O0 line 28 j == 28 + 37
XPASS: gcc.dg/guality/pr41447-1.c -O0 execution test
XPASS: gcc.dg/guality/pr41447-1.c -O1 execution test
XPASS: gcc.dg/guality/pr41447-1.c -O2 execution test
XPASS: gcc.dg/guality/pr41447-1.c -Os execution test
XPASS: gcc.dg/guality/pr41616-1.c -O0 execution test
FAIL: gcc.dg/guality/vla-1.c -O0 line 17 sizeof (a) == 6
FAIL: gcc.dg/guality/vla-1.c -O0 line 24 sizeof (a) == 17 * sizeof (short)
FAIL: gcc.dg/guality/vla-1.c -O1 line 24 sizeof (a) == 17 * sizeof (short)
FAIL: gcc.dg/guality/vla-1.c -O2 line 24 sizeof (a) == 17 * sizeof (short)
FAIL: gcc.dg/guality/vla-1.c -O3 -fomit-frame-pointer line 24 sizeof (a) == 17 * sizeof (short)
FAIL: gcc.dg/guality/vla-1.c -O3 -g line 24 sizeof (a) == 17 * sizeof (short)
FAIL: gcc.dg/guality/vla-1.c -Os line 24 sizeof (a) == 17 * sizeof (short)
=== gcc Summary for unix/-m32 ===
# of expected passes 61392
# of unexpected failures 11
# of unexpected successes 14
# of expected failures 188
# of unsupported tests 1127
Running target unix/-fPIC
XPASS: gcc.dg/guality/example.c -O0 execution test
XPASS: gcc.dg/guality/example.c -O1 execution test
XPASS: gcc.dg/guality/guality.c -O0 execution test
XPASS: gcc.dg/guality/guality.c -O1 execution test
XPASS: gcc.dg/guality/guality.c -O2 execution test
XPASS: gcc.dg/guality/guality.c -O3 -fomit-frame-pointer execution test
XPASS: gcc.dg/guality/guality.c -O3 -g execution test
XPASS: gcc.dg/guality/guality.c -Os execution test
FAIL: gcc.dg/guality/inline-params.c -O0 execution test
FAIL: gcc.dg/guality/inline-params.c -O1 execution test
XPASS: gcc.dg/guality/pr41353-1.c -O0 line 28 j == 28 + 37
XPASS: gcc.dg/guality/pr41447-1.c -O0 execution test
XPASS: gcc.dg/guality/pr41616-1.c -O0 execution test
FAIL: gcc.dg/guality/vla-1.c -O0 line 17 sizeof (a) == 6
FAIL: gcc.dg/guality/vla-1.c -O0 line 24 sizeof (a) == 17 * sizeof (short)
FAIL: gcc.dg/guality/vla-1.c -O1 line 17 sizeof (a) == 6
FAIL: gcc.dg/guality/vla-1.c -O1 line 24 sizeof (a) == 17 * sizeof (short)
FAIL: gcc.dg/guality/vla-1.c -O2 line 24 sizeof (a) == 17 * sizeof (short)
FAIL: gcc.dg/guality/vla-1.c -O3 -fomit-frame-pointer line 24 sizeof (a) == 17 * sizeof (short)
FAIL: gcc.dg/guality/vla-1.c -O3 -g line 17 sizeof (a) == 6
FAIL: gcc.dg/guality/vla-1.c -O3 -g line 24 sizeof (a) == 17 * sizeof (short)
FAIL: gcc.dg/guality/vla-1.c -Os line 24 sizeof (a) == 17 * sizeof (short)
=== gcc Summary for unix/-fPIC ===
# of expected passes 60791
# of unexpected failures 11
# of unexpected successes 11
# of expected failures 190
# of unsupported tests 1509
Running target unix/-fpic
XPASS: gcc.dg/guality/example.c -O0 execution test
XPASS: gcc.dg/guality/example.c -O1 execution test
XPASS: gcc.dg/guality/guality.c -O0 execution test
XPASS: gcc.dg/guality/guality.c -O1 execution test
XPASS: gcc.dg/guality/guality.c -O2 execution test
XPASS: gcc.dg/guality/guality.c -O3 -fomit-frame-pointer execution test
XPASS: gcc.dg/guality/guality.c -O3 -g execution test
XPASS: gcc.dg/guality/guality.c -Os execution test
FAIL: gcc.dg/guality/inline-params.c -O0 execution test
FAIL: gcc.dg/guality/inline-params.c -O1 execution test
XPASS: gcc.dg/guality/pr41353-1.c -O0 line 28 j == 28 + 37
XPASS: gcc.dg/guality/pr41447-1.c -O0 execution test
XPASS: gcc.dg/guality/pr41616-1.c -O0 execution test
FAIL: gcc.dg/guality/vla-1.c -O0 line 17 sizeof (a) == 6
FAIL: gcc.dg/guality/vla-1.c -O0 line 24 sizeof (a) == 17 * sizeof (short)
FAIL: gcc.dg/guality/vla-1.c -O1 line 17 sizeof (a) == 6
FAIL: gcc.dg/guality/vla-1.c -O1 line 24 sizeof (a) == 17 * sizeof (short)
FAIL: gcc.dg/guality/vla-1.c -O2 line 24 sizeof (a) == 17 * sizeof (short)
FAIL: gcc.dg/guality/vla-1.c -O3 -fomit-frame-pointer line 24 sizeof (a) == 17 * sizeof (short)
FAIL: gcc.dg/guality/vla-1.c -O3 -g line 24 sizeof (a) == 17 * sizeof (short)
FAIL: gcc.dg/guality/vla-1.c -Os line 17 sizeof (a) == 6
FAIL: gcc.dg/guality/vla-1.c -Os line 24 sizeof (a) == 17 * sizeof (short)
=== gcc Summary for unix/-fpic ===
# of expected passes 60785
# of unexpected failures 11
# of unexpected successes 11
# of expected failures 190
# of unsupported tests 1515
Running target unix
FAIL: gcc.dg/pr34668-1.c (internal compiler error)
FAIL: gcc.dg/pr34668-1.c (test for excess errors)
XPASS: gcc.dg/guality/example.c -O0 execution test
XPASS: gcc.dg/guality/example.c -O1 execution test
XPASS: gcc.dg/guality/example.c -O2 execution test
XPASS: gcc.dg/guality/guality.c -O0 execution test
XPASS: gcc.dg/guality/guality.c -O1 execution test
XPASS: gcc.dg/guality/guality.c -O2 execution test
XPASS: gcc.dg/guality/guality.c -O3 -fomit-frame-pointer execution test
XPASS: gcc.dg/guality/guality.c -O3 -g execution test
XPASS: gcc.dg/guality/guality.c -Os execution test
FAIL: gcc.dg/guality/inline-params.c -O0 execution test
FAIL: gcc.dg/guality/inline-params.c -O1 execution test
XPASS: gcc.dg/guality/pr41353-1.c -O0 line 28 j == 28 + 37
XPASS: gcc.dg/guality/pr41447-1.c -O0 execution test
XPASS: gcc.dg/guality/pr41616-1.c -O0 execution test
FAIL: gcc.dg/guality/vla-1.c -O0 line 17 sizeof (a) == 6
FAIL: gcc.dg/guality/vla-1.c -O0 line 24 sizeof (a) == 17 * sizeof (short)
FAIL: gcc.dg/guality/vla-1.c -O1 line 17 sizeof (a) == 6
FAIL: gcc.dg/guality/vla-1.c -O1 line 24 sizeof (a) == 17 * sizeof (short)
FAIL: gcc.dg/guality/vla-1.c -O2 line 24 sizeof (a) == 17 * sizeof (short)
FAIL: gcc.dg/guality/vla-1.c -O3 -fomit-frame-pointer line 24 sizeof (a) == 17 * sizeof (short)
FAIL: gcc.dg/guality/vla-1.c -O3 -g line 24 sizeof (a) == 17 * sizeof (short)
FAIL: gcc.dg/guality/vla-1.c -Os line 24 sizeof (a) == 17 * sizeof (short)
=== gcc Summary for unix ===
# of expected passes 60879
# of unexpected failures 12
# of unexpected successes 12
# of expected failures 189
# of unsupported tests 1481
=== gcc Summary ===
# of expected passes 366391
# of unexpected failures 67
# of unexpected successes 72
# of expected failures 1137
# of unsupported tests 7976
/home/ghazi/gcc-testing/46/build/gcc/xgcc version 4.6.0 20100419 (experimental) [trunk revision 158533] (GCC)
=== gfortran tests ===
Running target unix/-m32/-fPIC
=== gfortran Summary for unix/-m32/-fPIC ===
# of expected passes 34025
# of expected failures 20
# of unsupported tests 126
Running target unix/-m32/-fpic
=== gfortran Summary for unix/-m32/-fpic ===
# of expected passes 34025
# of expected failures 20
# of unsupported tests 126
Running target unix/-m32
=== gfortran Summary for unix/-m32 ===
# of expected passes 34025
# of expected failures 20
# of unsupported tests 126
Running target unix/-fPIC
=== gfortran Summary for unix/-fPIC ===
# of expected passes 34170
# of expected failures 20
# of unsupported tests 58
Running target unix/-fpic
=== gfortran Summary for unix/-fpic ===
# of expected passes 34170
# of expected failures 20
# of unsupported tests 58
Running target unix
=== gfortran Summary for unix ===
# of expected passes 34170
# of expected failures 20
# of unsupported tests 58
=== gfortran Summary ===
# of expected passes 204585
# of expected failures 120
# of unsupported tests 552
/home/ghazi/gcc-testing/46/build/gcc/testsuite/gfortran/../../gfortran version 4.6.0 20100419 (experimental) [trunk revision 158533] (GCC)
=== obj-c++ tests ===
Running target unix/-m32/-fPIC
FAIL: obj-c++.dg/const-str-5.mm -fgnu-runtime (test for excess errors)
FAIL: obj-c++.dg/const-str-6.mm -fgnu-runtime (test for excess errors)
UNRESOLVED: obj-c++.dg/lookup-2.mm -fgnu-runtime compilation failed to produce executable
UNRESOLVED: obj-c++.dg/try-catch-2.mm -fgnu-runtime compilation failed to produce executable
UNRESOLVED: obj-c++.dg/try-catch-9.mm -fgnu-runtime compilation failed to produce executable
=== obj-c++ Summary for unix/-m32/-fPIC ===
# of expected passes 436
# of unexpected failures 2
# of expected failures 6
# of unresolved testcases 3
# of unsupported tests 12
Running target unix/-m32/-fpic
FAIL: obj-c++.dg/const-str-5.mm -fgnu-runtime (test for excess errors)
FAIL: obj-c++.dg/const-str-6.mm -fgnu-runtime (test for excess errors)
UNRESOLVED: obj-c++.dg/lookup-2.mm -fgnu-runtime compilation failed to produce executable
UNRESOLVED: obj-c++.dg/try-catch-2.mm -fgnu-runtime compilation failed to produce executable
UNRESOLVED: obj-c++.dg/try-catch-9.mm -fgnu-runtime compilation failed to produce executable
=== obj-c++ Summary for unix/-m32/-fpic ===
# of expected passes 436
# of unexpected failures 2
# of expected failures 6
# of unresolved testcases 3
# of unsupported tests 12
Running target unix/-m32
FAIL: obj-c++.dg/const-str-5.mm -fgnu-runtime (test for excess errors)
FAIL: obj-c++.dg/const-str-6.mm -fgnu-runtime (test for excess errors)
UNRESOLVED: obj-c++.dg/lookup-2.mm -fgnu-runtime compilation failed to produce executable
UNRESOLVED: obj-c++.dg/try-catch-2.mm -fgnu-runtime compilation failed to produce executable
UNRESOLVED: obj-c++.dg/try-catch-9.mm -fgnu-runtime compilation failed to produce executable
=== obj-c++ Summary for unix/-m32 ===
# of expected passes 436
# of unexpected failures 2
# of expected failures 6
# of unresolved testcases 3
# of unsupported tests 12
Running target unix/-fPIC
FAIL: obj-c++.dg/const-str-5.mm -fgnu-runtime (test for excess errors)
FAIL: obj-c++.dg/const-str-6.mm -fgnu-runtime (test for excess errors)
UNRESOLVED: obj-c++.dg/lookup-2.mm -fgnu-runtime compilation failed to produce executable
UNRESOLVED: obj-c++.dg/try-catch-2.mm -fgnu-runtime compilation failed to produce executable
UNRESOLVED: obj-c++.dg/try-catch-9.mm -fgnu-runtime compilation failed to produce executable
=== obj-c++ Summary for unix/-fPIC ===
# of expected passes 428
# of unexpected failures 2
# of expected failures 14
# of unresolved testcases 3
# of unsupported tests 12
Running target unix/-fpic
FAIL: obj-c++.dg/const-str-5.mm -fgnu-runtime (test for excess errors)
FAIL: obj-c++.dg/const-str-6.mm -fgnu-runtime (test for excess errors)
UNRESOLVED: obj-c++.dg/lookup-2.mm -fgnu-runtime compilation failed to produce executable
UNRESOLVED: obj-c++.dg/try-catch-2.mm -fgnu-runtime compilation failed to produce executable
UNRESOLVED: obj-c++.dg/try-catch-9.mm -fgnu-runtime compilation failed to produce executable
=== obj-c++ Summary for unix/-fpic ===
# of expected passes 428
# of unexpected failures 2
# of expected failures 14
# of unresolved testcases 3
# of unsupported tests 12
Running target unix
FAIL: obj-c++.dg/const-str-5.mm -fgnu-runtime (test for excess errors)
FAIL: obj-c++.dg/const-str-6.mm -fgnu-runtime (test for excess errors)
UNRESOLVED: obj-c++.dg/lookup-2.mm -fgnu-runtime compilation failed to produce executable
UNRESOLVED: obj-c++.dg/try-catch-2.mm -fgnu-runtime compilation failed to produce executable
UNRESOLVED: obj-c++.dg/try-catch-9.mm -fgnu-runtime compilation failed to produce executable
=== obj-c++ Summary for unix ===
# of expected passes 428
# of unexpected failures 2
# of expected failures 14
# of unresolved testcases 3
# of unsupported tests 12
=== obj-c++ Summary ===
# of expected passes 2592
# of unexpected failures 12
# of expected failures 60
# of unresolved testcases 18
# of unsupported tests 72
/home/ghazi/gcc-testing/46/build/gcc/testsuite/obj-c++/../../g++ version 4.6.0 20100419 (experimental) [trunk revision 158533] (GCC)
=== objc tests ===
Running target unix/-m32/-fPIC
=== objc Summary for unix/-m32/-fPIC ===
# of expected passes 1877
# of expected failures 7
# of unsupported tests 20
Running target unix/-m32/-fpic
=== objc Summary for unix/-m32/-fpic ===
# of expected passes 1877
# of expected failures 7
# of unsupported tests 20
Running target unix/-m32
=== objc Summary for unix/-m32 ===
# of expected passes 1877
# of expected failures 7
# of unsupported tests 20
Running target unix/-fPIC
=== objc Summary for unix/-fPIC ===
# of expected passes 1869
# of expected failures 15
# of unsupported tests 20
Running target unix/-fpic
=== objc Summary for unix/-fpic ===
# of expected passes 1869
# of expected failures 15
# of unsupported tests 20
Running target unix
=== objc Summary for unix ===
# of expected passes 1869
# of expected failures 15
# of unsupported tests 20
=== objc Summary ===
# of expected passes 11238
# of expected failures 66
# of unsupported tests 120
/home/ghazi/gcc-testing/46/build/gcc/xgcc version 4.6.0 20100419 (experimental) [trunk revision 158533] (GCC)
=== libffi tests ===
Running target unix/-m32/-fPIC
=== libffi Summary for unix/-m32/-fPIC ===
# of expected passes 1624
# of expected failures 10
# of unsupported tests 15
Running target unix/-m32/-fpic
=== libffi Summary for unix/-m32/-fpic ===
# of expected passes 1624
# of expected failures 10
# of unsupported tests 15
Running target unix/-m32
=== libffi Summary for unix/-m32 ===
# of expected passes 1624
# of expected failures 10
# of unsupported tests 15
Running target unix/-fPIC
=== libffi Summary for unix/-fPIC ===
# of expected passes 1624
# of expected failures 10
# of unsupported tests 15
Running target unix/-fpic
=== libffi Summary for unix/-fpic ===
# of expected passes 1624
# of expected failures 10
# of unsupported tests 15
Running target unix
=== libffi Summary for unix ===
# of expected passes 1624
# of expected failures 10
# of unsupported tests 15
=== libffi Summary ===
# of expected passes 9744
# of expected failures 60
# of unsupported tests 90
=== libgomp tests ===
Running target unix/-m32/-fPIC
FAIL: libgomp.c++/for-3.C -O0 (test for excess errors)
UNRESOLVED: libgomp.c++/for-3.C -O0 compilation failed to produce executable
FAIL: libgomp.c++/for-3.C -O1 (test for excess errors)
UNRESOLVED: libgomp.c++/for-3.C -O1 compilation failed to produce executable
FAIL: libgomp.c++/for-3.C -O2 (test for excess errors)
UNRESOLVED: libgomp.c++/for-3.C -O2 compilation failed to produce executable
FAIL: libgomp.c++/for-3.C -O3 -fomit-frame-pointer (test for excess errors)
UNRESOLVED: libgomp.c++/for-3.C -O3 -fomit-frame-pointer compilation failed to produce executable
FAIL: libgomp.c++/for-3.C -O3 -fomit-frame-pointer -funroll-loops (test for excess errors)
UNRESOLVED: libgomp.c++/for-3.C -O3 -fomit-frame-pointer -funroll-loops compilation failed to produce executable
FAIL: libgomp.c++/for-3.C -O3 -fomit-frame-pointer -funroll-all-loops -finline-functions (test for excess errors)
UNRESOLVED: libgomp.c++/for-3.C -O3 -fomit-frame-pointer -funroll-all-loops -finline-functions compilation failed to produce executable
FAIL: libgomp.c++/for-3.C -O3 -g (test for excess errors)
UNRESOLVED: libgomp.c++/for-3.C -O3 -g compilation failed to produce executable
FAIL: libgomp.c++/for-3.C -Os (test for excess errors)
UNRESOLVED: libgomp.c++/for-3.C -Os compilation failed to produce executable
FAIL: libgomp.c++/for-4.C -O0 (test for excess errors)
UNRESOLVED: libgomp.c++/for-4.C -O0 compilation failed to produce executable
FAIL: libgomp.c++/for-4.C -O1 (test for excess errors)
UNRESOLVED: libgomp.c++/for-4.C -O1 compilation failed to produce executable
FAIL: libgomp.c++/for-4.C -O2 (test for excess errors)
UNRESOLVED: libgomp.c++/for-4.C -O2 compilation failed to produce executable
FAIL: libgomp.c++/for-4.C -O3 -fomit-frame-pointer (test for excess errors)
UNRESOLVED: libgomp.c++/for-4.C -O3 -fomit-frame-pointer compilation failed to produce executable
FAIL: libgomp.c++/for-4.C -O3 -fomit-frame-pointer -funroll-loops (test for excess errors)
UNRESOLVED: libgomp.c++/for-4.C -O3 -fomit-frame-pointer -funroll-loops compilation failed to produce executable
FAIL: libgomp.c++/for-4.C -O3 -fomit-frame-pointer -funroll-all-loops -finline-functions (test for excess errors)
UNRESOLVED: libgomp.c++/for-4.C -O3 -fomit-frame-pointer -funroll-all-loops -finline-functions compilation failed to produce executable
FAIL: libgomp.c++/for-4.C -O3 -g (test for excess errors)
UNRESOLVED: libgomp.c++/for-4.C -O3 -g compilation failed to produce executable
FAIL: libgomp.c++/for-4.C -Os (test for excess errors)
UNRESOLVED: libgomp.c++/for-4.C -Os compilation failed to produce executable
=== libgomp Summary for unix/-m32/-fPIC ===
# of expected passes 2428
# of unexpected failures 16
# of unresolved testcases 16
Running target unix/-m32/-fpic
FAIL: libgomp.c++/for-3.C -O0 (test for excess errors)
UNRESOLVED: libgomp.c++/for-3.C -O0 compilation failed to produce executable
FAIL: libgomp.c++/for-3.C -O1 (test for excess errors)
UNRESOLVED: libgomp.c++/for-3.C -O1 compilation failed to produce executable
FAIL: libgomp.c++/for-3.C -O2 (test for excess errors)
UNRESOLVED: libgomp.c++/for-3.C -O2 compilation failed to produce executable
FAIL: libgomp.c++/for-3.C -O3 -fomit-frame-pointer (test for excess errors)
UNRESOLVED: libgomp.c++/for-3.C -O3 -fomit-frame-pointer compilation failed to produce executable
FAIL: libgomp.c++/for-3.C -O3 -fomit-frame-pointer -funroll-loops (test for excess errors)
UNRESOLVED: libgomp.c++/for-3.C -O3 -fomit-frame-pointer -funroll-loops compilation failed to produce executable
FAIL: libgomp.c++/for-3.C -O3 -fomit-frame-pointer -funroll-all-loops -finline-functions (test for excess errors)
UNRESOLVED: libgomp.c++/for-3.C -O3 -fomit-frame-pointer -funroll-all-loops -finline-functions compilation failed to produce executable
FAIL: libgomp.c++/for-3.C -O3 -g (test for excess errors)
UNRESOLVED: libgomp.c++/for-3.C -O3 -g compilation failed to produce executable
FAIL: libgomp.c++/for-3.C -Os (test for excess errors)
UNRESOLVED: libgomp.c++/for-3.C -Os compilation failed to produce executable
FAIL: libgomp.c++/for-4.C -O0 (test for excess errors)
UNRESOLVED: libgomp.c++/for-4.C -O0 compilation failed to produce executable
FAIL: libgomp.c++/for-4.C -O1 (test for excess errors)
UNRESOLVED: libgomp.c++/for-4.C -O1 compilation failed to produce executable
FAIL: libgomp.c++/for-4.C -O2 (test for excess errors)
UNRESOLVED: libgomp.c++/for-4.C -O2 compilation failed to produce executable
FAIL: libgomp.c++/for-4.C -O3 -fomit-frame-pointer (test for excess errors)
UNRESOLVED: libgomp.c++/for-4.C -O3 -fomit-frame-pointer compilation failed to produce executable
FAIL: libgomp.c++/for-4.C -O3 -fomit-frame-pointer -funroll-loops (test for excess errors)
UNRESOLVED: libgomp.c++/for-4.C -O3 -fomit-frame-pointer -funroll-loops compilation failed to produce executable
FAIL: libgomp.c++/for-4.C -O3 -fomit-frame-pointer -funroll-all-loops -finline-functions (test for excess errors)
UNRESOLVED: libgomp.c++/for-4.C -O3 -fomit-frame-pointer -funroll-all-loops -finline-functions compilation failed to produce executable
FAIL: libgomp.c++/for-4.C -O3 -g (test for excess errors)
UNRESOLVED: libgomp.c++/for-4.C -O3 -g compilation failed to produce executable
FAIL: libgomp.c++/for-4.C -Os (test for excess errors)
UNRESOLVED: libgomp.c++/for-4.C -Os compilation failed to produce executable
=== libgomp Summary for unix/-m32/-fpic ===
# of expected passes 2428
# of unexpected failures 16
# of unresolved testcases 16
Running target unix/-m32
FAIL: libgomp.c++/for-3.C -O0 (test for excess errors)
UNRESOLVED: libgomp.c++/for-3.C -O0 compilation failed to produce executable
FAIL: libgomp.c++/for-3.C -O1 (test for excess errors)
UNRESOLVED: libgomp.c++/for-3.C -O1 compilation failed to produce executable
FAIL: libgomp.c++/for-3.C -O2 (test for excess errors)
UNRESOLVED: libgomp.c++/for-3.C -O2 compilation failed to produce executable
FAIL: libgomp.c++/for-3.C -O3 -fomit-frame-pointer (test for excess errors)
UNRESOLVED: libgomp.c++/for-3.C -O3 -fomit-frame-pointer compilation failed to produce executable
FAIL: libgomp.c++/for-3.C -O3 -fomit-frame-pointer -funroll-loops (test for excess errors)
UNRESOLVED: libgomp.c++/for-3.C -O3 -fomit-frame-pointer -funroll-loops compilation failed to produce executable
FAIL: libgomp.c++/for-3.C -O3 -fomit-frame-pointer -funroll-all-loops -finline-functions (test for excess errors)
UNRESOLVED: libgomp.c++/for-3.C -O3 -fomit-frame-pointer -funroll-all-loops -finline-functions compilation failed to produce executable
FAIL: libgomp.c++/for-3.C -O3 -g (test for excess errors)
UNRESOLVED: libgomp.c++/for-3.C -O3 -g compilation failed to produce executable
FAIL: libgomp.c++/for-3.C -Os (test for excess errors)
UNRESOLVED: libgomp.c++/for-3.C -Os compilation failed to produce executable
FAIL: libgomp.c++/for-4.C -O0 (test for excess errors)
UNRESOLVED: libgomp.c++/for-4.C -O0 compilation failed to produce executable
FAIL: libgomp.c++/for-4.C -O1 (test for excess errors)
UNRESOLVED: libgomp.c++/for-4.C -O1 compilation failed to produce executable
FAIL: libgomp.c++/for-4.C -O2 (test for excess errors)
UNRESOLVED: libgomp.c++/for-4.C -O2 compilation failed to produce executable
FAIL: libgomp.c++/for-4.C -O3 -fomit-frame-pointer (test for excess errors)
UNRESOLVED: libgomp.c++/for-4.C -O3 -fomit-frame-pointer compilation failed to produce executable
FAIL: libgomp.c++/for-4.C -O3 -fomit-frame-pointer -funroll-loops (test for excess errors)
UNRESOLVED: libgomp.c++/for-4.C -O3 -fomit-frame-pointer -funroll-loops compilation failed to produce executable
FAIL: libgomp.c++/for-4.C -O3 -fomit-frame-pointer -funroll-all-loops -finline-functions (test for excess errors)
UNRESOLVED: libgomp.c++/for-4.C -O3 -fomit-frame-pointer -funroll-all-loops -finline-functions compilation failed to produce executable
FAIL: libgomp.c++/for-4.C -O3 -g (test for excess errors)
UNRESOLVED: libgomp.c++/for-4.C -O3 -g compilation failed to produce executable
FAIL: libgomp.c++/for-4.C -Os (test for excess errors)
UNRESOLVED: libgomp.c++/for-4.C -Os compilation failed to produce executable
=== libgomp Summary for unix/-m32 ===
# of expected passes 2428
# of unexpected failures 16
# of unresolved testcases 16
Running target unix/-fPIC
FAIL: libgomp.c++/for-3.C -O0 (test for excess errors)
UNRESOLVED: libgomp.c++/for-3.C -O0 compilation failed to produce executable
FAIL: libgomp.c++/for-3.C -O1 (test for excess errors)
UNRESOLVED: libgomp.c++/for-3.C -O1 compilation failed to produce executable
FAIL: libgomp.c++/for-3.C -O2 (test for excess errors)
UNRESOLVED: libgomp.c++/for-3.C -O2 compilation failed to produce executable
FAIL: libgomp.c++/for-3.C -O3 -fomit-frame-pointer (test for excess errors)
UNRESOLVED: libgomp.c++/for-3.C -O3 -fomit-frame-pointer compilation failed to produce executable
FAIL: libgomp.c++/for-3.C -O3 -fomit-frame-pointer -funroll-loops (test for excess errors)
UNRESOLVED: libgomp.c++/for-3.C -O3 -fomit-frame-pointer -funroll-loops compilation failed to produce executable
FAIL: libgomp.c++/for-3.C -O3 -fomit-frame-pointer -funroll-all-loops -finline-functions (test for excess errors)
UNRESOLVED: libgomp.c++/for-3.C -O3 -fomit-frame-pointer -funroll-all-loops -finline-functions compilation failed to produce executable
FAIL: libgomp.c++/for-3.C -O3 -g (test for excess errors)
UNRESOLVED: libgomp.c++/for-3.C -O3 -g compilation failed to produce executable
FAIL: libgomp.c++/for-3.C -Os (test for excess errors)
UNRESOLVED: libgomp.c++/for-3.C -Os compilation failed to produce executable
FAIL: libgomp.c++/for-4.C -O0 (test for excess errors)
UNRESOLVED: libgomp.c++/for-4.C -O0 compilation failed to produce executable
FAIL: libgomp.c++/for-4.C -O1 (test for excess errors)
UNRESOLVED: libgomp.c++/for-4.C -O1 compilation failed to produce executable
FAIL: libgomp.c++/for-4.C -O2 (test for excess errors)
UNRESOLVED: libgomp.c++/for-4.C -O2 compilation failed to produce executable
FAIL: libgomp.c++/for-4.C -O3 -fomit-frame-pointer (test for excess errors)
UNRESOLVED: libgomp.c++/for-4.C -O3 -fomit-frame-pointer compilation failed to produce executable
FAIL: libgomp.c++/for-4.C -O3 -fomit-frame-pointer -funroll-loops (test for excess errors)
UNRESOLVED: libgomp.c++/for-4.C -O3 -fomit-frame-pointer -funroll-loops compilation failed to produce executable
FAIL: libgomp.c++/for-4.C -O3 -fomit-frame-pointer -funroll-all-loops -finline-functions (test for excess errors)
UNRESOLVED: libgomp.c++/for-4.C -O3 -fomit-frame-pointer -funroll-all-loops -finline-functions compilation failed to produce executable
FAIL: libgomp.c++/for-4.C -O3 -g (test for excess errors)
UNRESOLVED: libgomp.c++/for-4.C -O3 -g compilation failed to produce executable
FAIL: libgomp.c++/for-4.C -Os (test for excess errors)
UNRESOLVED: libgomp.c++/for-4.C -Os compilation failed to produce executable
=== libgomp Summary for unix/-fPIC ===
# of expected passes 2428
# of unexpected failures 16
# of unresolved testcases 16
Running target unix/-fpic
FAIL: libgomp.c++/for-3.C -O0 (test for excess errors)
UNRESOLVED: libgomp.c++/for-3.C -O0 compilation failed to produce executable
FAIL: libgomp.c++/for-3.C -O1 (test for excess errors)
UNRESOLVED: libgomp.c++/for-3.C -O1 compilation failed to produce executable
FAIL: libgomp.c++/for-3.C -O2 (test for excess errors)
UNRESOLVED: libgomp.c++/for-3.C -O2 compilation failed to produce executable
FAIL: libgomp.c++/for-3.C -O3 -fomit-frame-pointer (test for excess errors)
UNRESOLVED: libgomp.c++/for-3.C -O3 -fomit-frame-pointer compilation failed to produce executable
FAIL: libgomp.c++/for-3.C -O3 -fomit-frame-pointer -funroll-loops (test for excess errors)
UNRESOLVED: libgomp.c++/for-3.C -O3 -fomit-frame-pointer -funroll-loops compilation failed to produce executable
FAIL: libgomp.c++/for-3.C -O3 -fomit-frame-pointer -funroll-all-loops -finline-functions (test for excess errors)
UNRESOLVED: libgomp.c++/for-3.C -O3 -fomit-frame-pointer -funroll-all-loops -finline-functions compilation failed to produce executable
FAIL: libgomp.c++/for-3.C -O3 -g (test for excess errors)
UNRESOLVED: libgomp.c++/for-3.C -O3 -g compilation failed to produce executable
FAIL: libgomp.c++/for-3.C -Os (test for excess errors)
UNRESOLVED: libgomp.c++/for-3.C -Os compilation failed to produce executable
FAIL: libgomp.c++/for-4.C -O0 (test for excess errors)
UNRESOLVED: libgomp.c++/for-4.C -O0 compilation failed to produce executable
FAIL: libgomp.c++/for-4.C -O1 (test for excess errors)
UNRESOLVED: libgomp.c++/for-4.C -O1 compilation failed to produce executable
FAIL: libgomp.c++/for-4.C -O2 (test for excess errors)
UNRESOLVED: libgomp.c++/for-4.C -O2 compilation failed to produce executable
FAIL: libgomp.c++/for-4.C -O3 -fomit-frame-pointer (test for excess errors)
UNRESOLVED: libgomp.c++/for-4.C -O3 -fomit-frame-pointer compilation failed to produce executable
FAIL: libgomp.c++/for-4.C -O3 -fomit-frame-pointer -funroll-loops (test for excess errors)
UNRESOLVED: libgomp.c++/for-4.C -O3 -fomit-frame-pointer -funroll-loops compilation failed to produce executable
FAIL: libgomp.c++/for-4.C -O3 -fomit-frame-pointer -funroll-all-loops -finline-functions (test for excess errors)
UNRESOLVED: libgomp.c++/for-4.C -O3 -fomit-frame-pointer -funroll-all-loops -finline-functions compilation failed to produce executable
FAIL: libgomp.c++/for-4.C -O3 -g (test for excess errors)
UNRESOLVED: libgomp.c++/for-4.C -O3 -g compilation failed to produce executable
FAIL: libgomp.c++/for-4.C -Os (test for excess errors)
UNRESOLVED: libgomp.c++/for-4.C -Os compilation failed to produce executable
=== libgomp Summary for unix/-fpic ===
# of expected passes 2428
# of unexpected failures 16
# of unresolved testcases 16
Running target unix
FAIL: libgomp.c++/for-3.C -O0 (test for excess errors)
UNRESOLVED: libgomp.c++/for-3.C -O0 compilation failed to produce executable
FAIL: libgomp.c++/for-3.C -O1 (test for excess errors)
UNRESOLVED: libgomp.c++/for-3.C -O1 compilation failed to produce executable
FAIL: libgomp.c++/for-3.C -O2 (test for excess errors)
UNRESOLVED: libgomp.c++/for-3.C -O2 compilation failed to produce executable
FAIL: libgomp.c++/for-3.C -O3 -fomit-frame-pointer (test for excess errors)
UNRESOLVED: libgomp.c++/for-3.C -O3 -fomit-frame-pointer compilation failed to produce executable
FAIL: libgomp.c++/for-3.C -O3 -fomit-frame-pointer -funroll-loops (test for excess errors)
UNRESOLVED: libgomp.c++/for-3.C -O3 -fomit-frame-pointer -funroll-loops compilation failed to produce executable
FAIL: libgomp.c++/for-3.C -O3 -fomit-frame-pointer -funroll-all-loops -finline-functions (test for excess errors)
UNRESOLVED: libgomp.c++/for-3.C -O3 -fomit-frame-pointer -funroll-all-loops -finline-functions compilation failed to produce executable
FAIL: libgomp.c++/for-3.C -O3 -g (test for excess errors)
UNRESOLVED: libgomp.c++/for-3.C -O3 -g compilation failed to produce executable
FAIL: libgomp.c++/for-3.C -Os (test for excess errors)
UNRESOLVED: libgomp.c++/for-3.C -Os compilation failed to produce executable
FAIL: libgomp.c++/for-4.C -O0 (test for excess errors)
UNRESOLVED: libgomp.c++/for-4.C -O0 compilation failed to produce executable
FAIL: libgomp.c++/for-4.C -O1 (test for excess errors)
UNRESOLVED: libgomp.c++/for-4.C -O1 compilation failed to produce executable
FAIL: libgomp.c++/for-4.C -O2 (test for excess errors)
UNRESOLVED: libgomp.c++/for-4.C -O2 compilation failed to produce executable
FAIL: libgomp.c++/for-4.C -O3 -fomit-frame-pointer (test for excess errors)
UNRESOLVED: libgomp.c++/for-4.C -O3 -fomit-frame-pointer compilation failed to produce executable
FAIL: libgomp.c++/for-4.C -O3 -fomit-frame-pointer -funroll-loops (test for excess errors)
UNRESOLVED: libgomp.c++/for-4.C -O3 -fomit-frame-pointer -funroll-loops compilation failed to produce executable
FAIL: libgomp.c++/for-4.C -O3 -fomit-frame-pointer -funroll-all-loops -finline-functions (test for excess errors)
UNRESOLVED: libgomp.c++/for-4.C -O3 -fomit-frame-pointer -funroll-all-loops -finline-functions compilation failed to produce executable
FAIL: libgomp.c++/for-4.C -O3 -g (test for excess errors)
UNRESOLVED: libgomp.c++/for-4.C -O3 -g compilation failed to produce executable
FAIL: libgomp.c++/for-4.C -Os (test for excess errors)
UNRESOLVED: libgomp.c++/for-4.C -Os compilation failed to produce executable
=== libgomp Summary for unix ===
# of expected passes 2428
# of unexpected failures 16
# of unresolved testcases 16
=== libgomp Summary ===
# of expected passes 14568
# of unexpected failures 96
# of unresolved testcases 96
=== libjava tests ===
Running target unix/-m32/-fPIC
=== libjava Summary for unix/-m32/-fPIC ===
# of expected passes 2574
Running target unix/-m32/-fpic
=== libjava Summary for unix/-m32/-fpic ===
# of expected passes 2574
Running target unix/-m32
=== libjava Summary for unix/-m32 ===
# of expected passes 2574
Running target unix/-fPIC
=== libjava Summary for unix/-fPIC ===
# of expected passes 2574
Running target unix/-fpic
=== libjava Summary for unix/-fpic ===
# of expected passes 2574
Running target unix
=== libjava Summary for unix ===
# of expected passes 2574
=== libjava Summary ===
# of expected passes 15444
=== libmudflap tests ===
Running target unix/-m32/-fPIC
FAIL: libmudflap.c++/pass41-frag.cxx (test for excess errors)
FAIL: libmudflap.c++/pass41-frag.cxx execution test
FAIL: libmudflap.c++/pass57-frag.cxx (test for excess errors)
FAIL: libmudflap.c++/pass41-frag.cxx (-static) (test for excess errors)
FAIL: libmudflap.c++/pass41-frag.cxx (-static) execution test
FAIL: libmudflap.c++/pass57-frag.cxx (-static) (test for excess errors)
FAIL: libmudflap.c++/pass41-frag.cxx ( -O) (test for excess errors)
FAIL: libmudflap.c++/pass41-frag.cxx ( -O) execution test
FAIL: libmudflap.c++/pass57-frag.cxx ( -O) (test for excess errors)
FAIL: libmudflap.c++/pass41-frag.cxx (-O2) (test for excess errors)
FAIL: libmudflap.c++/pass41-frag.cxx (-O2) execution test
FAIL: libmudflap.c++/pass57-frag.cxx (-O2) (test for excess errors)
FAIL: libmudflap.c++/pass41-frag.cxx (-O3) (test for excess errors)
FAIL: libmudflap.c++/pass41-frag.cxx (-O3) execution test
FAIL: libmudflap.c++/pass57-frag.cxx (-O3) (test for excess errors)
=== libmudflap Summary for unix/-m32/-fPIC ===
# of expected passes 1879
# of unexpected failures 15
Running target unix/-m32/-fpic
FAIL: libmudflap.c++/pass41-frag.cxx (test for excess errors)
FAIL: libmudflap.c++/pass41-frag.cxx execution test
FAIL: libmudflap.c++/pass57-frag.cxx (test for excess errors)
FAIL: libmudflap.c++/pass41-frag.cxx (-static) (test for excess errors)
FAIL: libmudflap.c++/pass41-frag.cxx (-static) execution test
FAIL: libmudflap.c++/pass57-frag.cxx (-static) (test for excess errors)
FAIL: libmudflap.c++/pass41-frag.cxx ( -O) (test for excess errors)
FAIL: libmudflap.c++/pass41-frag.cxx ( -O) execution test
FAIL: libmudflap.c++/pass57-frag.cxx ( -O) (test for excess errors)
FAIL: libmudflap.c++/pass41-frag.cxx (-O2) (test for excess errors)
FAIL: libmudflap.c++/pass41-frag.cxx (-O2) execution test
FAIL: libmudflap.c++/pass57-frag.cxx (-O2) (test for excess errors)
FAIL: libmudflap.c++/pass41-frag.cxx (-O3) (test for excess errors)
FAIL: libmudflap.c++/pass41-frag.cxx (-O3) execution test
FAIL: libmudflap.c++/pass57-frag.cxx (-O3) (test for excess errors)
=== libmudflap Summary for unix/-m32/-fpic ===
# of expected passes 1879
# of unexpected failures 15
Running target unix/-m32
FAIL: libmudflap.c/fail31-frag.c (-O3) output pattern test
FAIL: libmudflap.c/pass45-frag.c (-O3) execution test
FAIL: libmudflap.c/pass45-frag.c (-O3) output pattern test
FAIL: libmudflap.c/pass45-frag.c (-O3) execution test
FAIL: libmudflap.c/pass45-frag.c (-O3) output pattern test
FAIL: libmudflap.c++/pass41-frag.cxx (test for excess errors)
FAIL: libmudflap.c++/pass41-frag.cxx execution test
FAIL: libmudflap.c++/pass57-frag.cxx (test for excess errors)
FAIL: libmudflap.c++/pass41-frag.cxx (-static) (test for excess errors)
FAIL: libmudflap.c++/pass41-frag.cxx (-static) execution test
FAIL: libmudflap.c++/pass57-frag.cxx (-static) (test for excess errors)
FAIL: libmudflap.c++/pass41-frag.cxx ( -O) (test for excess errors)
FAIL: libmudflap.c++/pass41-frag.cxx ( -O) execution test
FAIL: libmudflap.c++/pass57-frag.cxx ( -O) (test for excess errors)
FAIL: libmudflap.c++/pass41-frag.cxx (-O2) (test for excess errors)
FAIL: libmudflap.c++/pass41-frag.cxx (-O2) execution test
FAIL: libmudflap.c++/pass57-frag.cxx (-O2) (test for excess errors)
FAIL: libmudflap.c++/pass41-frag.cxx (-O3) (test for excess errors)
FAIL: libmudflap.c++/pass41-frag.cxx (-O3) execution test
FAIL: libmudflap.c++/pass57-frag.cxx (-O3) (test for excess errors)
=== libmudflap Summary for unix/-m32 ===
# of expected passes 1874
# of unexpected failures 20
Running target unix/-fPIC
FAIL: libmudflap.c++/pass41-frag.cxx (test for excess errors)
FAIL: libmudflap.c++/pass41-frag.cxx execution test
FAIL: libmudflap.c++/pass57-frag.cxx (test for excess errors)
FAIL: libmudflap.c++/pass41-frag.cxx (-static) (test for excess errors)
FAIL: libmudflap.c++/pass41-frag.cxx (-static) execution test
FAIL: libmudflap.c++/pass57-frag.cxx (-static) (test for excess errors)
FAIL: libmudflap.c++/pass41-frag.cxx ( -O) (test for excess errors)
FAIL: libmudflap.c++/pass41-frag.cxx ( -O) execution test
FAIL: libmudflap.c++/pass57-frag.cxx ( -O) (test for excess errors)
FAIL: libmudflap.c++/pass41-frag.cxx (-O2) (test for excess errors)
FAIL: libmudflap.c++/pass41-frag.cxx (-O2) execution test
FAIL: libmudflap.c++/pass57-frag.cxx (-O2) (test for excess errors)
FAIL: libmudflap.c++/pass41-frag.cxx (-O3) (test for excess errors)
FAIL: libmudflap.c++/pass41-frag.cxx (-O3) execution test
FAIL: libmudflap.c++/pass57-frag.cxx (-O3) (test for excess errors)
=== libmudflap Summary for unix/-fPIC ===
# of expected passes 1879
# of unexpected failures 15
Running target unix/-fpic
FAIL: libmudflap.c++/pass41-frag.cxx (test for excess errors)
FAIL: libmudflap.c++/pass41-frag.cxx execution test
FAIL: libmudflap.c++/pass57-frag.cxx (test for excess errors)
FAIL: libmudflap.c++/pass41-frag.cxx (-static) (test for excess errors)
FAIL: libmudflap.c++/pass41-frag.cxx (-static) execution test
FAIL: libmudflap.c++/pass57-frag.cxx (-static) (test for excess errors)
FAIL: libmudflap.c++/pass41-frag.cxx ( -O) (test for excess errors)
FAIL: libmudflap.c++/pass41-frag.cxx ( -O) execution test
FAIL: libmudflap.c++/pass57-frag.cxx ( -O) (test for excess errors)
FAIL: libmudflap.c++/pass41-frag.cxx (-O2) (test for excess errors)
FAIL: libmudflap.c++/pass41-frag.cxx (-O2) execution test
FAIL: libmudflap.c++/pass57-frag.cxx (-O2) (test for excess errors)
FAIL: libmudflap.c++/pass41-frag.cxx (-O3) (test for excess errors)
FAIL: libmudflap.c++/pass41-frag.cxx (-O3) execution test
FAIL: libmudflap.c++/pass57-frag.cxx (-O3) (test for excess errors)
=== libmudflap Summary for unix/-fpic ===
# of expected passes 1879
# of unexpected failures 15
Running target unix
FAIL: libmudflap.c/fail31-frag.c (-O3) output pattern test
FAIL: libmudflap.c/pass45-frag.c (-O3) execution test
FAIL: libmudflap.c/pass45-frag.c (-O3) output pattern test
FAIL: libmudflap.c/pass45-frag.c (-O3) execution test
FAIL: libmudflap.c/pass45-frag.c (-O3) output pattern test
FAIL: libmudflap.c++/pass41-frag.cxx (test for excess errors)
FAIL: libmudflap.c++/pass41-frag.cxx execution test
FAIL: libmudflap.c++/pass57-frag.cxx (test for excess errors)
FAIL: libmudflap.c++/pass41-frag.cxx (-static) (test for excess errors)
FAIL: libmudflap.c++/pass41-frag.cxx (-static) execution test
FAIL: libmudflap.c++/pass57-frag.cxx (-static) (test for excess errors)
FAIL: libmudflap.c++/pass41-frag.cxx ( -O) (test for excess errors)
FAIL: libmudflap.c++/pass41-frag.cxx ( -O) execution test
FAIL: libmudflap.c++/pass57-frag.cxx ( -O) (test for excess errors)
FAIL: libmudflap.c++/pass41-frag.cxx (-O2) (test for excess errors)
FAIL: libmudflap.c++/pass41-frag.cxx (-O2) execution test
FAIL: libmudflap.c++/pass57-frag.cxx (-O2) (test for excess errors)
FAIL: libmudflap.c++/pass41-frag.cxx (-O3) (test for excess errors)
FAIL: libmudflap.c++/pass41-frag.cxx (-O3) execution test
FAIL: libmudflap.c++/pass57-frag.cxx (-O3) (test for excess errors)
=== libmudflap Summary for unix ===
# of expected passes 1874
# of unexpected failures 20
=== libmudflap Summary ===
# of expected passes 11264
# of unexpected failures 100
=== libstdc++ tests ===
Running target unix/-m32/-fPIC
=== libstdc++ Summary for unix/-m32/-fPIC ===
# of expected passes 7053
# of expected failures 95
# of unsupported tests 341
Running target unix/-m32/-fpic
=== libstdc++ Summary for unix/-m32/-fpic ===
# of expected passes 7053
# of expected failures 95
# of unsupported tests 341
Running target unix/-m32
=== libstdc++ Summary for unix/-m32 ===
# of expected passes 7053
# of expected failures 95
# of unsupported tests 341
Running target unix/-fPIC
=== libstdc++ Summary for unix/-fPIC ===
# of expected passes 7053
# of expected failures 95
# of unsupported tests 341
Running target unix/-fpic
=== libstdc++ Summary for unix/-fpic ===
# of expected passes 7053
# of expected failures 95
# of unsupported tests 341
Running target unix
=== libstdc++ Summary for unix ===
# of expected passes 7053
# of expected failures 95
# of unsupported tests 341
=== libstdc++ Summary ===
# of expected passes 42318
# of expected failures 570
# of unsupported tests 2046
Compiler version: 4.6.0 20100419 (experimental) [trunk revision 158533] (GCC)
Platform: x86_64-unknown-linux-gnu
configure flags: --enable-languages=c,c++,objc,f95,obj-c++,java --with-mpc=/home/ghazi/gcc-testing/lib/mpc081 --with-mpfr=/opt/cfarm/mpfr-2.4.1 --with-gmp=/opt/cfarm/gmp-4.2.4
More information about the Gcc-testresults
mailing list