Results for 4.5.0 20100405 (experimental) [trunk revision 157971] (GCC) testsuite on ia64-unknown-linux-gnu
ghazi@Babe.esiee.fr
ghazi@Babe.esiee.fr
Thu Apr 8 02:03:00 GMT 2010
LAST_UPDATED: Tue Apr 6 00:01:24 UTC 2010 (revision 157971)
Native configuration is ia64-unknown-linux-gnu
=== g++ tests ===
Running target unix/-fPIC
=== g++ Summary for unix/-fPIC ===
# of expected passes 20521
# of expected failures 149
# of unsupported tests 190
Running target unix/-fpic
=== g++ Summary for unix/-fpic ===
# of expected passes 20521
# of expected failures 149
# of unsupported tests 190
Running target unix
=== g++ Summary for unix ===
# of expected passes 20521
# of expected failures 149
# of unsupported tests 190
=== g++ Summary ===
# of expected passes 61563
# of expected failures 447
# of unsupported tests 570
/home/ghazi/gcc-testing/45/build/gcc/testsuite/g++/../../g++ version 4.5.0 20100405 (experimental) [trunk revision 157971] (GCC)
=== gcc tests ===
Running target unix/-fPIC
FAIL: gcc.c-torture/execute/20000603-1.c execution, -O2
FAIL: gcc.c-torture/execute/20000603-1.c execution, -O3 -fomit-frame-pointer
FAIL: gcc.c-torture/execute/20000603-1.c execution, -O3 -g
FAIL: gcc.c-torture/execute/20000603-1.c execution, -Os
FAIL: gcc.c-torture/execute/vector-2.c execution, -O2
FAIL: gcc.dg/builtin-apply4.c execution test
FAIL: gcc.dg/pr43058.c (test for excess errors)
XPASS: gcc.dg/guality/example.c -O0 execution test
WARNING: program timed out.
XPASS: gcc.dg/guality/guality.c -O0 execution test
WARNING: program timed out.
FAIL: gcc.dg/guality/inline-params.c -O0 execution test
FAIL: gcc.dg/guality/inline-params.c -O1 execution test
FAIL: gcc.dg/guality/pr36728-1.c -O3 -fomit-frame-pointer line 12 arg7 == 30
FAIL: gcc.dg/guality/pr36728-1.c -O3 -fomit-frame-pointer line 14 arg7 == 30
FAIL: gcc.dg/guality/pr36728-1.c -O3 -g line 12 arg7 == 30
FAIL: gcc.dg/guality/pr36728-1.c -O3 -g line 14 arg7 == 30
XPASS: gcc.dg/guality/pr41353-1.c -O0 line 28 j == 28 + 37
FAIL: gcc.dg/guality/pr41353-1.c -O3 -fomit-frame-pointer line 39 i == 12
FAIL: gcc.dg/guality/pr41353-1.c -O3 -g line 39 i == 12
XPASS: gcc.dg/guality/pr41447-1.c -O0 execution test
XPASS: gcc.dg/guality/pr41447-1.c -O2 execution test
XPASS: gcc.dg/guality/pr41447-1.c -O3 -fomit-frame-pointer execution test
XPASS: gcc.dg/guality/pr41447-1.c -O3 -g execution test
WARNING: program timed out.
XPASS: gcc.dg/guality/pr41616-1.c -O0 execution test
FAIL: gcc.dg/guality/pr43051-1.c -O1 line 34 c == &a[0]
FAIL: gcc.dg/guality/pr43051-1.c -O1 line 39 c == &a[0]
FAIL: gcc.dg/guality/pr43077-1.c -O1 line 42 b == 2
FAIL: gcc.dg/guality/pr43077-1.c -O2 line 42 b == 2
FAIL: gcc.dg/guality/pr43077-1.c -O3 -fomit-frame-pointer line 42 varb == 2
FAIL: gcc.dg/guality/pr43077-1.c -O3 -g line 42 varb == 2
FAIL: gcc.dg/guality/pr43077-1.c -Os line 42 b == 2
FAIL: gcc.dg/guality/pr43177.c -O3 -fomit-frame-pointer line 15 x == 7
FAIL: gcc.dg/guality/pr43177.c -O3 -fomit-frame-pointer line 24 x == 7
FAIL: gcc.dg/guality/pr43177.c -O3 -g line 15 x == 7
FAIL: gcc.dg/guality/pr43177.c -O3 -g line 24 x == 7
FAIL: gcc.dg/guality/pr43329-1.c -O0 (test for excess errors)
UNRESOLVED: gcc.dg/guality/pr43329-1.c -O0 compilation failed to produce executable
FAIL: gcc.dg/guality/pr43329-1.c -O1 (test for excess errors)
UNRESOLVED: gcc.dg/guality/pr43329-1.c -O1 compilation failed to produce executable
FAIL: gcc.dg/guality/pr43329-1.c -O2 (test for excess errors)
UNRESOLVED: gcc.dg/guality/pr43329-1.c -O2 compilation failed to produce executable
FAIL: gcc.dg/guality/pr43329-1.c -O3 -fomit-frame-pointer (test for excess errors)
UNRESOLVED: gcc.dg/guality/pr43329-1.c -O3 -fomit-frame-pointer compilation failed to produce executable
FAIL: gcc.dg/guality/pr43329-1.c -O3 -g (test for excess errors)
UNRESOLVED: gcc.dg/guality/pr43329-1.c -O3 -g compilation failed to produce executable
FAIL: gcc.dg/guality/pr43329-1.c -Os (test for excess errors)
UNRESOLVED: gcc.dg/guality/pr43329-1.c -Os compilation failed to produce executable
FAIL: gcc.dg/guality/vla-1.c -O0 line 17 sizeof (a) == 6
FAIL: gcc.dg/guality/vla-1.c -O0 line 24 sizeof (a) == 17 * sizeof (short)
FAIL: gcc.dg/guality/vla-1.c -O1 line 24 sizeof (a) == 17 * sizeof (short)
FAIL: gcc.dg/guality/vla-1.c -O2 line 24 i == 5
FAIL: gcc.dg/guality/vla-1.c -O2 line 24 sizeof (a) == 17 * sizeof (short)
FAIL: gcc.dg/guality/vla-1.c -O3 -fomit-frame-pointer line 24 i == 5
FAIL: gcc.dg/guality/vla-1.c -O3 -g line 24 i == 5
FAIL: gcc.dg/guality/vla-1.c -Os line 24 i == 5
FAIL: gcc.dg/guality/vla-1.c -Os line 24 sizeof (a) == 17 * sizeof (short)
XPASS: gcc.dg/tree-ssa/loop-1.c scan-assembler-times foo 5
=== gcc Summary for unix/-fPIC ===
# of expected passes 54315
# of unexpected failures 41
# of unexpected successes 9
# of expected failures 247
# of unresolved testcases 6
# of unsupported tests 792
Running target unix/-fpic
FAIL: gcc.c-torture/execute/20000603-1.c execution, -O2
FAIL: gcc.c-torture/execute/20000603-1.c execution, -O3 -fomit-frame-pointer
FAIL: gcc.c-torture/execute/20000603-1.c execution, -O3 -g
FAIL: gcc.c-torture/execute/20000603-1.c execution, -Os
FAIL: gcc.c-torture/execute/vector-2.c execution, -O2
FAIL: gcc.dg/builtin-apply4.c execution test
FAIL: gcc.dg/pr43058.c (test for excess errors)
XPASS: gcc.dg/guality/example.c -O0 execution test
WARNING: program timed out.
XPASS: gcc.dg/guality/guality.c -O0 execution test
WARNING: program timed out.
FAIL: gcc.dg/guality/inline-params.c -O0 execution test
FAIL: gcc.dg/guality/inline-params.c -O1 execution test
FAIL: gcc.dg/guality/pr36728-1.c -O3 -fomit-frame-pointer line 12 arg7 == 30
FAIL: gcc.dg/guality/pr36728-1.c -O3 -fomit-frame-pointer line 14 arg7 == 30
FAIL: gcc.dg/guality/pr36728-1.c -O3 -g line 12 arg7 == 30
FAIL: gcc.dg/guality/pr36728-1.c -O3 -g line 14 arg7 == 30
XPASS: gcc.dg/guality/pr41353-1.c -O0 line 28 j == 28 + 37
FAIL: gcc.dg/guality/pr41353-1.c -O3 -fomit-frame-pointer line 39 i == 12
FAIL: gcc.dg/guality/pr41353-1.c -O3 -g line 39 i == 12
XPASS: gcc.dg/guality/pr41447-1.c -O0 execution test
XPASS: gcc.dg/guality/pr41447-1.c -O2 execution test
XPASS: gcc.dg/guality/pr41447-1.c -O3 -fomit-frame-pointer execution test
XPASS: gcc.dg/guality/pr41447-1.c -O3 -g execution test
WARNING: program timed out.
XPASS: gcc.dg/guality/pr41616-1.c -O0 execution test
FAIL: gcc.dg/guality/pr43051-1.c -O1 line 34 c == &a[0]
FAIL: gcc.dg/guality/pr43051-1.c -O1 line 39 c == &a[0]
FAIL: gcc.dg/guality/pr43077-1.c -O1 line 42 b == 2
FAIL: gcc.dg/guality/pr43077-1.c -O2 line 42 b == 2
FAIL: gcc.dg/guality/pr43077-1.c -O3 -fomit-frame-pointer line 42 varb == 2
FAIL: gcc.dg/guality/pr43077-1.c -O3 -g line 42 varb == 2
FAIL: gcc.dg/guality/pr43077-1.c -Os line 42 b == 2
FAIL: gcc.dg/guality/pr43177.c -O3 -fomit-frame-pointer line 15 x == 7
FAIL: gcc.dg/guality/pr43177.c -O3 -fomit-frame-pointer line 24 x == 7
FAIL: gcc.dg/guality/pr43177.c -O3 -g line 15 x == 7
FAIL: gcc.dg/guality/pr43177.c -O3 -g line 24 x == 7
FAIL: gcc.dg/guality/pr43329-1.c -O0 (test for excess errors)
UNRESOLVED: gcc.dg/guality/pr43329-1.c -O0 compilation failed to produce executable
FAIL: gcc.dg/guality/pr43329-1.c -O1 (test for excess errors)
UNRESOLVED: gcc.dg/guality/pr43329-1.c -O1 compilation failed to produce executable
FAIL: gcc.dg/guality/pr43329-1.c -O2 (test for excess errors)
UNRESOLVED: gcc.dg/guality/pr43329-1.c -O2 compilation failed to produce executable
FAIL: gcc.dg/guality/pr43329-1.c -O3 -fomit-frame-pointer (test for excess errors)
UNRESOLVED: gcc.dg/guality/pr43329-1.c -O3 -fomit-frame-pointer compilation failed to produce executable
FAIL: gcc.dg/guality/pr43329-1.c -O3 -g (test for excess errors)
UNRESOLVED: gcc.dg/guality/pr43329-1.c -O3 -g compilation failed to produce executable
FAIL: gcc.dg/guality/pr43329-1.c -Os (test for excess errors)
UNRESOLVED: gcc.dg/guality/pr43329-1.c -Os compilation failed to produce executable
FAIL: gcc.dg/guality/vla-1.c -O0 line 17 sizeof (a) == 6
FAIL: gcc.dg/guality/vla-1.c -O0 line 24 sizeof (a) == 17 * sizeof (short)
FAIL: gcc.dg/guality/vla-1.c -O1 line 24 sizeof (a) == 17 * sizeof (short)
FAIL: gcc.dg/guality/vla-1.c -O2 line 24 i == 5
FAIL: gcc.dg/guality/vla-1.c -O2 line 24 sizeof (a) == 17 * sizeof (short)
FAIL: gcc.dg/guality/vla-1.c -O3 -fomit-frame-pointer line 24 i == 5
FAIL: gcc.dg/guality/vla-1.c -O3 -g line 24 i == 5
FAIL: gcc.dg/guality/vla-1.c -Os line 24 i == 5
FAIL: gcc.dg/guality/vla-1.c -Os line 24 sizeof (a) == 17 * sizeof (short)
XPASS: gcc.dg/tree-ssa/loop-1.c scan-assembler-times foo 5
=== gcc Summary for unix/-fpic ===
# of expected passes 54316
# of unexpected failures 41
# of unexpected successes 9
# of expected failures 247
# of unresolved testcases 6
# of unsupported tests 791
Running target unix
FAIL: gcc.dg/builtin-apply4.c execution test
FAIL: gcc.dg/pr34668-1.c (internal compiler error)
FAIL: gcc.dg/pr34668-1.c (test for excess errors)
FAIL: gcc.dg/pr43058.c (test for excess errors)
XPASS: gcc.dg/guality/example.c -O0 execution test
WARNING: program timed out.
XPASS: gcc.dg/guality/guality.c -O0 execution test
WARNING: program timed out.
FAIL: gcc.dg/guality/inline-params.c -O0 execution test
FAIL: gcc.dg/guality/inline-params.c -O1 execution test
FAIL: gcc.dg/guality/pr36728-1.c -O3 -fomit-frame-pointer line 12 arg7 == 30
FAIL: gcc.dg/guality/pr36728-1.c -O3 -fomit-frame-pointer line 14 arg7 == 30
FAIL: gcc.dg/guality/pr36728-1.c -O3 -g line 12 arg7 == 30
FAIL: gcc.dg/guality/pr36728-1.c -O3 -g line 14 arg7 == 30
XPASS: gcc.dg/guality/pr41353-1.c -O0 line 28 j == 28 + 37
FAIL: gcc.dg/guality/pr41353-1.c -O3 -fomit-frame-pointer line 39 i == 12
FAIL: gcc.dg/guality/pr41353-1.c -O3 -g line 39 i == 12
XPASS: gcc.dg/guality/pr41447-1.c -O0 execution test
XPASS: gcc.dg/guality/pr41447-1.c -O2 execution test
XPASS: gcc.dg/guality/pr41447-1.c -O3 -fomit-frame-pointer execution test
XPASS: gcc.dg/guality/pr41447-1.c -O3 -g execution test
WARNING: program timed out.
XPASS: gcc.dg/guality/pr41616-1.c -O0 execution test
FAIL: gcc.dg/guality/pr43051-1.c -O1 line 34 c == &a[0]
FAIL: gcc.dg/guality/pr43051-1.c -O1 line 39 c == &a[0]
FAIL: gcc.dg/guality/pr43077-1.c -O1 line 42 b == 2
FAIL: gcc.dg/guality/pr43077-1.c -O2 line 42 b == 2
FAIL: gcc.dg/guality/pr43077-1.c -O3 -fomit-frame-pointer line 42 varb == 2
FAIL: gcc.dg/guality/pr43077-1.c -O3 -g line 42 varb == 2
FAIL: gcc.dg/guality/pr43077-1.c -Os line 42 b == 2
FAIL: gcc.dg/guality/pr43177.c -O3 -fomit-frame-pointer line 15 x == 7
FAIL: gcc.dg/guality/pr43177.c -O3 -fomit-frame-pointer line 24 x == 7
FAIL: gcc.dg/guality/pr43177.c -O3 -g line 15 x == 7
FAIL: gcc.dg/guality/pr43177.c -O3 -g line 24 x == 7
FAIL: gcc.dg/guality/pr43329-1.c -O0 (test for excess errors)
UNRESOLVED: gcc.dg/guality/pr43329-1.c -O0 compilation failed to produce executable
FAIL: gcc.dg/guality/pr43329-1.c -O1 (test for excess errors)
UNRESOLVED: gcc.dg/guality/pr43329-1.c -O1 compilation failed to produce executable
FAIL: gcc.dg/guality/pr43329-1.c -O2 (test for excess errors)
UNRESOLVED: gcc.dg/guality/pr43329-1.c -O2 compilation failed to produce executable
FAIL: gcc.dg/guality/pr43329-1.c -O3 -fomit-frame-pointer (test for excess errors)
UNRESOLVED: gcc.dg/guality/pr43329-1.c -O3 -fomit-frame-pointer compilation failed to produce executable
FAIL: gcc.dg/guality/pr43329-1.c -O3 -g (test for excess errors)
UNRESOLVED: gcc.dg/guality/pr43329-1.c -O3 -g compilation failed to produce executable
FAIL: gcc.dg/guality/pr43329-1.c -Os (test for excess errors)
UNRESOLVED: gcc.dg/guality/pr43329-1.c -Os compilation failed to produce executable
FAIL: gcc.dg/guality/vla-1.c -O0 line 17 sizeof (a) == 6
FAIL: gcc.dg/guality/vla-1.c -O0 line 24 sizeof (a) == 17 * sizeof (short)
FAIL: gcc.dg/guality/vla-1.c -O1 line 24 sizeof (a) == 17 * sizeof (short)
FAIL: gcc.dg/guality/vla-1.c -O2 line 24 i == 5
FAIL: gcc.dg/guality/vla-1.c -O2 line 24 sizeof (a) == 17 * sizeof (short)
FAIL: gcc.dg/guality/vla-1.c -O3 -fomit-frame-pointer line 24 i == 5
FAIL: gcc.dg/guality/vla-1.c -O3 -g line 24 i == 5
FAIL: gcc.dg/guality/vla-1.c -Os line 24 i == 5
FAIL: gcc.dg/guality/vla-1.c -Os line 24 sizeof (a) == 17 * sizeof (short)
XPASS: gcc.dg/tree-ssa/loop-1.c scan-assembler-times foo 5
=== gcc Summary for unix ===
# of expected passes 54352
# of unexpected failures 38
# of unexpected successes 9
# of expected failures 247
# of unresolved testcases 6
# of unsupported tests 779
=== gcc Summary ===
# of expected passes 162983
# of unexpected failures 120
# of unexpected successes 27
# of expected failures 741
# of unresolved testcases 18
# of unsupported tests 2362
/home/ghazi/gcc-testing/45/build/gcc/xgcc version 4.5.0 20100405 (experimental) [trunk revision 157971] (GCC)
=== gfortran tests ===
Running target unix/-fPIC
=== gfortran Summary for unix/-fPIC ===
# of expected passes 33918
# of expected failures 30
# of unsupported tests 46
Running target unix/-fpic
=== gfortran Summary for unix/-fpic ===
# of expected passes 33918
# of expected failures 30
# of unsupported tests 46
Running target unix
=== gfortran Summary for unix ===
# of expected passes 33918
# of expected failures 30
# of unsupported tests 46
=== gfortran Summary ===
# of expected passes 101754
# of expected failures 90
# of unsupported tests 138
/home/ghazi/gcc-testing/45/build/gcc/testsuite/gfortran/../../gfortran version 4.5.0 20100405 (experimental) [trunk revision 157971] (GCC)
=== obj-c++ tests ===
Running target unix/-fPIC
UNRESOLVED: obj-c++.dg/lookup-2.mm -fgnu-runtime compilation failed to produce executable
UNRESOLVED: obj-c++.dg/try-catch-2.mm -fgnu-runtime compilation failed to produce executable
UNRESOLVED: obj-c++.dg/try-catch-9.mm -fgnu-runtime compilation failed to produce executable
=== obj-c++ Summary for unix/-fPIC ===
# of expected passes 430
# of expected failures 15
# of unresolved testcases 3
# of unsupported tests 13
Running target unix/-fpic
UNRESOLVED: obj-c++.dg/lookup-2.mm -fgnu-runtime compilation failed to produce executable
UNRESOLVED: obj-c++.dg/try-catch-2.mm -fgnu-runtime compilation failed to produce executable
UNRESOLVED: obj-c++.dg/try-catch-9.mm -fgnu-runtime compilation failed to produce executable
=== obj-c++ Summary for unix/-fpic ===
# of expected passes 430
# of expected failures 15
# of unresolved testcases 3
# of unsupported tests 13
Running target unix
UNRESOLVED: obj-c++.dg/lookup-2.mm -fgnu-runtime compilation failed to produce executable
UNRESOLVED: obj-c++.dg/try-catch-2.mm -fgnu-runtime compilation failed to produce executable
UNRESOLVED: obj-c++.dg/try-catch-9.mm -fgnu-runtime compilation failed to produce executable
=== obj-c++ Summary for unix ===
# of expected passes 430
# of expected failures 15
# of unresolved testcases 3
# of unsupported tests 13
=== obj-c++ Summary ===
# of expected passes 1290
# of expected failures 45
# of unresolved testcases 9
# of unsupported tests 39
/home/ghazi/gcc-testing/45/build/gcc/testsuite/obj-c++/../../g++ version 4.5.0 20100405 (experimental) [trunk revision 157971] (GCC)
=== objc tests ===
Running target unix/-fPIC
=== objc Summary for unix/-fPIC ===
# of expected passes 1866
# of expected failures 15
# of unsupported tests 22
Running target unix/-fpic
=== objc Summary for unix/-fpic ===
# of expected passes 1866
# of expected failures 15
# of unsupported tests 22
Running target unix
=== objc Summary for unix ===
# of expected passes 1866
# of expected failures 15
# of unsupported tests 22
=== objc Summary ===
# of expected passes 5598
# of expected failures 45
# of unsupported tests 66
/home/ghazi/gcc-testing/45/build/gcc/xgcc version 4.5.0 20100405 (experimental) [trunk revision 157971] (GCC)
=== libffi tests ===
Running target unix/-fPIC
=== libffi Summary for unix/-fPIC ===
# of expected passes 1624
# of expected failures 10
# of unsupported tests 15
Running target unix/-fpic
=== libffi Summary for unix/-fpic ===
# of expected passes 1624
# of expected failures 10
# of unsupported tests 15
Running target unix
=== libffi Summary for unix ===
# of expected passes 1624
# of expected failures 10
# of unsupported tests 15
=== libffi Summary ===
# of expected passes 4872
# of expected failures 30
# of unsupported tests 45
=== libgomp tests ===
Running target unix/-fPIC
=== libgomp Summary for unix/-fPIC ===
# of expected passes 2460
Running target unix/-fpic
=== libgomp Summary for unix/-fpic ===
# of expected passes 2460
Running target unix
=== libgomp Summary for unix ===
# of expected passes 2460
=== libgomp Summary ===
# of expected passes 7380
=== libjava tests ===
Running target unix/-fPIC
FAIL: getlocalvartable output
FAIL: Throw_3 -O3 output - source compiled test
FAIL: Throw_3 -O3 -findirect-dispatch output - source compiled test
=== libjava Summary for unix/-fPIC ===
# of expected passes 2571
# of unexpected failures 3
Running target unix/-fpic
FAIL: getlocalvartable output
FAIL: Throw_3 -O3 output - source compiled test
FAIL: Throw_3 -O3 -findirect-dispatch output - source compiled test
=== libjava Summary for unix/-fpic ===
# of expected passes 2571
# of unexpected failures 3
Running target unix
FAIL: getlocalvartable output
FAIL: Throw_3 -O3 output - source compiled test
FAIL: Throw_3 -O3 -findirect-dispatch output - source compiled test
=== libjava Summary for unix ===
# of expected passes 2571
# of unexpected failures 3
=== libjava Summary ===
# of expected passes 7713
# of unexpected failures 9
=== libmudflap tests ===
Running target unix/-fPIC
FAIL: libmudflap.c++/pass41-frag.cxx execution test
FAIL: libmudflap.c++/pass41-frag.cxx (-static) execution test
FAIL: libmudflap.c++/pass41-frag.cxx ( -O) execution test
FAIL: libmudflap.c++/pass41-frag.cxx (-O2) execution test
FAIL: libmudflap.c++/pass41-frag.cxx (-O3) execution test
=== libmudflap Summary for unix/-fPIC ===
# of expected passes 1889
# of unexpected failures 5
Running target unix/-fpic
FAIL: libmudflap.c++/pass41-frag.cxx execution test
FAIL: libmudflap.c++/pass41-frag.cxx (-static) execution test
FAIL: libmudflap.c++/pass41-frag.cxx ( -O) execution test
FAIL: libmudflap.c++/pass41-frag.cxx (-O2) execution test
FAIL: libmudflap.c++/pass41-frag.cxx (-O3) execution test
=== libmudflap Summary for unix/-fpic ===
# of expected passes 1889
# of unexpected failures 5
Running target unix
FAIL: libmudflap.c/fail31-frag.c (-O3) crash test
FAIL: libmudflap.c/fail31-frag.c (-O3) output pattern test
FAIL: libmudflap.c/pass45-frag.c (-O3) execution test
FAIL: libmudflap.c/pass45-frag.c (-O3) output pattern test
FAIL: libmudflap.c/pass45-frag.c (-O3) execution test
FAIL: libmudflap.c/pass45-frag.c (-O3) output pattern test
FAIL: libmudflap.c++/pass41-frag.cxx execution test
FAIL: libmudflap.c++/pass41-frag.cxx (-static) execution test
FAIL: libmudflap.c++/pass41-frag.cxx ( -O) execution test
FAIL: libmudflap.c++/pass41-frag.cxx (-O2) execution test
FAIL: libmudflap.c++/pass41-frag.cxx (-O3) execution test
=== libmudflap Summary for unix ===
# of expected passes 1883
# of unexpected failures 11
=== libmudflap Summary ===
# of expected passes 5661
# of unexpected failures 21
=== libstdc++ tests ===
Running target unix/-fPIC
FAIL: abi_check
=== libstdc++ Summary for unix/-fPIC ===
# of expected passes 6828
# of unexpected failures 1
# of expected failures 93
# of unsupported tests 357
Running target unix/-fpic
FAIL: abi_check
=== libstdc++ Summary for unix/-fpic ===
# of expected passes 6828
# of unexpected failures 1
# of expected failures 93
# of unsupported tests 357
Running target unix
FAIL: abi_check
=== libstdc++ Summary for unix ===
# of expected passes 6828
# of unexpected failures 1
# of expected failures 93
# of unsupported tests 357
=== libstdc++ Summary ===
# of expected passes 20484
# of unexpected failures 3
# of expected failures 279
# of unsupported tests 1071
Compiler version: 4.5.0 20100405 (experimental) [trunk revision 157971] (GCC)
Platform: ia64-unknown-linux-gnu
configure flags: --enable-languages=c,c++,objc,f95,obj-c++,java --with-mpc=/opt/cfarm/mpc-0.8 --with-mpfr=/opt/cfarm/mpfr-2.4.1 --with-gmp=/opt/cfarm/gmp-4.2.4
More information about the Gcc-testresults
mailing list