Results for 4.5.0 20100403 (experimental) [trunk revision 157955] (GCC) testsuite on hppa-unknown-linux-gnu
John David Anglin
dave@gsyprf11.external.hp.com
Mon Apr 5 17:06:00 GMT 2010
LAST_UPDATED: Sun Apr 4 00:04:07 UTC 2010 (revision 157955)
=== acats tests ===
FAIL: c2a008a
FAIL: c37003b
FAIL: c95076a
Native configuration is hppa-unknown-linux-gnu
=== g++ tests ===
Running target unix
FAIL: c-c++-common/raw-string-1.c execution test
=== g++ Summary ===
# of expected passes 22033
# of unexpected failures 1
# of expected failures 151
# of unsupported tests 190
/home2/dave/gcc-4.5/objdir/gcc/testsuite/g++/../../g++ version 4.5.0 20100403 (experimental) [trunk revision 157955] (GCC)
=== gcc tests ===
Running target unix
FAIL: gcc.dg/pr34668-1.c (internal compiler error)
FAIL: gcc.dg/pr34668-1.c (test for excess errors)
WARNING: program timed out.
FAIL: gcc.dg/pr43058.c (test for excess errors)
FAIL: c-c++-common/raw-string-1.c -Wc++-compat execution test
XPASS: gcc.dg/tree-ssa/loop-1.c scan-assembler-times foo 5
=== gcc Summary ===
# of expected passes 63130
# of unexpected failures 4
# of unexpected successes 1
# of expected failures 86
# of unsupported tests 721
/home2/dave/gcc-4.5/objdir/gcc/xgcc version 4.5.0 20100403 (experimental) [trunk revision 157955] (GCC)
=== gfortran tests ===
Running target unix
FAIL: gfortran.dg/pr41928.f90 -O (internal compiler error)
FAIL: gfortran.dg/pr41928.f90 -O (test for excess errors)
=== gfortran Summary ===
# of expected passes 33048
# of unexpected failures 2
# of expected failures 21
# of unsupported tests 288
/home2/dave/gcc-4.5/objdir/gcc/testsuite/gfortran/../../gfortran version 4.5.0 20100403 (experimental) [trunk revision 157955] (GCC)
=== gnat tests ===
Running target unix
=== gnat Summary ===
# of expected passes 757
# of expected failures 7
# of unsupported tests 1
=== obj-c++ tests ===
Running target unix
UNRESOLVED: obj-c++.dg/lookup-2.mm -fgnu-runtime compilation failed to produce executable
UNRESOLVED: obj-c++.dg/try-catch-2.mm -fgnu-runtime compilation failed to produce executable
UNRESOLVED: obj-c++.dg/try-catch-9.mm -fgnu-runtime compilation failed to produce executable
=== obj-c++ Summary ===
# of expected passes 438
# of expected failures 7
# of unresolved testcases 3
# of unsupported tests 13
/home2/dave/gcc-4.5/objdir/gcc/testsuite/obj-c++/../../g++ version 4.5.0 20100403 (experimental) [trunk revision 157955] (GCC)
=== objc tests ===
Running target unix
=== objc Summary ===
# of expected passes 1868
# of expected failures 15
# of unsupported tests 21
/home2/dave/gcc-4.5/objdir/gcc/xgcc version 4.5.0 20100403 (experimental) [trunk revision 157955] (GCC)
=== libffi tests ===
Running target unix
=== libffi Summary ===
# of expected passes 1624
# of expected failures 10
# of unsupported tests 15
=== libgomp tests ===
Running target unix
=== libgomp Summary ===
# of expected passes 2446
# of unsupported tests 7
=== libjava tests ===
Running target unix
=== libjava Summary ===
# of expected passes 2574
=== libmudflap tests ===
Running target unix
FAIL: libmudflap.c/fail31-frag.c (-O3) crash test
FAIL: libmudflap.c/fail31-frag.c (-O3) output pattern test
FAIL: libmudflap.c/pass45-frag.c (-O3) execution test
FAIL: libmudflap.c/pass45-frag.c (-O3) output pattern test
FAIL: libmudflap.c/pass45-frag.c (-O3) execution test
FAIL: libmudflap.c/pass45-frag.c (-O3) output pattern test
FAIL: libmudflap.c++/pass41-frag.cxx execution test
FAIL: libmudflap.c++/pass41-frag.cxx (-static) execution test
FAIL: libmudflap.c++/pass41-frag.cxx ( -O) execution test
FAIL: libmudflap.c++/pass41-frag.cxx (-O2) execution test
FAIL: libmudflap.c++/pass41-frag.cxx (-O3) execution test
=== libmudflap Summary ===
# of expected passes 1883
# of unexpected failures 11
=== libstdc++ tests ===
Running target unix
FAIL: ext/profile/all.cc (test for excess errors)
FAIL: ext/profile/mh.cc (test for excess errors)
=== libstdc++ Summary ===
# of expected passes 6839
# of unexpected failures 2
# of expected failures 93
# of unsupported tests 355
Compiler version: 4.5.0 20100403 (experimental) [trunk revision 157955] (GCC)
Platform: hppa-unknown-linux-gnu
configure flags: --with-gnu-as --with-gnu-ld --enable-shared --enable-nls --prefix=/home2/dave/opt/gnu/gcc/gcc-4.5.0 --with-local-prefix=/home2/dave/opt/gnu --enable-threads=posix --enable-__cxa_atexit --build=hppa-linux --enable-clocale=gnu --enable-java-gc=boehm --enable-java-awt=xlib --enable-languages=c,c++,objc,fortran,obj-c++,java,ada
More information about the Gcc-testresults
mailing list