Results for 4.5.0 20090928 (experimental) [lto revision 152243] (lto merged with rev 152236) testsuite on sparc-sun-solaris2.11
Rainer Orth
ro@CeBiTec.Uni-Bielefeld.DE
Wed Sep 30 16:34:00 GMT 2009
LAST_UPDATED: Mon Sep 28 17:46:05 UTC 2009 (revision 152243)
Native configuration is sparc-sun-solaris2.11
=== g++ tests ===
Running target unix
WARNING: g++.dg/other/ucnid-1.C compilation failed to produce executable
FAIL: g++.old-deja/g++.mike/eh16.C (test for excess errors)
FAIL: g++.old-deja/g++.mike/eh17.C (test for excess errors)
FAIL: g++.old-deja/g++.mike/p5571.C (test for excess errors)
XPASS: g++.old-deja/g++.other/init19.C execution test
=== g++ Summary for unix ===
# of expected passes 20816
# of unexpected failures 3
# of unexpected successes 1
# of expected failures 155
# of unsupported tests 199
Running target unix/-m64
FAIL: tmpdir-g++.dg-struct-layout-1/t003 cp_compat_x_tst.o-cp_compat_y_tst.o execute "-O2","-fwhopr"
FAIL: tmpdir-g++.dg-struct-layout-1/t003 cp_compat_x_tst.o-cp_compat_y_tst.o execute "-O2","-flto"
FAIL: tmpdir-g++.dg-struct-layout-1/t019 cp_compat_x_tst.o-cp_compat_y_tst.o execute "-O2","-fwhopr"
FAIL: tmpdir-g++.dg-struct-layout-1/t019 cp_compat_x_tst.o-cp_compat_y_tst.o execute "-O2","-flto"
FAIL: tmpdir-g++.dg-struct-layout-1/t030 cp_compat_x_tst.o-cp_compat_y_tst.o execute "-O2","-fwhopr"
FAIL: tmpdir-g++.dg-struct-layout-1/t030 cp_compat_x_tst.o-cp_compat_y_tst.o execute "-O2","-flto"
WARNING: g++.dg/other/ucnid-1.C compilation failed to produce executable
FAIL: g++.old-deja/g++.mike/eh16.C (test for excess errors)
FAIL: g++.old-deja/g++.mike/eh17.C (test for excess errors)
FAIL: g++.old-deja/g++.mike/p5571.C (test for excess errors)
XPASS: g++.old-deja/g++.other/init19.C execution test
=== g++ Summary for unix/-m64 ===
# of expected passes 21611
# of unexpected failures 9
# of unexpected successes 1
# of expected failures 155
# of unsupported tests 200
=== g++ Summary ===
# of expected passes 42427
# of unexpected failures 12
# of unexpected successes 2
# of expected failures 310
# of unsupported tests 399
/vol/gcc/obj/gcc-lto-20090928/11-gcc/gcc/testsuite/g++/../../g++ version 4.5.0 20090928 (experimental) [lto revision 152243] (lto merged with rev 152236)
=== gcc tests ===
Running target unix
WARNING: program timed out.
FAIL: gcc.c-torture/compile/20001226-1.c -O3 -g (test for excess errors)
FAIL: gcc.c-torture/compile/20010605-1.c -O0 (internal compiler error)
FAIL: gcc.c-torture/compile/20010605-1.c -O0 (test for excess errors)
FAIL: gcc.c-torture/compile/pr38789.c -O0 (test for excess errors)
FAIL: gcc.c-torture/compile/pr38789.c -O1 (test for excess errors)
FAIL: gcc.c-torture/compile/pr38789.c -O2 (test for excess errors)
FAIL: gcc.c-torture/compile/pr38789.c -O3 -fomit-frame-pointer (test for excess errors)
FAIL: gcc.c-torture/compile/pr38789.c -O3 -g (test for excess errors)
FAIL: gcc.c-torture/compile/pr38789.c -Os (test for excess errors)
FAIL: gcc.c-torture/compile/pr38789.c -O2 -flto (test for excess errors)
FAIL: gcc.c-torture/compile/pr38789.c -O2 -fwhopr (test for excess errors)
FAIL: gcc.c-torture/execute/930513-1.c compilation, -O3 -g
UNRESOLVED: gcc.c-torture/execute/930513-1.c execution, -O3 -g
FAIL: gcc.c-torture/execute/pr38819.c execution, -O2
FAIL: gcc.c-torture/execute/pr38819.c execution, -O3 -fomit-frame-pointer
FAIL: gcc.c-torture/execute/pr38819.c execution, -O3 -fomit-frame-pointer -funroll-loops
FAIL: gcc.c-torture/execute/pr38819.c execution, -O3 -fomit-frame-pointer -funroll-all-loops -finline-functions
FAIL: gcc.c-torture/execute/pr38819.c execution, -O3 -g
FAIL: gcc.c-torture/execute/pr38819.c execution, -O2 -flto
FAIL: gcc.c-torture/execute/pr38819.c execution, -O2 -fwhopr
XPASS: gcc.dg/Warray-bounds.c (test for warnings, line 59)
XPASS: gcc.dg/Warray-bounds.c (test for warnings, line 65)
XPASS: gcc.dg/Wunreachable-8.c (test for bogus messages, line 7)
FAIL: gcc.dg/attr-warn-unused-result.c (internal compiler error)
FAIL: gcc.dg/attr-warn-unused-result.c (test for excess errors)
FAIL: gcc.dg/c99-stdint-1.c (test for excess errors)
FAIL: gcc.dg/c99-stdint-7.c (test for excess errors)
FAIL: gcc.dg/pr34668-1.c (internal compiler error)
FAIL: gcc.dg/pr34668-1.c (test for excess errors)
WARNING: gcc.dg/ucnid-11.c compilation failed to produce executable
WARNING: gcc.dg/ucnid-12.c compilation failed to produce executable
WARNING: gcc.dg/ucnid-2.c compilation failed to produce executable
WARNING: gcc.dg/ucnid-3.c compilation failed to produce executable
WARNING: gcc.dg/ucnid-4.c compilation failed to produce executable
FAIL: gcc.dg/ucnid-6.c (test for excess errors)
WARNING: gcc.dg/ucnid-6.c compilation failed to produce executable
FAIL: gcc.dg/ucnid-9.c (test for excess errors)
WARNING: gcc.dg/ucnid-9.c compilation failed to produce executable
FAIL: gcc.dg/lto/20081120-1 c_lto_20081120-1_0.o-c_lto_20081120-1_1.o link
UNRESOLVED: gcc.dg/lto/20081120-1 c_lto_20081120-1_0.o-c_lto_20081120-1_1.o execute -flto -shared
FAIL: gcc.dg/lto/20081201-2 c_lto_20081201-2_0.o-c_lto_20081201-2_1.o execute -O3 -fwhopr
FAIL: gcc.dg/lto/20090729 c_lto_20090729_0.o-c_lto_20090729_1.o link
UNRESOLVED: gcc.dg/lto/20090729 c_lto_20090729_0.o-c_lto_20090729_1.o execute -w
XPASS: gcc.dg/struct/wo_prof_array_through_pointer.c scan-ipa-dump ipa_struct_reorg "Number of structures to transform is 1"
FAIL: gcc.dg/struct/wo_prof_double_malloc.c (internal compiler error)
FAIL: gcc.dg/struct/wo_prof_double_malloc.c (test for excess errors)
WARNING: gcc.dg/struct/wo_prof_double_malloc.c compilation failed to produce executable
FAIL: gcc.dg/torture/pr26565.c -O1 execution test
FAIL: gcc.dg/torture/pr26565.c -O2 execution test
FAIL: gcc.dg/torture/pr26565.c -Os execution test
FAIL: gcc.dg/torture/pr26565.c -O2 -flto execution test
FAIL: gcc.dg/torture/pr26565.c -O2 -fwhopr execution test
FAIL: gcc.dg/vect/vect-multitypes-12.c scan-tree-dump-times vect "vectorized 1 loops" 1
FAIL: gcc.dg/vect/vect-multitypes-5.c scan-tree-dump-times vect "vectorized 1 loops" 1
FAIL: gcc.dg/vect/vect-multitypes-6.c scan-tree-dump-times vect "vectorized 1 loops" 1
FAIL: gcc.dg/vect/slp-multitypes-2.c execution test
FAIL: gcc.dg/vect/slp-multitypes-3.c scan-tree-dump-times vect "vectorized 1 loops" 1
FAIL: gcc.dg/vect/slp-multitypes-3.c scan-tree-dump-times vect "vectorizing stmts using SLP" 2
=== gcc Summary for unix ===
# of expected passes 63705
# of unexpected failures 43
# of unexpected successes 4
# of expected failures 197
# of unresolved testcases 3
# of unsupported tests 960
Running target unix/-m64
WARNING: program timed out.
FAIL: gcc.c-torture/compile/20001226-1.c -O3 -g (test for excess errors)
FAIL: gcc.c-torture/compile/pr38789.c -O0 (test for excess errors)
FAIL: gcc.c-torture/compile/pr38789.c -O1 (test for excess errors)
FAIL: gcc.c-torture/compile/pr38789.c -O2 (test for excess errors)
FAIL: gcc.c-torture/compile/pr38789.c -O3 -fomit-frame-pointer (test for excess errors)
FAIL: gcc.c-torture/compile/pr38789.c -O3 -g (test for excess errors)
FAIL: gcc.c-torture/compile/pr38789.c -Os (test for excess errors)
FAIL: gcc.c-torture/compile/pr38789.c -O2 -flto (test for excess errors)
FAIL: gcc.c-torture/compile/pr38789.c -O2 -fwhopr (test for excess errors)
FAIL: gcc.c-torture/execute/930513-1.c compilation, -O3 -g
UNRESOLVED: gcc.c-torture/execute/930513-1.c execution, -O3 -g
FAIL: gcc.c-torture/execute/ipa-sra-2.c execution, -O0
FAIL: gcc.c-torture/execute/ipa-sra-2.c execution, -O1
FAIL: gcc.c-torture/execute/ipa-sra-2.c execution, -O2
FAIL: gcc.c-torture/execute/ipa-sra-2.c execution, -O3 -fomit-frame-pointer
FAIL: gcc.c-torture/execute/ipa-sra-2.c execution, -O3 -g
FAIL: gcc.c-torture/execute/ipa-sra-2.c execution, -Os
FAIL: gcc.c-torture/execute/ipa-sra-2.c execution, -O2 -flto
FAIL: gcc.c-torture/execute/ipa-sra-2.c execution, -O2 -fwhopr
FAIL: gcc.dg/cpp/trad/include.c (internal compiler error)
FAIL: gcc.dg/cpp/trad/include.c (test for excess errors)
XPASS: gcc.dg/Warray-bounds.c (test for warnings, line 59)
XPASS: gcc.dg/Warray-bounds.c (test for warnings, line 65)
XPASS: gcc.dg/Wunreachable-8.c (test for bogus messages, line 7)
FAIL: gcc.dg/attr-warn-unused-result.c (internal compiler error)
FAIL: gcc.dg/attr-warn-unused-result.c (test for excess errors)
FAIL: gcc.dg/c99-stdint-1.c (test for excess errors)
FAIL: gcc.dg/c99-stdint-7.c (test for excess errors)
FAIL: gcc.dg/pr34668-1.c (internal compiler error)
FAIL: gcc.dg/pr34668-1.c (test for excess errors)
WARNING: gcc.dg/ucnid-11.c compilation failed to produce executable
WARNING: gcc.dg/ucnid-12.c compilation failed to produce executable
WARNING: gcc.dg/ucnid-2.c compilation failed to produce executable
WARNING: gcc.dg/ucnid-3.c compilation failed to produce executable
WARNING: gcc.dg/ucnid-4.c compilation failed to produce executable
FAIL: gcc.dg/ucnid-6.c (test for excess errors)
WARNING: gcc.dg/ucnid-6.c compilation failed to produce executable
FAIL: gcc.dg/ucnid-9.c (test for excess errors)
WARNING: gcc.dg/ucnid-9.c compilation failed to produce executable
FAIL: gcc.dg/lto/20081120-1 c_lto_20081120-1_0.o-c_lto_20081120-1_1.o link
UNRESOLVED: gcc.dg/lto/20081120-1 c_lto_20081120-1_0.o-c_lto_20081120-1_1.o execute -flto -shared
FAIL: gcc.dg/lto/20081201-2 c_lto_20081201-2_0.o-c_lto_20081201-2_1.o execute -O3 -fwhopr
FAIL: gcc.dg/lto/20090729 c_lto_20090729_0.o-c_lto_20090729_1.o link
UNRESOLVED: gcc.dg/lto/20090729 c_lto_20090729_0.o-c_lto_20090729_1.o execute -w
XPASS: gcc.dg/struct/wo_prof_array_through_pointer.c scan-ipa-dump ipa_struct_reorg "Number of structures to transform is 1"
FAIL: gcc.dg/struct/wo_prof_double_malloc.c (internal compiler error)
FAIL: gcc.dg/struct/wo_prof_double_malloc.c (test for excess errors)
WARNING: gcc.dg/struct/wo_prof_double_malloc.c compilation failed to produce executable
FAIL: gcc.dg/torture/pr26565.c -O1 execution test
FAIL: gcc.dg/torture/pr26565.c -O2 execution test
FAIL: gcc.dg/torture/pr26565.c -Os execution test
FAIL: gcc.dg/torture/pr26565.c -O2 -flto execution test
FAIL: gcc.dg/torture/pr26565.c -O2 -fwhopr execution test
=== gcc Summary for unix/-m64 ===
# of expected passes 63697
# of unexpected failures 38
# of unexpected successes 4
# of expected failures 198
# of unresolved testcases 3
# of unsupported tests 964
=== gcc Summary ===
# of expected passes 127402
# of unexpected failures 81
# of unexpected successes 8
# of expected failures 395
# of unresolved testcases 6
# of unsupported tests 1924
/vol/gcc/obj/gcc-lto-20090928/11-gcc/gcc/xgcc version 4.5.0 20090928 (experimental) [lto revision 152243] (lto merged with rev 152236)
=== gfortran tests ===
Running target unix
FAIL: gfortran.dg/default_format_2.f90 -O0 execution test
FAIL: gfortran.dg/default_format_2.f90 -O1 execution test
FAIL: gfortran.dg/default_format_2.f90 -O2 execution test
FAIL: gfortran.dg/default_format_2.f90 -O3 -fomit-frame-pointer execution test
FAIL: gfortran.dg/default_format_2.f90 -O3 -fomit-frame-pointer -funroll-loops execution test
FAIL: gfortran.dg/default_format_2.f90 -O3 -fomit-frame-pointer -funroll-all-loops -finline-functions execution test
FAIL: gfortran.dg/default_format_2.f90 -O3 -g execution test
FAIL: gfortran.dg/default_format_2.f90 -Os execution test
FAIL: gfortran.dg/default_format_2.f90 execution test
FAIL: gfortran.dg/default_format_denormal_2.f90 -O0 execution test
FAIL: gfortran.dg/default_format_denormal_2.f90 -O1 execution test
FAIL: gfortran.dg/default_format_denormal_2.f90 -O2 execution test
FAIL: gfortran.dg/default_format_denormal_2.f90 -O3 -fomit-frame-pointer execution test
FAIL: gfortran.dg/default_format_denormal_2.f90 -O3 -fomit-frame-pointer -funroll-loops execution test
FAIL: gfortran.dg/default_format_denormal_2.f90 -O3 -fomit-frame-pointer -funroll-all-loops -finline-functions execution test
FAIL: gfortran.dg/default_format_denormal_2.f90 -O3 -g execution test
FAIL: gfortran.dg/default_format_denormal_2.f90 -Os execution test
FAIL: gfortran.dg/default_format_denormal_2.f90 execution test
FAIL: gfortran.dg/intrinsic_spread_2.f90 -O0 execution test
FAIL: gfortran.dg/intrinsic_spread_2.f90 -O1 execution test
FAIL: gfortran.dg/intrinsic_spread_2.f90 -O2 execution test
FAIL: gfortran.dg/intrinsic_spread_2.f90 -O3 -fomit-frame-pointer execution test
FAIL: gfortran.dg/intrinsic_spread_2.f90 -O3 -fomit-frame-pointer -funroll-loops execution test
FAIL: gfortran.dg/intrinsic_spread_2.f90 -O3 -fomit-frame-pointer -funroll-all-loops -finline-functions execution test
FAIL: gfortran.dg/intrinsic_spread_2.f90 -O3 -g execution test
FAIL: gfortran.dg/intrinsic_spread_2.f90 -Os execution test
FAIL: gfortran.dg/intrinsic_spread_2.f90 execution test
FAIL: gfortran.dg/intrinsic_unpack_2.f90 -O0 execution test
FAIL: gfortran.dg/intrinsic_unpack_2.f90 -O1 execution test
FAIL: gfortran.dg/intrinsic_unpack_2.f90 -O2 execution test
FAIL: gfortran.dg/intrinsic_unpack_2.f90 -O3 -fomit-frame-pointer execution test
FAIL: gfortran.dg/intrinsic_unpack_2.f90 -O3 -fomit-frame-pointer -funroll-loops execution test
FAIL: gfortran.dg/intrinsic_unpack_2.f90 -O3 -fomit-frame-pointer -funroll-all-loops -finline-functions execution test
FAIL: gfortran.dg/intrinsic_unpack_2.f90 -O3 -g execution test
FAIL: gfortran.dg/intrinsic_unpack_2.f90 -Os execution test
FAIL: gfortran.dg/intrinsic_unpack_2.f90 execution test
FAIL: gfortran.dg/large_real_kind_1.f90 -O0 execution test
FAIL: gfortran.dg/large_real_kind_1.f90 -O1 execution test
FAIL: gfortran.dg/large_real_kind_1.f90 -O2 execution test
FAIL: gfortran.dg/large_real_kind_1.f90 -O3 -fomit-frame-pointer execution test
FAIL: gfortran.dg/large_real_kind_1.f90 -O3 -fomit-frame-pointer -funroll-loops execution test
FAIL: gfortran.dg/large_real_kind_1.f90 -O3 -fomit-frame-pointer -funroll-all-loops -finline-functions execution test
FAIL: gfortran.dg/large_real_kind_1.f90 -O3 -g execution test
FAIL: gfortran.dg/large_real_kind_1.f90 -Os execution test
FAIL: gfortran.dg/large_real_kind_1.f90 execution test
FAIL: gfortran.dg/large_real_kind_form_io_1.f90 -O0 execution test
FAIL: gfortran.dg/large_real_kind_form_io_1.f90 -O1 execution test
FAIL: gfortran.dg/large_real_kind_form_io_1.f90 -O2 execution test
FAIL: gfortran.dg/large_real_kind_form_io_1.f90 -O3 -fomit-frame-pointer execution test
FAIL: gfortran.dg/large_real_kind_form_io_1.f90 -O3 -fomit-frame-pointer -funroll-loops execution test
FAIL: gfortran.dg/large_real_kind_form_io_1.f90 -O3 -fomit-frame-pointer -funroll-all-loops -finline-functions execution test
FAIL: gfortran.dg/large_real_kind_form_io_1.f90 -O3 -g execution test
FAIL: gfortran.dg/large_real_kind_form_io_1.f90 -Os execution test
FAIL: gfortran.dg/large_real_kind_form_io_1.f90 execution test
FAIL: gfortran.dg/large_real_kind_form_io_2.f90 -O0 execution test
FAIL: gfortran.dg/large_real_kind_form_io_2.f90 -O1 execution test
FAIL: gfortran.dg/large_real_kind_form_io_2.f90 -O2 execution test
FAIL: gfortran.dg/large_real_kind_form_io_2.f90 -O3 -fomit-frame-pointer execution test
FAIL: gfortran.dg/large_real_kind_form_io_2.f90 -O3 -fomit-frame-pointer -funroll-loops execution test
FAIL: gfortran.dg/large_real_kind_form_io_2.f90 -O3 -fomit-frame-pointer -funroll-all-loops -finline-functions execution test
FAIL: gfortran.dg/large_real_kind_form_io_2.f90 -O3 -g execution test
FAIL: gfortran.dg/large_real_kind_form_io_2.f90 -Os execution test
FAIL: gfortran.dg/large_real_kind_form_io_2.f90 execution test
FAIL: gfortran.dg/proc_ptr_12.f90 -O3 -g (test for excess errors)
FAIL: gfortran.dg/proc_ptr_result_1.f90 -O3 -g (test for excess errors)
FAIL: gfortran.dg/stat_1.f90 -O0 execution test
FAIL: gfortran.dg/stat_1.f90 -O1 execution test
FAIL: gfortran.dg/stat_1.f90 -O2 execution test
FAIL: gfortran.dg/stat_1.f90 -O3 -fomit-frame-pointer execution test
FAIL: gfortran.dg/stat_1.f90 -O3 -fomit-frame-pointer -funroll-loops execution test
FAIL: gfortran.dg/stat_1.f90 -O3 -fomit-frame-pointer -funroll-all-loops -finline-functions execution test
FAIL: gfortran.dg/stat_1.f90 -O3 -g execution test
FAIL: gfortran.dg/stat_1.f90 -Os execution test
FAIL: gfortran.dg/stat_1.f90 execution test
FAIL: gfortran.dg/stat_2.f90 -O0 execution test
FAIL: gfortran.dg/stat_2.f90 -O1 execution test
FAIL: gfortran.dg/stat_2.f90 -O2 execution test
FAIL: gfortran.dg/stat_2.f90 -O3 -fomit-frame-pointer execution test
FAIL: gfortran.dg/stat_2.f90 -O3 -fomit-frame-pointer -funroll-loops execution test
FAIL: gfortran.dg/stat_2.f90 -O3 -fomit-frame-pointer -funroll-all-loops -finline-functions execution test
FAIL: gfortran.dg/stat_2.f90 -O3 -g execution test
FAIL: gfortran.dg/stat_2.f90 -Os execution test
FAIL: gfortran.dg/stat_2.f90 execution test
WARNING: program timed out.
FAIL: gfortran.dg/vect/fast-math-pr38968.f90 execution test
FAIL: gfortran.fortran-torture/execute/forall_7.f90 execution, -O2 -fomit-frame-pointer -finline-functions -funroll-loops
=== gfortran Summary for unix ===
# of expected passes 35442
# of unexpected failures 85
# of expected failures 16
# of unsupported tests 166
Running target unix/-m64
FAIL: gfortran.dg/default_format_2.f90 -O0 execution test
FAIL: gfortran.dg/default_format_2.f90 -O1 execution test
FAIL: gfortran.dg/default_format_2.f90 -O2 execution test
FAIL: gfortran.dg/default_format_2.f90 -O3 -fomit-frame-pointer execution test
FAIL: gfortran.dg/default_format_2.f90 -O3 -fomit-frame-pointer -funroll-loops execution test
FAIL: gfortran.dg/default_format_2.f90 -O3 -fomit-frame-pointer -funroll-all-loops -finline-functions execution test
FAIL: gfortran.dg/default_format_2.f90 -O3 -g execution test
FAIL: gfortran.dg/default_format_2.f90 -Os execution test
FAIL: gfortran.dg/default_format_2.f90 execution test
FAIL: gfortran.dg/default_format_denormal_2.f90 -O0 execution test
FAIL: gfortran.dg/default_format_denormal_2.f90 -O1 execution test
FAIL: gfortran.dg/default_format_denormal_2.f90 -O2 execution test
FAIL: gfortran.dg/default_format_denormal_2.f90 -O3 -fomit-frame-pointer execution test
FAIL: gfortran.dg/default_format_denormal_2.f90 -O3 -fomit-frame-pointer -funroll-loops execution test
FAIL: gfortran.dg/default_format_denormal_2.f90 -O3 -fomit-frame-pointer -funroll-all-loops -finline-functions execution test
FAIL: gfortran.dg/default_format_denormal_2.f90 -O3 -g execution test
FAIL: gfortran.dg/default_format_denormal_2.f90 -Os execution test
FAIL: gfortran.dg/default_format_denormal_2.f90 execution test
FAIL: gfortran.dg/intrinsic_spread_2.f90 -O0 execution test
FAIL: gfortran.dg/intrinsic_spread_2.f90 -O1 execution test
FAIL: gfortran.dg/intrinsic_spread_2.f90 -O2 execution test
FAIL: gfortran.dg/intrinsic_spread_2.f90 -O3 -fomit-frame-pointer execution test
FAIL: gfortran.dg/intrinsic_spread_2.f90 -O3 -fomit-frame-pointer -funroll-loops execution test
FAIL: gfortran.dg/intrinsic_spread_2.f90 -O3 -fomit-frame-pointer -funroll-all-loops -finline-functions execution test
FAIL: gfortran.dg/intrinsic_spread_2.f90 -O3 -g execution test
FAIL: gfortran.dg/intrinsic_spread_2.f90 -Os execution test
FAIL: gfortran.dg/intrinsic_spread_2.f90 execution test
FAIL: gfortran.dg/large_real_kind_1.f90 -O0 execution test
FAIL: gfortran.dg/large_real_kind_1.f90 -O1 execution test
FAIL: gfortran.dg/large_real_kind_1.f90 -O2 execution test
FAIL: gfortran.dg/large_real_kind_1.f90 -O3 -fomit-frame-pointer execution test
FAIL: gfortran.dg/large_real_kind_1.f90 -O3 -fomit-frame-pointer -funroll-loops execution test
FAIL: gfortran.dg/large_real_kind_1.f90 -O3 -fomit-frame-pointer -funroll-all-loops -finline-functions execution test
FAIL: gfortran.dg/large_real_kind_1.f90 -O3 -g execution test
FAIL: gfortran.dg/large_real_kind_1.f90 -Os execution test
FAIL: gfortran.dg/large_real_kind_1.f90 execution test
FAIL: gfortran.dg/large_real_kind_form_io_2.f90 -O0 execution test
FAIL: gfortran.dg/large_real_kind_form_io_2.f90 -O1 execution test
FAIL: gfortran.dg/large_real_kind_form_io_2.f90 -O2 execution test
FAIL: gfortran.dg/large_real_kind_form_io_2.f90 -O3 -fomit-frame-pointer execution test
FAIL: gfortran.dg/large_real_kind_form_io_2.f90 -O3 -fomit-frame-pointer -funroll-loops execution test
FAIL: gfortran.dg/large_real_kind_form_io_2.f90 -O3 -fomit-frame-pointer -funroll-all-loops -finline-functions execution test
FAIL: gfortran.dg/large_real_kind_form_io_2.f90 -O3 -g execution test
FAIL: gfortran.dg/large_real_kind_form_io_2.f90 -Os execution test
FAIL: gfortran.dg/large_real_kind_form_io_2.f90 execution test
FAIL: gfortran.dg/proc_ptr_12.f90 -O3 -g (test for excess errors)
FAIL: gfortran.dg/proc_ptr_result_1.f90 -O3 -g (test for excess errors)
FAIL: gfortran.dg/stat_1.f90 -O0 execution test
FAIL: gfortran.dg/stat_1.f90 -O1 execution test
FAIL: gfortran.dg/stat_1.f90 -O2 execution test
FAIL: gfortran.dg/stat_1.f90 -O3 -fomit-frame-pointer execution test
FAIL: gfortran.dg/stat_1.f90 -O3 -fomit-frame-pointer -funroll-loops execution test
FAIL: gfortran.dg/stat_1.f90 -O3 -fomit-frame-pointer -funroll-all-loops -finline-functions execution test
FAIL: gfortran.dg/stat_1.f90 -O3 -g execution test
FAIL: gfortran.dg/stat_1.f90 -Os execution test
FAIL: gfortran.dg/stat_1.f90 execution test
FAIL: gfortran.dg/stat_2.f90 -O0 execution test
FAIL: gfortran.dg/stat_2.f90 -O1 execution test
FAIL: gfortran.dg/stat_2.f90 -O2 execution test
FAIL: gfortran.dg/stat_2.f90 -O3 -fomit-frame-pointer execution test
FAIL: gfortran.dg/stat_2.f90 -O3 -fomit-frame-pointer -funroll-loops execution test
FAIL: gfortran.dg/stat_2.f90 -O3 -fomit-frame-pointer -funroll-all-loops -finline-functions execution test
FAIL: gfortran.dg/stat_2.f90 -O3 -g execution test
FAIL: gfortran.dg/stat_2.f90 -Os execution test
FAIL: gfortran.dg/stat_2.f90 execution test
WARNING: program timed out.
FAIL: gfortran.dg/vect/fast-math-pr38968.f90 execution test
=== gfortran Summary for unix/-m64 ===
# of expected passes 35648
# of unexpected failures 66
# of expected failures 16
# of unsupported tests 75
=== gfortran Summary ===
# of expected passes 71090
# of unexpected failures 151
# of expected failures 32
# of unsupported tests 241
/vol/gcc/obj/gcc-lto-20090928/11-gcc/gcc/testsuite/gfortran/../../gfortran version 4.5.0 20090928 (experimental) [lto revision 152243] (lto merged with rev 152236)
=== objc tests ===
Running target unix
FAIL: objc/execute/forward-1.m execution, -O0 -fgnu-runtime
FAIL: objc/execute/forward-1.m execution, -O1 -fgnu-runtime
FAIL: objc/execute/forward-1.m execution, -O2 -fgnu-runtime
FAIL: objc/execute/forward-1.m execution, -O3 -fomit-frame-pointer -fgnu-runtime
FAIL: objc/execute/forward-1.m execution, -O3 -fomit-frame-pointer -funroll-loops -fgnu-runtime
FAIL: objc/execute/forward-1.m execution, -O3 -fomit-frame-pointer -funroll-all-loops -finline-functions -fgnu-runtime
FAIL: objc/execute/forward-1.m execution, -O3 -g -fgnu-runtime
FAIL: objc/execute/forward-1.m execution, -Os -fgnu-runtime
FAIL: objc/execute/forward-1.m execution,
=== objc Summary for unix ===
# of expected passes 2073
# of unexpected failures 9
# of expected failures 7
# of unsupported tests 24
Running target unix/-m64
FAIL: objc/execute/forward-1.m execution, -O0 -fgnu-runtime
FAIL: objc/execute/forward-1.m execution, -O1 -fgnu-runtime
FAIL: objc/execute/forward-1.m execution, -O2 -fgnu-runtime
FAIL: objc/execute/forward-1.m execution, -O3 -fomit-frame-pointer -fgnu-runtime
FAIL: objc/execute/forward-1.m execution, -O3 -fomit-frame-pointer -funroll-loops -fgnu-runtime
FAIL: objc/execute/forward-1.m execution, -O3 -fomit-frame-pointer -funroll-all-loops -finline-functions -fgnu-runtime
FAIL: objc/execute/forward-1.m execution, -O3 -g -fgnu-runtime
FAIL: objc/execute/forward-1.m execution, -Os -fgnu-runtime
FAIL: objc/execute/forward-1.m execution,
=== objc Summary for unix/-m64 ===
# of expected passes 2073
# of unexpected failures 9
# of expected failures 7
# of unsupported tests 24
=== objc Summary ===
# of expected passes 4146
# of unexpected failures 18
# of expected failures 14
# of unsupported tests 48
/vol/gcc/obj/gcc-lto-20090928/11-gcc/gcc/xgcc version 4.5.0 20090928 (experimental) [lto revision 152243] (lto merged with rev 152236)
=== libffi tests ===
Running target unix
=== libffi Summary for unix ===
# of expected passes 1594
# of expected failures 10
# of unsupported tests 15
Running target unix/-m64
FAIL: libffi.call/cls_longdouble_va.c -O0 -W -Wall output pattern test, is 7.0
FAIL: libffi.call/cls_longdouble_va.c -O2 output pattern test, is 7.0
FAIL: libffi.call/cls_longdouble_va.c -O3 output pattern test, is 7.0
FAIL: libffi.call/cls_longdouble_va.c -Os output pattern test, is 7.0
FAIL: libffi.call/cls_longdouble_va.c -O2 -fomit-frame-pointer output pattern test, is 7.0
=== libffi Summary for unix/-m64 ===
# of expected passes 1589
# of unexpected failures 5
# of expected failures 10
# of unsupported tests 15
=== libffi Summary ===
# of expected passes 3183
# of unexpected failures 5
# of expected failures 20
# of unsupported tests 30
=== libgomp tests ===
Running target unix
FAIL: libgomp.c++/task-1.C -O (test for excess errors)
FAIL: libgomp.c++/task-6.C -O (test for excess errors)
=== libgomp Summary for unix ===
# of expected passes 2644
# of unexpected failures 2
# of unsupported tests 9
Running target unix/-m64
FAIL: libgomp.c++/task-1.C -O (test for excess errors)
FAIL: libgomp.c++/task-6.C -O (test for excess errors)
=== libgomp Summary for unix/-m64 ===
# of expected passes 2644
# of unexpected failures 2
# of unsupported tests 9
=== libgomp Summary ===
# of expected passes 5288
# of unexpected failures 4
# of unsupported tests 18
=== libjava tests ===
Running target unix
=== libjava Summary for unix ===
# of expected passes 2574
Running target unix/-m64
=== libjava Summary for unix/-m64 ===
# of expected passes 2574
=== libjava Summary ===
# of expected passes 5148
=== libstdc++ tests ===
Running target unix
FAIL: 20_util/shared_ptr/cons/alloc.cc (test for excess errors)
FAIL: 20_util/shared_ptr/creation/alloc.cc (test for excess errors)
FAIL: 20_util/shared_ptr/modifiers/reset_alloc.cc (test for excess errors)
FAIL: 21_strings/basic_string/inserters_extractors/char/4.cc (test for excess errors)
FAIL: 21_strings/basic_string/inserters_extractors/char/5.cc (test for excess errors)
FAIL: 21_strings/basic_string/inserters_extractors/char/6.cc (test for excess errors)
FAIL: 21_strings/basic_string/inserters_extractors/wchar_t/4.cc (test for excess errors)
FAIL: 21_strings/basic_string/inserters_extractors/wchar_t/5.cc (test for excess errors)
FAIL: 21_strings/basic_string/inserters_extractors/wchar_t/6.cc (test for excess errors)
FAIL: 22_locale/locale/cons/unicode.cc (test for excess errors)
FAIL: 23_containers/deque/check_construct_destroy.cc (test for excess errors)
FAIL: 23_containers/deque/cons/2.cc (test for excess errors)
FAIL: 23_containers/deque/init-list.cc (test for excess errors)
FAIL: 23_containers/list/check_construct_destroy.cc (test for excess errors)
FAIL: 23_containers/list/init-list.cc (test for excess errors)
FAIL: 23_containers/set/check_construct_destroy.cc (test for excess errors)
FAIL: 23_containers/vector/capacity/2.cc (test for excess errors)
FAIL: 23_containers/vector/check_construct_destroy.cc (test for excess errors)
FAIL: 23_containers/vector/cons/4.cc (test for excess errors)
FAIL: 23_containers/vector/init-list.cc (test for excess errors)
FAIL: 26_numerics/headers/cmath/fabs_inline.cc (test for excess errors)
FAIL: 26_numerics/valarray/binary_closure.cc (test for excess errors)
FAIL: 27_io/basic_filebuf/close/char/4879.cc (test for excess errors)
FAIL: 27_io/basic_filebuf/overflow/char/1.cc (test for excess errors)
FAIL: 27_io/basic_filebuf/overflow/char/3599.cc (test for excess errors)
FAIL: 27_io/basic_istream/extractors_arithmetic/char/09.cc (test for excess errors)
XPASS: 27_io/basic_istream/extractors_arithmetic/char/12.cc execution test
FAIL: 27_io/basic_istream/extractors_arithmetic/wchar_t/09.cc (test for excess errors)
XPASS: 27_io/basic_istream/extractors_arithmetic/wchar_t/12.cc execution test
FAIL: 27_io/basic_istream/ws/char/1.cc (test for excess errors)
FAIL: 27_io/basic_istream/ws/wchar_t/1.cc (test for excess errors)
FAIL: 27_io/basic_ostream/endl/char/1.cc (test for excess errors)
FAIL: 27_io/basic_ostream/endl/wchar_t/1.cc (test for excess errors)
FAIL: 27_io/basic_ostream/ends/char/1.cc (test for excess errors)
FAIL: 27_io/basic_ostream/ends/char/2.cc (test for excess errors)
FAIL: 27_io/basic_ostream/ends/wchar_t/1.cc (test for excess errors)
FAIL: 27_io/basic_ostream/ends/wchar_t/2.cc (test for excess errors)
FAIL: 27_io/basic_ostream/inserters_character/char/4.cc (test for excess errors)
FAIL: 27_io/basic_ostream/inserters_character/wchar_t/4.cc (test for excess errors)
FAIL: 27_io/basic_ostream/inserters_other/char/3.cc (test for excess errors)
FAIL: 27_io/basic_ostream/inserters_other/char/error_code.cc (test for excess errors)
FAIL: 27_io/basic_ostream/inserters_other/wchar_t/3.cc (test for excess errors)
FAIL: 27_io/basic_ostream/inserters_other/wchar_t/error_code.cc (test for excess errors)
FAIL: 27_io/basic_streambuf/overflow/char/2.cc (test for excess errors)
FAIL: 27_io/basic_streambuf/overflow/char/3599.cc (test for excess errors)
FAIL: 27_io/basic_streambuf/overflow/wchar_t/2.cc (test for excess errors)
FAIL: 27_io/basic_streambuf/overflow/wchar_t/3599.cc (test for excess errors)
FAIL: 27_io/basic_stringbuf/overflow/char/2.cc (test for excess errors)
FAIL: 27_io/basic_stringbuf/overflow/char/3599.cc (test for excess errors)
FAIL: 27_io/basic_stringbuf/overflow/wchar_t/2.cc (test for excess errors)
FAIL: 27_io/basic_stringbuf/overflow/wchar_t/3599.cc (test for excess errors)
FAIL: 27_io/basic_stringbuf/seekoff/wchar_t/1.cc execution test
FAIL: 27_io/basic_stringstream/str/char/3.cc (test for excess errors)
FAIL: 27_io/basic_stringstream/str/wchar_t/3.cc (test for excess errors)
FAIL: 27_io/manipulators/adjustfield/char/1.cc (test for excess errors)
FAIL: 27_io/manipulators/adjustfield/wchar_t/1.cc (test for excess errors)
FAIL: 27_io/manipulators/basefield/char/1.cc (test for excess errors)
FAIL: 27_io/manipulators/basefield/wchar_t/1.cc (test for excess errors)
FAIL: 27_io/manipulators/standard/char/2.cc (test for excess errors)
FAIL: 27_io/manipulators/standard/wchar_t/2.cc (test for excess errors)
FAIL: 27_io/objects/char/1.cc (test for excess errors)
FAIL: 27_io/objects/char/2.cc (test for excess errors)
FAIL: 27_io/objects/char/3647.cc (test for excess errors)
FAIL: 27_io/objects/char/5.cc (test for excess errors)
FAIL: 27_io/objects/wchar_t/1.cc (test for excess errors)
FAIL: 27_io/objects/wchar_t/2.cc (test for excess errors)
FAIL: 27_io/objects/wchar_t/3647.cc (test for excess errors)
FAIL: 27_io/objects/wchar_t/5.cc (test for excess errors)
FAIL: 30_threads/call_once/39909.cc (test for excess errors)
FAIL: 30_threads/call_once/39909.cc execution test
FAIL: 30_threads/call_once/call_once1.cc (test for excess errors)
FAIL: 30_threads/call_once/call_once1.cc execution test
FAIL: backward/hash_map/14648.cc (test for excess errors)
FAIL: backward/hash_set/check_construct_destroy.cc (test for excess errors)
FAIL: backward/strstream_members.cc (test for excess errors)
FAIL: ext/array_allocator/2.cc (test for excess errors)
FAIL: ext/codecvt/1.cc (test for excess errors)
FAIL: ext/codecvt/char-1.cc (test for excess errors)
FAIL: ext/codecvt/char-2.cc (test for excess errors)
FAIL: ext/codecvt/wchar_t.cc (test for excess errors)
FAIL: ext/enc_filebuf/char/13189.cc (test for excess errors)
FAIL: ext/enc_filebuf/char/13598.cc (test for excess errors)
FAIL: ext/enc_filebuf/char/13598.cc execution test
FAIL: ext/enc_filebuf/wchar_t/13189.cc (test for excess errors)
FAIL: ext/new_allocator/deallocate_global.cc execution test
FAIL: ext/pb_ds/example/assoc_container_traits.cc (test for excess errors)
FAIL: ext/pb_ds/example/basic_map.cc (test for excess errors)
FAIL: ext/pb_ds/example/basic_priority_queue.cc (test for excess errors)
FAIL: ext/pb_ds/example/basic_set.cc (test for excess errors)
FAIL: ext/pb_ds/example/priority_queue_container_traits.cc (test for excess errors)
FAIL: ext/pb_ds/example/priority_queue_dijkstra.cc (test for excess errors)
FAIL: ext/pb_ds/example/priority_queue_split_join.cc (test for excess errors)
FAIL: ext/pb_ds/example/priority_queue_xref.cc (test for excess errors)
FAIL: ext/pb_ds/example/trie_prefix_search.cc (test for excess errors)
FAIL: ext/pb_ds/regression/associative_containers.cc (test for excess errors)
FAIL: ext/pb_ds/regression/hash_data_map_rand.cc (test for excess errors)
FAIL: ext/pb_ds/regression/hash_no_data_map_rand.cc (test for excess errors)
FAIL: ext/pb_ds/regression/list_update_data_map_rand.cc (test for excess errors)
FAIL: ext/pb_ds/regression/list_update_no_data_map_rand.cc (test for excess errors)
FAIL: ext/pb_ds/regression/priority_queue_rand.cc (test for excess errors)
FAIL: ext/pb_ds/regression/priority_queues.cc (test for excess errors)
FAIL: ext/pb_ds/regression/tree_data_map_rand.cc (test for excess errors)
FAIL: ext/pb_ds/regression/tree_no_data_map_rand.cc (test for excess errors)
FAIL: ext/pb_ds/regression/trie_data_map_rand.cc (test for excess errors)
FAIL: ext/pb_ds/regression/trie_no_data_map_rand.cc (test for excess errors)
FAIL: ext/rope/1.cc (test for excess errors)
FAIL: ext/slist/check_construct_destroy.cc (test for excess errors)
FAIL: ext/throw_allocator/deallocate_global.cc execution test
=== libstdc++ Summary for unix ===
# of expected passes 6130
# of unexpected failures 106
# of unexpected successes 2
# of expected failures 88
# of unsupported tests 402
Running target unix/-m64
FAIL: 20_util/shared_ptr/cons/alloc.cc (test for excess errors)
FAIL: 20_util/shared_ptr/creation/alloc.cc (test for excess errors)
FAIL: 20_util/shared_ptr/modifiers/reset_alloc.cc (test for excess errors)
FAIL: 21_strings/basic_string/inserters_extractors/char/4.cc (test for excess errors)
FAIL: 21_strings/basic_string/inserters_extractors/char/5.cc (test for excess errors)
FAIL: 21_strings/basic_string/inserters_extractors/char/6.cc (test for excess errors)
FAIL: 21_strings/basic_string/inserters_extractors/wchar_t/4.cc (test for excess errors)
FAIL: 21_strings/basic_string/inserters_extractors/wchar_t/5.cc (test for excess errors)
FAIL: 21_strings/basic_string/inserters_extractors/wchar_t/6.cc (test for excess errors)
FAIL: 22_locale/locale/cons/unicode.cc (test for excess errors)
FAIL: 23_containers/deque/check_construct_destroy.cc (test for excess errors)
FAIL: 23_containers/deque/cons/2.cc (test for excess errors)
FAIL: 23_containers/deque/init-list.cc (test for excess errors)
FAIL: 23_containers/list/check_construct_destroy.cc (test for excess errors)
FAIL: 23_containers/list/init-list.cc (test for excess errors)
FAIL: 23_containers/set/check_construct_destroy.cc (test for excess errors)
FAIL: 23_containers/vector/capacity/2.cc (test for excess errors)
FAIL: 23_containers/vector/check_construct_destroy.cc (test for excess errors)
FAIL: 23_containers/vector/cons/4.cc (test for excess errors)
FAIL: 23_containers/vector/init-list.cc (test for excess errors)
FAIL: 26_numerics/headers/cmath/fabs_inline.cc (test for excess errors)
FAIL: 26_numerics/valarray/binary_closure.cc (test for excess errors)
FAIL: 27_io/basic_filebuf/close/char/4879.cc (test for excess errors)
FAIL: 27_io/basic_filebuf/overflow/char/1.cc (test for excess errors)
FAIL: 27_io/basic_filebuf/overflow/char/3599.cc (test for excess errors)
FAIL: 27_io/basic_istream/extractors_arithmetic/char/09.cc (test for excess errors)
XPASS: 27_io/basic_istream/extractors_arithmetic/char/12.cc execution test
FAIL: 27_io/basic_istream/extractors_arithmetic/wchar_t/09.cc (test for excess errors)
XPASS: 27_io/basic_istream/extractors_arithmetic/wchar_t/12.cc execution test
FAIL: 27_io/basic_istream/ws/char/1.cc (test for excess errors)
FAIL: 27_io/basic_istream/ws/wchar_t/1.cc (test for excess errors)
FAIL: 27_io/basic_ostream/endl/char/1.cc (test for excess errors)
FAIL: 27_io/basic_ostream/endl/wchar_t/1.cc (test for excess errors)
FAIL: 27_io/basic_ostream/ends/char/1.cc (test for excess errors)
FAIL: 27_io/basic_ostream/ends/char/2.cc (test for excess errors)
FAIL: 27_io/basic_ostream/ends/wchar_t/1.cc (test for excess errors)
FAIL: 27_io/basic_ostream/ends/wchar_t/2.cc (test for excess errors)
FAIL: 27_io/basic_ostream/inserters_character/char/4.cc (test for excess errors)
FAIL: 27_io/basic_ostream/inserters_character/wchar_t/4.cc (test for excess errors)
FAIL: 27_io/basic_ostream/inserters_other/char/3.cc (test for excess errors)
FAIL: 27_io/basic_ostream/inserters_other/char/error_code.cc (test for excess errors)
FAIL: 27_io/basic_ostream/inserters_other/wchar_t/3.cc (test for excess errors)
FAIL: 27_io/basic_ostream/inserters_other/wchar_t/error_code.cc (test for excess errors)
FAIL: 27_io/basic_streambuf/overflow/char/2.cc (test for excess errors)
FAIL: 27_io/basic_streambuf/overflow/char/3599.cc (test for excess errors)
FAIL: 27_io/basic_streambuf/overflow/wchar_t/2.cc (test for excess errors)
FAIL: 27_io/basic_streambuf/overflow/wchar_t/3599.cc (test for excess errors)
FAIL: 27_io/basic_stringbuf/overflow/char/2.cc (test for excess errors)
FAIL: 27_io/basic_stringbuf/overflow/char/3599.cc (test for excess errors)
FAIL: 27_io/basic_stringbuf/overflow/wchar_t/2.cc (test for excess errors)
FAIL: 27_io/basic_stringbuf/overflow/wchar_t/3599.cc (test for excess errors)
FAIL: 27_io/basic_stringstream/str/char/3.cc (test for excess errors)
FAIL: 27_io/basic_stringstream/str/wchar_t/3.cc (test for excess errors)
FAIL: 27_io/manipulators/adjustfield/char/1.cc (test for excess errors)
FAIL: 27_io/manipulators/adjustfield/wchar_t/1.cc (test for excess errors)
FAIL: 27_io/manipulators/basefield/char/1.cc (test for excess errors)
FAIL: 27_io/manipulators/basefield/wchar_t/1.cc (test for excess errors)
FAIL: 27_io/manipulators/standard/char/2.cc (test for excess errors)
FAIL: 27_io/manipulators/standard/wchar_t/2.cc (test for excess errors)
FAIL: 27_io/objects/char/1.cc (test for excess errors)
FAIL: 27_io/objects/char/2.cc (test for excess errors)
FAIL: 27_io/objects/char/3647.cc (test for excess errors)
FAIL: 27_io/objects/char/5.cc (test for excess errors)
FAIL: 27_io/objects/wchar_t/1.cc (test for excess errors)
FAIL: 27_io/objects/wchar_t/2.cc (test for excess errors)
FAIL: 27_io/objects/wchar_t/3647.cc (test for excess errors)
FAIL: 27_io/objects/wchar_t/5.cc (test for excess errors)
FAIL: 30_threads/call_once/39909.cc (test for excess errors)
FAIL: 30_threads/call_once/call_once1.cc (test for excess errors)
FAIL: backward/hash_map/14648.cc (test for excess errors)
FAIL: backward/hash_set/check_construct_destroy.cc (test for excess errors)
FAIL: backward/strstream_members.cc (test for excess errors)
FAIL: ext/array_allocator/2.cc (test for excess errors)
FAIL: ext/codecvt/1.cc (test for excess errors)
FAIL: ext/codecvt/char-1.cc (test for excess errors)
FAIL: ext/codecvt/char-2.cc (test for excess errors)
FAIL: ext/codecvt/wchar_t.cc (test for excess errors)
FAIL: ext/enc_filebuf/char/13189.cc (test for excess errors)
FAIL: ext/enc_filebuf/char/13598.cc (test for excess errors)
FAIL: ext/enc_filebuf/char/13598.cc execution test
FAIL: ext/enc_filebuf/wchar_t/13189.cc (test for excess errors)
FAIL: ext/new_allocator/deallocate_global.cc execution test
FAIL: ext/pb_ds/example/assoc_container_traits.cc (test for excess errors)
FAIL: ext/pb_ds/example/basic_map.cc (test for excess errors)
FAIL: ext/pb_ds/example/basic_priority_queue.cc (test for excess errors)
FAIL: ext/pb_ds/example/basic_set.cc (test for excess errors)
FAIL: ext/pb_ds/example/priority_queue_container_traits.cc (test for excess errors)
FAIL: ext/pb_ds/example/priority_queue_dijkstra.cc (test for excess errors)
FAIL: ext/pb_ds/example/priority_queue_split_join.cc (test for excess errors)
FAIL: ext/pb_ds/example/priority_queue_xref.cc (test for excess errors)
FAIL: ext/pb_ds/example/trie_prefix_search.cc (test for excess errors)
FAIL: ext/pb_ds/regression/associative_containers.cc (test for excess errors)
FAIL: ext/pb_ds/regression/hash_data_map_rand.cc (test for excess errors)
FAIL: ext/pb_ds/regression/hash_no_data_map_rand.cc (test for excess errors)
FAIL: ext/pb_ds/regression/list_update_data_map_rand.cc (test for excess errors)
FAIL: ext/pb_ds/regression/list_update_no_data_map_rand.cc (test for excess errors)
FAIL: ext/pb_ds/regression/priority_queue_rand.cc (test for excess errors)
FAIL: ext/pb_ds/regression/priority_queues.cc (test for excess errors)
FAIL: ext/pb_ds/regression/tree_data_map_rand.cc (test for excess errors)
FAIL: ext/pb_ds/regression/tree_no_data_map_rand.cc (test for excess errors)
FAIL: ext/pb_ds/regression/trie_data_map_rand.cc (test for excess errors)
FAIL: ext/pb_ds/regression/trie_no_data_map_rand.cc (test for excess errors)
FAIL: ext/rope/1.cc (test for excess errors)
FAIL: ext/slist/check_construct_destroy.cc (test for excess errors)
FAIL: ext/throw_allocator/deallocate_global.cc execution test
=== libstdc++ Summary for unix/-m64 ===
# of expected passes 6133
# of unexpected failures 103
# of unexpected successes 2
# of expected failures 88
# of unsupported tests 402
=== libstdc++ Summary ===
# of expected passes 12263
# of unexpected failures 209
# of unexpected successes 4
# of expected failures 176
# of unsupported tests 804
Compiler version: 4.5.0 20090928 (experimental) [lto revision 152243] (lto merged with rev 152236)
Platform: sparc-sun-solaris2.11
configure flags: CC='/vol/gcc/obj/gcc-4.5.0-20090922/11-gcc/gcc/xgcc -B/vol/gcc/obj/gcc-4.5.0-20090922/11-gcc/gcc/' --prefix=/vol/gcc --with-local-prefix=/vol/gcc --disable-nls --with-gmp=/vol/gcc --with-mpfr=/vol/gcc --enable-lto --with-libelf=/vol/gcc
BOOT_CFLAGS=-g -O2
More information about the Gcc-testresults
mailing list