Results for 4.5.0 20090930 (experimental) [trunk revision 152317] (GCC) testsuite on sh4-unknown-linux-gnu
Kaz Kojima
kkojima@rr.iij4u.or.jp
Wed Sep 30 12:34:00 GMT 2009
Remote host: linux 2.6.22 sh4
GNU C Library version 2.7.90
LAST_UPDATED: Wed Sep 30 02:06:51 UTC 2009 (revision 152317)
Target is sh4-unknown-linux-gnu
Host is i686-pc-linux-gnu
=== g++ tests ===
Running target unix
WARNING: Assuming target board is the local machine (which is probably wrong).
UNRESOLVED: selfassign.c compilation, -I. -I/exp/ldroot/dodes/ORIG/trunk/gcc/testsuite -I/exp/ldroot/dodes/ORIG/trunk/gcc/testsuite/../../gcc -I/exp/ldroot/dodes/xsh-gcc-orig/gcc/testsuite/g++/../../../gcc -I/exp/ldroot/dodes/ORIG/trunk/gcc/testsuite/../../include -I/exp/ldroot/dodes/ORIG/trunk/gcc/testsuite/../../libcpp/include -I/opt2/i686-pc-linux-gnu/include -I/opt2/i686-pc-linux-gnu/include -I/opt2/i686-pc-linux-gnu/include -O -DIN_GCC -fPIC -shared
UNRESOLVED: dumb_plugin.c compilation, -I. -I/exp/ldroot/dodes/ORIG/trunk/gcc/testsuite -I/exp/ldroot/dodes/ORIG/trunk/gcc/testsuite/../../gcc -I/exp/ldroot/dodes/xsh-gcc-orig/gcc/testsuite/g++/../../../gcc -I/exp/ldroot/dodes/ORIG/trunk/gcc/testsuite/../../include -I/exp/ldroot/dodes/ORIG/trunk/gcc/testsuite/../../libcpp/include -I/opt2/i686-pc-linux-gnu/include -I/opt2/i686-pc-linux-gnu/include -I/opt2/i686-pc-linux-gnu/include -DIN_GCC -fPIC -shared
FAIL: g++.dg/torture/pr36191.C -O3 -fomit-frame-pointer (test for excess errors)
=== g++ Summary ===
# of expected passes 20174
# of unexpected failures 1
# of expected failures 151
# of unresolved testcases 2
# of unsupported tests 191
/exp/ldroot/dodes/xsh-gcc-orig/gcc/testsuite/g++/../../g++ version 4.5.0 20090930 (experimental) [trunk revision 152317] (GCC)
Host is i686-pc-linux-gnu
=== gcc tests ===
Running target unix
WARNING: Assuming target board is the local machine (which is probably wrong).
FAIL: gcc.c-torture/execute/builtin-prefetch-6.c execution, -O3 -fomit-frame-pointer -funroll-loops
FAIL: gcc.c-torture/execute/builtin-prefetch-6.c execution, -O3 -fomit-frame-pointer -funroll-all-loops -finline-functions
XPASS: gcc.dg/Warray-bounds.c (test for warnings, line 59)
XPASS: gcc.dg/Warray-bounds.c (test for warnings, line 65)
XPASS: gcc.dg/Wunreachable-8.c (test for bogus messages, line 7)
FAIL: gcc.dg/pr28796-2.c execution test
FAIL: gcc.dg/pr34668-1.c (internal compiler error)
FAIL: gcc.dg/pr34668-1.c (test for excess errors)
UNRESOLVED: selfassign.c compilation, -I. -I/exp/ldroot/dodes/ORIG/trunk/gcc/testsuite -I/exp/ldroot/dodes/ORIG/trunk/gcc/testsuite/../../gcc -I/exp/ldroot/dodes/xsh-gcc-orig/gcc/testsuite/gcc/../../../gcc -I/exp/ldroot/dodes/ORIG/trunk/gcc/testsuite/../../include -I/exp/ldroot/dodes/ORIG/trunk/gcc/testsuite/../../libcpp/include -I/opt2/i686-pc-linux-gnu/include -I/opt2/i686-pc-linux-gnu/include -I/opt2/i686-pc-linux-gnu/include -O -DIN_GCC -fPIC -shared
UNRESOLVED: one_time_plugin.c compilation, -I. -I/exp/ldroot/dodes/ORIG/trunk/gcc/testsuite -I/exp/ldroot/dodes/ORIG/trunk/gcc/testsuite/../../gcc -I/exp/ldroot/dodes/xsh-gcc-orig/gcc/testsuite/gcc/../../../gcc -I/exp/ldroot/dodes/ORIG/trunk/gcc/testsuite/../../include -I/exp/ldroot/dodes/ORIG/trunk/gcc/testsuite/../../libcpp/include -I/opt2/i686-pc-linux-gnu/include -I/opt2/i686-pc-linux-gnu/include -I/opt2/i686-pc-linux-gnu/include -DIN_GCC -fPIC -shared
XPASS: gcc.dg/struct/wo_prof_array_through_pointer.c scan-ipa-dump ipa_struct_reorg "Number of structures to transform is 1"
FAIL: gcc.dg/struct/wo_prof_double_malloc.c (internal compiler error)
FAIL: gcc.dg/struct/wo_prof_double_malloc.c (test for excess errors)
WARNING: gcc.dg/struct/wo_prof_double_malloc.c compilation failed to produce executable
=== gcc Summary ===
# of expected passes 52009
# of unexpected failures 7
# of unexpected successes 4
# of expected failures 85
# of unresolved testcases 2
# of unsupported tests 651
/exp/ldroot/dodes/xsh-gcc-orig/gcc/xgcc version 4.5.0 20090930 (experimental) [trunk revision 152317] (GCC)
Host is i686-pc-linux-gnu
=== gfortran tests ===
Running target unix
WARNING: Assuming target board is the local machine (which is probably wrong).
FAIL: gfortran.dg/nearest_1.f90 -O0 execution test
FAIL: gfortran.dg/nearest_1.f90 -O1 execution test
FAIL: gfortran.dg/nearest_1.f90 -O2 execution test
FAIL: gfortran.dg/nearest_1.f90 -O3 -fomit-frame-pointer execution test
FAIL: gfortran.dg/nearest_1.f90 -O3 -fomit-frame-pointer -funroll-loops execution test
FAIL: gfortran.dg/nearest_1.f90 -O3 -fomit-frame-pointer -funroll-all-loops -finline-functions execution test
FAIL: gfortran.dg/nearest_1.f90 -O3 -g execution test
FAIL: gfortran.dg/nearest_1.f90 -Os execution test
=== gfortran Summary ===
# of expected passes 31391
# of unexpected failures 8
# of expected failures 22
# of unsupported tests 278
/exp/ldroot/dodes/xsh-gcc-orig/gcc/testsuite/gfortran/../../gfortran version 4.5.0 20090930 (experimental) [trunk revision 152317] (GCC)
Host is i686-pc-linux-gnu
=== objc tests ===
Running target unix
WARNING: Assuming target board is the local machine (which is probably wrong).
=== objc Summary ===
# of expected passes 1867
# of expected failures 15
# of unsupported tests 24
/exp/ldroot/dodes/xsh-gcc-orig/gcc/xgcc version 4.5.0 20090930 (experimental) [trunk revision 152317] (GCC)
Host is sh4-unknown-linux-gnu
=== libffi tests ===
Running target unix
WARNING: Assuming target board is the local machine (which is probably wrong).
FAIL: libffi.call/cls_longdouble_va.c -O0 -W -Wall output pattern test, is %.1f
FAIL: libffi.call/cls_longdouble_va.c -O2 output pattern test, is %.1f
FAIL: libffi.call/cls_longdouble_va.c -O3 output pattern test, is %.1f
FAIL: libffi.call/cls_longdouble_va.c -Os output pattern test, is %.1f
FAIL: libffi.call/cls_longdouble_va.c -O2 -fomit-frame-pointer output pattern test, is %.1f
=== libffi Summary ===
# of expected passes 1589
# of unexpected failures 5
# of expected failures 10
# of unsupported tests 15
Host is sh4-unknown-linux-gnu
=== libgomp tests ===
Running target unix
WARNING: Assuming target board is the local machine (which is probably wrong).
=== libgomp Summary ===
# of expected passes 2394
# of unsupported tests 7
Host is sh4-unknown-linux-gnu
=== libjava tests ===
Running target unix
WARNING: Assuming target board is the local machine (which is probably wrong).
FAIL: PR218 -O3 execution - source compiled test
=== libjava Summary ===
# of expected passes 2403
# of unexpected failures 1
# of untested testcases 5
Host is sh4-unknown-linux-gnu
=== libmudflap tests ===
Running target unix
WARNING: Assuming target board is the local machine (which is probably wrong).
FAIL: libmudflap.c/pass54-frag.c execution test
FAIL: libmudflap.c/pass54-frag.c execution test
FAIL: libmudflap.c/pass54-frag.c (-static) execution test
FAIL: libmudflap.c/pass54-frag.c (-static) execution test
FAIL: libmudflap.c/fail31-frag.c (-O3) crash test
FAIL: libmudflap.c/fail31-frag.c (-O3) output pattern test
FAIL: libmudflap.c/pass45-frag.c (-O3) execution test
FAIL: libmudflap.c/pass45-frag.c (-O3) output pattern test
FAIL: libmudflap.c/pass45-frag.c (-O3) execution test
FAIL: libmudflap.c/pass45-frag.c (-O3) output pattern test
FAIL: libmudflap.c++/pass41-frag.cxx execution test
FAIL: libmudflap.c++/pass41-frag.cxx (-static) execution test
FAIL: libmudflap.c++/pass41-frag.cxx ( -O) execution test
FAIL: libmudflap.c++/pass41-frag.cxx (-O2) execution test
FAIL: libmudflap.c++/pass41-frag.cxx (-O3) execution test
=== libmudflap Summary ===
# of expected passes 1879
# of unexpected failures 15
Host is sh4-unknown-linux-gnu
=== libstdc++ tests ===
Running target unix
WARNING: Assuming target board is the local machine (which is probably wrong).
XPASS: 26_numerics/headers/cmath/c99_classification_macros_c.cc (test for excess errors)
=== libstdc++ Summary ===
# of expected passes 6156
# of unexpected successes 1
# of expected failures 86
# of unsupported tests 438
Compiler version: 4.5.0 20090930 (experimental) [trunk revision 152317] (GCC)
Platform: sh4-unknown-linux-gnu
configure flags: --host=i686-pc-linux-gnu --target=sh4-unknown-linux-gnu --enable-shared --enable-threads=posix --enable-clocale=gnu --enable-libgcj --with-ld=/usr/local/bin/sh4-unknown-linux-gnu-ld --with-as=/usr/local/bin/sh4-unknown-linux-gnu-as --with-sysroot=/exp/ldroot --with-mpfr=/opt2/i686-pc-linux-gnu --with-gmp=/opt2/i686-pc-linux-gnu --with-mpc=/opt2/i686-pc-linux-gnu --enable-languages=c,c++,fortran,java,objc
More information about the Gcc-testresults
mailing list