Results for 4.5.0 20090929 (experimental) [lto revision 152317] (lto merged with rev 152279) testsuite on x86_64-unknown-linux-gnu
H.J. Lu Intel64
hjl@gnu-26.sc.intel.com
Wed Sep 30 05:43:00 GMT 2009
LAST_UPDATED: Wed Sep 30 03:14:18 UTC 2009 (revision 152317)
Native configuration is x86_64-unknown-linux-gnu
=== g++ tests ===
Running target unix/-m32
FAIL: g++.dg/conversion/dr195.C (test for warnings, line 21)
FAIL: g++.dg/conversion/dr195.C (test for warnings, line 22)
FAIL: g++.dg/conversion/dr195.C (test for warnings, line 25)
FAIL: g++.dg/conversion/dr195.C (test for warnings, line 26)
FAIL: g++.dg/conversion/op5.C (test for errors, line 18)
FAIL: g++.dg/conversion/op5.C (test for excess errors)
FAIL: g++.dg/cpp/string-1.C (test for errors, line 5)
FAIL: g++.dg/cpp/string-1.C (test for errors, line 7)
FAIL: g++.dg/cpp/string-1.C (test for excess errors)
FAIL: g++.dg/cpp0x/variadic60.C (test for errors, line 1)
FAIL: g++.dg/cpp0x/variadic60.C (test for excess errors)
FAIL: g++.dg/expr/cast2.C (test for warnings, line 4)
FAIL: g++.dg/expr/string-1.C (test for errors, line 6)
FAIL: g++.dg/expr/string-1.C (test for excess errors)
FAIL: g++.dg/ext/anon-struct6.C (test for errors, line 9)
FAIL: g++.dg/ext/offsetof1.C (test for excess errors)
FAIL: g++.dg/ext/vla1.C (test for errors, line 12)
FAIL: g++.dg/inherit/error4.C (test for excess errors)
FAIL: g++.dg/init/bitfield1.C (test for warnings, line 17)
FAIL: g++.dg/init/bitfield1.C (test for warnings, line 18)
FAIL: g++.dg/init/bitfield1.C (test for warnings, line 21)
FAIL: g++.dg/init/brace2.C (test for errors, line 8)
FAIL: g++.dg/init/brace2.C (test for excess errors)
FAIL: g++.dg/init/brace6.C (test for excess errors)
FAIL: g++.dg/init/string1.C (test for excess errors)
FAIL: g++.dg/lookup/extern-c-redecl.C (test for errors, line 6)
FAIL: g++.dg/lookup/extern-c-redecl.C (test for excess errors)
FAIL: g++.dg/other/warning1.C (test for warnings, line 10)
FAIL: g++.dg/other/warning1.C (test for warnings, line 11)
FAIL: g++.dg/other/warning1.C (test for excess errors)
FAIL: g++.dg/parse/constant5.C (test for errors, line 5)
FAIL: g++.dg/parse/constant5.C (test for errors, line 6)
FAIL: g++.dg/parse/ctor3.C (test for excess errors)
FAIL: g++.dg/parse/ctor7.C (test for errors, line 15)
FAIL: g++.dg/parse/template23.C (test for errors, line 8)
FAIL: g++.dg/parse/template23.C (test for errors, line 9)
FAIL: g++.dg/template/crash90.C (test for excess errors)
FAIL: g++.dg/template/dependent-name3.C (test for errors, line 13)
FAIL: g++.dg/template/error17.C anon (test for errors, line 7)
FAIL: g++.dg/template/ptrmem6.C (test for excess errors)
FAIL: g++.dg/template/sfinae3.C (test for errors, line 13)
FAIL: g++.dg/template/sfinae3.C (test for warnings, line 17)
FAIL: g++.dg/template/spec22.C (test for warnings, line 11)
FAIL: g++.dg/template/spec22.C (test for warnings, line 15)
FAIL: g++.dg/template/spec22.C (test for errors, line 20)
FAIL: g++.dg/lto/20081109 cp_lto_20081109_0.o-cp_lto_20081109_1.o execute -O0 -fwhopr
FAIL: g++.dg/lto/20081109 cp_lto_20081109_0.o-cp_lto_20081109_1.o link, (internal compiler error)
UNRESOLVED: g++.dg/lto/20081109 cp_lto_20081109_0.o-cp_lto_20081109_1.o execute -O2 -fwhopr
FAIL: g++.dg/lto/20090106 cp_lto_20090106_0.o-cp_lto_20090106_0.o link
UNRESOLVED: g++.dg/lto/20090106 cp_lto_20090106_0.o-cp_lto_20090106_0.o execute -O0 -fwhopr
FAIL: g++.dg/lto/20090106 cp_lto_20090106_0.o-cp_lto_20090106_0.o link
UNRESOLVED: g++.dg/lto/20090106 cp_lto_20090106_0.o-cp_lto_20090106_0.o execute -O0 -flto
FAIL: g++.dg/lto/20090311-1 cp_lto_20090311-1_0.o-cp_lto_20090311-1_1.o link, (internal compiler error)
UNRESOLVED: g++.dg/lto/20090311-1 cp_lto_20090311-1_0.o-cp_lto_20090311-1_1.o execute -O2 -fwhopr
FAIL: g++.dg/lto/20090311 cp_lto_20090311_0.o-cp_lto_20090311_1.o link
UNRESOLVED: g++.dg/lto/20090311 cp_lto_20090311_0.o-cp_lto_20090311_1.o execute -O2 -fwhopr
FAIL: g++.dg/lto/20090311 cp_lto_20090311_0.o-cp_lto_20090311_1.o link, (internal compiler error)
UNRESOLVED: g++.dg/lto/20090311 cp_lto_20090311_0.o-cp_lto_20090311_1.o execute -O2 -flto
UNRESOLVED: selfassign.c compilation, -I. -I/export/gnu/import/svn/gcc-test/src-lto/gcc/testsuite -I/export/gnu/import/svn/gcc-test/src-lto/gcc/testsuite/../../gcc -I/export/gnu/import/svn/gcc-test/bld/gcc/testsuite/g++/../../../gcc -I/export/gnu/import/svn/gcc-test/src-lto/gcc/testsuite/../../include -I/export/gnu/import/svn/gcc-test/src-lto/gcc/testsuite/../../libcpp/include -O -DIN_GCC -fPIC -shared
UNRESOLVED: dumb_plugin.c compilation, -I. -I/export/gnu/import/svn/gcc-test/src-lto/gcc/testsuite -I/export/gnu/import/svn/gcc-test/src-lto/gcc/testsuite/../../gcc -I/export/gnu/import/svn/gcc-test/bld/gcc/testsuite/g++/../../../gcc -I/export/gnu/import/svn/gcc-test/src-lto/gcc/testsuite/../../include -I/export/gnu/import/svn/gcc-test/src-lto/gcc/testsuite/../../libcpp/include -DIN_GCC -fPIC -shared
FAIL: g++.old-deja/g++.brendan/cvt1.C (test for errors, line 8)
FAIL: g++.old-deja/g++.brendan/cvt1.C (test for errors, line 18)
FAIL: g++.old-deja/g++.brendan/enum11.C (test for errors, line 9)
FAIL: g++.old-deja/g++.brendan/enum8.C (test for errors, line 9)
FAIL: g++.old-deja/g++.brendan/enum9.C (test for errors, line 5)
FAIL: g++.old-deja/g++.brendan/friend3.C (test for errors, line 8)
FAIL: g++.old-deja/g++.brendan/init4.C (test for errors, line 5)
FAIL: g++.old-deja/g++.brendan/init4.C (test for excess errors)
FAIL: g++.old-deja/g++.brendan/misc14.C (test for errors, line 7)
FAIL: g++.old-deja/g++.brendan/overload4.C (test for warnings, line 8)
FAIL: g++.old-deja/g++.brendan/overload4.C (test for errors, line 21)
FAIL: g++.old-deja/g++.brendan/overload4.C (test for excess errors)
FAIL: g++.old-deja/g++.bugs/900402_02.C (test for errors, line 9)
FAIL: g++.old-deja/g++.bugs/900402_02.C (test for errors, line 11)
FAIL: g++.old-deja/g++.bugs/900402_02.C (test for errors, line 13)
FAIL: g++.old-deja/g++.bugs/900402_02.C (test for errors, line 19)
FAIL: g++.old-deja/g++.bugs/900404_04.C (test for errors, line 16)
FAIL: g++.old-deja/g++.eh/spec6.C (test for errors, line 10)
FAIL: g++.old-deja/g++.eh/spec6.C (test for errors, line 11)
FAIL: g++.old-deja/g++.eh/spec6.C (test for errors, line 12)
FAIL: g++.old-deja/g++.eh/spec6.C (test for errors, line 13)
FAIL: g++.old-deja/g++.eh/spec6.C (test for excess errors)
FAIL: g++.old-deja/g++.jason/cond.C (test for errors, line 55)
FAIL: g++.old-deja/g++.jason/cond.C (test for excess errors)
FAIL: g++.old-deja/g++.jason/conversion10.C (test for excess errors)
FAIL: g++.old-deja/g++.jason/parse11.C (test for errors, line 6)
FAIL: g++.old-deja/g++.jason/parse11.C (test for errors, line 8)
FAIL: g++.old-deja/g++.jason/rfg20.C (test for errors, line 9)
FAIL: g++.old-deja/g++.jason/rfg22.C (test for errors, line 2)
FAIL: g++.old-deja/g++.jason/rfg22.C (test for excess errors)
FAIL: g++.old-deja/g++.law/enum4.C (test for warnings, line 14)
FAIL: g++.old-deja/g++.law/enum4.C (test for errors, line 27)
FAIL: g++.old-deja/g++.law/enum4.C (test for excess errors)
FAIL: g++.old-deja/g++.law/missed-error2.C extra ; (test for errors, line 17)
FAIL: g++.old-deja/g++.law/missed-error2.C extra ; (test for errors, line 19)
FAIL: g++.old-deja/g++.niklas/t120.C match (test for errors, line 5)
FAIL: g++.old-deja/g++.niklas/t120.C note (test for warnings, line 5)
FAIL: g++.old-deja/g++.niklas/t120.C (test for excess errors)
FAIL: g++.old-deja/g++.niklas/t121.C match (test for errors, line 5)
FAIL: g++.old-deja/g++.niklas/t121.C note (test for warnings, line 5)
FAIL: g++.old-deja/g++.niklas/t121.C (test for excess errors)
FAIL: g++.old-deja/g++.other/crash24.C (test for warnings, line 10)
FAIL: g++.old-deja/g++.other/crash24.C no matching (test for errors, line 14)
FAIL: g++.old-deja/g++.other/crash24.C (test for excess errors)
FAIL: g++.old-deja/g++.other/decl5.C anon (test for errors, line 14)
FAIL: g++.old-deja/g++.other/sizeof4.C (test for errors, line 33)
FAIL: g++.old-deja/g++.other/sizeof4.C (test for excess errors)
FAIL: g++.old-deja/g++.other/sizeof5.C (test for errors, line 10)
FAIL: g++.old-deja/g++.other/sizeof5.C (test for excess errors)
FAIL: g++.old-deja/g++.other/using9.C (test for errors, line 16)
FAIL: g++.old-deja/g++.other/using9.C (test for errors, line 19)
FAIL: g++.old-deja/g++.other/using9.C (test for excess errors)
FAIL: g++.old-deja/g++.pt/explicit70.C (test for errors, line 21)
FAIL: g++.old-deja/g++.pt/explicit70.C (test for errors, line 22)
FAIL: g++.old-deja/g++.pt/static5.C (test for errors, line 6)
FAIL: g++.old-deja/g++.pt/unify8.C (test for warnings, line 13)
FAIL: g++.old-deja/g++.pt/unify8.C (test for warnings, line 14)
FAIL: g++.old-deja/g++.pt/unify8.C (test for errors, line 18)
FAIL: g++.old-deja/g++.pt/unify8.C (test for excess errors)
=== g++ Summary for unix/-m32 ===
# of expected passes 6741
# of unexpected failures 59
# of expected failures 26
# of unsupported tests 10
Running target unix
FAIL: g++.dg/conversion/dr195.C (test for warnings, line 21)
FAIL: g++.dg/conversion/dr195.C (test for warnings, line 22)
FAIL: g++.dg/conversion/dr195.C (test for warnings, line 25)
FAIL: g++.dg/conversion/dr195.C (test for warnings, line 26)
FAIL: g++.dg/conversion/op5.C (test for errors, line 18)
FAIL: g++.dg/conversion/op5.C (test for excess errors)
FAIL: g++.dg/cpp/string-1.C (test for errors, line 5)
FAIL: g++.dg/cpp/string-1.C (test for errors, line 7)
FAIL: g++.dg/cpp/string-1.C (test for excess errors)
FAIL: g++.dg/cpp0x/variadic60.C (test for errors, line 1)
FAIL: g++.dg/cpp0x/variadic60.C (test for excess errors)
FAIL: g++.dg/expr/cast2.C (test for warnings, line 4)
FAIL: g++.dg/expr/string-1.C (test for errors, line 6)
FAIL: g++.dg/expr/string-1.C (test for excess errors)
FAIL: g++.dg/ext/anon-struct6.C (test for errors, line 9)
FAIL: g++.dg/ext/offsetof1.C (test for excess errors)
FAIL: g++.dg/ext/vla1.C (test for errors, line 12)
FAIL: g++.dg/inherit/error4.C (test for excess errors)
FAIL: g++.dg/init/bitfield1.C (test for warnings, line 17)
FAIL: g++.dg/init/bitfield1.C (test for warnings, line 18)
FAIL: g++.dg/init/bitfield1.C (test for warnings, line 21)
FAIL: g++.dg/init/brace2.C (test for errors, line 8)
FAIL: g++.dg/init/brace2.C (test for excess errors)
FAIL: g++.dg/init/brace6.C (test for excess errors)
FAIL: g++.dg/init/string1.C (test for excess errors)
FAIL: g++.dg/lookup/extern-c-redecl.C (test for errors, line 6)
FAIL: g++.dg/lookup/extern-c-redecl.C (test for excess errors)
FAIL: g++.dg/other/warning1.C (test for warnings, line 10)
FAIL: g++.dg/other/warning1.C (test for warnings, line 11)
FAIL: g++.dg/other/warning1.C (test for excess errors)
FAIL: g++.dg/parse/constant5.C (test for errors, line 5)
FAIL: g++.dg/parse/constant5.C (test for errors, line 6)
FAIL: g++.dg/parse/ctor3.C (test for excess errors)
FAIL: g++.dg/parse/ctor7.C (test for errors, line 15)
FAIL: g++.dg/parse/template23.C (test for errors, line 8)
FAIL: g++.dg/parse/template23.C (test for errors, line 9)
FAIL: g++.dg/template/crash90.C (test for excess errors)
FAIL: g++.dg/template/dependent-name3.C (test for errors, line 13)
FAIL: g++.dg/template/error17.C anon (test for errors, line 7)
FAIL: g++.dg/template/ptrmem6.C (test for excess errors)
FAIL: g++.dg/template/sfinae3.C (test for errors, line 13)
FAIL: g++.dg/template/sfinae3.C (test for warnings, line 17)
FAIL: g++.dg/template/spec22.C (test for warnings, line 11)
FAIL: g++.dg/template/spec22.C (test for warnings, line 15)
FAIL: g++.dg/template/spec22.C (test for errors, line 20)
FAIL: g++.dg/lto/20081109 cp_lto_20081109_0.o-cp_lto_20081109_1.o link, (internal compiler error)
UNRESOLVED: g++.dg/lto/20081109 cp_lto_20081109_0.o-cp_lto_20081109_1.o execute -O2 -fwhopr
FAIL: g++.dg/lto/20090106 cp_lto_20090106_0.o-cp_lto_20090106_0.o link
UNRESOLVED: g++.dg/lto/20090106 cp_lto_20090106_0.o-cp_lto_20090106_0.o execute -O0 -fwhopr
FAIL: g++.dg/lto/20090106 cp_lto_20090106_0.o-cp_lto_20090106_0.o link
UNRESOLVED: g++.dg/lto/20090106 cp_lto_20090106_0.o-cp_lto_20090106_0.o execute -O0 -flto
FAIL: g++.dg/lto/20090311-1 cp_lto_20090311-1_0.o-cp_lto_20090311-1_1.o link, (internal compiler error)
UNRESOLVED: g++.dg/lto/20090311-1 cp_lto_20090311-1_0.o-cp_lto_20090311-1_1.o execute -O2 -fwhopr
FAIL: g++.dg/lto/20090311 cp_lto_20090311_0.o-cp_lto_20090311_1.o link
UNRESOLVED: g++.dg/lto/20090311 cp_lto_20090311_0.o-cp_lto_20090311_1.o execute -O2 -fwhopr
FAIL: g++.dg/lto/20090311 cp_lto_20090311_0.o-cp_lto_20090311_1.o link, (internal compiler error)
UNRESOLVED: g++.dg/lto/20090311 cp_lto_20090311_0.o-cp_lto_20090311_1.o execute -O2 -flto
UNRESOLVED: selfassign.c compilation, -I. -I/export/gnu/import/svn/gcc-test/src-lto/gcc/testsuite -I/export/gnu/import/svn/gcc-test/src-lto/gcc/testsuite/../../gcc -I/export/gnu/import/svn/gcc-test/bld/gcc/testsuite/g++/../../../gcc -I/export/gnu/import/svn/gcc-test/src-lto/gcc/testsuite/../../include -I/export/gnu/import/svn/gcc-test/src-lto/gcc/testsuite/../../libcpp/include -O -DIN_GCC -fPIC -shared
UNRESOLVED: dumb_plugin.c compilation, -I. -I/export/gnu/import/svn/gcc-test/src-lto/gcc/testsuite -I/export/gnu/import/svn/gcc-test/src-lto/gcc/testsuite/../../gcc -I/export/gnu/import/svn/gcc-test/bld/gcc/testsuite/g++/../../../gcc -I/export/gnu/import/svn/gcc-test/src-lto/gcc/testsuite/../../include -I/export/gnu/import/svn/gcc-test/src-lto/gcc/testsuite/../../libcpp/include -DIN_GCC -fPIC -shared
FAIL: g++.old-deja/g++.brendan/cvt1.C (test for errors, line 8)
FAIL: g++.old-deja/g++.brendan/cvt1.C (test for errors, line 18)
FAIL: g++.old-deja/g++.brendan/enum11.C (test for errors, line 9)
FAIL: g++.old-deja/g++.brendan/enum8.C (test for errors, line 9)
FAIL: g++.old-deja/g++.brendan/enum9.C (test for errors, line 5)
FAIL: g++.old-deja/g++.brendan/friend3.C (test for errors, line 8)
FAIL: g++.old-deja/g++.brendan/init4.C (test for errors, line 5)
FAIL: g++.old-deja/g++.brendan/init4.C (test for excess errors)
FAIL: g++.old-deja/g++.brendan/misc14.C (test for errors, line 7)
FAIL: g++.old-deja/g++.brendan/overload4.C (test for warnings, line 8)
FAIL: g++.old-deja/g++.brendan/overload4.C (test for errors, line 21)
FAIL: g++.old-deja/g++.brendan/overload4.C (test for excess errors)
FAIL: g++.old-deja/g++.bugs/900402_02.C (test for errors, line 9)
FAIL: g++.old-deja/g++.bugs/900402_02.C (test for errors, line 11)
FAIL: g++.old-deja/g++.bugs/900402_02.C (test for errors, line 13)
FAIL: g++.old-deja/g++.bugs/900402_02.C (test for errors, line 19)
FAIL: g++.old-deja/g++.bugs/900404_04.C (test for errors, line 16)
FAIL: g++.old-deja/g++.eh/spec6.C (test for errors, line 10)
FAIL: g++.old-deja/g++.eh/spec6.C (test for errors, line 11)
FAIL: g++.old-deja/g++.eh/spec6.C (test for errors, line 12)
FAIL: g++.old-deja/g++.eh/spec6.C (test for errors, line 13)
FAIL: g++.old-deja/g++.eh/spec6.C (test for excess errors)
FAIL: g++.old-deja/g++.jason/cond.C (test for errors, line 55)
FAIL: g++.old-deja/g++.jason/cond.C (test for excess errors)
FAIL: g++.old-deja/g++.jason/conversion10.C (test for excess errors)
FAIL: g++.old-deja/g++.jason/parse11.C (test for errors, line 6)
FAIL: g++.old-deja/g++.jason/parse11.C (test for errors, line 8)
FAIL: g++.old-deja/g++.jason/rfg20.C (test for errors, line 9)
FAIL: g++.old-deja/g++.jason/rfg22.C (test for errors, line 2)
FAIL: g++.old-deja/g++.jason/rfg22.C (test for excess errors)
FAIL: g++.old-deja/g++.law/enum4.C (test for warnings, line 14)
FAIL: g++.old-deja/g++.law/enum4.C (test for errors, line 27)
FAIL: g++.old-deja/g++.law/enum4.C (test for excess errors)
FAIL: g++.old-deja/g++.law/missed-error2.C extra ; (test for errors, line 17)
FAIL: g++.old-deja/g++.law/missed-error2.C extra ; (test for errors, line 19)
FAIL: g++.old-deja/g++.niklas/t120.C match (test for errors, line 5)
FAIL: g++.old-deja/g++.niklas/t120.C note (test for warnings, line 5)
FAIL: g++.old-deja/g++.niklas/t120.C (test for excess errors)
FAIL: g++.old-deja/g++.niklas/t121.C match (test for errors, line 5)
FAIL: g++.old-deja/g++.niklas/t121.C note (test for warnings, line 5)
FAIL: g++.old-deja/g++.niklas/t121.C (test for excess errors)
FAIL: g++.old-deja/g++.other/crash24.C (test for warnings, line 10)
FAIL: g++.old-deja/g++.other/crash24.C no matching (test for errors, line 14)
FAIL: g++.old-deja/g++.other/crash24.C (test for excess errors)
FAIL: g++.old-deja/g++.other/decl5.C anon (test for errors, line 14)
FAIL: g++.old-deja/g++.other/sizeof4.C (test for errors, line 33)
FAIL: g++.old-deja/g++.other/sizeof4.C (test for excess errors)
FAIL: g++.old-deja/g++.other/sizeof5.C (test for errors, line 10)
FAIL: g++.old-deja/g++.other/sizeof5.C (test for excess errors)
FAIL: g++.old-deja/g++.other/using9.C (test for errors, line 16)
FAIL: g++.old-deja/g++.other/using9.C (test for errors, line 19)
FAIL: g++.old-deja/g++.other/using9.C (test for excess errors)
FAIL: g++.old-deja/g++.pt/explicit70.C (test for errors, line 21)
FAIL: g++.old-deja/g++.pt/explicit70.C (test for errors, line 22)
FAIL: g++.old-deja/g++.pt/static5.C (test for errors, line 6)
FAIL: g++.old-deja/g++.pt/unify8.C (test for warnings, line 13)
FAIL: g++.old-deja/g++.pt/unify8.C (test for warnings, line 14)
FAIL: g++.old-deja/g++.pt/unify8.C (test for errors, line 18)
FAIL: g++.old-deja/g++.pt/unify8.C (test for excess errors)
=== g++ Summary for unix ===
# of expected passes 6694
# of unexpected failures 59
# of expected failures 26
# of unsupported tests 20
=== g++ Summary ===
# of expected passes 43820
# of unexpected failures 221
# of expected failures 313
# of unresolved testcases 16
# of unsupported tests 412
/export/gnu/import/svn/gcc-test/bld/gcc/testsuite/g++/../../g++ version 4.5.0 20090929 (experimental) [lto revision 152317] (lto merged with rev 152279)
=== gcc tests ===
Running target unix/-m32
XPASS: gcc.dg/Warray-bounds.c (test for warnings, line 59)
XPASS: gcc.dg/Warray-bounds.c (test for warnings, line 65)
XPASS: gcc.dg/Wunreachable-8.c (test for bogus messages, line 7)
FAIL: gcc.dg/pr34668-1.c (internal compiler error)
FAIL: gcc.dg/pr34668-1.c (test for excess errors)
FAIL: gcc.dg/lto/20081112 c_lto_20081112_0.o-c_lto_20081112_1.o link, (internal compiler error)
UNRESOLVED: gcc.dg/lto/20081112 c_lto_20081112_0.o-c_lto_20081112_1.o execute -O2 -fwhopr
FAIL: gcc.dg/lto/20081118 c_lto_20081118_0.o-c_lto_20081118_2.o link, (internal compiler error)
UNRESOLVED: gcc.dg/lto/20081118 c_lto_20081118_0.o-c_lto_20081118_2.o execute -O2 -DOPTIMIZE -fwhopr
FAIL: gcc.dg/lto/20090218-2 c_lto_20090218-2_0.o-c_lto_20090218-2_1.o link, (internal compiler error)
UNRESOLVED: gcc.dg/lto/20090218-2 c_lto_20090218-2_0.o-c_lto_20090218-2_1.o execute -O2 -fwhopr
FAIL: gcc.dg/lto/20090218 c_lto_20090218_0.o-c_lto_20090218_3.o link, (internal compiler error)
UNRESOLVED: gcc.dg/lto/20090218 c_lto_20090218_0.o-c_lto_20090218_3.o execute -O2 -fwhopr
UNRESOLVED: selfassign.c compilation, -I. -I/export/gnu/import/svn/gcc-test/src-lto/gcc/testsuite -I/export/gnu/import/svn/gcc-test/src-lto/gcc/testsuite/../../gcc -I/export/gnu/import/svn/gcc-test/bld/gcc/testsuite/gcc/../../../gcc -I/export/gnu/import/svn/gcc-test/src-lto/gcc/testsuite/../../include -I/export/gnu/import/svn/gcc-test/src-lto/gcc/testsuite/../../libcpp/include -O -DIN_GCC -fPIC -shared
UNRESOLVED: one_time_plugin.c compilation, -I. -I/export/gnu/import/svn/gcc-test/src-lto/gcc/testsuite -I/export/gnu/import/svn/gcc-test/src-lto/gcc/testsuite/../../gcc -I/export/gnu/import/svn/gcc-test/bld/gcc/testsuite/gcc/../../../gcc -I/export/gnu/import/svn/gcc-test/src-lto/gcc/testsuite/../../include -I/export/gnu/import/svn/gcc-test/src-lto/gcc/testsuite/../../libcpp/include -DIN_GCC -fPIC -shared
XPASS: gcc.dg/struct/wo_prof_array_through_pointer.c scan-ipa-dump ipa_struct_reorg "Number of structures to transform is 1"
FAIL: gcc.dg/struct/wo_prof_double_malloc.c (internal compiler error)
FAIL: gcc.dg/struct/wo_prof_double_malloc.c (test for excess errors)
WARNING: gcc.dg/struct/wo_prof_double_malloc.c compilation failed to produce executable
=== gcc Summary for unix/-m32 ===
Running target unix
FAIL: gcc.dg/compat/struct-complex-1 c_compat_x_tst.o-c_compat_y_tst.o link
UNRESOLVED: gcc.dg/compat/struct-complex-1 c_compat_x_tst.o-c_compat_y_tst.o execute "-flto","-g"
FAIL: gcc.dg/compat/struct-complex-2 c_compat_x_tst.o-c_compat_y_tst.o link
UNRESOLVED: gcc.dg/compat/struct-complex-2 c_compat_x_tst.o-c_compat_y_tst.o execute "-flto","-g"
FAIL: gcc.dg/compat/vector-1 c_compat_x_tst.o-c_compat_y_tst.o link
UNRESOLVED: gcc.dg/compat/vector-1 c_compat_x_tst.o-c_compat_y_tst.o execute "-flto","-g"
FAIL: gcc.dg/compat/vector-1a c_compat_x_tst.o-c_compat_y_tst.o link
UNRESOLVED: gcc.dg/compat/vector-1a c_compat_x_tst.o-c_compat_y_tst.o execute "-flto","-g"
FAIL: gcc.dg/compat/vector-2 c_compat_x_tst.o-c_compat_y_tst.o link
UNRESOLVED: gcc.dg/compat/vector-2 c_compat_x_tst.o-c_compat_y_tst.o execute "-flto","-g"
FAIL: gcc.dg/compat/vector-2a c_compat_x_tst.o-c_compat_y_tst.o link
UNRESOLVED: gcc.dg/compat/vector-2a c_compat_x_tst.o-c_compat_y_tst.o execute "-flto","-g"
XPASS: gcc.dg/Warray-bounds.c (test for warnings, line 59)
XPASS: gcc.dg/Warray-bounds.c (test for warnings, line 65)
XPASS: gcc.dg/Wunreachable-8.c (test for bogus messages, line 7)
FAIL: gcc.dg/pr34668-1.c (internal compiler error)
FAIL: gcc.dg/pr34668-1.c (test for excess errors)
FAIL: gcc.dg/lto/20081112 c_lto_20081112_0.o-c_lto_20081112_1.o link, (internal compiler error)
UNRESOLVED: gcc.dg/lto/20081112 c_lto_20081112_0.o-c_lto_20081112_1.o execute -O2 -fwhopr
FAIL: gcc.dg/lto/20081118 c_lto_20081118_0.o-c_lto_20081118_2.o link, (internal compiler error)
UNRESOLVED: gcc.dg/lto/20081118 c_lto_20081118_0.o-c_lto_20081118_2.o execute -O2 -DOPTIMIZE -fwhopr
FAIL: gcc.dg/lto/20090218-2 c_lto_20090218-2_0.o-c_lto_20090218-2_1.o link, (internal compiler error)
UNRESOLVED: gcc.dg/lto/20090218-2 c_lto_20090218-2_0.o-c_lto_20090218-2_1.o execute -O2 -fwhopr
FAIL: gcc.dg/lto/20090218 c_lto_20090218_0.o-c_lto_20090218_3.o link, (internal compiler error)
UNRESOLVED: gcc.dg/lto/20090218 c_lto_20090218_0.o-c_lto_20090218_3.o execute -O2 -fwhopr
UNRESOLVED: selfassign.c compilation, -I. -I/export/gnu/import/svn/gcc-test/src-lto/gcc/testsuite -I/export/gnu/import/svn/gcc-test/src-lto/gcc/testsuite/../../gcc -I/export/gnu/import/svn/gcc-test/bld/gcc/testsuite/gcc/../../../gcc -I/export/gnu/import/svn/gcc-test/src-lto/gcc/testsuite/../../include -I/export/gnu/import/svn/gcc-test/src-lto/gcc/testsuite/../../libcpp/include -O -DIN_GCC -fPIC -shared
UNRESOLVED: one_time_plugin.c compilation, -I. -I/export/gnu/import/svn/gcc-test/src-lto/gcc/testsuite -I/export/gnu/import/svn/gcc-test/src-lto/gcc/testsuite/../../gcc -I/export/gnu/import/svn/gcc-test/bld/gcc/testsuite/gcc/../../../gcc -I/export/gnu/import/svn/gcc-test/src-lto/gcc/testsuite/../../include -I/export/gnu/import/svn/gcc-test/src-lto/gcc/testsuite/../../libcpp/include -DIN_GCC -fPIC -shared
XPASS: gcc.dg/struct/wo_prof_array_through_pointer.c scan-ipa-dump ipa_struct_reorg "Number of structures to transform is 1"
FAIL: gcc.dg/struct/wo_prof_double_malloc.c (internal compiler error)
FAIL: gcc.dg/struct/wo_prof_double_malloc.c (test for excess errors)
WARNING: gcc.dg/struct/wo_prof_double_malloc.c compilation failed to produce executable
=== gcc Summary for unix ===
=== gcc Summary ===
# of expected passes 138131
# of unexpected failures 22
# of unexpected successes 8
# of expected failures 403
# of unresolved testcases 18
# of unsupported tests 1509
/export/gnu/import/svn/gcc-test/bld/gcc/xgcc version 4.5.0 20090929 (experimental) [lto revision 152317] (lto merged with rev 152279)
=== libgomp tests ===
Running target unix/-m32
=== libgomp Summary for unix/-m32 ===
Running target unix
=== libgomp Summary for unix ===
=== libgomp Summary ===
# of expected passes 2014
=== libmudflap tests ===
Running target unix/-m32
FAIL: libmudflap.c/fail31-frag.c (-O3) output pattern test
FAIL: libmudflap.c/pass45-frag.c (-O3) execution test
FAIL: libmudflap.c/pass45-frag.c (-O3) output pattern test
FAIL: libmudflap.c/pass45-frag.c (-O3) execution test
FAIL: libmudflap.c/pass45-frag.c (-O3) output pattern test
FAIL: libmudflap.c++/pass41-frag.cxx execution test
FAIL: libmudflap.c++/pass41-frag.cxx (-static) execution test
FAIL: libmudflap.c++/pass41-frag.cxx ( -O) execution test
FAIL: libmudflap.c++/pass41-frag.cxx (-O2) execution test
FAIL: libmudflap.c++/pass41-frag.cxx (-O3) execution test
FAIL: libmudflap.cth/pass37-frag.c (-static -DSTATIC) execution test
FAIL: libmudflap.cth/pass37-frag.c (-static -DSTATIC) output pattern test
FAIL: libmudflap.cth/pass37-frag.c (-static -DSTATIC) (rerun 1) execution test
FAIL: libmudflap.cth/pass37-frag.c (-static -DSTATIC) (rerun 1) output pattern test
FAIL: libmudflap.cth/pass37-frag.c (-static -DSTATIC) (rerun 2) execution test
FAIL: libmudflap.cth/pass37-frag.c (-static -DSTATIC) (rerun 2) output pattern test
FAIL: libmudflap.cth/pass37-frag.c (-static -DSTATIC) (rerun 3) execution test
FAIL: libmudflap.cth/pass37-frag.c (-static -DSTATIC) (rerun 3) output pattern test
FAIL: libmudflap.cth/pass37-frag.c (-static -DSTATIC) (rerun 4) execution test
FAIL: libmudflap.cth/pass37-frag.c (-static -DSTATIC) (rerun 4) output pattern test
FAIL: libmudflap.cth/pass37-frag.c (-static -DSTATIC) (rerun 5) execution test
FAIL: libmudflap.cth/pass37-frag.c (-static -DSTATIC) (rerun 5) output pattern test
FAIL: libmudflap.cth/pass37-frag.c (-static -DSTATIC) (rerun 6) execution test
FAIL: libmudflap.cth/pass37-frag.c (-static -DSTATIC) (rerun 6) output pattern test
FAIL: libmudflap.cth/pass37-frag.c (-static -DSTATIC) (rerun 7) execution test
FAIL: libmudflap.cth/pass37-frag.c (-static -DSTATIC) (rerun 7) output pattern test
FAIL: libmudflap.cth/pass37-frag.c (-static -DSTATIC) (rerun 8) execution test
FAIL: libmudflap.cth/pass37-frag.c (-static -DSTATIC) (rerun 8) output pattern test
FAIL: libmudflap.cth/pass37-frag.c (-static -DSTATIC) (rerun 9) execution test
FAIL: libmudflap.cth/pass37-frag.c (-static -DSTATIC) (rerun 9) output pattern test
FAIL: libmudflap.cth/pass37-frag.c (-static -DSTATIC) (rerun 10) execution test
FAIL: libmudflap.cth/pass37-frag.c (-static -DSTATIC) (rerun 10) output pattern test
FAIL: libmudflap.cth/pass37-frag.c (-static -DSTATIC) (rerun 11) execution test
FAIL: libmudflap.cth/pass37-frag.c (-static -DSTATIC) (rerun 11) output pattern test
FAIL: libmudflap.cth/pass37-frag.c (-static -DSTATIC) (rerun 12) execution test
FAIL: libmudflap.cth/pass37-frag.c (-static -DSTATIC) (rerun 12) output pattern test
FAIL: libmudflap.cth/pass37-frag.c (-static -DSTATIC) (rerun 13) execution test
FAIL: libmudflap.cth/pass37-frag.c (-static -DSTATIC) (rerun 13) output pattern test
FAIL: libmudflap.cth/pass37-frag.c (-static -DSTATIC) (rerun 14) execution test
FAIL: libmudflap.cth/pass37-frag.c (-static -DSTATIC) (rerun 14) output pattern test
FAIL: libmudflap.cth/pass37-frag.c (-static -DSTATIC) (rerun 15) execution test
FAIL: libmudflap.cth/pass37-frag.c (-static -DSTATIC) (rerun 15) output pattern test
FAIL: libmudflap.cth/pass37-frag.c (-static -DSTATIC) (rerun 16) execution test
FAIL: libmudflap.cth/pass37-frag.c (-static -DSTATIC) (rerun 16) output pattern test
FAIL: libmudflap.cth/pass37-frag.c (-static -DSTATIC) (rerun 17) execution test
FAIL: libmudflap.cth/pass37-frag.c (-static -DSTATIC) (rerun 17) output pattern test
FAIL: libmudflap.cth/pass37-frag.c (-static -DSTATIC) (rerun 18) execution test
FAIL: libmudflap.cth/pass37-frag.c (-static -DSTATIC) (rerun 18) output pattern test
FAIL: libmudflap.cth/pass37-frag.c (-static -DSTATIC) (rerun 19) execution test
FAIL: libmudflap.cth/pass37-frag.c (-static -DSTATIC) (rerun 19) output pattern test
FAIL: libmudflap.cth/pass39-frag.c (-static -DSTATIC) execution test
FAIL: libmudflap.cth/pass39-frag.c (-static -DSTATIC) output pattern test
FAIL: libmudflap.cth/pass39-frag.c (-static -DSTATIC) (rerun 1) execution test
FAIL: libmudflap.cth/pass39-frag.c (-static -DSTATIC) (rerun 1) output pattern test
FAIL: libmudflap.cth/pass39-frag.c (-static -DSTATIC) (rerun 2) execution test
FAIL: libmudflap.cth/pass39-frag.c (-static -DSTATIC) (rerun 2) output pattern test
FAIL: libmudflap.cth/pass39-frag.c (-static -DSTATIC) (rerun 3) execution test
FAIL: libmudflap.cth/pass39-frag.c (-static -DSTATIC) (rerun 3) output pattern test
FAIL: libmudflap.cth/pass39-frag.c (-static -DSTATIC) (rerun 4) execution test
FAIL: libmudflap.cth/pass39-frag.c (-static -DSTATIC) (rerun 4) output pattern test
FAIL: libmudflap.cth/pass39-frag.c (-static -DSTATIC) (rerun 5) execution test
FAIL: libmudflap.cth/pass39-frag.c (-static -DSTATIC) (rerun 5) output pattern test
FAIL: libmudflap.cth/pass39-frag.c (-static -DSTATIC) (rerun 6) execution test
FAIL: libmudflap.cth/pass39-frag.c (-static -DSTATIC) (rerun 6) output pattern test
FAIL: libmudflap.cth/pass39-frag.c (-static -DSTATIC) (rerun 7) execution test
FAIL: libmudflap.cth/pass39-frag.c (-static -DSTATIC) (rerun 7) output pattern test
FAIL: libmudflap.cth/pass39-frag.c (-static -DSTATIC) (rerun 8) execution test
FAIL: libmudflap.cth/pass39-frag.c (-static -DSTATIC) (rerun 8) output pattern test
FAIL: libmudflap.cth/pass39-frag.c (-static -DSTATIC) (rerun 9) execution test
FAIL: libmudflap.cth/pass39-frag.c (-static -DSTATIC) (rerun 9) output pattern test
FAIL: libmudflap.cth/pass39-frag.c (-static -DSTATIC) (rerun 10) execution test
FAIL: libmudflap.cth/pass39-frag.c (-static -DSTATIC) (rerun 10) output pattern test
FAIL: libmudflap.cth/pass39-frag.c (-static -DSTATIC) (rerun 11) execution test
FAIL: libmudflap.cth/pass39-frag.c (-static -DSTATIC) (rerun 11) output pattern test
FAIL: libmudflap.cth/pass39-frag.c (-static -DSTATIC) (rerun 12) execution test
FAIL: libmudflap.cth/pass39-frag.c (-static -DSTATIC) (rerun 12) output pattern test
FAIL: libmudflap.cth/pass39-frag.c (-static -DSTATIC) (rerun 13) execution test
FAIL: libmudflap.cth/pass39-frag.c (-static -DSTATIC) (rerun 13) output pattern test
FAIL: libmudflap.cth/pass39-frag.c (-static -DSTATIC) (rerun 14) execution test
FAIL: libmudflap.cth/pass39-frag.c (-static -DSTATIC) (rerun 14) output pattern test
FAIL: libmudflap.cth/pass39-frag.c (-static -DSTATIC) (rerun 15) execution test
FAIL: libmudflap.cth/pass39-frag.c (-static -DSTATIC) (rerun 15) output pattern test
FAIL: libmudflap.cth/pass39-frag.c (-static -DSTATIC) (rerun 16) execution test
FAIL: libmudflap.cth/pass39-frag.c (-static -DSTATIC) (rerun 16) output pattern test
FAIL: libmudflap.cth/pass39-frag.c (-static -DSTATIC) (rerun 17) execution test
FAIL: libmudflap.cth/pass39-frag.c (-static -DSTATIC) (rerun 17) output pattern test
FAIL: libmudflap.cth/pass39-frag.c (-static -DSTATIC) (rerun 18) execution test
FAIL: libmudflap.cth/pass39-frag.c (-static -DSTATIC) (rerun 18) output pattern test
FAIL: libmudflap.cth/pass39-frag.c (-static -DSTATIC) (rerun 19) execution test
FAIL: libmudflap.cth/pass39-frag.c (-static -DSTATIC) (rerun 19) output pattern test
FAIL: libmudflap.cth/pass40-frag.c (-static -DSTATIC) execution test
FAIL: libmudflap.cth/pass40-frag.c (-static -DSTATIC) output pattern test
FAIL: libmudflap.cth/pass59-frag.c (-static -DSTATIC) execution test
FAIL: libmudflap.cth/pass59-frag.c (-static -DSTATIC) output pattern test
=== libmudflap Summary for unix/-m32 ===
# of expected passes 268
# of unexpected failures 84
Running target unix
FAIL: libmudflap.c/fail31-frag.c (-O3) output pattern test
FAIL: libmudflap.c/pass45-frag.c (-O3) execution test
FAIL: libmudflap.c/pass45-frag.c (-O3) output pattern test
FAIL: libmudflap.c/pass45-frag.c (-O3) execution test
FAIL: libmudflap.c/pass45-frag.c (-O3) output pattern test
FAIL: libmudflap.c++/pass41-frag.cxx execution test
FAIL: libmudflap.c++/pass41-frag.cxx (-static) execution test
FAIL: libmudflap.c++/pass41-frag.cxx ( -O) execution test
FAIL: libmudflap.c++/pass41-frag.cxx (-O2) execution test
FAIL: libmudflap.c++/pass41-frag.cxx (-O3) execution test
=== libmudflap Summary for unix ===
# of expected passes 352
=== libmudflap Summary ===
# of expected passes 3684
# of unexpected failures 104
=== libstdc++ tests ===
Running target unix/-m32
XPASS: 26_numerics/headers/cmath/c99_classification_macros_c.cc (test for excess errors)
=== libstdc++ Summary for unix/-m32 ===
# of expected passes 6854
# of unexpected successes 1
# of expected failures 86
# of unsupported tests 83
Running target unix
XPASS: 26_numerics/headers/cmath/c99_classification_macros_c.cc (test for excess errors)
=== libstdc++ Summary for unix ===
# of expected passes 6999
# of unexpected successes 1
# of expected failures 88
# of unsupported tests 13
=== libstdc++ Summary ===
# of expected passes 13855
# of unexpected successes 2
# of expected failures 174
# of unsupported tests 96
Compiler version: 4.5.0 20090929 (experimental) [lto revision 152317] (lto merged with rev 152279)
Platform: x86_64-unknown-linux-gnu
configure flags: --enable-clocale=gnu --with-system-zlib --enable-shared --with-demangler-in-ld --enable-languages=c,c++,lto
More information about the Gcc-testresults
mailing list