Results for 4.5.0 20090928 (experimental) [trunk revision 152251] (GCC) testsuite on x86_64-unknown-linux-gnu
H.J. Lu Intel64
hjl@gnu-16.sc.intel.com
Tue Sep 29 01:56:00 GMT 2009
LAST_UPDATED: Mon Sep 28 21:13:42 UTC 2009 (revision 152251)
Native configuration is x86_64-unknown-linux-gnu
=== gcc tests ===
Running target emx-avx-sim/-m32
FAIL: gcc.c-torture/compile/limits-exprparen.c -O0 (test for excess errors)
FAIL: gcc.c-torture/compile/limits-exprparen.c -O1 (test for excess errors)
FAIL: gcc.c-torture/compile/limits-exprparen.c -O2 (test for excess errors)
FAIL: gcc.c-torture/compile/limits-exprparen.c -O3 -fomit-frame-pointer (test for excess errors)
FAIL: gcc.c-torture/compile/limits-exprparen.c -O3 -g (test for excess errors)
FAIL: gcc.c-torture/compile/limits-exprparen.c -Os (test for excess errors)
XPASS: gcc.dg/Warray-bounds.c (test for warnings, line 59)
XPASS: gcc.dg/Warray-bounds.c (test for warnings, line 65)
XPASS: gcc.dg/Wunreachable-8.c (test for bogus messages, line 7)
XPASS: gcc.dg/struct/wo_prof_array_through_pointer.c scan-ipa-dump ipa_struct_reorg "Number of structures to transform is 1"
FAIL: gcc.dg/torture/stackalign/builtin-apply-4.c -O0 execution test
FAIL: gcc.dg/torture/stackalign/builtin-apply-4.c -O1 execution test
FAIL: gcc.dg/torture/stackalign/builtin-apply-4.c -O2 execution test
FAIL: gcc.dg/torture/stackalign/builtin-apply-4.c -O3 -fomit-frame-pointer execution test
FAIL: gcc.dg/torture/stackalign/builtin-apply-4.c -O3 -g execution test
FAIL: gcc.dg/torture/stackalign/builtin-apply-4.c -Os execution test
FAIL: gcc.dg/torture/stackalign/builtin-apply-4.c -O0 execution test
FAIL: gcc.dg/torture/stackalign/builtin-apply-4.c -O1 execution test
FAIL: gcc.dg/torture/stackalign/builtin-apply-4.c -O2 execution test
FAIL: gcc.dg/torture/stackalign/builtin-apply-4.c -O3 -fomit-frame-pointer execution test
FAIL: gcc.dg/torture/stackalign/builtin-apply-4.c -O3 -g execution test
FAIL: gcc.dg/torture/stackalign/builtin-apply-4.c -Os execution test
FAIL: gcc.dg/torture/stackalign/builtin-apply-4.c -O0 execution test
FAIL: gcc.dg/torture/stackalign/builtin-apply-4.c -O1 execution test
FAIL: gcc.dg/torture/stackalign/builtin-apply-4.c -O2 execution test
FAIL: gcc.dg/torture/stackalign/builtin-apply-4.c -O3 -fomit-frame-pointer execution test
FAIL: gcc.dg/torture/stackalign/builtin-apply-4.c -O3 -g execution test
FAIL: gcc.dg/torture/stackalign/builtin-apply-4.c -Os execution test
FAIL: gcc.dg/torture/stackalign/builtin-apply-4.c -O0 execution test
FAIL: gcc.dg/torture/stackalign/builtin-apply-4.c -O1 execution test
FAIL: gcc.dg/torture/stackalign/builtin-apply-4.c -O2 execution test
FAIL: gcc.dg/torture/stackalign/builtin-apply-4.c -O3 -fomit-frame-pointer execution test
FAIL: gcc.dg/torture/stackalign/builtin-apply-4.c -O3 -g execution test
FAIL: gcc.dg/torture/stackalign/builtin-apply-4.c -Os execution test
FAIL: gcc.dg/tree-ssa/gen-vect-11b.c scan-tree-dump-times vect "vectorized 0 loops" 1
FAIL: gcc.dg/tree-ssa/gen-vect-11c.c scan-tree-dump-times vect "vectorized 0 loops" 1
FAIL: gcc.dg/tree-ssa/gen-vect-26.c scan-tree-dump-times vect "Vectorizing an unaligned access" 0
FAIL: gcc.dg/tree-ssa/gen-vect-26.c scan-tree-dump-times vect "Alignment of access forced using peeling" 1
FAIL: gcc.dg/tree-ssa/gen-vect-28.c scan-tree-dump-times vect "Vectorizing an unaligned access" 0
FAIL: gcc.dg/tree-ssa/gen-vect-28.c scan-tree-dump-times vect "Alignment of access forced using peeling" 1
FAIL: gcc.misc-tests/i386-pf-none-1.c scan-assembler-not fetch
FAIL: gcc.misc-tests/i386-pf-none-1.c scan-assembler-not fetch
FAIL: gcc.misc-tests/i386-pf-none-1.c scan-assembler-not fetch
FAIL: gcc.misc-tests/i386-pf-none-1.c scan-assembler-not fetch
FAIL: gcc.misc-tests/i386-pf-none-1.c scan-assembler-not fetch
FAIL: gcc.misc-tests/i386-pf-none-1.c scan-assembler-not fetch
FAIL: gcc.misc-tests/i386-pf-none-1.c scan-assembler-not fetch
FAIL: gcc.misc-tests/i386-pf-none-1.c scan-assembler-not fetch
FAIL: gcc.misc-tests/i386-pf-none-1.c scan-assembler-not fetch
FAIL: gcc.misc-tests/i386-pf-none-1.c scan-assembler-not fetch
FAIL: gcc.misc-tests/i386-pf-none-1.c scan-assembler-not fetch
FAIL: gcc.misc-tests/i386-pf-none-1.c scan-assembler-not fetch
FAIL: gcc.misc-tests/i386-pf-none-1.c scan-assembler-not fetch
FAIL: gcc.misc-tests/i386-pf-none-1.c scan-assembler-not fetch
FAIL: gcc.misc-tests/i386-pf-3dnow-1.c scan-assembler-not prefetchnta
FAIL: gcc.misc-tests/i386-pf-3dnow-1.c scan-assembler-not prefetcht
FAIL: gcc.misc-tests/i386-pf-3dnow-1.c scan-assembler-not prefetchnta
FAIL: gcc.misc-tests/i386-pf-3dnow-1.c scan-assembler-not prefetcht
FAIL: gcc.misc-tests/i386-pf-3dnow-1.c scan-assembler-not prefetchnta
FAIL: gcc.misc-tests/i386-pf-3dnow-1.c scan-assembler-not prefetcht
FAIL: gcc.target/i386/defines-1.c (test for excess errors)
FAIL: gcc.target/i386/funcspec-1.c scan-assembler fsubs[ \\t]
FAIL: gcc.target/i386/funcspec-10.c scan-assembler-not cmov
FAIL: gcc.target/i386/funcspec-8.c (test for errors, line 28)
FAIL: gcc.target/i386/funcspec-8.c (test for errors, line 47)
FAIL: gcc.target/i386/funcspec-8.c (test for errors, line 66)
FAIL: gcc.target/i386/funcspec-8.c (test for errors, line 85)
FAIL: gcc.target/i386/funcspec-8.c (test for errors, line 104)
FAIL: gcc.target/i386/funcspec-8.c (test for errors, line 123)
FAIL: gcc.target/i386/funcspec-8.c (test for errors, line 142)
FAIL: gcc.target/i386/funcspec-8.c (test for excess errors)
FAIL: gcc.target/i386/incoming-9.c scan-assembler-not andl[\\\\t ]*\\\\\$-16,[\\\\t ]*%esp
FAIL: gcc.target/i386/isa-14.c execution test
FAIL: gcc.target/i386/isa-5.c execution test
FAIL: gcc.target/i386/isa-6.c execution test
FAIL: gcc.target/i386/parity-1.c scan-assembler setnp
FAIL: gcc.target/i386/parity-2.c scan-assembler setnp
FAIL: gcc.target/i386/pr38824.c scan-assembler-not addps[^\\\\n]*%[er]
FAIL: gcc.target/i386/pr39162.c (test for warnings, line 7)
FAIL: gcc.target/i386/sse-21.c scan-assembler-not fisttp
FAIL: gcc.target/i386/sse-5.c (test for warnings, line 8)
FAIL: gcc.target/i386/ssefn-1.c scan-assembler-not movsd
FAIL: gcc.target/i386/ssefn-1.c scan-assembler-not mulsd
FAIL: gcc.target/i386/sseregparm-2.c (test for errors, line 7)
FAIL: gcc.target/i386/sseregparm-2.c (test for errors, line 8)
FAIL: gcc.target/i386/sseregparm-8.c (test for errors, line 13)
FAIL: gcc.target/i386/sseregparm-8.c (test for errors, line 14)
FAIL: gcc.target/i386/sseregparm-8.c (test for errors, line 15)
FAIL: gcc.target/i386/sseregparm-8.c (test for errors, line 16)
FAIL: gcc.target/i386/vecinit-1.c scan-assembler-not xor
FAIL: gcc.target/i386/vecinit-2.c scan-assembler-not xor
FAIL: gcc.target/i386/xorps-sse.c scan-assembler xorps[ \\t]
=== gcc Summary for emx-avx-sim/-m32 ===
Running target emx-avx-sim
FAIL: gcc.c-torture/compile/limits-exprparen.c -O0 (test for excess errors)
FAIL: gcc.c-torture/compile/limits-exprparen.c -O1 (test for excess errors)
FAIL: gcc.c-torture/compile/limits-exprparen.c -O2 (test for excess errors)
FAIL: gcc.c-torture/compile/limits-exprparen.c -O3 -fomit-frame-pointer (test for excess errors)
FAIL: gcc.c-torture/compile/limits-exprparen.c -O3 -g (test for excess errors)
FAIL: gcc.c-torture/compile/limits-exprparen.c -Os (test for excess errors)
XPASS: gcc.dg/Warray-bounds.c (test for warnings, line 59)
XPASS: gcc.dg/Warray-bounds.c (test for warnings, line 65)
XPASS: gcc.dg/Wunreachable-8.c (test for bogus messages, line 7)
WARNING: program timed out.
XPASS: gcc.dg/struct/wo_prof_array_through_pointer.c scan-ipa-dump ipa_struct_reorg "Number of structures to transform is 1"
FAIL: gcc.target/i386/amd64-abi-1.c (test for errors, line 5)
FAIL: gcc.target/i386/amd64-abi-3.c scan-assembler subq[\\\\t ]*\\\\\$88,[\\\\t ]*%rsp
FAIL: gcc.target/i386/amd64-abi-3.c scan-assembler-not subq[\\\\t ]*\\\\\$216,[\\\\t ]*%rsp
FAIL: gcc.target/i386/defines-1.c (test for excess errors)
FAIL: gcc.target/i386/funcspec-3.c scan-assembler call\\t(.*)sse42_pop_l
FAIL: gcc.target/i386/funcspec-3.c scan-assembler call\\t(.*)popcountdi2
FAIL: gcc.target/i386/funcspec-8.c (test for errors, line 28)
FAIL: gcc.target/i386/funcspec-8.c (test for errors, line 47)
FAIL: gcc.target/i386/funcspec-8.c (test for errors, line 66)
FAIL: gcc.target/i386/funcspec-8.c (test for errors, line 85)
FAIL: gcc.target/i386/funcspec-8.c (test for errors, line 104)
FAIL: gcc.target/i386/funcspec-8.c (test for errors, line 123)
FAIL: gcc.target/i386/funcspec-8.c (test for errors, line 142)
FAIL: gcc.target/i386/funcspec-8.c (test for excess errors)
FAIL: gcc.target/i386/isa-14.c execution test
FAIL: gcc.target/i386/isa-5.c execution test
FAIL: gcc.target/i386/isa-6.c execution test
FAIL: gcc.target/i386/parity-1.c scan-assembler setnp
FAIL: gcc.target/i386/parity-2.c scan-assembler setnp
FAIL: gcc.target/i386/pr38824.c scan-assembler-not addps[^\\\\n]*%[er]
FAIL: gcc.target/i386/pr39162.c (test for warnings, line 7)
FAIL: gcc.target/i386/sse-21.c scan-assembler-not fisttp
FAIL: gcc.target/i386/vecinit-1.c scan-assembler-not xor
FAIL: gcc.target/i386/vecinit-2.c scan-assembler-not xor
FAIL: gcc.target/i386/xorps-sse.c scan-assembler xorps[ \\t]
=== gcc Summary for emx-avx-sim ===
=== gcc Summary ===
# of expected passes 119379
# of unexpected failures 119
# of unexpected successes 8
# of expected failures 403
# of unsupported tests 1331
/export/build/gnu/gcc-avx/build-x86_64-linux/gcc/xgcc version 4.5.0 20090928 (experimental) [trunk revision 152251] (GCC)
=== gfortran tests ===
Running target emx-avx-sim/-m32
WARNING: program timed out.
FAIL: gfortran.dg/vect/fast-math-pr38968.f90 execution test
=== gfortran Summary for emx-avx-sim/-m32 ===
# of expected passes 3996
Running target emx-avx-sim
WARNING: program timed out.
FAIL: gfortran.dg/vect/fast-math-pr38968.f90 execution test
=== gfortran Summary for emx-avx-sim ===
# of expected passes 3996
=== gfortran Summary ===
# of expected passes 64475
# of unexpected failures 2
# of expected failures 42
# of unsupported tests 164
/export/build/gnu/gcc-avx/build-x86_64-linux/gcc/testsuite/gfortran/../../gfortran version 4.5.0 20090928 (experimental) [trunk revision 152251] (GCC)
=== g++ tests ===
Running target emx-avx-sim/-m32
FAIL: g++.dg/conversion/dr195.C (test for warnings, line 21)
FAIL: g++.dg/conversion/dr195.C (test for warnings, line 22)
FAIL: g++.dg/conversion/dr195.C (test for warnings, line 25)
FAIL: g++.dg/conversion/dr195.C (test for warnings, line 26)
FAIL: g++.dg/conversion/op5.C (test for errors, line 18)
FAIL: g++.dg/conversion/op5.C (test for excess errors)
FAIL: g++.dg/cpp/string-1.C (test for errors, line 5)
FAIL: g++.dg/cpp/string-1.C (test for errors, line 7)
FAIL: g++.dg/cpp/string-1.C (test for excess errors)
FAIL: g++.dg/cpp0x/variadic60.C (test for errors, line 1)
FAIL: g++.dg/cpp0x/variadic60.C (test for excess errors)
FAIL: g++.dg/expr/cast2.C (test for warnings, line 4)
FAIL: g++.dg/expr/string-1.C (test for errors, line 6)
FAIL: g++.dg/expr/string-1.C (test for excess errors)
FAIL: g++.dg/ext/anon-struct6.C (test for errors, line 9)
FAIL: g++.dg/ext/offsetof1.C (test for excess errors)
FAIL: g++.dg/ext/vla1.C (test for errors, line 12)
FAIL: g++.dg/inherit/error4.C (test for excess errors)
FAIL: g++.dg/init/bitfield1.C (test for warnings, line 17)
FAIL: g++.dg/init/bitfield1.C (test for warnings, line 18)
FAIL: g++.dg/init/bitfield1.C (test for warnings, line 21)
FAIL: g++.dg/init/brace2.C (test for errors, line 8)
FAIL: g++.dg/init/brace2.C (test for excess errors)
FAIL: g++.dg/init/brace6.C (test for excess errors)
FAIL: g++.dg/init/string1.C (test for excess errors)
FAIL: g++.dg/lookup/extern-c-redecl.C (test for errors, line 6)
FAIL: g++.dg/lookup/extern-c-redecl.C (test for excess errors)
FAIL: g++.dg/other/warning1.C (test for warnings, line 10)
FAIL: g++.dg/other/warning1.C (test for warnings, line 11)
FAIL: g++.dg/other/warning1.C (test for excess errors)
FAIL: g++.dg/parse/constant5.C (test for errors, line 5)
FAIL: g++.dg/parse/constant5.C (test for errors, line 6)
FAIL: g++.dg/parse/ctor3.C (test for excess errors)
FAIL: g++.dg/parse/ctor7.C (test for errors, line 15)
FAIL: g++.dg/parse/template23.C (test for errors, line 8)
FAIL: g++.dg/parse/template23.C (test for errors, line 9)
FAIL: g++.dg/template/crash90.C (test for excess errors)
FAIL: g++.dg/template/dependent-name3.C (test for errors, line 13)
FAIL: g++.dg/template/error17.C anon (test for errors, line 7)
FAIL: g++.dg/template/ptrmem6.C (test for excess errors)
FAIL: g++.dg/template/sfinae3.C (test for errors, line 13)
FAIL: g++.dg/template/sfinae3.C (test for warnings, line 17)
FAIL: g++.dg/template/spec22.C (test for warnings, line 11)
FAIL: g++.dg/template/spec22.C (test for warnings, line 15)
FAIL: g++.dg/template/spec22.C (test for errors, line 20)
FAIL: g++.old-deja/g++.brendan/cvt1.C (test for errors, line 8)
FAIL: g++.old-deja/g++.brendan/cvt1.C (test for errors, line 18)
FAIL: g++.old-deja/g++.brendan/enum11.C (test for errors, line 9)
FAIL: g++.old-deja/g++.brendan/enum8.C (test for errors, line 9)
FAIL: g++.old-deja/g++.brendan/enum9.C (test for errors, line 5)
FAIL: g++.old-deja/g++.brendan/friend3.C (test for errors, line 8)
FAIL: g++.old-deja/g++.brendan/init4.C (test for errors, line 5)
FAIL: g++.old-deja/g++.brendan/init4.C (test for excess errors)
FAIL: g++.old-deja/g++.brendan/misc14.C (test for errors, line 7)
FAIL: g++.old-deja/g++.brendan/overload4.C (test for warnings, line 8)
FAIL: g++.old-deja/g++.brendan/overload4.C (test for errors, line 21)
FAIL: g++.old-deja/g++.brendan/overload4.C (test for excess errors)
FAIL: g++.old-deja/g++.bugs/900402_02.C (test for errors, line 9)
FAIL: g++.old-deja/g++.bugs/900402_02.C (test for errors, line 11)
FAIL: g++.old-deja/g++.bugs/900402_02.C (test for errors, line 13)
FAIL: g++.old-deja/g++.bugs/900402_02.C (test for errors, line 19)
FAIL: g++.old-deja/g++.bugs/900404_04.C (test for errors, line 16)
FAIL: g++.old-deja/g++.eh/spec6.C (test for errors, line 10)
FAIL: g++.old-deja/g++.eh/spec6.C (test for errors, line 11)
FAIL: g++.old-deja/g++.eh/spec6.C (test for errors, line 12)
FAIL: g++.old-deja/g++.eh/spec6.C (test for errors, line 13)
FAIL: g++.old-deja/g++.eh/spec6.C (test for excess errors)
FAIL: g++.old-deja/g++.jason/cond.C (test for errors, line 55)
FAIL: g++.old-deja/g++.jason/cond.C (test for excess errors)
FAIL: g++.old-deja/g++.jason/conversion10.C (test for excess errors)
FAIL: g++.old-deja/g++.jason/parse11.C (test for errors, line 6)
FAIL: g++.old-deja/g++.jason/parse11.C (test for errors, line 8)
FAIL: g++.old-deja/g++.jason/rfg20.C (test for errors, line 9)
FAIL: g++.old-deja/g++.jason/rfg22.C (test for errors, line 2)
FAIL: g++.old-deja/g++.jason/rfg22.C (test for excess errors)
FAIL: g++.old-deja/g++.law/enum4.C (test for warnings, line 14)
FAIL: g++.old-deja/g++.law/enum4.C (test for errors, line 27)
FAIL: g++.old-deja/g++.law/enum4.C (test for excess errors)
FAIL: g++.old-deja/g++.law/missed-error2.C extra ; (test for errors, line 17)
FAIL: g++.old-deja/g++.law/missed-error2.C extra ; (test for errors, line 19)
FAIL: g++.old-deja/g++.niklas/t120.C match (test for errors, line 5)
FAIL: g++.old-deja/g++.niklas/t120.C note (test for warnings, line 5)
FAIL: g++.old-deja/g++.niklas/t120.C (test for excess errors)
FAIL: g++.old-deja/g++.niklas/t121.C match (test for errors, line 5)
FAIL: g++.old-deja/g++.niklas/t121.C note (test for warnings, line 5)
FAIL: g++.old-deja/g++.niklas/t121.C (test for excess errors)
FAIL: g++.old-deja/g++.other/crash24.C (test for warnings, line 10)
FAIL: g++.old-deja/g++.other/crash24.C no matching (test for errors, line 14)
FAIL: g++.old-deja/g++.other/crash24.C (test for excess errors)
FAIL: g++.old-deja/g++.other/decl5.C anon (test for errors, line 14)
FAIL: g++.old-deja/g++.other/sizeof4.C (test for errors, line 33)
FAIL: g++.old-deja/g++.other/sizeof4.C (test for excess errors)
FAIL: g++.old-deja/g++.other/sizeof5.C (test for errors, line 10)
FAIL: g++.old-deja/g++.other/sizeof5.C (test for excess errors)
FAIL: g++.old-deja/g++.other/using9.C (test for errors, line 16)
FAIL: g++.old-deja/g++.other/using9.C (test for errors, line 19)
FAIL: g++.old-deja/g++.other/using9.C (test for excess errors)
FAIL: g++.old-deja/g++.pt/explicit70.C (test for errors, line 21)
FAIL: g++.old-deja/g++.pt/explicit70.C (test for errors, line 22)
FAIL: g++.old-deja/g++.pt/static5.C (test for errors, line 6)
FAIL: g++.old-deja/g++.pt/unify8.C (test for warnings, line 13)
FAIL: g++.old-deja/g++.pt/unify8.C (test for warnings, line 14)
FAIL: g++.old-deja/g++.pt/unify8.C (test for errors, line 18)
FAIL: g++.old-deja/g++.pt/unify8.C (test for excess errors)
=== g++ Summary for emx-avx-sim/-m32 ===
# of expected passes 6741
# of unexpected failures 59
# of expected failures 26
# of unsupported tests 10
Running target emx-avx-sim
FAIL: g++.dg/conversion/dr195.C (test for warnings, line 21)
FAIL: g++.dg/conversion/dr195.C (test for warnings, line 22)
FAIL: g++.dg/conversion/dr195.C (test for warnings, line 25)
FAIL: g++.dg/conversion/dr195.C (test for warnings, line 26)
FAIL: g++.dg/conversion/op5.C (test for errors, line 18)
FAIL: g++.dg/conversion/op5.C (test for excess errors)
FAIL: g++.dg/cpp/string-1.C (test for errors, line 5)
FAIL: g++.dg/cpp/string-1.C (test for errors, line 7)
FAIL: g++.dg/cpp/string-1.C (test for excess errors)
FAIL: g++.dg/cpp0x/variadic60.C (test for errors, line 1)
FAIL: g++.dg/cpp0x/variadic60.C (test for excess errors)
FAIL: g++.dg/expr/cast2.C (test for warnings, line 4)
FAIL: g++.dg/expr/string-1.C (test for errors, line 6)
FAIL: g++.dg/expr/string-1.C (test for excess errors)
FAIL: g++.dg/ext/anon-struct6.C (test for errors, line 9)
FAIL: g++.dg/ext/offsetof1.C (test for excess errors)
FAIL: g++.dg/ext/vla1.C (test for errors, line 12)
FAIL: g++.dg/inherit/error4.C (test for excess errors)
FAIL: g++.dg/init/bitfield1.C (test for warnings, line 17)
FAIL: g++.dg/init/bitfield1.C (test for warnings, line 18)
FAIL: g++.dg/init/bitfield1.C (test for warnings, line 21)
FAIL: g++.dg/init/brace2.C (test for errors, line 8)
FAIL: g++.dg/init/brace2.C (test for excess errors)
FAIL: g++.dg/init/brace6.C (test for excess errors)
FAIL: g++.dg/init/string1.C (test for excess errors)
FAIL: g++.dg/lookup/extern-c-redecl.C (test for errors, line 6)
FAIL: g++.dg/lookup/extern-c-redecl.C (test for excess errors)
FAIL: g++.dg/other/warning1.C (test for warnings, line 10)
FAIL: g++.dg/other/warning1.C (test for warnings, line 11)
FAIL: g++.dg/other/warning1.C (test for excess errors)
FAIL: g++.dg/parse/constant5.C (test for errors, line 5)
FAIL: g++.dg/parse/constant5.C (test for errors, line 6)
FAIL: g++.dg/parse/ctor3.C (test for excess errors)
FAIL: g++.dg/parse/ctor7.C (test for errors, line 15)
FAIL: g++.dg/parse/template23.C (test for errors, line 8)
FAIL: g++.dg/parse/template23.C (test for errors, line 9)
FAIL: g++.dg/template/crash90.C (test for excess errors)
FAIL: g++.dg/template/dependent-name3.C (test for errors, line 13)
FAIL: g++.dg/template/error17.C anon (test for errors, line 7)
FAIL: g++.dg/template/ptrmem6.C (test for excess errors)
FAIL: g++.dg/template/sfinae3.C (test for errors, line 13)
FAIL: g++.dg/template/sfinae3.C (test for warnings, line 17)
FAIL: g++.dg/template/spec22.C (test for warnings, line 11)
FAIL: g++.dg/template/spec22.C (test for warnings, line 15)
FAIL: g++.dg/template/spec22.C (test for errors, line 20)
FAIL: g++.old-deja/g++.brendan/cvt1.C (test for errors, line 8)
FAIL: g++.old-deja/g++.brendan/cvt1.C (test for errors, line 18)
FAIL: g++.old-deja/g++.brendan/enum11.C (test for errors, line 9)
FAIL: g++.old-deja/g++.brendan/enum8.C (test for errors, line 9)
FAIL: g++.old-deja/g++.brendan/enum9.C (test for errors, line 5)
FAIL: g++.old-deja/g++.brendan/friend3.C (test for errors, line 8)
FAIL: g++.old-deja/g++.brendan/init4.C (test for errors, line 5)
FAIL: g++.old-deja/g++.brendan/init4.C (test for excess errors)
FAIL: g++.old-deja/g++.brendan/misc14.C (test for errors, line 7)
FAIL: g++.old-deja/g++.brendan/overload4.C (test for warnings, line 8)
FAIL: g++.old-deja/g++.brendan/overload4.C (test for errors, line 21)
FAIL: g++.old-deja/g++.brendan/overload4.C (test for excess errors)
FAIL: g++.old-deja/g++.bugs/900402_02.C (test for errors, line 9)
FAIL: g++.old-deja/g++.bugs/900402_02.C (test for errors, line 11)
FAIL: g++.old-deja/g++.bugs/900402_02.C (test for errors, line 13)
FAIL: g++.old-deja/g++.bugs/900402_02.C (test for errors, line 19)
FAIL: g++.old-deja/g++.bugs/900404_04.C (test for errors, line 16)
FAIL: g++.old-deja/g++.eh/spec6.C (test for errors, line 10)
FAIL: g++.old-deja/g++.eh/spec6.C (test for errors, line 11)
FAIL: g++.old-deja/g++.eh/spec6.C (test for errors, line 12)
FAIL: g++.old-deja/g++.eh/spec6.C (test for errors, line 13)
FAIL: g++.old-deja/g++.eh/spec6.C (test for excess errors)
FAIL: g++.old-deja/g++.jason/cond.C (test for errors, line 55)
FAIL: g++.old-deja/g++.jason/cond.C (test for excess errors)
FAIL: g++.old-deja/g++.jason/conversion10.C (test for excess errors)
FAIL: g++.old-deja/g++.jason/parse11.C (test for errors, line 6)
FAIL: g++.old-deja/g++.jason/parse11.C (test for errors, line 8)
FAIL: g++.old-deja/g++.jason/rfg20.C (test for errors, line 9)
FAIL: g++.old-deja/g++.jason/rfg22.C (test for errors, line 2)
FAIL: g++.old-deja/g++.jason/rfg22.C (test for excess errors)
FAIL: g++.old-deja/g++.law/enum4.C (test for warnings, line 14)
FAIL: g++.old-deja/g++.law/enum4.C (test for errors, line 27)
FAIL: g++.old-deja/g++.law/enum4.C (test for excess errors)
FAIL: g++.old-deja/g++.law/missed-error2.C extra ; (test for errors, line 17)
FAIL: g++.old-deja/g++.law/missed-error2.C extra ; (test for errors, line 19)
FAIL: g++.old-deja/g++.niklas/t120.C match (test for errors, line 5)
FAIL: g++.old-deja/g++.niklas/t120.C note (test for warnings, line 5)
FAIL: g++.old-deja/g++.niklas/t120.C (test for excess errors)
FAIL: g++.old-deja/g++.niklas/t121.C match (test for errors, line 5)
FAIL: g++.old-deja/g++.niklas/t121.C note (test for warnings, line 5)
FAIL: g++.old-deja/g++.niklas/t121.C (test for excess errors)
FAIL: g++.old-deja/g++.other/crash24.C (test for warnings, line 10)
FAIL: g++.old-deja/g++.other/crash24.C no matching (test for errors, line 14)
FAIL: g++.old-deja/g++.other/crash24.C (test for excess errors)
FAIL: g++.old-deja/g++.other/decl5.C anon (test for errors, line 14)
FAIL: g++.old-deja/g++.other/sizeof4.C (test for errors, line 33)
FAIL: g++.old-deja/g++.other/sizeof4.C (test for excess errors)
FAIL: g++.old-deja/g++.other/sizeof5.C (test for errors, line 10)
FAIL: g++.old-deja/g++.other/sizeof5.C (test for excess errors)
FAIL: g++.old-deja/g++.other/using9.C (test for errors, line 16)
FAIL: g++.old-deja/g++.other/using9.C (test for errors, line 19)
FAIL: g++.old-deja/g++.other/using9.C (test for excess errors)
FAIL: g++.old-deja/g++.pt/explicit70.C (test for errors, line 21)
FAIL: g++.old-deja/g++.pt/explicit70.C (test for errors, line 22)
FAIL: g++.old-deja/g++.pt/static5.C (test for errors, line 6)
FAIL: g++.old-deja/g++.pt/unify8.C (test for warnings, line 13)
FAIL: g++.old-deja/g++.pt/unify8.C (test for warnings, line 14)
FAIL: g++.old-deja/g++.pt/unify8.C (test for errors, line 18)
FAIL: g++.old-deja/g++.pt/unify8.C (test for excess errors)
=== g++ Summary for emx-avx-sim ===
# of expected passes 6694
# of unexpected failures 59
# of expected failures 26
# of unsupported tests 20
=== g++ Summary ===
# of expected passes 43374
# of unexpected failures 208
# of expected failures 309
# of unsupported tests 376
/export/build/gnu/gcc-avx/build-x86_64-linux/gcc/testsuite/g++/../../g++ version 4.5.0 20090928 (experimental) [trunk revision 152251] (GCC)
=== objc tests ===
Running target emx-avx-sim/-m32
=== objc Summary for emx-avx-sim/-m32 ===
# of expected passes 2
Running target emx-avx-sim
=== objc Summary for emx-avx-sim ===
# of expected passes 2
=== objc Summary ===
# of expected passes 3742
# of expected failures 22
# of unsupported tests 48
/export/build/gnu/gcc-avx/build-x86_64-linux/gcc/xgcc version 4.5.0 20090928 (experimental) [trunk revision 152251] (GCC)
=== libffi tests ===
Running target emx-avx-sim/-m32
XPASS: libffi.call/cls_dbls_struct.c -O0 -W -Wall output pattern test, 1.0 2.0?
XPASS: libffi.call/cls_dbls_struct.c -O2 output pattern test, 1.0 2.0?
XPASS: libffi.call/cls_dbls_struct.c -O3 output pattern test, 1.0 2.0?
XPASS: libffi.call/cls_dbls_struct.c -Os output pattern test, 1.0 2.0?
XPASS: libffi.call/cls_dbls_struct.c -O2 -fomit-frame-pointer output pattern test, 1.0 2.0?
=== libffi Summary for emx-avx-sim/-m32 ===
# of expected passes 24
Running target emx-avx-sim
FAIL: libffi.special/unwindtest.cc -shared-libgcc -lstdc++ execution test
FAIL: libffi.special/unwindtest.cc -shared-libgcc -lstdc++ execution test
FAIL: libffi.special/unwindtest.cc -shared-libgcc -lstdc++ execution test
FAIL: libffi.special/unwindtest.cc -shared-libgcc -lstdc++ execution test
=== libffi Summary for emx-avx-sim ===
# of expected passes 16
# of unexpected failures 4
=== libffi Summary ===
# of expected passes 3160
# of unexpected failures 4
# of unexpected successes 5
# of expected failures 35
# of unsupported tests 30
=== libgomp tests ===
Running target emx-avx-sim/-m32
=== libgomp Summary for emx-avx-sim/-m32 ===
Running target emx-avx-sim
=== libgomp Summary for emx-avx-sim ===
=== libgomp Summary ===
# of expected passes 4816
=== libjava tests ===
Running target emx-avx-sim/-m32
FAIL: StackTrace2 execution - source compiled test
FAIL: StackTrace2 -findirect-dispatch execution - source compiled test
FAIL: StackTrace2 -O3 execution - source compiled test
FAIL: StackTrace2 -O3 -findirect-dispatch execution - source compiled test
FAIL: Throw_3 execution - source compiled test
FAIL: Throw_3 -findirect-dispatch execution - source compiled test
FAIL: Throw_3 -O3 execution - source compiled test
FAIL: Throw_3 -O3 -findirect-dispatch execution - source compiled test
FAIL: stacktrace execution - source compiled test
FAIL: stacktrace -findirect-dispatch execution - source compiled test
FAIL: stacktrace -O3 execution - source compiled test
FAIL: stacktrace -O3 -findirect-dispatch execution - source compiled test
=== libjava Summary for emx-avx-sim/-m32 ===
Running target emx-avx-sim
FAIL: StackTrace2 execution - source compiled test
FAIL: StackTrace2 -findirect-dispatch execution - source compiled test
FAIL: StackTrace2 -O3 execution - source compiled test
FAIL: StackTrace2 -O3 -findirect-dispatch execution - source compiled test
FAIL: Throw_3 execution - source compiled test
FAIL: Throw_3 -findirect-dispatch execution - source compiled test
FAIL: Throw_3 -O3 execution - source compiled test
FAIL: Throw_3 -O3 -findirect-dispatch execution - source compiled test
FAIL: stacktrace execution - source compiled test
FAIL: stacktrace -findirect-dispatch execution - source compiled test
FAIL: stacktrace -O3 execution - source compiled test
FAIL: stacktrace -O3 -findirect-dispatch execution - source compiled test
=== libjava Summary for emx-avx-sim ===
=== libjava Summary ===
# of expected passes 5100
# of unexpected failures 24
# of untested testcases 24
=== libmudflap tests ===
Running target emx-avx-sim/-m32
FAIL: libmudflap.c/fail31-frag.c (-O3) crash test
FAIL: libmudflap.c/fail31-frag.c (-O3) output pattern test
FAIL: libmudflap.c/pass45-frag.c (-O3) execution test
FAIL: libmudflap.c/pass45-frag.c (-O3) output pattern test
FAIL: libmudflap.c/pass45-frag.c (-O3) execution test
FAIL: libmudflap.c/pass45-frag.c (-O3) output pattern test
FAIL: externs-12 execution
FAIL: externs-21 execution
FAIL: externs-12 execution -static
FAIL: externs-21 execution -static
FAIL: externs-12 execution -O2
FAIL: externs-21 execution -O2
FAIL: externs-12 execution -O3
FAIL: externs-21 execution -O3
FAIL: libmudflap.c++/pass41-frag.cxx execution test
FAIL: libmudflap.c++/pass41-frag.cxx (-static) execution test
FAIL: libmudflap.c++/pass41-frag.cxx ( -O) execution test
FAIL: libmudflap.c++/pass41-frag.cxx (-O2) execution test
FAIL: libmudflap.c++/pass41-frag.cxx (-O3) execution test
FAIL: ctors-12 execution
FAIL: ctors-21 execution
FAIL: ctors-12 execution -static
FAIL: ctors-21 execution -static
FAIL: ctors-12 execution -O2
FAIL: ctors-21 execution -O2
FAIL: ctors-12 execution -O3
FAIL: ctors-21 execution -O3
WARNING: program timed out.
FAIL: libmudflap.cth/pass40-frag.c execution test
FAIL: libmudflap.cth/pass40-frag.c output pattern test
WARNING: program timed out.
FAIL: libmudflap.cth/pass40-frag.c (-static -DSTATIC) execution test
FAIL: libmudflap.cth/pass40-frag.c (-static -DSTATIC) output pattern test
WARNING: program timed out.
FAIL: libmudflap.cth/pass40-frag.c (-O2) execution test
FAIL: libmudflap.cth/pass40-frag.c (-O2) output pattern test
WARNING: program timed out.
FAIL: libmudflap.cth/pass40-frag.c (-O3) execution test
FAIL: libmudflap.cth/pass40-frag.c (-O3) output pattern test
=== libmudflap Summary for emx-avx-sim/-m32 ===
# of expected passes 344
# of unexpected failures 8
Running target emx-avx-sim
FAIL: libmudflap.c/fail31-frag.c (-O3) output pattern test
FAIL: libmudflap.c/pass45-frag.c (-O3) execution test
FAIL: libmudflap.c/pass45-frag.c (-O3) output pattern test
FAIL: libmudflap.c/pass45-frag.c (-O3) execution test
FAIL: libmudflap.c/pass45-frag.c (-O3) output pattern test
FAIL: libmudflap.c++/pass41-frag.cxx execution test
FAIL: libmudflap.c++/pass41-frag.cxx (-static) execution test
FAIL: libmudflap.c++/pass41-frag.cxx ( -O) execution test
FAIL: libmudflap.c++/pass41-frag.cxx (-O2) execution test
FAIL: libmudflap.c++/pass41-frag.cxx (-O3) execution test
WARNING: program timed out.
FAIL: libmudflap.cth/pass40-frag.c execution test
FAIL: libmudflap.cth/pass40-frag.c output pattern test
WARNING: program timed out.
FAIL: libmudflap.cth/pass40-frag.c (-static -DSTATIC) execution test
FAIL: libmudflap.cth/pass40-frag.c (-static -DSTATIC) output pattern test
WARNING: program timed out.
FAIL: libmudflap.cth/pass40-frag.c (-O2) execution test
FAIL: libmudflap.cth/pass40-frag.c (-O2) output pattern test
WARNING: program timed out.
FAIL: libmudflap.cth/pass40-frag.c (-O3) execution test
FAIL: libmudflap.cth/pass40-frag.c (-O3) output pattern test
=== libmudflap Summary for emx-avx-sim ===
# of expected passes 344
# of unexpected failures 8
=== libmudflap Summary ===
# of expected passes 3735
# of unexpected failures 53
=== libstdc++ tests ===
Running target emx-avx-sim/-m32
FAIL: 21_strings/basic_string/cons/char/1.cc execution test
FAIL: 21_strings/basic_string/cons/wchar_t/1.cc execution test
FAIL: 21_strings/basic_string/init-list.cc execution test
FAIL: 21_strings/basic_string/insert/char/1.cc execution test
FAIL: 21_strings/basic_string/insert/wchar_t/1.cc execution test
FAIL: 22_locale/locale/cons/12438.cc execution test
FAIL: 23_containers/map/init-list.cc execution test
FAIL: 23_containers/multimap/init-list.cc execution test
FAIL: 23_containers/multiset/init-list.cc execution test
FAIL: 23_containers/set/init-list.cc execution test
FAIL: 23_containers/unordered_map/init-list.cc execution test
FAIL: 23_containers/unordered_multimap/init-list.cc execution test
FAIL: 23_containers/unordered_multiset/init-list.cc execution test
FAIL: 23_containers/unordered_set/init-list.cc execution test
XPASS: 26_numerics/headers/cmath/c99_classification_macros_c.cc (test for excess errors)
FAIL: 26_numerics/valarray/init-list.cc execution test
FAIL: 27_io/ios_base/storage/1.cc execution test
FAIL: 27_io/ios_base/storage/2.cc execution test
FAIL: 27_io/ios_base/storage/3.cc execution test
FAIL: ext/pb_ds/regression/list_update_no_data_map_rand.cc execution test
FAIL: ext/vstring/init-list.cc execution test
=== libstdc++ Summary for emx-avx-sim/-m32 ===
# of expected passes 6834
# of unexpected failures 20
# of unexpected successes 1
# of expected failures 86
# of unsupported tests 83
Running target emx-avx-sim
FAIL: 21_strings/basic_string/cons/char/1.cc execution test
FAIL: 21_strings/basic_string/cons/wchar_t/1.cc execution test
FAIL: 21_strings/basic_string/init-list.cc execution test
FAIL: 21_strings/basic_string/insert/char/1.cc execution test
FAIL: 21_strings/basic_string/insert/wchar_t/1.cc execution test
FAIL: 22_locale/locale/cons/12438.cc execution test
FAIL: 23_containers/map/init-list.cc execution test
FAIL: 23_containers/multimap/init-list.cc execution test
FAIL: 23_containers/multiset/init-list.cc execution test
FAIL: 23_containers/set/init-list.cc execution test
FAIL: 23_containers/unordered_map/init-list.cc execution test
FAIL: 23_containers/unordered_multimap/init-list.cc execution test
FAIL: 23_containers/unordered_multiset/init-list.cc execution test
FAIL: 23_containers/unordered_set/init-list.cc execution test
XPASS: 26_numerics/headers/cmath/c99_classification_macros_c.cc (test for excess errors)
FAIL: 26_numerics/valarray/init-list.cc execution test
FAIL: 27_io/ios_base/storage/1.cc execution test
FAIL: 27_io/ios_base/storage/2.cc execution test
FAIL: 27_io/ios_base/storage/3.cc execution test
FAIL: ext/pb_ds/regression/list_update_no_data_map_rand.cc execution test
FAIL: ext/vstring/init-list.cc execution test
=== libstdc++ Summary for emx-avx-sim ===
# of expected passes 6979
# of unexpected failures 20
# of unexpected successes 1
# of expected failures 88
# of unsupported tests 13
=== libstdc++ Summary ===
# of expected passes 13815
# of unexpected failures 40
# of unexpected successes 2
# of expected failures 174
# of unsupported tests 96
Compiler version: 4.5.0 20090928 (experimental) [trunk revision 152251] (GCC)
Platform: x86_64-unknown-linux-gnu
configure flags: --enable-clocale=gnu --with-system-zlib --enable-checking=assert --with-demangler-in-ld --enable-shared --enable-threads=posix --enable-haifa --prefix=/usr/gcc-4.5-avx --with-local-prefix=/usr/local
More information about the Gcc-testresults
mailing list