Results for 4.5.0 20090922 (experimental) [trunk revision 152032] (GCC) testsuite on sparc-sun-solaris2.11
Rainer Orth
ro@CeBiTec.Uni-Bielefeld.DE
Wed Sep 23 09:35:00 GMT 2009
LAST_UPDATED: Tue Sep 22 17:54:21 UTC 2009 (revision 152032)
=== acats tests ===
=== acats Summary ===
# of expected passes 2315
# of unexpected failures 0
Native configuration is sparc-sun-solaris2.11
=== g++ tests ===
Running target unix
WARNING: g++.dg/other/ucnid-1.C compilation failed to produce executable
FAIL: g++.old-deja/g++.mike/eh16.C (test for excess errors)
FAIL: g++.old-deja/g++.mike/eh17.C (test for excess errors)
FAIL: g++.old-deja/g++.mike/p5571.C (test for excess errors)
XPASS: g++.old-deja/g++.other/init19.C execution test
=== g++ Summary for unix ===
# of expected passes 20209
# of unexpected failures 3
# of unexpected successes 1
# of expected failures 154
# of unsupported tests 199
Running target unix/-m64
WARNING: g++.dg/other/ucnid-1.C compilation failed to produce executable
FAIL: g++.old-deja/g++.mike/eh16.C (test for excess errors)
FAIL: g++.old-deja/g++.mike/eh17.C (test for excess errors)
FAIL: g++.old-deja/g++.mike/p5571.C (test for excess errors)
XPASS: g++.old-deja/g++.other/init19.C execution test
=== g++ Summary for unix/-m64 ===
# of expected passes 20170
# of unexpected failures 3
# of unexpected successes 1
# of expected failures 154
# of unsupported tests 200
=== g++ Summary ===
# of expected passes 40379
# of unexpected failures 6
# of unexpected successes 2
# of expected failures 308
# of unsupported tests 399
/vol/gcc/obj/gcc-4.5.0-20090922/11-gcc/gcc/testsuite/g++/../../g++ version 4.5.0 20090922 (experimental) [trunk revision 152032] (GCC)
=== gcc tests ===
Running target unix
WARNING: program timed out.
FAIL: gcc.c-torture/compile/20001226-1.c -O3 -g (test for excess errors)
FAIL: gcc.c-torture/compile/20010605-1.c -O0 (internal compiler error)
FAIL: gcc.c-torture/compile/20010605-1.c -O0 (test for excess errors)
FAIL: gcc.c-torture/compile/pr38789.c -O0 (test for excess errors)
FAIL: gcc.c-torture/compile/pr38789.c -O1 (test for excess errors)
FAIL: gcc.c-torture/compile/pr38789.c -O2 (test for excess errors)
FAIL: gcc.c-torture/compile/pr38789.c -O3 -fomit-frame-pointer (test for excess errors)
FAIL: gcc.c-torture/compile/pr38789.c -O3 -g (test for excess errors)
FAIL: gcc.c-torture/compile/pr38789.c -Os (test for excess errors)
FAIL: gcc.c-torture/execute/930513-1.c compilation, -O3 -g
UNRESOLVED: gcc.c-torture/execute/930513-1.c execution, -O3 -g
FAIL: gcc.c-torture/execute/builtin-prefetch-5.c compilation, -O3 -g (internal compiler error)
UNRESOLVED: gcc.c-torture/execute/builtin-prefetch-5.c execution, -O3 -g
FAIL: gcc.c-torture/execute/pr38819.c execution, -O2
FAIL: gcc.c-torture/execute/pr38819.c execution, -O3 -fomit-frame-pointer
FAIL: gcc.c-torture/execute/pr38819.c execution, -O3 -fomit-frame-pointer -funroll-loops
FAIL: gcc.c-torture/execute/pr38819.c execution, -O3 -fomit-frame-pointer -funroll-all-loops -finline-functions
FAIL: gcc.c-torture/execute/pr38819.c execution, -O3 -g
XPASS: gcc.dg/Warray-bounds.c (test for warnings, line 59)
XPASS: gcc.dg/Warray-bounds.c (test for warnings, line 65)
XPASS: gcc.dg/Wunreachable-8.c (test for bogus messages, line 7)
FAIL: gcc.dg/c99-stdint-1.c (test for excess errors)
FAIL: gcc.dg/c99-stdint-7.c (test for excess errors)
FAIL: gcc.dg/pr34668-1.c (internal compiler error)
FAIL: gcc.dg/pr34668-1.c (test for excess errors)
WARNING: gcc.dg/ucnid-11.c compilation failed to produce executable
WARNING: gcc.dg/ucnid-12.c compilation failed to produce executable
WARNING: gcc.dg/ucnid-2.c compilation failed to produce executable
WARNING: gcc.dg/ucnid-3.c compilation failed to produce executable
WARNING: gcc.dg/ucnid-4.c compilation failed to produce executable
FAIL: gcc.dg/ucnid-6.c (test for excess errors)
WARNING: gcc.dg/ucnid-6.c compilation failed to produce executable
FAIL: gcc.dg/ucnid-9.c (test for excess errors)
WARNING: gcc.dg/ucnid-9.c compilation failed to produce executable
XPASS: gcc.dg/struct/wo_prof_array_through_pointer.c scan-ipa-dump ipa_struct_reorg "Number of structures to transform is 1"
FAIL: gcc.dg/struct/wo_prof_double_malloc.c (internal compiler error)
FAIL: gcc.dg/struct/wo_prof_double_malloc.c (test for excess errors)
WARNING: gcc.dg/struct/wo_prof_double_malloc.c compilation failed to produce executable
FAIL: gcc.dg/torture/pr26565.c -O1 execution test
FAIL: gcc.dg/torture/pr26565.c -O2 execution test
FAIL: gcc.dg/torture/pr26565.c -Os execution test
ERROR: src: can't read "flags2": no such variable for " dg-skip-if 2 "" { ! { i?86-*-* x86_64-*-* } } { "*" } { "" } "
UNRESOLVED: /vol/gcc/src/gcc-dist/gcc/testsuite/gcc.dg/tree-prof/val-prof-7.c: can't read "flags2": no such variable for " dg-skip-if 2 "" { ! { i?86-*-* x86_64-*-* } } { "*" } { "" } "
FAIL: gcc.dg/vect/vect-multitypes-12.c scan-tree-dump-times vect "vectorized 1 loops" 1
FAIL: gcc.dg/vect/vect-multitypes-5.c scan-tree-dump-times vect "vectorized 1 loops" 1
FAIL: gcc.dg/vect/vect-multitypes-6.c scan-tree-dump-times vect "vectorized 1 loops" 1
FAIL: gcc.dg/vect/slp-multitypes-2.c execution test
FAIL: gcc.dg/vect/slp-multitypes-3.c scan-tree-dump-times vect "vectorized 1 loops" 1
FAIL: gcc.dg/vect/slp-multitypes-3.c scan-tree-dump-times vect "vectorizing stmts using SLP" 2
=== gcc Summary for unix ===
# of expected passes 52924
# of unexpected failures 33
# of unexpected successes 4
# of expected failures 195
# of unresolved testcases 3
# of unsupported tests 800
Running target unix/-m64
WARNING: program timed out.
FAIL: gcc.c-torture/compile/20001226-1.c -O3 -g (test for excess errors)
FAIL: gcc.c-torture/compile/pr38789.c -O0 (test for excess errors)
FAIL: gcc.c-torture/compile/pr38789.c -O1 (test for excess errors)
FAIL: gcc.c-torture/compile/pr38789.c -O2 (test for excess errors)
FAIL: gcc.c-torture/compile/pr38789.c -O3 -fomit-frame-pointer (test for excess errors)
FAIL: gcc.c-torture/compile/pr38789.c -O3 -g (test for excess errors)
FAIL: gcc.c-torture/compile/pr38789.c -Os (test for excess errors)
FAIL: gcc.c-torture/execute/930513-1.c compilation, -O3 -g
UNRESOLVED: gcc.c-torture/execute/930513-1.c execution, -O3 -g
FAIL: gcc.c-torture/execute/ipa-sra-2.c execution, -O0
FAIL: gcc.c-torture/execute/ipa-sra-2.c execution, -O1
FAIL: gcc.c-torture/execute/ipa-sra-2.c execution, -O2
FAIL: gcc.c-torture/execute/ipa-sra-2.c execution, -O3 -fomit-frame-pointer
FAIL: gcc.c-torture/execute/ipa-sra-2.c execution, -O3 -g
FAIL: gcc.c-torture/execute/ipa-sra-2.c execution, -Os
FAIL: gcc.dg/cpp/trad/include.c (internal compiler error)
FAIL: gcc.dg/cpp/trad/include.c (test for excess errors)
XPASS: gcc.dg/Warray-bounds.c (test for warnings, line 59)
XPASS: gcc.dg/Warray-bounds.c (test for warnings, line 65)
XPASS: gcc.dg/Wunreachable-8.c (test for bogus messages, line 7)
FAIL: gcc.dg/c99-stdint-1.c (test for excess errors)
FAIL: gcc.dg/c99-stdint-7.c (test for excess errors)
FAIL: gcc.dg/pr34668-1.c (internal compiler error)
FAIL: gcc.dg/pr34668-1.c (test for excess errors)
WARNING: gcc.dg/ucnid-11.c compilation failed to produce executable
WARNING: gcc.dg/ucnid-12.c compilation failed to produce executable
WARNING: gcc.dg/ucnid-2.c compilation failed to produce executable
WARNING: gcc.dg/ucnid-3.c compilation failed to produce executable
WARNING: gcc.dg/ucnid-4.c compilation failed to produce executable
FAIL: gcc.dg/ucnid-6.c (test for excess errors)
WARNING: gcc.dg/ucnid-6.c compilation failed to produce executable
FAIL: gcc.dg/ucnid-9.c (test for excess errors)
WARNING: gcc.dg/ucnid-9.c compilation failed to produce executable
XPASS: gcc.dg/struct/wo_prof_array_through_pointer.c scan-ipa-dump ipa_struct_reorg "Number of structures to transform is 1"
FAIL: gcc.dg/struct/wo_prof_double_malloc.c (internal compiler error)
FAIL: gcc.dg/struct/wo_prof_double_malloc.c (test for excess errors)
WARNING: gcc.dg/struct/wo_prof_double_malloc.c compilation failed to produce executable
FAIL: gcc.dg/torture/pr26565.c -O1 execution test
FAIL: gcc.dg/torture/pr26565.c -O2 execution test
FAIL: gcc.dg/torture/pr26565.c -Os execution test
ERROR: src: can't read "flags2": no such variable for " dg-skip-if 2 "" { ! { i?86-*-* x86_64-*-* } } { "*" } { "" } "
UNRESOLVED: /vol/gcc/src/gcc-dist/gcc/testsuite/gcc.dg/tree-prof/val-prof-7.c: can't read "flags2": no such variable for " dg-skip-if 2 "" { ! { i?86-*-* x86_64-*-* } } { "*" } { "" } "
=== gcc Summary for unix/-m64 ===
# of expected passes 52914
# of unexpected failures 27
# of unexpected successes 4
# of expected failures 196
# of unresolved testcases 2
# of unsupported tests 806
=== gcc Summary ===
# of expected passes 105838
# of unexpected failures 60
# of unexpected successes 8
# of expected failures 391
# of unresolved testcases 5
# of unsupported tests 1606
/vol/gcc/obj/gcc-4.5.0-20090922/11-gcc/gcc/xgcc version 4.5.0 20090922 (experimental) [trunk revision 152032] (GCC)
=== gfortran tests ===
Running target unix
FAIL: gfortran.dg/default_format_2.f90 -O0 execution test
FAIL: gfortran.dg/default_format_2.f90 -O1 execution test
FAIL: gfortran.dg/default_format_2.f90 -O2 execution test
FAIL: gfortran.dg/default_format_2.f90 -O3 -fomit-frame-pointer execution test
FAIL: gfortran.dg/default_format_2.f90 -O3 -fomit-frame-pointer -funroll-loops execution test
FAIL: gfortran.dg/default_format_2.f90 -O3 -fomit-frame-pointer -funroll-all-loops -finline-functions execution test
FAIL: gfortran.dg/default_format_2.f90 -O3 -g execution test
FAIL: gfortran.dg/default_format_2.f90 -Os execution test
FAIL: gfortran.dg/default_format_denormal_2.f90 -O0 execution test
FAIL: gfortran.dg/default_format_denormal_2.f90 -O1 execution test
FAIL: gfortran.dg/default_format_denormal_2.f90 -O2 execution test
FAIL: gfortran.dg/default_format_denormal_2.f90 -O3 -fomit-frame-pointer execution test
FAIL: gfortran.dg/default_format_denormal_2.f90 -O3 -fomit-frame-pointer -funroll-loops execution test
FAIL: gfortran.dg/default_format_denormal_2.f90 -O3 -fomit-frame-pointer -funroll-all-loops -finline-functions execution test
FAIL: gfortran.dg/default_format_denormal_2.f90 -O3 -g execution test
FAIL: gfortran.dg/default_format_denormal_2.f90 -Os execution test
FAIL: gfortran.dg/intrinsic_spread_2.f90 -O0 execution test
FAIL: gfortran.dg/intrinsic_spread_2.f90 -O1 execution test
FAIL: gfortran.dg/intrinsic_spread_2.f90 -O2 execution test
FAIL: gfortran.dg/intrinsic_spread_2.f90 -O3 -fomit-frame-pointer execution test
FAIL: gfortran.dg/intrinsic_spread_2.f90 -O3 -fomit-frame-pointer -funroll-loops execution test
FAIL: gfortran.dg/intrinsic_spread_2.f90 -O3 -fomit-frame-pointer -funroll-all-loops -finline-functions execution test
FAIL: gfortran.dg/intrinsic_spread_2.f90 -O3 -g execution test
FAIL: gfortran.dg/intrinsic_spread_2.f90 -Os execution test
FAIL: gfortran.dg/intrinsic_unpack_2.f90 -O3 -fomit-frame-pointer execution test
FAIL: gfortran.dg/intrinsic_unpack_2.f90 -O3 -fomit-frame-pointer -funroll-all-loops -finline-functions execution test
FAIL: gfortran.dg/intrinsic_unpack_2.f90 -O3 -g execution test
FAIL: gfortran.dg/large_real_kind_1.f90 -O0 execution test
FAIL: gfortran.dg/large_real_kind_1.f90 -O1 execution test
FAIL: gfortran.dg/large_real_kind_1.f90 -O2 execution test
FAIL: gfortran.dg/large_real_kind_1.f90 -O3 -fomit-frame-pointer execution test
FAIL: gfortran.dg/large_real_kind_1.f90 -O3 -fomit-frame-pointer -funroll-loops execution test
FAIL: gfortran.dg/large_real_kind_1.f90 -O3 -fomit-frame-pointer -funroll-all-loops -finline-functions execution test
FAIL: gfortran.dg/large_real_kind_1.f90 -O3 -g execution test
FAIL: gfortran.dg/large_real_kind_1.f90 -Os execution test
FAIL: gfortran.dg/large_real_kind_form_io_2.f90 -O0 execution test
FAIL: gfortran.dg/large_real_kind_form_io_2.f90 -O1 execution test
FAIL: gfortran.dg/large_real_kind_form_io_2.f90 -O2 execution test
FAIL: gfortran.dg/large_real_kind_form_io_2.f90 -O3 -fomit-frame-pointer execution test
FAIL: gfortran.dg/large_real_kind_form_io_2.f90 -O3 -fomit-frame-pointer -funroll-loops execution test
FAIL: gfortran.dg/large_real_kind_form_io_2.f90 -O3 -fomit-frame-pointer -funroll-all-loops -finline-functions execution test
FAIL: gfortran.dg/large_real_kind_form_io_2.f90 -O3 -g execution test
FAIL: gfortran.dg/large_real_kind_form_io_2.f90 -Os execution test
FAIL: gfortran.dg/proc_ptr_12.f90 -O3 -g (test for excess errors)
FAIL: gfortran.dg/proc_ptr_result_1.f90 -O3 -g (test for excess errors)
FAIL: gfortran.dg/stat_1.f90 -O0 execution test
FAIL: gfortran.dg/stat_1.f90 -O1 execution test
FAIL: gfortran.dg/stat_1.f90 -O2 execution test
FAIL: gfortran.dg/stat_1.f90 -O3 -fomit-frame-pointer execution test
FAIL: gfortran.dg/stat_1.f90 -O3 -fomit-frame-pointer -funroll-loops execution test
FAIL: gfortran.dg/stat_1.f90 -O3 -fomit-frame-pointer -funroll-all-loops -finline-functions execution test
FAIL: gfortran.dg/stat_1.f90 -O3 -g execution test
FAIL: gfortran.dg/stat_1.f90 -Os execution test
FAIL: gfortran.dg/stat_2.f90 -O0 execution test
FAIL: gfortran.dg/stat_2.f90 -O1 execution test
FAIL: gfortran.dg/stat_2.f90 -O2 execution test
FAIL: gfortran.dg/stat_2.f90 -O3 -fomit-frame-pointer execution test
FAIL: gfortran.dg/stat_2.f90 -O3 -fomit-frame-pointer -funroll-loops execution test
FAIL: gfortran.dg/stat_2.f90 -O3 -fomit-frame-pointer -funroll-all-loops -finline-functions execution test
FAIL: gfortran.dg/stat_2.f90 -O3 -g execution test
FAIL: gfortran.dg/stat_2.f90 -Os execution test
WARNING: program timed out.
FAIL: gfortran.dg/vect/fast-math-pr38968.f90 execution test
FAIL: gfortran.fortran-torture/execute/forall_7.f90 execution, -O2 -fomit-frame-pointer -finline-functions -funroll-loops
=== gfortran Summary for unix ===
# of expected passes 32021
# of unexpected failures 63
# of expected failures 16
# of unsupported tests 152
Running target unix/-m64
FAIL: gfortran.dg/default_format_2.f90 -O0 execution test
FAIL: gfortran.dg/default_format_2.f90 -O1 execution test
FAIL: gfortran.dg/default_format_2.f90 -O2 execution test
FAIL: gfortran.dg/default_format_2.f90 -O3 -fomit-frame-pointer execution test
FAIL: gfortran.dg/default_format_2.f90 -O3 -fomit-frame-pointer -funroll-loops execution test
FAIL: gfortran.dg/default_format_2.f90 -O3 -fomit-frame-pointer -funroll-all-loops -finline-functions execution test
FAIL: gfortran.dg/default_format_2.f90 -O3 -g execution test
FAIL: gfortran.dg/default_format_2.f90 -Os execution test
FAIL: gfortran.dg/default_format_denormal_2.f90 -O0 execution test
FAIL: gfortran.dg/default_format_denormal_2.f90 -O1 execution test
FAIL: gfortran.dg/default_format_denormal_2.f90 -O2 execution test
FAIL: gfortran.dg/default_format_denormal_2.f90 -O3 -fomit-frame-pointer execution test
FAIL: gfortran.dg/default_format_denormal_2.f90 -O3 -fomit-frame-pointer -funroll-loops execution test
FAIL: gfortran.dg/default_format_denormal_2.f90 -O3 -fomit-frame-pointer -funroll-all-loops -finline-functions execution test
FAIL: gfortran.dg/default_format_denormal_2.f90 -O3 -g execution test
FAIL: gfortran.dg/default_format_denormal_2.f90 -Os execution test
FAIL: gfortran.dg/intrinsic_spread_2.f90 -O0 execution test
FAIL: gfortran.dg/intrinsic_spread_2.f90 -O1 execution test
FAIL: gfortran.dg/intrinsic_spread_2.f90 -O2 execution test
FAIL: gfortran.dg/intrinsic_spread_2.f90 -O3 -fomit-frame-pointer execution test
FAIL: gfortran.dg/intrinsic_spread_2.f90 -O3 -fomit-frame-pointer -funroll-loops execution test
FAIL: gfortran.dg/intrinsic_spread_2.f90 -O3 -fomit-frame-pointer -funroll-all-loops -finline-functions execution test
FAIL: gfortran.dg/intrinsic_spread_2.f90 -O3 -g execution test
FAIL: gfortran.dg/intrinsic_spread_2.f90 -Os execution test
FAIL: gfortran.dg/large_real_kind_1.f90 -O0 execution test
FAIL: gfortran.dg/large_real_kind_1.f90 -O1 execution test
FAIL: gfortran.dg/large_real_kind_1.f90 -O2 execution test
FAIL: gfortran.dg/large_real_kind_1.f90 -O3 -fomit-frame-pointer execution test
FAIL: gfortran.dg/large_real_kind_1.f90 -O3 -fomit-frame-pointer -funroll-loops execution test
FAIL: gfortran.dg/large_real_kind_1.f90 -O3 -fomit-frame-pointer -funroll-all-loops -finline-functions execution test
FAIL: gfortran.dg/large_real_kind_1.f90 -O3 -g execution test
FAIL: gfortran.dg/large_real_kind_1.f90 -Os execution test
FAIL: gfortran.dg/large_real_kind_form_io_2.f90 -O0 execution test
FAIL: gfortran.dg/large_real_kind_form_io_2.f90 -O1 execution test
FAIL: gfortran.dg/large_real_kind_form_io_2.f90 -O2 execution test
FAIL: gfortran.dg/large_real_kind_form_io_2.f90 -O3 -fomit-frame-pointer execution test
FAIL: gfortran.dg/large_real_kind_form_io_2.f90 -O3 -fomit-frame-pointer -funroll-loops execution test
FAIL: gfortran.dg/large_real_kind_form_io_2.f90 -O3 -fomit-frame-pointer -funroll-all-loops -finline-functions execution test
FAIL: gfortran.dg/large_real_kind_form_io_2.f90 -O3 -g execution test
FAIL: gfortran.dg/large_real_kind_form_io_2.f90 -Os execution test
FAIL: gfortran.dg/proc_ptr_12.f90 -O3 -g (test for excess errors)
FAIL: gfortran.dg/proc_ptr_result_1.f90 -O3 -g (test for excess errors)
FAIL: gfortran.dg/stat_1.f90 -O0 execution test
FAIL: gfortran.dg/stat_1.f90 -O1 execution test
FAIL: gfortran.dg/stat_1.f90 -O2 execution test
FAIL: gfortran.dg/stat_1.f90 -O3 -fomit-frame-pointer execution test
FAIL: gfortran.dg/stat_1.f90 -O3 -fomit-frame-pointer -funroll-loops execution test
FAIL: gfortran.dg/stat_1.f90 -O3 -fomit-frame-pointer -funroll-all-loops -finline-functions execution test
FAIL: gfortran.dg/stat_1.f90 -O3 -g execution test
FAIL: gfortran.dg/stat_1.f90 -Os execution test
FAIL: gfortran.dg/stat_2.f90 -O0 execution test
FAIL: gfortran.dg/stat_2.f90 -O1 execution test
FAIL: gfortran.dg/stat_2.f90 -O2 execution test
FAIL: gfortran.dg/stat_2.f90 -O3 -fomit-frame-pointer execution test
FAIL: gfortran.dg/stat_2.f90 -O3 -fomit-frame-pointer -funroll-loops execution test
FAIL: gfortran.dg/stat_2.f90 -O3 -fomit-frame-pointer -funroll-all-loops -finline-functions execution test
FAIL: gfortran.dg/stat_2.f90 -O3 -g execution test
FAIL: gfortran.dg/stat_2.f90 -Os execution test
WARNING: program timed out.
FAIL: gfortran.dg/vect/fast-math-pr38968.f90 execution test
=== gfortran Summary for unix/-m64 ===
# of expected passes 32192
# of unexpected failures 59
# of expected failures 16
# of unsupported tests 71
=== gfortran Summary ===
# of expected passes 64213
# of unexpected failures 122
# of expected failures 32
# of unsupported tests 223
/vol/gcc/obj/gcc-4.5.0-20090922/11-gcc/gcc/testsuite/gfortran/../../gfortran version 4.5.0 20090922 (experimental) [trunk revision 152032] (GCC)
=== gnat tests ===
Running target unix
=== gnat Summary for unix ===
# of expected passes 693
# of expected failures 5
Running target unix/-m64
FAIL: gnat.dg/socket1.adb execution test
=== gnat Summary for unix/-m64 ===
# of expected passes 692
# of unexpected failures 1
# of expected failures 5
=== gnat Summary ===
# of expected passes 1385
# of unexpected failures 1
# of expected failures 10
=== objc tests ===
Running target unix
FAIL: objc/execute/forward-1.m execution, -O0 -fgnu-runtime
FAIL: objc/execute/forward-1.m execution, -O1 -fgnu-runtime
FAIL: objc/execute/forward-1.m execution, -O2 -fgnu-runtime
FAIL: objc/execute/forward-1.m execution, -O3 -fomit-frame-pointer -fgnu-runtime
FAIL: objc/execute/forward-1.m execution, -O3 -fomit-frame-pointer -funroll-loops -fgnu-runtime
FAIL: objc/execute/forward-1.m execution, -O3 -fomit-frame-pointer -funroll-all-loops -finline-functions -fgnu-runtime
FAIL: objc/execute/forward-1.m execution, -O3 -g -fgnu-runtime
FAIL: objc/execute/forward-1.m execution, -Os -fgnu-runtime
=== objc Summary for unix ===
# of expected passes 1867
# of unexpected failures 8
# of expected failures 7
# of unsupported tests 24
Running target unix/-m64
FAIL: objc/execute/forward-1.m execution, -O0 -fgnu-runtime
FAIL: objc/execute/forward-1.m execution, -O1 -fgnu-runtime
FAIL: objc/execute/forward-1.m execution, -O2 -fgnu-runtime
FAIL: objc/execute/forward-1.m execution, -O3 -fomit-frame-pointer -fgnu-runtime
FAIL: objc/execute/forward-1.m execution, -O3 -fomit-frame-pointer -funroll-loops -fgnu-runtime
FAIL: objc/execute/forward-1.m execution, -O3 -fomit-frame-pointer -funroll-all-loops -finline-functions -fgnu-runtime
FAIL: objc/execute/forward-1.m execution, -O3 -g -fgnu-runtime
FAIL: objc/execute/forward-1.m execution, -Os -fgnu-runtime
=== objc Summary for unix/-m64 ===
# of expected passes 1867
# of unexpected failures 8
# of expected failures 7
# of unsupported tests 24
=== objc Summary ===
# of expected passes 3734
# of unexpected failures 16
# of expected failures 14
# of unsupported tests 48
/vol/gcc/obj/gcc-4.5.0-20090922/11-gcc/gcc/xgcc version 4.5.0 20090922 (experimental) [trunk revision 152032] (GCC)
=== libffi tests ===
Running target unix
=== libffi Summary for unix ===
# of expected passes 1594
# of expected failures 10
# of unsupported tests 15
Running target unix/-m64
FAIL: libffi.call/cls_longdouble_va.c -O0 -W -Wall output pattern test, is 7.0
FAIL: libffi.call/cls_longdouble_va.c -O2 output pattern test, is 7.0
FAIL: libffi.call/cls_longdouble_va.c -O3 output pattern test, is 7.0
FAIL: libffi.call/cls_longdouble_va.c -Os output pattern test, is 7.0
FAIL: libffi.call/cls_longdouble_va.c -O2 -fomit-frame-pointer output pattern test, is 7.0
=== libffi Summary for unix/-m64 ===
# of expected passes 1589
# of unexpected failures 5
# of expected failures 10
# of unsupported tests 15
=== libffi Summary ===
# of expected passes 3183
# of unexpected failures 5
# of expected failures 20
# of unsupported tests 30
=== libgomp tests ===
Running target unix
FAIL: libgomp.c++/task-1.C -O (test for excess errors)
FAIL: libgomp.c++/task-6.C -O (test for excess errors)
=== libgomp Summary for unix ===
# of expected passes 2388
# of unexpected failures 2
# of unsupported tests 9
Running target unix/-m64
FAIL: libgomp.c++/task-1.C -O (test for excess errors)
FAIL: libgomp.c++/task-6.C -O (test for excess errors)
=== libgomp Summary for unix/-m64 ===
# of expected passes 2388
# of unexpected failures 2
# of unsupported tests 9
=== libgomp Summary ===
# of expected passes 4776
# of unexpected failures 4
# of unsupported tests 18
=== libjava tests ===
Running target unix
=== libjava Summary for unix ===
# of expected passes 2574
Running target unix/-m64
=== libjava Summary for unix/-m64 ===
# of expected passes 2574
=== libjava Summary ===
# of expected passes 5148
=== libstdc++ tests ===
Running target unix
FAIL: 21_strings/basic_string/inserters_extractors/char/6.cc (test for excess errors)
FAIL: 21_strings/basic_string/inserters_extractors/wchar_t/6.cc (test for excess errors)
FAIL: 22_locale/locale/cons/unicode.cc (test for excess errors)
FAIL: 23_containers/vector/cons/4.cc (test for excess errors)
WARNING: 23_containers/vector/cons/4.cc compilation failed to produce executable
FAIL: 25_algorithms/partition_copy/check_type.cc (test for excess errors)
FAIL: 25_algorithms/set_intersection/check_type.cc (test for excess errors)
FAIL: 26_numerics/headers/cmath/fabs_inline.cc (test for excess errors)
FAIL: 27_io/basic_istream/extractors_arithmetic/char/09.cc (test for excess errors)
XPASS: 27_io/basic_istream/extractors_arithmetic/char/12.cc execution test
FAIL: 27_io/basic_istream/extractors_arithmetic/wchar_t/09.cc (test for excess errors)
XPASS: 27_io/basic_istream/extractors_arithmetic/wchar_t/12.cc execution test
FAIL: 27_io/basic_istream/ws/char/1.cc (test for excess errors)
FAIL: 27_io/basic_istream/ws/wchar_t/1.cc (test for excess errors)
FAIL: 27_io/manipulators/standard/char/2.cc (test for excess errors)
FAIL: 27_io/manipulators/standard/wchar_t/2.cc (test for excess errors)
FAIL: 30_threads/call_once/39909.cc (test for excess errors)
FAIL: 30_threads/call_once/39909.cc execution test
FAIL: 30_threads/call_once/call_once1.cc (test for excess errors)
FAIL: 30_threads/call_once/call_once1.cc execution test
FAIL: ext/codecvt/1.cc (test for excess errors)
FAIL: ext/codecvt/char-1.cc (test for excess errors)
FAIL: ext/codecvt/char-2.cc (test for excess errors)
FAIL: ext/codecvt/wchar_t.cc (test for excess errors)
FAIL: ext/enc_filebuf/char/13189.cc (test for excess errors)
FAIL: ext/enc_filebuf/char/13598.cc (test for excess errors)
FAIL: ext/enc_filebuf/char/13598.cc execution test
FAIL: ext/enc_filebuf/wchar_t/13189.cc (test for excess errors)
FAIL: ext/new_allocator/deallocate_global.cc execution test
FAIL: ext/pb_ds/regression/hash_data_map_rand.cc (test for excess errors)
WARNING: ext/pb_ds/regression/hash_data_map_rand.cc compilation failed to produce executable
FAIL: ext/pb_ds/regression/hash_no_data_map_rand.cc (test for excess errors)
WARNING: ext/pb_ds/regression/hash_no_data_map_rand.cc compilation failed to produce executable
FAIL: ext/pb_ds/regression/list_update_data_map_rand.cc (test for excess errors)
FAIL: ext/pb_ds/regression/list_update_no_data_map_rand.cc (test for excess errors)
FAIL: ext/pb_ds/regression/priority_queue_rand.cc (test for excess errors)
FAIL: ext/pb_ds/regression/tree_data_map_rand.cc (test for excess errors)
FAIL: ext/pb_ds/regression/tree_no_data_map_rand.cc (test for excess errors)
FAIL: ext/pb_ds/regression/trie_data_map_rand.cc (test for excess errors)
FAIL: ext/pb_ds/regression/trie_no_data_map_rand.cc (test for excess errors)
FAIL: ext/throw_allocator/deallocate_global.cc execution test
=== libstdc++ Summary for unix ===
# of expected passes 6197
# of unexpected failures 36
# of unexpected successes 2
# of expected failures 88
# of unsupported tests 402
Running target unix/-m64
FAIL: 21_strings/basic_string/inserters_extractors/char/6.cc (test for excess errors)
FAIL: 21_strings/basic_string/inserters_extractors/wchar_t/6.cc (test for excess errors)
FAIL: 22_locale/locale/cons/unicode.cc (test for excess errors)
FAIL: 26_numerics/headers/cmath/fabs_inline.cc (test for excess errors)
FAIL: 27_io/basic_istream/extractors_arithmetic/char/09.cc (test for excess errors)
XPASS: 27_io/basic_istream/extractors_arithmetic/char/12.cc execution test
FAIL: 27_io/basic_istream/extractors_arithmetic/wchar_t/09.cc (test for excess errors)
XPASS: 27_io/basic_istream/extractors_arithmetic/wchar_t/12.cc execution test
FAIL: 27_io/basic_istream/ws/char/1.cc (test for excess errors)
FAIL: 27_io/basic_istream/ws/wchar_t/1.cc (test for excess errors)
FAIL: 27_io/manipulators/standard/char/2.cc (test for excess errors)
FAIL: 27_io/manipulators/standard/wchar_t/2.cc (test for excess errors)
FAIL: 30_threads/call_once/39909.cc (test for excess errors)
FAIL: 30_threads/call_once/call_once1.cc (test for excess errors)
FAIL: ext/codecvt/1.cc (test for excess errors)
FAIL: ext/codecvt/char-1.cc (test for excess errors)
FAIL: ext/codecvt/char-2.cc (test for excess errors)
FAIL: ext/codecvt/wchar_t.cc (test for excess errors)
FAIL: ext/enc_filebuf/char/13189.cc (test for excess errors)
FAIL: ext/enc_filebuf/char/13598.cc (test for excess errors)
FAIL: ext/enc_filebuf/char/13598.cc execution test
FAIL: ext/enc_filebuf/wchar_t/13189.cc (test for excess errors)
FAIL: ext/new_allocator/deallocate_global.cc execution test
FAIL: ext/pb_ds/regression/hash_data_map_rand.cc (test for excess errors)
FAIL: ext/pb_ds/regression/hash_no_data_map_rand.cc (test for excess errors)
FAIL: ext/pb_ds/regression/list_update_data_map_rand.cc (test for excess errors)
FAIL: ext/pb_ds/regression/list_update_no_data_map_rand.cc (test for excess errors)
FAIL: ext/pb_ds/regression/priority_queue_rand.cc (test for excess errors)
FAIL: ext/pb_ds/regression/tree_data_map_rand.cc (test for excess errors)
FAIL: ext/pb_ds/regression/tree_no_data_map_rand.cc (test for excess errors)
FAIL: ext/pb_ds/regression/trie_data_map_rand.cc (test for excess errors)
FAIL: ext/pb_ds/regression/trie_no_data_map_rand.cc (test for excess errors)
FAIL: ext/throw_allocator/deallocate_global.cc execution test
=== libstdc++ Summary for unix/-m64 ===
# of expected passes 6205
# of unexpected failures 31
# of unexpected successes 2
# of expected failures 88
# of unsupported tests 402
=== libstdc++ Summary ===
# of expected passes 12402
# of unexpected failures 67
# of unexpected successes 4
# of expected failures 176
# of unsupported tests 804
Compiler version: 4.5.0 20090922 (experimental) [trunk revision 152032] (GCC)
Platform: sparc-sun-solaris2.11
configure flags: --prefix=/vol/gcc --with-local-prefix=/vol/gcc --disable-nls --with-gmp=/vol/gcc --with-mpfr=/vol/gcc --enable-languages=c,c++,fortran,java,objc,ada --disable-libmudflap
BOOT_CFLAGS=-g -O2
More information about the Gcc-testresults
mailing list