Results for 4.5.0 20090920 (experimental) [trunk revision 151905] (GCC) testsuite on powerpc-apple-darwin8
IainS
developer@sandoe-acoustics.co.uk
Mon Sep 21 08:53:00 GMT 2009
Revision: 151905
SEE PR41405 -- this set of results is with dwarf2out.c at revision
151814
also with patch: http://gcc.gnu.org/ml/fortran/2009-09/msg00160.html
(gfortran results)
and patch: http://gcc.gnu.org/ml/gcc-patches/2009-01/ msg01069.html
(allows --with-dwarf2 on darwin8)
Path: /usr/local/dejagnu-1-4-4/bin:
/usr/local/gawk-3-1-6/bin:/usr/local/automake-1-11/bin:
/usr/local/autoconf-2-64/bin:/usr/local/gnu-m4-1-4-13/bin:/usr/local/
bin:/bin:/sbin:/usr/bin:/usr/sbin
uname -v : Darwin Kernel Version 8.11.0: Wed Oct 10 18:26:00 PDT
2007; root:xnu-792.24.17~1/RELEASE_PPC
arch : ppc machine : ppc970
box description: Dual 970MP
BOOTSTRAPped with gcc version 4.0.1 (Apple Computer, Inc. build 5370)
ld: Apple Computer, Inc. version cctools-622.9~2
m4 (GNU M4) 1.4.13
autoconf (GNU Autoconf) 2.64
automake (GNU automake) 1.11
dejagnu:
Expect version is 5.42.0
Tcl version is 8.4
Framework version is 1.4.4
gmp(4.2.4) / mpfr (2.3.2) built in tree
===========
LAST_UPDATED: Sun Sep 20 18:56:46 UTC 2009 (revision 151905)
Native configuration is powerpc-apple-darwin8
=== g++ tests ===
Running target unix
FAIL: g++.dg/abi/mangle11.C (test for warnings, line 10)
FAIL: g++.dg/abi/mangle11.C (test for excess errors)
FAIL: g++.dg/abi/mangle12.C (test for warnings, line 11)
FAIL: g++.dg/abi/mangle12.C (test for excess errors)
FAIL: g++.dg/abi/mangle17.C (test for warnings, line 8)
FAIL: g++.dg/abi/mangle17.C (test for warnings, line 11)
FAIL: g++.dg/abi/mangle17.C (test for excess errors)
FAIL: g++.dg/abi/mangle20-2.C (test for warnings, line 13)
FAIL: g++.dg/abi/mangle20-2.C (test for excess errors)
FAIL: g++.dg/eh/simd-3.C execution test
FAIL: g++.dg/eh/simd-4.C execution test
FAIL: g++.dg/ext/alignof2.C execution test
FAIL: g++.dg/tree-prof/partition1.C compilation, -g -fprofile-use
UNRESOLVED: g++.dg/tree-prof/partition1.C execution, -g -fprofile-
use
FAIL: g++.dg/tree-prof/partition1.C compilation, -O0 -fprofile-use
UNRESOLVED: g++.dg/tree-prof/partition1.C execution, -O0 -
fprofile-use
FAIL: g++.dg/tree-prof/partition1.C compilation, -O1 -fprofile-use
UNRESOLVED: g++.dg/tree-prof/partition1.C execution, -O1 -
fprofile-use
FAIL: g++.dg/tree-prof/partition1.C compilation, -O2 -fprofile-use
UNRESOLVED: g++.dg/tree-prof/partition1.C execution, -O2 -
fprofile-use
FAIL: g++.dg/tree-prof/partition1.C compilation, -O3 -fprofile-use
UNRESOLVED: g++.dg/tree-prof/partition1.C execution, -O3 -
fprofile-use
FAIL: g++.dg/tree-prof/partition1.C compilation, -O3 -g -fprofile-use
UNRESOLVED: g++.dg/tree-prof/partition1.C execution, -O3 -g -
fprofile-use
FAIL: g++.dg/tree-prof/partition1.C compilation, -Os -fprofile-use
UNRESOLVED: g++.dg/tree-prof/partition1.C execution, -Os -
fprofile-use
=== g++ Summary ===
# of expected passes 20126
# of unexpected failures 19
# of expected failures 152
# of unresolved testcases 7
# of unsupported tests 184
/Volumes/ScratchCS/gcc-4-5-reg-build-d8/gcc/testsuite/g++/../../g++
version 4.5.0 20090920 (experimental) [trunk revision 151905] (GCC)
=== gcc tests ===
Running target unix
FAIL: gcc.c-torture/compile/limits-exprparen.c -O0 (test for excess
errors)
FAIL: gcc.c-torture/compile/limits-exprparen.c -O1 (test for excess
errors)
FAIL: gcc.c-torture/compile/limits-exprparen.c -O2 (test for excess
errors)
FAIL: gcc.c-torture/compile/limits-exprparen.c -O3 -fomit-frame-
pointer (test for excess errors)
FAIL: gcc.c-torture/compile/limits-exprparen.c -O3 -g (test for
excess errors)
FAIL: gcc.c-torture/compile/limits-exprparen.c -Os (test for excess
errors)
XPASS: gcc.dg/Warray-bounds.c (test for warnings, line 59)
XPASS: gcc.dg/Warray-bounds.c (test for warnings, line 65)
XPASS: gcc.dg/Wunreachable-8.c (test for bogus messages, line 7)
FAIL: gcc.dg/and-1.c scan-assembler-not nand
FAIL: gcc.dg/c99-stdint-1.c (test for excess errors)
FAIL: gcc.dg/pr34668-1.c (internal compiler error)
FAIL: gcc.dg/pr34668-1.c (test for excess errors)
FAIL: gcc.dg/sms-2.c scan-rtl-dump-times sms "SMS succeeded" 1
FAIL: gcc.dg/sms-3.c scan-rtl-dump-times sms "SMS succeeded" 1
FAIL: gcc.dg/sms-4.c scan-rtl-dump-times sms "SMS succeeded" 1
FAIL: gcc.dg/sms-5.c scan-rtl-dump-times sms "SMS succeeded" 1
FAIL: gcc.dg/sms-6.c scan-rtl-dump-times sms "SMS succeeded" 3
FAIL: gcc.dg/sms-7.c scan-rtl-dump-times sms "SMS succeeded" 3
FAIL: gcc.dg/sms-8.c scan-rtl-dump-times sms "SMS succeeded" 1
FAIL: gcc.dg/ssp-1.c (test for excess errors)
FAIL: gcc.dg/ipa/ipa-sra-1.c scan-tree-dump eipa_sra "About to
replace expr cow.green with ISRA": dump file does not exist
FAIL: gcc.dg/ipa/ipa-sra-1.c scan-tree-dump eipa_sra "About to
replace expr cow.blue with ISRA": dump file does not exist
FAIL: gcc.dg/ipa/ipa-sra-2.c scan-tree-dump eipa_sra "About to
replace expr cow_.*D.->red with \\*ISRA": dump file does not exist
FAIL: gcc.dg/ipa/ipa-sra-2.c scan-tree-dump eipa_sra "About to
replace expr cow_.*D.->green with ISRA": dump file does not exist
FAIL: gcc.dg/ipa/ipa-sra-2.c scan-tree-dump eipa_sra "About to
replace expr calf_.*D.->red with \\*ISRA": dump file does not exist
FAIL: gcc.dg/ipa/ipa-sra-2.c scan-tree-dump eipa_sra "About to
replace expr calf_.*D.->green with ISRA": dump file does not exist
FAIL: gcc.dg/ipa/ipa-sra-3.c scan-tree-dump eipa_sra "base: z,
remove_param": dump file does not exist
FAIL: gcc.dg/ipa/ipa-sra-3.c scan-tree-dump eipa_sra "base: calf,
remove_param": dump file does not exist
FAIL: gcc.dg/ipa/ipa-sra-4.c scan-tree-dump eipa_sra "About to
replace expr \\*i_.*D. with ISRA": dump file does not exist
FAIL: gcc.dg/ipa/ipa-sra-4.c scan-tree-dump eipa_sra "About to
replace expr \\*l_.*D. with ISRA": dump file does not exist
FAIL: gcc.dg/ipa/ipa-sra-4.c scan-tree-dump-times eipa_sra "About to
replace expr *j_.*D. with ISRA" 0: dump file does not exist
FAIL: gcc.dg/ipa/ipa-sra-4.c scan-tree-dump-times eipa_sra "About to
replace expr *k_.*D. with ISRA" 0: dump file does not exist
FAIL: gcc.dg/ipa/ipa-sra-5.c scan-tree-dump-times eipa_sra "base: j,
remove_param" 0: dump file does not exist
XPASS: gcc.dg/struct/wo_prof_array_through_pointer.c scan-ipa-dump
ipa_struct_reorg "Number of structures to transform is 1"
FAIL: gcc.dg/struct/wo_prof_double_malloc.c (internal compiler error)
FAIL: gcc.dg/struct/wo_prof_double_malloc.c (test for excess errors)
WARNING: gcc.dg/struct/wo_prof_double_malloc.c compilation failed to
produce executable
ERROR: src: can't read "flags2": no such variable for " dg-skip-if 2
"" { ! { i?86-*-* x86_64-*-* } } { "*" } { "" } "
UNRESOLVED: /Volumes/ScratchCS/gcc-4-5-regtest/gcc/testsuite/gcc.dg/
tree-prof/val-prof-7.c: can't read "flags2": no such variable for "
dg-skip-if 2 "" { ! { i?86-*-* x86_64-*-* } } { "*" } { "" } "
FAIL: gcc.dg/tree-ssa/vrp47.c scan-tree-dump-times vrp1 "[xy][^ ]* !=" 0
FAIL: gcc.dg/tree-ssa/vrp47.c scan-tree-dump-times dom1 "x[^ ]* & y" 1
FAIL: gcc.dg/vect/costmodel/ppc/costmodel-vect-31d.c scan-tree-dump-
times vect "vectorization not profitable" 1
FAIL: gcc.dg/vect/costmodel/ppc/costmodel-vect-68d.c scan-tree-dump-
times vect "vectorization not profitable" 1
FAIL: gcc.dg/vect/costmodel/ppc/costmodel-vect-76a.c scan-tree-dump-
times vect "vectorized 1 loops" 1
FAIL: gcc.dg/vect/costmodel/ppc/costmodel-vect-76b.c scan-tree-dump-
times vect "vectorization not profitable" 1
FAIL: gcc.dg/vect/pr35821-altivec.c scan-tree-dump-times vect
"vectorized 1 loops" 1
FAIL: gcc.dg/vect/section-anchors-pr27770.c (test for excess errors)
FAIL: gcc.dg/vect/section-anchors-vect-69.c (test for excess errors)
FAIL: gcc.dg/vect/section-anchors-vect-69.c scan-tree-dump-times vect
"Alignment of access forced using peeling" 4
FAIL: gcc.dg/vect/aligned-section-anchors-nest-1.c (test for excess
errors)
FAIL: gcc.dg/vect/aligned-section-anchors-nest-1.c scan-ipa-dump-
times increase_alignment "Increasing alignment of decl" 3: dump file
does not exist
FAIL: gcc.dg/vmx/bug-2.c -O3 -fomit-frame-pointer (internal
compiler error)
FAIL: gcc.dg/vmx/bug-2.c -O3 -fomit-frame-pointer (test for excess
errors)
WARNING: gcc.dg/vmx/bug-2.c -O3 -fomit-frame-pointer compilation
failed to produce executable
FAIL: gcc.dg/vmx/bug-2.c -O3 -g (internal compiler error)
FAIL: gcc.dg/vmx/bug-2.c -O3 -g (test for excess errors)
WARNING: gcc.dg/vmx/bug-2.c -O3 -g compilation failed to produce
executable
FAIL: gcc.target/powerpc/405-dlmzb-strlen-1.c scan-assembler dlmzb\\\\.
FAIL: gcc.target/powerpc/440-dlmzb-strlen-1.c scan-assembler dlmzb\\\\.
FAIL: gcc.target/powerpc/asm-es-2.c scan-assembler asm1 3,4
FAIL: gcc.target/powerpc/asm-es-2.c scan-assembler asm2u 16\\\\(3\\\\)
FAIL: gcc.target/powerpc/asm-es-2.c scan-assembler asm3 0\\\\(3\\\\)
FAIL: gcc.target/powerpc/asm-es-2.c scan-assembler asm4 400\\\\(3\\\\)
FAIL: gcc.target/powerpc/ppc64-double-1.c scan-assembler-not stfd
=== gcc Summary ===
# of expected passes 54803
# of unexpected failures 56
# of unexpected successes 4
# of expected failures 157
# of unresolved testcases 1
# of unsupported tests 772
/Volumes/ScratchCS/gcc-4-5-reg-build-d8/gcc/xgcc version 4.5.0
20090920 (experimental) [trunk revision 151905] (GCC)
=== gfortran tests ===
Running target unix
FAIL: gfortran.dg/large_real_kind_3.F90 -O0 execution test
=== gfortran Summary ===
# of expected passes 32008
# of unexpected failures 1
# of expected failures 45
# of unsupported tests 158
/Volumes/ScratchCS/gcc-4-5-reg-build-d8/gcc/testsuite/gfortran/../../
gfortran version 4.5.0 20090920 (experimental) [trunk revision
151905] (GCC)
=== obj-c++ tests ===
Running target unix
XPASS: obj-c++.dg/comp-types-10.mm (test for excess errors)
XPASS: obj-c++.dg/cxx-ivars-2.mm execution test
XPASS: obj-c++.dg/encode-8.mm execution test
FAIL: obj-c++.dg/except-1.mm execution test
XPASS: obj-c++.dg/isa-field-1.mm (test for excess errors)
XPASS: obj-c++.dg/lookup-2.mm (test for excess errors)
ERROR: obj-c++.dg/stubify-2.mm: error executing dg-final: couldn't
open "stubify-2.mm.08.jump": no such file or directory
UNRESOLVED: obj-c++.dg/stubify-2.mm: error executing dg-final:
couldn't open "stubify-2.mm.08.jump": no such file or directory
XPASS: obj-c++.dg/try-catch-2.mm (test for excess errors)
XPASS: obj-c++.dg/try-catch-9.mm (test for excess errors)
=== obj-c++ Summary ===
# of expected passes 468
# of unexpected failures 1
# of unexpected successes 7
# of expected failures 3
# of unresolved testcases 1
/Volumes/ScratchCS/gcc-4-5-reg-build-d8/gcc/testsuite/obj-c++/../../g+
+ version 4.5.0 20090920 (experimental) [trunk revision 151905] (GCC)
=== objc tests ===
Running target unix
FAIL: objc/execute/exceptions/catchall-1.m execution, -O3 -fomit-
frame-pointer -fnext-runtime
FAIL: objc/execute/exceptions/catchall-1.m execution, -O3 -g -fnext-
runtime
FAIL: objc/execute/exceptions/local-variables-1.m execution, -O3 -
fomit-frame-pointer -fnext-runtime
FAIL: objc/execute/exceptions/local-variables-1.m execution, -O3 -g -
fnext-runtime
FAIL: objc/execute/forward-1.m execution, -O0 -fgnu-runtime
FAIL: objc/execute/forward-1.m execution, -O1 -fgnu-runtime
FAIL: objc/execute/forward-1.m execution, -O2 -fgnu-runtime
FAIL: objc/execute/forward-1.m execution, -O3 -fomit-frame-pointer -
fgnu-runtime
FAIL: objc/execute/forward-1.m execution, -O3 -fomit-frame-pointer -
funroll-loops -fgnu-runtime
FAIL: objc/execute/forward-1.m execution, -O3 -fomit-frame-pointer -
funroll-all-loops -finline-functions -fgnu-runtime
FAIL: objc/execute/forward-1.m execution, -O3 -g -fgnu-runtime
FAIL: objc/execute/forward-1.m execution, -Os -fgnu-runtime
FAIL: objc.dg-struct-layout-encoding-1/t001_main.m execution test
FAIL: objc.dg-struct-layout-encoding-1/t005_main.m execution test
FAIL: objc.dg-struct-layout-encoding-1/t009_main.m execution test
FAIL: objc.dg-struct-layout-encoding-1/t010_main.m execution test
FAIL: objc.dg-struct-layout-encoding-1/t013_main.m execution test
FAIL: objc.dg-struct-layout-encoding-1/t014_main.m execution test
FAIL: objc.dg-struct-layout-encoding-1/t016_main.m execution test
FAIL: objc.dg-struct-layout-encoding-1/t017_main.m execution test
FAIL: objc.dg-struct-layout-encoding-1/t018_main.m execution test
FAIL: objc.dg-struct-layout-encoding-1/t019_main.m execution test
FAIL: objc.dg-struct-layout-encoding-1/t020_main.m execution test
FAIL: objc.dg-struct-layout-encoding-1/t021_main.m execution test
FAIL: objc.dg-struct-layout-encoding-1/t023_main.m execution test
FAIL: objc.dg-struct-layout-encoding-1/t024_main.m execution test
=== objc Summary ===
# of expected passes 3130
# of unexpected failures 26
# of expected failures 17
# of unsupported tests 1
/Volumes/ScratchCS/gcc-4-5-reg-build-d8/gcc/xgcc version 4.5.0
20090920 (experimental) [trunk revision 151905] (GCC)
=== libgomp tests ===
Running target unix
FAIL: libgomp.fortran/crayptr2.f90 -O0 (test for excess errors)
WARNING: libgomp.fortran/crayptr2.f90 -O0 compilation failed to
produce executable
FAIL: libgomp.fortran/crayptr2.f90 -O1 (test for excess errors)
WARNING: libgomp.fortran/crayptr2.f90 -O1 compilation failed to
produce executable
FAIL: libgomp.fortran/crayptr2.f90 -O2 (test for excess errors)
WARNING: libgomp.fortran/crayptr2.f90 -O2 compilation failed to
produce executable
FAIL: libgomp.fortran/crayptr2.f90 -O3 -fomit-frame-pointer (test
for excess errors)
WARNING: libgomp.fortran/crayptr2.f90 -O3 -fomit-frame-pointer
compilation failed to produce executable
FAIL: libgomp.fortran/crayptr2.f90 -O3 -fomit-frame-pointer -funroll-
loops (test for excess errors)
WARNING: libgomp.fortran/crayptr2.f90 -O3 -fomit-frame-pointer -
funroll-loops compilation failed to produce executable
FAIL: libgomp.fortran/crayptr2.f90 -O3 -fomit-frame-pointer -funroll-
all-loops -finline-functions (test for excess errors)
WARNING: libgomp.fortran/crayptr2.f90 -O3 -fomit-frame-pointer -
funroll-all-loops -finline-functions compilation failed to produce
executable
FAIL: libgomp.fortran/crayptr2.f90 -O3 -g (test for excess errors)
WARNING: libgomp.fortran/crayptr2.f90 -O3 -g compilation failed to
produce executable
FAIL: libgomp.fortran/crayptr2.f90 -Os (test for excess errors)
WARNING: libgomp.fortran/crayptr2.f90 -Os compilation failed to
produce executable
FAIL: libgomp.fortran/pr32550.f90 -O0 (test for excess errors)
WARNING: libgomp.fortran/pr32550.f90 -O0 compilation failed to
produce executable
FAIL: libgomp.fortran/pr32550.f90 -O1 (test for excess errors)
WARNING: libgomp.fortran/pr32550.f90 -O1 compilation failed to
produce executable
FAIL: libgomp.fortran/pr32550.f90 -O2 (test for excess errors)
WARNING: libgomp.fortran/pr32550.f90 -O2 compilation failed to
produce executable
FAIL: libgomp.fortran/pr32550.f90 -O3 -fomit-frame-pointer (test
for excess errors)
WARNING: libgomp.fortran/pr32550.f90 -O3 -fomit-frame-pointer
compilation failed to produce executable
FAIL: libgomp.fortran/pr32550.f90 -O3 -fomit-frame-pointer -funroll-
loops (test for excess errors)
WARNING: libgomp.fortran/pr32550.f90 -O3 -fomit-frame-pointer -
funroll-loops compilation failed to produce executable
FAIL: libgomp.fortran/pr32550.f90 -O3 -fomit-frame-pointer -funroll-
all-loops -finline-functions (test for excess errors)
WARNING: libgomp.fortran/pr32550.f90 -O3 -fomit-frame-pointer -
funroll-all-loops -finline-functions compilation failed to produce
executable
FAIL: libgomp.fortran/pr32550.f90 -O3 -g (test for excess errors)
WARNING: libgomp.fortran/pr32550.f90 -O3 -g compilation failed to
produce executable
FAIL: libgomp.fortran/pr32550.f90 -Os (test for excess errors)
WARNING: libgomp.fortran/pr32550.f90 -Os compilation failed to
produce executable
=== libgomp Summary ===
# of expected passes 2120
# of unexpected failures 16
# of unsupported tests 128
=== libstdc++ tests ===
Running target unix
XPASS: 26_numerics/headers/cmath/c99_classification_macros_c.cc (test
for excess errors)
FAIL: ext/mt_allocator/deallocate_global_thread-1.cc execution test
FAIL: ext/mt_allocator/deallocate_global_thread-3.cc execution test
=== libstdc++ Summary ===
# of expected passes 5999
# of unexpected failures 2
# of unexpected successes 1
# of expected failures 82
# of unsupported tests 513
Compiler version: 4.5.0 20090920 (experimental) [trunk revision
151905] (GCC)
Platform: powerpc-apple-darwin8
configure flags: --prefix=/Volumes/ScratchCS/gcc-4-5-install --
target=powerpc-apple-darwin8 --host=powerpc-apple-darwin8 --
build=powerpc-apple-darwin8 --enable-languages=c,objc,c++,obj-c+
+,fortran --enable-version-specific-runtime-libs --enable-threads --
enable-checking=yes --program-suffix=-4.5reg --with-libiconv-prefix=/
usr --with-system-zlib --enable-stage1-languages=c,c++ --with-dwarf2
More information about the Gcc-testresults
mailing list