Results for 4.5.0 20090916 (experimental) [trunk revision 151782] (GCC) testsuite on i386-unknown-freebsd7.2
Loren James Rittle
rittle@latour.labs.mot.com
Thu Sep 17 20:21:00 GMT 2009
Using gmake with objdir configuration (see key)
sidestrapped-gas-2.20.51 sidestrapped-gld-2.20.51 gmake-3.81_3
libgmp-4.3.1 mpfr-2.4.1_1 ppl-0.10.2 cloog-ppl-0.15.7
LAST_UPDATED: Wed Sep 16 22:55:40 UTC 2009 (revision 151782)
Native configuration is i386-unknown-freebsd7.2
=== binutils tests ===
Running target unix
FAIL: simple objcopy of debug data
=== binutils Summary ===
# of expected passes 36
# of unexpected failures 1
# of unsupported tests 1
=== gas tests ===
Running target unix
FAIL: i386 displacement (Intel mode)
=== gas Summary ===
# of expected passes 212
# of unexpected failures 1
=== g++ tests ===
Running target unix
FAIL: c-c++-common/Wconversion-real.c (test for warnings, line 27)
FAIL: c-c++-common/Wconversion-real.c (test for warnings, line 28)
FAIL: g++.old-deja/g++.other/init18.C execution test
FAIL: g++.old-deja/g++.other/init19.C execution test
=== g++ Summary ===
# of expected passes 20768
# of unexpected failures 4
# of expected failures 152
# of unsupported tests 133
/usr/local/tmp/gcc-build-latour-mainline-0916/gcc/testsuite/g++/../../g++ version 4.5.0 20090916 (experimental) [trunk revision 151782] (GCC)
=== gcc tests ===
Running target unix
FAIL: gcc.c-torture/execute/conversion.c execution, -O0
FAIL: gcc.c-torture/execute/conversion.c execution, -O1
FAIL: gcc.c-torture/execute/ieee/copysign1.c execution, -O1
FAIL: gcc.c-torture/execute/ieee/copysign1.c execution, -O2
FAIL: gcc.c-torture/execute/ieee/copysign1.c execution, -O3 -fomit-frame-pointer
FAIL: gcc.c-torture/execute/ieee/copysign1.c execution, -O3 -fomit-frame-pointer -funroll-loops
FAIL: gcc.c-torture/execute/ieee/copysign1.c execution, -O3 -fomit-frame-pointer -funroll-all-loops -finline-functions
FAIL: gcc.c-torture/execute/ieee/copysign1.c execution, -O3 -g
FAIL: gcc.c-torture/execute/ieee/copysign1.c execution, -Os
FAIL: gcc.c-torture/execute/ieee/copysign2.c execution, -O1
FAIL: gcc.dg/20021014-1.c consider using \`-pg' instead of \`-p' with gprof(1) (test for errors, line )
FAIL: gcc.dg/20021014-1.c (test for excess errors)
XPASS: gcc.dg/Warray-bounds.c (test for warnings, line 59)
XPASS: gcc.dg/Warray-bounds.c (test for warnings, line 65)
XPASS: gcc.dg/Wunreachable-8.c (test for bogus messages, line 7)
FAIL: gcc.dg/pr34668-1.c (internal compiler error)
FAIL: gcc.dg/pr34668-1.c (test for excess errors)
FAIL: gcc.dg/utf-array-short-wchar.c (test for errors, line 38)
FAIL: gcc.dg/utf-array-short-wchar.c (test for errors, line 40)
FAIL: gcc.dg/utf-array-short-wchar.c (test for excess errors)
FAIL: c-c++-common/Wconversion-real.c -Wc++-compat -Wc++-compat (test for warnings, line 27)
FAIL: c-c++-common/Wconversion-real.c -Wc++-compat -Wc++-compat (test for warnings, line 28)
FAIL: largefile.c -O0 -g -I. -O0 -g -I. (test for excess errors)
FAIL: gcc.dg/pch/largefile.c -O0 -g assembly comparison
FAIL: largefile.c -O0 -I. -O0 -I. (test for excess errors)
FAIL: gcc.dg/pch/largefile.c -O0 assembly comparison
FAIL: largefile.c -O1 -I. -O1 -I. (test for excess errors)
FAIL: gcc.dg/pch/largefile.c -O1 assembly comparison
FAIL: largefile.c -O2 -I. -O2 -I. (test for excess errors)
FAIL: gcc.dg/pch/largefile.c -O2 assembly comparison
FAIL: largefile.c -O3 -fomit-frame-pointer -I. -O3 -fomit-frame-pointer -I. (test for excess errors)
FAIL: gcc.dg/pch/largefile.c -O3 -fomit-frame-pointer assembly comparison
FAIL: largefile.c -O3 -g -I. -O3 -g -I. (test for excess errors)
FAIL: gcc.dg/pch/largefile.c -O3 -g assembly comparison
FAIL: largefile.c -Os -I. -Os -I. (test for excess errors)
FAIL: gcc.dg/pch/largefile.c -Os assembly comparison
XPASS: gcc.dg/struct/wo_prof_array_through_pointer.c scan-ipa-dump ipa_struct_reorg "Number of structures to transform is 1"
FAIL: gcc.dg/struct/wo_prof_double_malloc.c (internal compiler error)
FAIL: gcc.dg/struct/wo_prof_double_malloc.c (test for excess errors)
WARNING: gcc.dg/struct/wo_prof_double_malloc.c compilation failed to produce executable
FAIL: gcc.dg/torture/fp-int-convert-float.c -O0 -O0 execution test
FAIL: gcc.dg/torture/fp-int-convert-float.c -O1 -O1 execution test
FAIL: gcc.dg/torture/fp-int-convert-float.c -O2 -O2 execution test
FAIL: gcc.dg/torture/fp-int-convert-float.c -O3 -fomit-frame-pointer -O3 -fomit-frame-pointer execution test
FAIL: gcc.dg/torture/fp-int-convert-float.c -O3 -g -O3 -g execution test
FAIL: gcc.dg/torture/fp-int-convert-float.c -Os -Os execution test
FAIL: gcc.dg/torture/fp-int-convert-float128-timode.c -O0 -O0 (test for excess errors)
WARNING: gcc.dg/torture/fp-int-convert-float128-timode.c -O0 -O0 compilation failed to produce executable
FAIL: gcc.dg/torture/fp-int-convert-float128-timode.c -O1 -O1 (test for excess errors)
WARNING: gcc.dg/torture/fp-int-convert-float128-timode.c -O1 -O1 compilation failed to produce executable
FAIL: gcc.dg/torture/fp-int-convert-float128-timode.c -O2 -O2 (test for excess errors)
WARNING: gcc.dg/torture/fp-int-convert-float128-timode.c -O2 -O2 compilation failed to produce executable
FAIL: gcc.dg/torture/fp-int-convert-float128-timode.c -O3 -fomit-frame-pointer -O3 -fomit-frame-pointer (test for excess errors)
WARNING: gcc.dg/torture/fp-int-convert-float128-timode.c -O3 -fomit-frame-pointer -O3 -fomit-frame-pointer compilation failed to produce executable
FAIL: gcc.dg/torture/fp-int-convert-float128-timode.c -O3 -g -O3 -g (test for excess errors)
WARNING: gcc.dg/torture/fp-int-convert-float128-timode.c -O3 -g -O3 -g compilation failed to produce executable
FAIL: gcc.dg/torture/fp-int-convert-float128-timode.c -Os -Os (test for excess errors)
WARNING: gcc.dg/torture/fp-int-convert-float128-timode.c -Os -Os compilation failed to produce executable
FAIL: gcc.dg/torture/fp-int-convert-float128.c -O0 -O0 (test for excess errors)
WARNING: gcc.dg/torture/fp-int-convert-float128.c -O0 -O0 compilation failed to produce executable
FAIL: gcc.dg/torture/fp-int-convert-float128.c -O1 -O1 (test for excess errors)
WARNING: gcc.dg/torture/fp-int-convert-float128.c -O1 -O1 compilation failed to produce executable
FAIL: gcc.dg/torture/fp-int-convert-float128.c -O2 -O2 (test for excess errors)
WARNING: gcc.dg/torture/fp-int-convert-float128.c -O2 -O2 compilation failed to produce executable
FAIL: gcc.dg/torture/fp-int-convert-float128.c -O3 -fomit-frame-pointer -O3 -fomit-frame-pointer (test for excess errors)
WARNING: gcc.dg/torture/fp-int-convert-float128.c -O3 -fomit-frame-pointer -O3 -fomit-frame-pointer compilation failed to produce executable
FAIL: gcc.dg/torture/fp-int-convert-float128.c -O3 -g -O3 -g (test for excess errors)
WARNING: gcc.dg/torture/fp-int-convert-float128.c -O3 -g -O3 -g compilation failed to produce executable
FAIL: gcc.dg/torture/fp-int-convert-float128.c -Os -Os (test for excess errors)
WARNING: gcc.dg/torture/fp-int-convert-float128.c -Os -Os compilation failed to produce executable
FAIL: gcc.dg/torture/fp-int-convert-float80.c -O0 -O0 execution test
FAIL: gcc.dg/torture/fp-int-convert-float80.c -O1 -O1 execution test
FAIL: gcc.dg/torture/fp-int-convert-float80.c -O2 -O2 execution test
FAIL: gcc.dg/torture/fp-int-convert-float80.c -O3 -fomit-frame-pointer -O3 -fomit-frame-pointer execution test
FAIL: gcc.dg/torture/fp-int-convert-float80.c -O3 -g -O3 -g execution test
FAIL: gcc.dg/torture/fp-int-convert-float80.c -Os -Os execution test
FAIL: gcc.dg/torture/fp-int-convert-long-double.c -O0 -O0 execution test
FAIL: gcc.dg/torture/fp-int-convert-long-double.c -O1 -O1 execution test
FAIL: gcc.dg/torture/fp-int-convert-long-double.c -O2 -O2 execution test
FAIL: gcc.dg/torture/fp-int-convert-long-double.c -O3 -fomit-frame-pointer -O3 -fomit-frame-pointer execution test
FAIL: gcc.dg/torture/fp-int-convert-long-double.c -O3 -g -O3 -g execution test
FAIL: gcc.dg/torture/fp-int-convert-long-double.c -Os -Os execution test
XPASS: gcc.dg/tree-ssa/20040204-1.c scan-tree-dump-times optimized "link_error" 0
FAIL: gcc.dg/tree-ssa/ltrans-1.c scan-tree-dump-times ltrans "converted loop nest to perfect loop nest" 1
FAIL: gcc.dg/tree-ssa/ltrans-1.c scan-tree-dump-times ltrans "transformed loop" 1
FAIL: gcc.dg/tree-ssa/ltrans-3.c scan-tree-dump-times ltrans "transformed loop" 1
FAIL: gcc.dg/tree-ssa/ltrans-4.c scan-tree-dump-times ltrans "transformed loop" 1
FAIL: gcc.dg/tree-ssa/ltrans-5.c scan-tree-dump-times ltrans "transformed loop" 1
FAIL: gcc.dg/tree-ssa/ltrans-6.c scan-tree-dump-times ltrans "transformed loop" 1
FAIL: gcc.dg/tree-ssa/ltrans-8.c scan-tree-dump-times ltrans "transformed loop" 1
FAIL: gcc.dg/tree-ssa/vrp47.c scan-tree-dump-times vrp1 "[xy][^ ]* !=" 0
FAIL: gcc.dg/tree-ssa/vrp47.c scan-tree-dump-times dom1 "x[^ ]* & y" 1
FAIL: gcc.dg/tree-ssa/vrp47.c scan-tree-dump-times vrp1 "x[^ ]* [|] y" 1
FAIL: gcc.target/i386/excess-precision-1.c execution test
FAIL: gcc.target/i386/excess-precision-3.c execution test
FAIL: gcc.target/i386/pr36578-1.c execution test
FAIL: gcc.target/i386/pr36578-2.c execution test
=== gcc Summary ===
# of expected passes 58176
# of unexpected failures 79
# of unexpected successes 5
# of expected failures 198
# of unsupported tests 615
/usr/local/tmp/gcc-build-latour-mainline-0916/gcc/xgcc version 4.5.0 20090916 (experimental) [trunk revision 151782] (GCC)
=== gfortran tests ===
Running target unix
FAIL: gfortran.dg/ltrans-7.f90 -O -O scan-tree-dump-times ltrans "transformed loop" 1
=== gfortran Summary ===
# of expected passes 31861
# of unexpected failures 1
# of expected failures 29
# of unsupported tests 257
/usr/local/tmp/gcc-build-latour-mainline-0916/gcc/testsuite/gfortran/../../gfortran version 4.5.0 20090916 (experimental) [trunk revision 151782] (GCC)
=== objc tests ===
Running target unix
=== objc Summary ===
# of expected passes 1875
# of expected failures 7
# of unsupported tests 24
/usr/local/tmp/gcc-build-latour-mainline-0916/gcc/xgcc version 4.5.0 20090916 (experimental) [trunk revision 151782] (GCC)
=== libffi tests ===
Running target unix
=== libffi Summary ===
# of expected passes 1594
# of expected failures 10
# of unsupported tests 15
=== libgomp tests ===
Running target unix
=== libgomp Summary ===
# of expected passes 2404
# of unsupported tests 2
=== libjava tests ===
Running target unix
FAIL: PR16923.c compilation
FAIL: events output
FAIL: Throw_2 execution - source compiled test
FAIL: Throw_2 -findirect-dispatch execution - source compiled test
FAIL: Throw_2 -O3 execution - source compiled test
FAIL: Throw_2 -O3 -findirect-dispatch execution - source compiled test
=== libjava Summary ===
# of expected passes 2563
# of unexpected failures 6
# of untested testcases 4
=== libmudflap tests ===
Running target unix
FAIL: libmudflap.c/fail31-frag.c (-O3) output pattern test
FAIL: libmudflap.c/pass45-frag.c (-O3) execution test
FAIL: libmudflap.c/pass45-frag.c (-O3) output pattern test
FAIL: libmudflap.c/pass45-frag.c (-O3) execution test
FAIL: libmudflap.c/pass45-frag.c (-O3) output pattern test
FAIL: libmudflap.c++/pass41-frag.cxx execution test
FAIL: libmudflap.c++/pass41-frag.cxx (-static) execution test
FAIL: libmudflap.c++/pass41-frag.cxx ( -O) execution test
FAIL: libmudflap.c++/pass41-frag.cxx (-O2) execution test
FAIL: libmudflap.c++/pass41-frag.cxx (-O3) execution test
=== libmudflap Summary ===
# of expected passes 1884
# of unexpected failures 10
=== libstdc++ tests ===
Running target unix
FAIL: 27_io/basic_istream/extractors_arithmetic/char/12.cc execution test
FAIL: 27_io/basic_istream/extractors_arithmetic/wchar_t/12.cc execution test
=== libstdc++ Summary ===
# of expected passes 6157
# of unexpected failures 2
# of expected failures 86
# of unsupported tests 432
=== ld tests ===
Running target unix
FAIL: bootstrap with --static
=== ld Summary ===
# of expected passes 60
# of unexpected failures 1
# of expected failures 5
# of unsupported tests 4
Compiler version: 4.5.0 20090916 (experimental) [trunk revision 151782] (GCC)
Platform: i386-unknown-freebsd7.2
configure flags: --prefix=/usr/local/beta-gcc --with-gnu-as --with-gnu-ld
Key: gmake is GNU make
make is BSD make as shipped on i386-unknown-freebsd7.2
srcdir means in-source configuration was done within the gcc source tree
objdir means out-source configuration was done within a fresh directory
More information about the Gcc-testresults
mailing list