Results for 4.5.0 20090916 (experimental) [trunk revision 151771] (GCC) testsuite on i686-pc-linux-gnu
H.J. Lu ia32
hjl@gnu-31.sc.intel.com
Thu Sep 17 02:27:00 GMT 2009
LAST_UPDATED: Wed Sep 16 21:40:28 UTC 2009 (revision 151771)
Native configuration is i686-pc-linux-gnu
=== g++ tests ===
Running target unix
=== g++ Summary ===
# of expected passes 20894
# of expected failures 152
# of unsupported tests 110
/export/gnu/import/svn/gcc-test/bld/gcc/testsuite/g++/../../g++ version 4.5.0 20090916 (experimental) [trunk revision 151771] (GCC)
=== gcc tests ===
Running target unix
FAIL: gcc.c-torture/compile/limits-exprparen.c -O0 (test for excess errors)
FAIL: gcc.c-torture/compile/limits-exprparen.c -O1 (test for excess errors)
FAIL: gcc.c-torture/compile/limits-exprparen.c -O2 (test for excess errors)
FAIL: gcc.c-torture/compile/limits-exprparen.c -O3 -fomit-frame-pointer (test for excess errors)
FAIL: gcc.c-torture/compile/limits-exprparen.c -O3 -g (test for excess errors)
FAIL: gcc.c-torture/compile/limits-exprparen.c -Os (test for excess errors)
XPASS: gcc.dg/Warray-bounds.c (test for warnings, line 59)
XPASS: gcc.dg/Warray-bounds.c (test for warnings, line 65)
XPASS: gcc.dg/Wunreachable-8.c (test for bogus messages, line 7)
FAIL: gcc.dg/pr34668-1.c (internal compiler error)
FAIL: gcc.dg/pr34668-1.c (test for excess errors)
XPASS: gcc.dg/struct/wo_prof_array_through_pointer.c scan-ipa-dump ipa_struct_reorg "Number of structures to transform is 1"
FAIL: gcc.dg/struct/wo_prof_double_malloc.c (internal compiler error)
FAIL: gcc.dg/struct/wo_prof_double_malloc.c (test for excess errors)
WARNING: gcc.dg/struct/wo_prof_double_malloc.c compilation failed to produce executable
FAIL: gcc.dg/tls/alias-1.c (test for excess errors)
FAIL: gcc.dg/tls/diag-1.c (test for excess errors)
FAIL: gcc.dg/tls/diag-2.c (test for excess errors)
FAIL: gcc.dg/tls/diag-3.c (test for excess errors)
FAIL: gcc.dg/tls/diag-4.c (test for excess errors)
FAIL: gcc.dg/tls/diag-5.c (test for excess errors)
FAIL: gcc.dg/tls/diag-6.c (test for excess errors)
FAIL: gcc.dg/tls/init-1.c (test for excess errors)
FAIL: gcc.dg/tls/opt-11.c (test for excess errors)
WARNING: gcc.dg/tls/opt-11.c compilation failed to produce executable
FAIL: gcc.dg/tls/section-1.c (test for excess errors)
FAIL: gcc.dg/tls/trivial.c (test for excess errors)
FAIL: gcc.dg/tree-ssa/20030920-1.c (test for excess errors)
FAIL: gcc.dg/tree-ssa/alias-16.c (test for excess errors)
WARNING: gcc.dg/tree-ssa/alias-16.c compilation failed to produce executable
FAIL: gcc.dg/tree-ssa/ifc-3.c (test for excess errors)
FAIL: gcc.dg/tree-ssa/ivopts-1.c (test for excess errors)
FAIL: gcc.dg/tree-ssa/pr15791-1.c (test for excess errors)
FAIL: gcc.dg/tree-ssa/pr20739.c (test for excess errors)
FAIL: gcc.dg/weak/weak-6.c pointer conversion (test for errors, line 5)
FAIL: gcc.dg/weak/weak-6.c (test for excess errors)
FAIL: gcc.dg/weak/weak-7.c pointer conversion (test for errors, line 5)
FAIL: gcc.dg/weak/weak-7.c (test for excess errors)
FAIL: gcc.dg/weak/weak-8.c (test for excess errors)
=== gcc Summary ===
# of expected passes 59413
# of unexpected failures 32
# of unexpected successes 4
# of expected failures 199
# of unsupported tests 514
/export/gnu/import/svn/gcc-test/bld/gcc/xgcc version 4.5.0 20090916 (experimental) [trunk revision 151771] (GCC)
=== gfortran tests ===
Running target unix
=== gfortran Summary ===
# of expected passes 32167
# of expected failures 21
# of unsupported tests 112
/export/gnu/import/svn/gcc-test/bld/gcc/testsuite/gfortran/../../gfortran version 4.5.0 20090916 (experimental) [trunk revision 151771] (GCC)
=== objc tests ===
Running target unix
=== objc Summary ===
# of expected passes 1875
# of expected failures 7
# of unsupported tests 24
/export/gnu/import/svn/gcc-test/bld/gcc/xgcc version 4.5.0 20090916 (experimental) [trunk revision 151771] (GCC)
=== libffi tests ===
Running target unix
=== libffi Summary ===
# of expected passes 1589
# of expected failures 15
# of unsupported tests 15
=== libgomp tests ===
Running target unix
=== libgomp Summary ===
# of expected passes 2408
=== libjava tests ===
Running target unix
=== libjava Summary ===
# of expected passes 2574
=== libmudflap tests ===
Running target unix
FAIL: libmudflap.c/fail31-frag.c (-O3) output pattern test
FAIL: libmudflap.c/pass45-frag.c (-O3) execution test
FAIL: libmudflap.c/pass45-frag.c (-O3) output pattern test
FAIL: libmudflap.c/pass45-frag.c (-O3) execution test
FAIL: libmudflap.c/pass45-frag.c (-O3) output pattern test
FAIL: libmudflap.c++/pass41-frag.cxx execution test
FAIL: libmudflap.c++/pass41-frag.cxx (-static) execution test
FAIL: libmudflap.c++/pass41-frag.cxx ( -O) execution test
FAIL: libmudflap.c++/pass41-frag.cxx (-O2) execution test
FAIL: libmudflap.c++/pass41-frag.cxx (-O3) execution test
=== libmudflap Summary ===
# of expected passes 1884
# of unexpected failures 10
=== libstdc++ tests ===
Running target unix
XPASS: 26_numerics/headers/cmath/c99_classification_macros_c.cc (test for excess errors)
=== libstdc++ Summary ===
# of expected passes 6855
# of unexpected successes 1
# of expected failures 86
# of unsupported tests 83
Compiler version: 4.5.0 20090916 (experimental) [trunk revision 151771] (GCC)
Platform: i686-pc-linux-gnu
configure flags: --enable-clocale=gnu --with-system-zlib --enable-shared --with-demangler-in-ld
More information about the Gcc-testresults
mailing list