Results for 4.5.0 20090908 (experimental) [trunk revision 151529] (GCC) testsuite on hppa64-hp-hpux11.11
John David Anglin
dave@hiauly3.hia.nrc.ca
Wed Sep 9 15:36:00 GMT 2009
Native configuration is hppa64-hp-hpux11.11
=== g++ tests ===
Running target unix
FAIL: g++.dg/debug/dwarf2/namespace-1.C scan-assembler-times DW_AT_name: "not_emitted" 1
FAIL: g++.dg/debug/dwarf2/pubnames-1.C scan-assembler-times "main".*external name 1
FAIL: g++.dg/debug/dwarf2/template-func-params-6.C scan-assembler-times DW_AT_GNU_template_name: "vector" 1
FAIL: g++.dg/debug/dwarf2/template-func-params-7.C scan-assembler-times DW_AT_name: "printf<int, char, int>" 1
FAIL: g++.dg/debug/dwarf2/template-func-params-7.C scan-assembler-times DW_AT_name: "printf<char, int>" 1
FAIL: g++.dg/debug/dwarf2/template-func-params-7.C scan-assembler-times DW_AT_name: "printf<int>" 1
FAIL: g++.dg/debug/dwarf2/template-func-params-7.C scan-assembler-times DW_AT_name: "printf" 1
FAIL: g++.dg/debug/dwarf2/template-func-params-7.C scan-assembler-times DW_AT_name: "args#0" 2
FAIL: g++.dg/debug/dwarf2/template-func-params-7.C scan-assembler-times DW_AT_name: "PackTypes#1" 1
FAIL: g++.dg/debug/dwarf2/template-func-params-7.C scan-assembler-times DW_AT_name: "args#1" 1
FAIL: g++.dg/debug/dwarf2/template-params-6.C scan-assembler-times DW_AT_GNU_template_name: "vector" 1
UNRESOLVED: attribute_plugin.c compilation, -I. -I/test/gnu/gcc/gcc/gcc/testsuite -I/test/gnu/gcc/gcc/gcc/testsuite/../../gcc -I/test/gnu/gcc/objdir/gcc/testsuite/g++/../../../gcc -I/test/gnu/gcc/gcc/gcc/testsuite/../../include -I/test/gnu/gcc/gcc/gcc/testsuite/../../libcpp/include -I/opt/gnu64/gcc/gcc-4.5.0/include -DIN_GCC -fPIC -shared
UNRESOLVED: selfassign.c compilation, -I. -I/test/gnu/gcc/gcc/gcc/testsuite -I/test/gnu/gcc/gcc/gcc/testsuite/../../gcc -I/test/gnu/gcc/objdir/gcc/testsuite/g++/../../../gcc -I/test/gnu/gcc/gcc/gcc/testsuite/../../include -I/test/gnu/gcc/gcc/gcc/testsuite/../../libcpp/include -I/opt/gnu64/gcc/gcc-4.5.0/include -O -DIN_GCC -fPIC -shared
UNRESOLVED: dumb_plugin.c compilation, -I. -I/test/gnu/gcc/gcc/gcc/testsuite -I/test/gnu/gcc/gcc/gcc/testsuite/../../gcc -I/test/gnu/gcc/objdir/gcc/testsuite/g++/../../../gcc -I/test/gnu/gcc/gcc/gcc/testsuite/../../include -I/test/gnu/gcc/gcc/gcc/testsuite/../../libcpp/include -I/opt/gnu64/gcc/gcc-4.5.0/include -DIN_GCC -fPIC -shared
UNRESOLVED: header_plugin.c compilation, -I. -I/test/gnu/gcc/gcc/gcc/testsuite -I/test/gnu/gcc/gcc/gcc/testsuite/../../gcc -I/test/gnu/gcc/objdir/gcc/testsuite/g++/../../../gcc -I/test/gnu/gcc/gcc/gcc/testsuite/../../include -I/test/gnu/gcc/gcc/gcc/testsuite/../../libcpp/include -I/opt/gnu64/gcc/gcc-4.5.0/include -DIN_GCC -fPIC -shared
FAIL: g++.dg/torture/pr37922.C -O1 execution test
FAIL: g++.dg/torture/pr37922.C -O2 execution test
FAIL: g++.dg/torture/pr37922.C -O3 -fomit-frame-pointer execution test
FAIL: g++.dg/torture/pr37922.C -O3 -fomit-frame-pointer -funroll-loops execution test
FAIL: g++.dg/torture/pr37922.C -O3 -fomit-frame-pointer -funroll-all-loops -finline-functions execution test
FAIL: g++.dg/torture/pr37922.C -O3 -g execution test
FAIL: g++.dg/torture/pr37922.C -Os execution test
=== g++ Summary ===
# of expected passes 19186
# of unexpected failures 18
# of expected failures 154
# of unresolved testcases 4
# of unsupported tests 213
/test/gnu/gcc/objdir/gcc/testsuite/g++/../../g++ version 4.5.0 20090908 (experimental) [trunk revision 151529] (GCC)
=== gcc tests ===
Running target unix
XPASS: gcc.dg/Warray-bounds.c (test for warnings, line 59)
XPASS: gcc.dg/Warray-bounds.c (test for warnings, line 65)
XPASS: gcc.dg/Wunreachable-8.c (test for bogus messages, line 7)
XPASS: gcc.dg/funcorder.c scan-assembler-not link_error,%r
FAIL: gcc.dg/pr34668-1.c (internal compiler error)
FAIL: gcc.dg/pr34668-1.c (test for excess errors)
WARNING: program timed out.
UNRESOLVED: selfassign.c compilation, -I. -I/test/gnu/gcc/gcc/gcc/testsuite -I/test/gnu/gcc/gcc/gcc/testsuite/../../gcc -I/test/gnu/gcc/objdir/gcc/testsuite/gcc/../../../gcc -I/test/gnu/gcc/gcc/gcc/testsuite/../../include -I/test/gnu/gcc/gcc/gcc/testsuite/../../libcpp/include -I/opt/gnu64/gcc/gcc-4.5.0/include -O -DIN_GCC -fPIC -shared
UNRESOLVED: ggcplug.c compilation, -I. -I/test/gnu/gcc/gcc/gcc/testsuite -I/test/gnu/gcc/gcc/gcc/testsuite/../../gcc -I/test/gnu/gcc/objdir/gcc/testsuite/gcc/../../../gcc -I/test/gnu/gcc/gcc/gcc/testsuite/../../include -I/test/gnu/gcc/gcc/gcc/testsuite/../../libcpp/include -I/opt/gnu64/gcc/gcc-4.5.0/include -O -DIN_GCC -fPIC -shared
UNRESOLVED: one_time_plugin.c compilation, -I. -I/test/gnu/gcc/gcc/gcc/testsuite -I/test/gnu/gcc/gcc/gcc/testsuite/../../gcc -I/test/gnu/gcc/objdir/gcc/testsuite/gcc/../../../gcc -I/test/gnu/gcc/gcc/gcc/testsuite/../../include -I/test/gnu/gcc/gcc/gcc/testsuite/../../libcpp/include -I/opt/gnu64/gcc/gcc-4.5.0/include -DIN_GCC -fPIC -shared
UNRESOLVED: start_unit_plugin.c compilation, -I. -I/test/gnu/gcc/gcc/gcc/testsuite -I/test/gnu/gcc/gcc/gcc/testsuite/../../gcc -I/test/gnu/gcc/objdir/gcc/testsuite/gcc/../../../gcc -I/test/gnu/gcc/gcc/gcc/testsuite/../../include -I/test/gnu/gcc/gcc/gcc/testsuite/../../libcpp/include -I/opt/gnu64/gcc/gcc-4.5.0/include -DIN_GCC -fPIC -shared
UNRESOLVED: finish_unit_plugin.c compilation, -I. -I/test/gnu/gcc/gcc/gcc/testsuite -I/test/gnu/gcc/gcc/gcc/testsuite/../../gcc -I/test/gnu/gcc/objdir/gcc/testsuite/gcc/../../../gcc -I/test/gnu/gcc/gcc/gcc/testsuite/../../include -I/test/gnu/gcc/gcc/gcc/testsuite/../../libcpp/include -I/opt/gnu64/gcc/gcc-4.5.0/include -DIN_GCC -fPIC -shared
XPASS: gcc.dg/struct/wo_prof_array_through_pointer.c scan-ipa-dump ipa_struct_reorg "Number of structures to transform is 1"
FAIL: gcc.dg/struct/wo_prof_double_malloc.c (internal compiler error)
FAIL: gcc.dg/struct/wo_prof_double_malloc.c (test for excess errors)
WARNING: gcc.dg/struct/wo_prof_double_malloc.c compilation failed to produce executable
FAIL: gcc.dg/torture/pr26565.c -O1 execution test
FAIL: gcc.dg/torture/pr26565.c -O2 execution test
FAIL: gcc.dg/torture/pr26565.c -Os execution test
FAIL: gcc.dg/tree-prof/pr34999.c compilation, -fprofile-use -D_PROFILE_USE
UNRESOLVED: gcc.dg/tree-prof/pr34999.c execution, -fprofile-use -D_PROFILE_USE
=== gcc Summary ===
# of expected passes 50577
# of unexpected failures 8
# of unexpected successes 5
# of expected failures 83
# of unresolved testcases 6
# of unsupported tests 689
/test/gnu/gcc/objdir/gcc/xgcc version 4.5.0 20090908 (experimental) [trunk revision 151529] (GCC)
=== gfortran tests ===
Running target unix
=== gfortran Summary ===
# of expected passes 31160
# of expected failures 13
# of unsupported tests 268
/test/gnu/gcc/objdir/gcc/testsuite/gfortran/../../gfortran version 4.5.0 20090908 (experimental) [trunk revision 151529] (GCC)
=== obj-c++ tests ===
Running target unix
WARNING: obj-c++.dg/lookup-2.mm compilation failed to produce executable
WARNING: obj-c++.dg/try-catch-2.mm compilation failed to produce executable
WARNING: obj-c++.dg/try-catch-9.mm compilation failed to produce executable
=== obj-c++ Summary ===
# of expected passes 427
# of expected failures 21
# of unsupported tests 13
/test/gnu/gcc/objdir/gcc/testsuite/obj-c++/../../g++ version 4.5.0 20090908 (experimental) [trunk revision 151529] (GCC)
=== objc tests ===
Running target unix
=== objc Summary ===
# of expected passes 1865
# of expected failures 15
# of unsupported tests 25
/test/gnu/gcc/objdir/gcc/xgcc version 4.5.0 20090908 (experimental) [trunk revision 151529] (GCC)
=== libgomp tests ===
Running target unix
FAIL: libgomp.fortran/condinc2.f -O (test for excess errors)
FAIL: libgomp.fortran/condinc2.f -O execution test
FAIL: libgomp.fortran/condinc4.f90 -O (test for excess errors)
FAIL: libgomp.fortran/condinc4.f90 -O execution test
FAIL: libgomp.fortran/omp_cond2.f -O (test for excess errors)
FAIL: libgomp.fortran/omp_cond2.f -O execution test
FAIL: libgomp.fortran/omp_cond4.F90 -O (test for excess errors)
FAIL: libgomp.fortran/omp_cond4.F90 -O execution test
=== libgomp Summary ===
# of expected passes 2382
# of unexpected failures 8
# of unsupported tests 9
=== libstdc++ tests ===
Running target unix
FAIL: abi/demangle/abi_text/09.cc execution test
FAIL: abi/demangle/abi_text/10.cc execution test
FAIL: abi/demangle/regression/cw-11.cc execution test
FAIL: abi/demangle/regression/cw-15.cc execution test
FAIL: ext/new_allocator/deallocate_global.cc execution test
FAIL: ext/throw_allocator/deallocate_global.cc execution test
=== libstdc++ Summary ===
# of expected passes 5871
# of unexpected failures 6
# of expected failures 84
# of unsupported tests 574
Compiler version: 4.5.0 20090908 (experimental) [trunk revision 151529] (GCC)
Platform: hppa64-hp-hpux11.11
configure flags:Test Run By dave on Tue Sep 8 23:35:19 2009
More information about the Gcc-testresults
mailing list