Results for 4.5.0 20090905 (experimental) [trunk revision 151446] (GCC) testsuite on x86_64-apple-darwin9
Dominique Dhumieres
dominiq@lps.ens.fr
Sun Sep 6 07:13:00 GMT 2009
LAST_UPDATED: Updated Sat Sep 5 11:37:57 CEST 2009 to revision 151446.
Native configuration is x86_64-apple-darwin9
=== g++ tests ===
Running target unix
FAIL: g++.dg/debug/dwarf2/namespace-1.C scan-assembler-times DW_AT_name: "not_emitted" 1
FAIL: g++.dg/debug/dwarf2/pubnames-1.C scan-assembler-times .debug_pubnames 1
FAIL: g++.dg/debug/dwarf2/pubnames-1.C scan-assembler-times "main".*external name 1
FAIL: g++.dg/debug/dwarf2/template-func-params-6.C scan-assembler-times DW_AT_GNU_template_name: "vector" 1
FAIL: g++.dg/debug/dwarf2/template-func-params-7.C scan-assembler-times DW_AT_name: "printf<int, char, int>" 1
FAIL: g++.dg/debug/dwarf2/template-func-params-7.C scan-assembler-times DW_AT_name: "printf<char, int>" 1
FAIL: g++.dg/debug/dwarf2/template-func-params-7.C scan-assembler-times DW_AT_name: "printf<int>" 1
FAIL: g++.dg/debug/dwarf2/template-func-params-7.C scan-assembler-times DW_AT_name: "printf" 1
FAIL: g++.dg/debug/dwarf2/template-func-params-7.C scan-assembler-times DW_AT_name: "args#0" 2
FAIL: g++.dg/debug/dwarf2/template-func-params-7.C scan-assembler-times DW_AT_name: "PackTypes#1" 1
FAIL: g++.dg/debug/dwarf2/template-func-params-7.C scan-assembler-times DW_AT_name: "args#1" 1
FAIL: g++.dg/debug/dwarf2/template-params-6.C scan-assembler-times DW_AT_GNU_template_name: "vector" 1
FAIL: g++.dg/abi/mangle11.C (test for warnings, line 10)
FAIL: g++.dg/abi/mangle11.C (test for excess errors)
FAIL: g++.dg/abi/mangle12.C (test for warnings, line 11)
FAIL: g++.dg/abi/mangle12.C (test for excess errors)
FAIL: g++.dg/abi/mangle17.C (test for warnings, line 8)
FAIL: g++.dg/abi/mangle17.C (test for warnings, line 11)
FAIL: g++.dg/abi/mangle17.C (test for excess errors)
FAIL: g++.dg/abi/mangle20-2.C (test for warnings, line 13)
FAIL: g++.dg/abi/mangle20-2.C (test for excess errors)
FAIL: g++.dg/tree-prof/partition1.C compilation, -g -fprofile-use
UNRESOLVED: g++.dg/tree-prof/partition1.C execution, -g -fprofile-use
FAIL: g++.dg/tree-prof/partition1.C compilation, -O0 -fprofile-use
UNRESOLVED: g++.dg/tree-prof/partition1.C execution, -O0 -fprofile-use
FAIL: g++.dg/tree-prof/partition1.C compilation, -O1 -fprofile-use
UNRESOLVED: g++.dg/tree-prof/partition1.C execution, -O1 -fprofile-use
FAIL: g++.dg/tree-prof/partition1.C compilation, -O2 -fprofile-use
UNRESOLVED: g++.dg/tree-prof/partition1.C execution, -O2 -fprofile-use
FAIL: g++.dg/tree-prof/partition1.C compilation, -O3 -fprofile-use
UNRESOLVED: g++.dg/tree-prof/partition1.C execution, -O3 -fprofile-use
FAIL: g++.dg/tree-prof/partition1.C compilation, -O3 -g -fprofile-use
UNRESOLVED: g++.dg/tree-prof/partition1.C execution, -O3 -g -fprofile-use
FAIL: g++.dg/tree-prof/partition1.C compilation, -Os -fprofile-use
UNRESOLVED: g++.dg/tree-prof/partition1.C execution, -Os -fprofile-use
=== g++ Summary ===
# of expected passes 20251
# of unexpected failures 28
# of expected failures 152
# of unresolved testcases 7
# of unsupported tests 308
/Volumes/MacBook/opt/gcc/x86-darwin/gcc/testsuite/g++/../../g++ version 4.5.0 20090905 (experimental) [trunk revision 151446] (GCC)
=== gcc tests ===
Running target unix
XPASS: gcc.dg/Warray-bounds.c (test for warnings, line 59)
XPASS: gcc.dg/Warray-bounds.c (test for warnings, line 65)
XPASS: gcc.dg/Wunreachable-8.c (test for bogus messages, line 7)
FAIL: gcc.dg/pr34668-1.c (internal compiler error)
FAIL: gcc.dg/pr34668-1.c (test for excess errors)
FAIL: gcc.dg/graphite/run-id-1.c execution test
XPASS: gcc.dg/struct/wo_prof_array_through_pointer.c scan-ipa-dump ipa_struct_reorg "Number of structures to transform is 1"
FAIL: gcc.dg/struct/wo_prof_double_malloc.c (internal compiler error)
FAIL: gcc.dg/struct/wo_prof_double_malloc.c (test for excess errors)
WARNING: gcc.dg/struct/wo_prof_double_malloc.c compilation failed to produce executable
FAIL: gcc.dg/tree-prof/bb-reorg.c compilation, -fprofile-use -D_PROFILE_USE
UNRESOLVED: gcc.dg/tree-prof/bb-reorg.c execution, -fprofile-use -D_PROFILE_USE
FAIL: gcc.dg/tree-prof/pr34999.c compilation, -fprofile-use -D_PROFILE_USE
UNRESOLVED: gcc.dg/tree-prof/pr34999.c execution, -fprofile-use -D_PROFILE_USE
FAIL: gcc.target/x86_64/abi/test_struct_returning.c execution, -O3 -fomit-frame-pointer
FAIL: gcc.target/x86_64/abi/test_struct_returning.c execution, -O3 -fomit-frame-pointer -funroll-loops
FAIL: gcc.target/x86_64/abi/test_struct_returning.c execution, -O3 -fomit-frame-pointer -funroll-all-loops -finline-functions
FAIL: gcc.target/x86_64/abi/test_struct_returning.c execution, -O3 -g
=== gcc Summary ===
# of expected passes 56766
# of unexpected failures 11
# of unexpected successes 4
# of expected failures 209
# of unresolved testcases 2
# of unsupported tests 1432
/Volumes/MacBook/opt/gcc/x86-darwin/gcc/xgcc version 4.5.0 20090905 (experimental) [trunk revision 151446] (GCC)
=== gfortran tests ===
Running target unix
=== gfortran Summary ===
# of expected passes 32176
# of expected failures 34
# of unsupported tests 74
/Volumes/MacBook/opt/gcc/x86-darwin/gcc/testsuite/gfortran/../../gfortran version 4.5.0 20090905 (experimental) [trunk revision 151446] (GCC)
=== libffi tests ===
Running target unix
FAIL: libffi.call/cls_dbls_struct.c -O0 -W -Wall output pattern test, is 1.0 0.0
FAIL: libffi.call/cls_dbls_struct.c -O2 output pattern test, is 1.0 0.0
FAIL: libffi.call/cls_dbls_struct.c -O3 output pattern test, is 1.0 0.0
FAIL: libffi.call/cls_dbls_struct.c -Os output pattern test, is 1.0 0.0
FAIL: libffi.call/cls_dbls_struct.c -O2 -fomit-frame-pointer output pattern test, is 1.0 0.0
=== libffi Summary ===
# of expected passes 1589
# of unexpected failures 5
# of expected failures 10
# of unsupported tests 15
=== libgomp tests ===
Running target unix
FAIL: libgomp.graphite/force-parallel-2.c execution test
XPASS: libgomp.graphite/force-parallel-5.c scan-tree-dump-times optimized "loopfn.1" 5
=== libgomp Summary ===
# of expected passes 2191
# of unexpected failures 1
# of unexpected successes 1
# of unsupported tests 128
=== libjava tests ===
Running target unix
FAIL: PR16923 run
FAIL: events output
=== libjava Summary ===
# of expected passes 2572
# of unexpected failures 2
# of untested testcases 1
=== libstdc++ tests ===
Running target unix
XPASS: 26_numerics/headers/cmath/c99_classification_macros_c.cc (test for excess errors)
FAIL: ext/mt_allocator/deallocate_global_thread-1.cc execution test
FAIL: ext/mt_allocator/deallocate_global_thread-3.cc execution test
=== libstdc++ Summary ===
# of expected passes 5977
# of unexpected failures 2
# of unexpected successes 1
# of expected failures 82
# of unsupported tests 522
Compiler version: 4.5.0 20090905 (experimental) [trunk revision 151446] (GCC)
Platform: x86_64-apple-darwin9
configure flags: --prefix=/opt/gcc/gcc4.5x --mandir=/opt/gcc/gcc4.5x/share/man --infodir=/opt/gcc/gcc4.5x/share/info --build=x86_64-apple-darwin9 --host=x86_64-apple-darwin9 --target=x86_64-apple-darwin9 --enable-languages=c,c++,fortran,java --with-gmp=/sw64 --with-libiconv-prefix=/sw64 --with-system-zlib --x-includes=/usr/X11R6/include --x-libraries=/usr/X11R6/lib --with-cloog=/sw64 --with-ppl=/sw64 --disable-multilib
More information about the Gcc-testresults
mailing list