"Results for 4.5.0 20091030 (experimental) [trunk revision 153739] (GCC) testsuite on armv7l-unknown-linux-gnueabi"
Ramana Radhakrishnan
ramana.radhakrishnan@arm.com
Sat Oct 31 15:59:00 GMT 2009
Includes patch for Objective C test failures for ARM as here.
http://gcc.gnu.org/ml/gcc-patches/2009-10/msg01792.html
LAST_UPDATED: Fri Oct 30 11:12:01 UTC 2009 (revision 153739)
Native configuration is armv7l-unknown-linux-gnueabi
=== g++ tests ===
Running target unix
FAIL: g++.dg/abi/local1.C execution test
FAIL: g++.dg/cpp0x/decltype17.C execution test
FAIL: g++.dg/lookup/extern-c-redecl3.C scan-assembler call[\\t ]+fork
FAIL: g++.dg/lookup/extern-c-redecl4.C scan-assembler call[\
\t ]+_Z4forkv
FAIL: g++.dg/rtti/cv1.C execution test
FAIL: g++.dg/template/cond5.C (internal compiler error)
FAIL: g++.dg/template/cond5.C (test for excess errors)
FAIL: g++.dg/tree-ssa/new1.C scan-tree-dump-not forwprop1 "= .* \\+ -"
FAIL: 23:is 1:should be 2
FAIL: g++.dg/gcov/gcov-2.C gcov: 1 failures in line counts, 0 in branch
percentages, 0 in return percentages
=== g++ Summary ===
# of expected passes 20664
# of unexpected failures 10
# of expected failures 155
# of unsupported tests 153
/pdtl-toolchain-babbage/tools/build-r153739/gcc/testsuite/g++/../../g++
version 4.5.0 20091030 (experimental) [trunk revision 153739] (GCC)
=== gcc tests ===
Running target unix
WARNING: program timed out.
FAIL: gcc.c-torture/compile/20001226-1.c -O3 -g (test for excess
errors)
FAIL: gcc.c-torture/compile/limits-fnargs.c -O2 (test for excess
errors)
FAIL: gcc.c-torture/compile/limits-fnargs.c -O3 -fomit-frame-pointer
(test for excess errors)
=== obj-c++ tests ===
Running target unix
UNRESOLVED: obj-c++.dg/lookup-2.mm compilation failed to produce
executable
UNRESOLVED: obj-c++.dg/try-catch-2.mm compilation failed to produce
executable
UNRESOLVED: obj-c++.dg/try-catch-9.mm compilation failed to produce
executable
=== obj-c++ Summary ===
# of expected passes 438
# of expected failures 10
# of unresolved testcases 3
# of unsupported tests 13
/pdtl-toolchain-babbage/tools/build-r153739/gcc/testsuite/obj-c
++/../../g++ version 4.5.0 20091030 (experimental) [trunk revision
153739] (GCC)
=== objc tests ===
Running target unix
=== objc Summary ===
# of expected passes 1867
# of expected failures 15
# of unsupported tests 24
/pdtl-toolchain-babbage/tools/build-r153739/gcc/xgcc version 4.5.0
20091030 (experimental) [trunk revision 153739] (GCC)
Compiler version: 4.5.0 20091030 (experimental) [trunk revision 153739]
(GCC)
Platform: armv7l-unknown-linux-gnueabi
configure flags: --enable-languages=c,c++,objc,obj-c++
More information about the Gcc-testresults
mailing list