Results for 4.5.0 20091025 (GCC) testsuite on sparc-sun-solaris2.9
Eric Botcazou
botcazou@eu.adacore.com
Mon Oct 26 19:26:00 GMT 2009
=== acats tests ===
=== acats Summary ===
# of expected passes 2315
# of unexpected failures 0
Native configuration is sparc-sun-solaris2.9
=== g++ tests ===
Running target unix
XPASS: g++.dg/other/ucnid-1.C (test for excess errors)
UNRESOLVED: attribute_plugin.c compilation, -I. -I/nile.build/botcazou/gcc-head/src/gcc/testsuite -I/nile.build/botcazou/gcc-head/src/gcc/testsuite/../../gcc -I/nfs/nile/nile.build/botcazou/gcc-head/sparc-sun-solaris2.9/gcc/testsuite/g++/../../../gcc -I/nile.build/botcazou/gcc-head/src/gcc/testsuite/../../include -I/nile.build/botcazou/gcc-head/src/gcc/testsuite/../../libcpp/include -I/nile.build/botcazou/gcc-head/install_sparc/include -I/nile.build/botcazou/gcc-head/install_sparc/include -I/nile.build/botcazou/gcc-head/install_sparc/include -DIN_GCC -fPIC -shared
UNRESOLVED: selfassign.c compilation, -I. -I/nile.build/botcazou/gcc-head/src/gcc/testsuite -I/nile.build/botcazou/gcc-head/src/gcc/testsuite/../../gcc -I/nfs/nile/nile.build/botcazou/gcc-head/sparc-sun-solaris2.9/gcc/testsuite/g++/../../../gcc -I/nile.build/botcazou/gcc-head/src/gcc/testsuite/../../include -I/nile.build/botcazou/gcc-head/src/gcc/testsuite/../../libcpp/include -I/nile.build/botcazou/gcc-head/install_sparc/include -I/nile.build/botcazou/gcc-head/install_sparc/include -I/nile.build/botcazou/gcc-head/install_sparc/include -O -DIN_GCC -fPIC -shared
UNRESOLVED: dumb_plugin.c compilation, -I. -I/nile.build/botcazou/gcc-head/src/gcc/testsuite -I/nile.build/botcazou/gcc-head/src/gcc/testsuite/../../gcc -I/nfs/nile/nile.build/botcazou/gcc-head/sparc-sun-solaris2.9/gcc/testsuite/g++/../../../gcc -I/nile.build/botcazou/gcc-head/src/gcc/testsuite/../../include -I/nile.build/botcazou/gcc-head/src/gcc/testsuite/../../libcpp/include -I/nile.build/botcazou/gcc-head/install_sparc/include -I/nile.build/botcazou/gcc-head/install_sparc/include -I/nile.build/botcazou/gcc-head/install_sparc/include -DIN_GCC -fPIC -shared
UNRESOLVED: header_plugin.c compilation, -I. -I/nile.build/botcazou/gcc-head/src/gcc/testsuite -I/nile.build/botcazou/gcc-head/src/gcc/testsuite/../../gcc -I/nfs/nile/nile.build/botcazou/gcc-head/sparc-sun-solaris2.9/gcc/testsuite/g++/../../../gcc -I/nile.build/botcazou/gcc-head/src/gcc/testsuite/../../include -I/nile.build/botcazou/gcc-head/src/gcc/testsuite/../../libcpp/include -I/nile.build/botcazou/gcc-head/install_sparc/include -I/nile.build/botcazou/gcc-head/install_sparc/include -I/nile.build/botcazou/gcc-head/install_sparc/include -DIN_GCC -fPIC -shared
XPASS: g++.old-deja/g++.other/init19.C execution test
=== g++ Summary ===
# of expected passes 20960
# of unexpected successes 2
# of expected failures 158
# of unresolved testcases 4
# of unsupported tests 212
/nfs/nile/nile.build/botcazou/gcc-head/sparc-sun-solaris2.9/gcc/testsuite/g++/../../g++ version 4.5.0 20091025 for GNAT Pro 6.3.0w (20091024) (GCC)
=== gcc tests ===
Running target unix
WARNING: program timed out.
FAIL: gcc.c-torture/compile/20001226-1.c -O3 -g (test for excess errors)
FAIL: gcc.c-torture/compile/20010605-1.c -O0 (internal compiler error)
FAIL: gcc.c-torture/compile/20010605-1.c -O0 (test for excess errors)
FAIL: gcc.c-torture/execute/pr38819.c execution, -O2
FAIL: gcc.c-torture/execute/pr38819.c execution, -O3 -fomit-frame-pointer
FAIL: gcc.c-torture/execute/pr38819.c execution, -O3 -fomit-frame-pointer -funroll-loops
FAIL: gcc.c-torture/execute/pr38819.c execution, -O3 -fomit-frame-pointer -funroll-all-loops -finline-functions
FAIL: gcc.c-torture/execute/pr38819.c execution, -O3 -g
FAIL: gcc.c-torture/execute/pr38819.c execution, -O2 -flto
FAIL: gcc.c-torture/execute/pr38819.c execution, -O2 -fwhopr
XPASS: gcc.dg/Warray-bounds.c (test for warnings, line 59)
XPASS: gcc.dg/Warray-bounds.c (test for warnings, line 65)
XPASS: gcc.dg/Wunreachable-8.c (test for bogus messages, line 7)
FAIL: gcc.dg/pr34668-1.c (internal compiler error)
FAIL: gcc.dg/pr34668-1.c (test for excess errors)
XPASS: gcc.dg/ucnid-11.c (test for excess errors)
XPASS: gcc.dg/ucnid-12.c (test for excess errors)
XPASS: gcc.dg/ucnid-2.c (test for excess errors)
XPASS: gcc.dg/ucnid-3.c (test for excess errors)
XPASS: gcc.dg/ucnid-4.c (test for excess errors)
FAIL: gcc.dg/lto/20081201-2 c_lto_20081201-2_0.o-c_lto_20081201-2_1.o execute -O3 -fwhopr
FAIL: gcc.dg/lto/20090729 c_lto_20090729_0.o-c_lto_20090729_1.o link
UNRESOLVED: gcc.dg/lto/20090729 c_lto_20090729_0.o-c_lto_20090729_1.o execute -w
UNRESOLVED: selfassign.c compilation, -I. -I/nile.build/botcazou/gcc-head/src/gcc/testsuite -I/nile.build/botcazou/gcc-head/src/gcc/testsuite/../../gcc -I/nfs/nile/nile.build/botcazou/gcc-head/sparc-sun-solaris2.9/gcc/testsuite/gcc/../../../gcc -I/nile.build/botcazou/gcc-head/src/gcc/testsuite/../../include -I/nile.build/botcazou/gcc-head/src/gcc/testsuite/../../libcpp/include -I/nile.build/botcazou/gcc-head/install_sparc/include -I/nile.build/botcazou/gcc-head/install_sparc/include -I/nile.build/botcazou/gcc-head/install_sparc/include -O -DIN_GCC -fPIC -shared
UNRESOLVED: ggcplug.c compilation, -I. -I/nile.build/botcazou/gcc-head/src/gcc/testsuite -I/nile.build/botcazou/gcc-head/src/gcc/testsuite/../../gcc -I/nfs/nile/nile.build/botcazou/gcc-head/sparc-sun-solaris2.9/gcc/testsuite/gcc/../../../gcc -I/nile.build/botcazou/gcc-head/src/gcc/testsuite/../../include -I/nile.build/botcazou/gcc-head/src/gcc/testsuite/../../libcpp/include -I/nile.build/botcazou/gcc-head/install_sparc/include -I/nile.build/botcazou/gcc-head/install_sparc/include -I/nile.build/botcazou/gcc-head/install_sparc/include -O -DIN_GCC -fPIC -shared
UNRESOLVED: one_time_plugin.c compilation, -I. -I/nile.build/botcazou/gcc-head/src/gcc/testsuite -I/nile.build/botcazou/gcc-head/src/gcc/testsuite/../../gcc -I/nfs/nile/nile.build/botcazou/gcc-head/sparc-sun-solaris2.9/gcc/testsuite/gcc/../../../gcc -I/nile.build/botcazou/gcc-head/src/gcc/testsuite/../../include -I/nile.build/botcazou/gcc-head/src/gcc/testsuite/../../libcpp/include -I/nile.build/botcazou/gcc-head/install_sparc/include -I/nile.build/botcazou/gcc-head/install_sparc/include -I/nile.build/botcazou/gcc-head/install_sparc/include -DIN_GCC -fPIC -shared
UNRESOLVED: start_unit_plugin.c compilation, -I. -I/nile.build/botcazou/gcc-head/src/gcc/testsuite -I/nile.build/botcazou/gcc-head/src/gcc/testsuite/../../gcc -I/nfs/nile/nile.build/botcazou/gcc-head/sparc-sun-solaris2.9/gcc/testsuite/gcc/../../../gcc -I/nile.build/botcazou/gcc-head/src/gcc/testsuite/../../include -I/nile.build/botcazou/gcc-head/src/gcc/testsuite/../../libcpp/include -I/nile.build/botcazou/gcc-head/install_sparc/include -I/nile.build/botcazou/gcc-head/install_sparc/include -I/nile.build/botcazou/gcc-head/install_sparc/include -DIN_GCC -fPIC -shared
UNRESOLVED: finish_unit_plugin.c compilation, -I. -I/nile.build/botcazou/gcc-head/src/gcc/testsuite -I/nile.build/botcazou/gcc-head/src/gcc/testsuite/../../gcc -I/nfs/nile/nile.build/botcazou/gcc-head/sparc-sun-solaris2.9/gcc/testsuite/gcc/../../../gcc -I/nile.build/botcazou/gcc-head/src/gcc/testsuite/../../include -I/nile.build/botcazou/gcc-head/src/gcc/testsuite/../../libcpp/include -I/nile.build/botcazou/gcc-head/install_sparc/include -I/nile.build/botcazou/gcc-head/install_sparc/include -I/nile.build/botcazou/gcc-head/install_sparc/include -DIN_GCC -fPIC -shared
XPASS: gcc.dg/struct/wo_prof_array_through_pointer.c scan-ipa-dump ipa_struct_reorg "Number of structures to transform is 1"
FAIL: gcc.dg/struct/wo_prof_double_malloc.c (internal compiler error)
FAIL: gcc.dg/struct/wo_prof_double_malloc.c (test for excess errors)
WARNING: gcc.dg/struct/wo_prof_double_malloc.c compilation failed to produce executable
FAIL: gcc.dg/torture/pr26565.c -O1 execution test
FAIL: gcc.dg/torture/pr26565.c -O2 execution test
FAIL: gcc.dg/torture/pr26565.c -Os execution test
FAIL: gcc.dg/torture/pr26565.c -O2 -flto execution test
FAIL: gcc.dg/torture/pr26565.c -O2 -fwhopr execution test
FAIL: gcc.dg/vect/vect-multitypes-12.c scan-tree-dump-times vect "vectorized 1 loops" 1
FAIL: gcc.dg/vect/vect-multitypes-5.c scan-tree-dump-times vect "vectorized 1 loops" 1
FAIL: gcc.dg/vect/vect-multitypes-6.c scan-tree-dump-times vect "vectorized 1 loops" 1
FAIL: gcc.dg/vect/slp-multitypes-2.c execution test
FAIL: gcc.dg/vect/slp-multitypes-3.c scan-tree-dump-times vect "vectorized 1 loops" 1
FAIL: gcc.dg/vect/slp-multitypes-3.c scan-tree-dump-times vect "vectorizing stmts using SLP" 2
=== gcc Summary ===
# of expected passes 62498
# of unexpected failures 27
# of unexpected successes 9
# of expected failures 196
# of unresolved testcases 6
# of unsupported tests 921
/nfs/nile/nile.build/botcazou/gcc-head/sparc-sun-solaris2.9/gcc/xgcc version 4.5.0 20091025 for GNAT Pro 6.3.0w (20091024) (GCC)
=== gfortran tests ===
Running target unix
FAIL: gfortran.dg/lto/20091015-1 f_lto_20091015-1_0.o-f_lto_20091015-1_2.o link
UNRESOLVED: gfortran.dg/lto/20091015-1 f_lto_20091015-1_0.o-f_lto_20091015-1_2.o execute -O0 -fwhopr
FAIL: gfortran.dg/lto/20091015-1 f_lto_20091015-1_0.o-f_lto_20091015-1_2.o link
UNRESOLVED: gfortran.dg/lto/20091015-1 f_lto_20091015-1_0.o-f_lto_20091015-1_2.o execute -O2 -fwhopr
FAIL: gfortran.dg/lto/20091015-1 f_lto_20091015-1_0.o-f_lto_20091015-1_2.o link
UNRESOLVED: gfortran.dg/lto/20091015-1 f_lto_20091015-1_0.o-f_lto_20091015-1_2.o execute -O0 -flto
FAIL: gfortran.dg/lto/20091015-1 f_lto_20091015-1_0.o-f_lto_20091015-1_2.o link
UNRESOLVED: gfortran.dg/lto/20091015-1 f_lto_20091015-1_0.o-f_lto_20091015-1_2.o execute -O2 -flto
FAIL: gfortran.fortran-torture/execute/forall_7.f90 execution, -O2 -fomit-frame-pointer -finline-functions -funroll-loops
=== gfortran Summary ===
# of expected passes 32425
# of unexpected failures 5
# of expected failures 25
# of unresolved testcases 4
# of unsupported tests 302
/nfs/nile/nile.build/botcazou/gcc-head/sparc-sun-solaris2.9/gcc/testsuite/gfortran/../../gfortran version 4.5.0 20091025 for GNAT Pro 6.3.0w (20091024) (GCC)
=== gnat tests ===
Running target unix
FAIL: gnat.dg/null_pointer_deref1.adb execution test
=== gnat Summary ===
# of expected passes 730
# of unexpected failures 1
# of expected failures 5
# of unsupported tests 1
=== obj-c++ tests ===
Running target unix
WARNING: obj-c++.dg/lookup-2.mm compilation failed to produce executable
WARNING: obj-c++.dg/try-catch-2.mm compilation failed to produce executable
WARNING: obj-c++.dg/try-catch-9.mm compilation failed to produce executable
=== obj-c++ Summary ===
# of expected passes 438
# of expected failures 10
# of unsupported tests 13
/nfs/nile/nile.build/botcazou/gcc-head/sparc-sun-solaris2.9/gcc/testsuite/obj-c++/../../g++ version 4.5.0 20091025 for GNAT Pro 6.3.0w (20091024) (GCC)
=== objc tests ===
Running target unix
FAIL: objc/execute/forward-1.m execution, -O0 -fgnu-runtime
FAIL: objc/execute/forward-1.m execution, -O1 -fgnu-runtime
FAIL: objc/execute/forward-1.m execution, -O2 -fgnu-runtime
FAIL: objc/execute/forward-1.m execution, -O3 -fomit-frame-pointer -fgnu-runtime
FAIL: objc/execute/forward-1.m execution, -O3 -fomit-frame-pointer -funroll-loops -fgnu-runtime
FAIL: objc/execute/forward-1.m execution, -O3 -fomit-frame-pointer -funroll-all-loops -finline-functions -fgnu-runtime
FAIL: objc/execute/forward-1.m execution, -O3 -g -fgnu-runtime
FAIL: objc/execute/forward-1.m execution, -Os -fgnu-runtime
=== objc Summary ===
# of expected passes 1867
# of unexpected failures 8
# of expected failures 7
# of unsupported tests 24
/nfs/nile/nile.build/botcazou/gcc-head/sparc-sun-solaris2.9/gcc/xgcc version 4.5.0 20091025 for GNAT Pro 6.3.0w (20091024) (GCC)
=== libgomp tests ===
Running target unix
=== libgomp Summary ===
# of expected passes 2390
# of unsupported tests 9
=== libstdc++ tests ===
Running target unix
FAIL: ext/new_allocator/deallocate_global.cc execution test
FAIL: ext/throw_allocator/deallocate_global.cc execution test
=== libstdc++ Summary ===
# of expected passes 5903
# of unexpected failures 2
# of expected failures 86
# of unsupported tests 589
=== libstdc++ Summary ===
Compiler version: 4.5.0 20091025 for GNAT Pro 6.3.0w (20091024) (GCC)
Platform: sparc-sun-solaris2.9
configure flags: --prefix=/nile.build/botcazou/gcc-head/install_sparc --with-as=/nile.build/botcazou/gcc-head/install_sparc/bin/as --with-gmp=/nile.build/botcazou/gcc-head/install_sparc --with-mpfr=/nile.build/botcazou/gcc-head/install_sparc --with-mpc=/nile.build/botcazou/gcc-head/install_sparc --with-libelf=/nile.build/botcazou/gcc-head/install_sparc --enable-languages=c,c++,objc,obj-c++,fortran,ada --disable-libstdcxx-pch --disable-nls
BOOT_CFLAGS=-g -O2
More information about the Gcc-testresults
mailing list