Results for 4.4.2 testsuite on i686-pc-linux-gnu
Gabriele Inghirami
suonodelsilenzio@tiscalinet.it
Mon Oct 26 17:30:00 GMT 2009
Goodmorning.
I compiled gcc 4.4.2 using gcc 4.3.4.
My linux distribution is Slackware 12.2, with glibc 2.9, mpfr 2.4.1, gmp 4.3.1.
$ uname -a
Linux darkenergy 2.6.27.34 #1 PREEMPT Wed Sep 16 02:03:51 CEST 2009 i686 AMD Athlon(tm) 64 Processor 3200+ AuthenticAMD GNU/Linux
$ as -v
GNU assembler version 2.18.50.0.9 (i486-slackware-linux) using BFD version (Linux/GNU Binutils) 2.18.50.0.9.20080822
$ make -version
GNU Make 3.81
$ expect -version
expect version 5.44.1.11
$ autogen --version
autogen (GNU AutoGen) - The Automated Program Generator - Ver. 5.9.9
Thank you very much for your great work!
Best regards.
Gabriele Inghirami
-----------------------------------------------------------------------------------------------------------------
Native configuration is i686-pc-linux-gnu
=== gcc tests ===
Running target unix
FAIL: gcc.target/i386/avx-vmovntdq-256-1.c (test for excess errors)
WARNING: gcc.target/i386/avx-vmovntdq-256-1.c compilation failed to produce executable
FAIL: gcc.target/i386/avx-vmovntpd-256-1.c (test for excess errors)
WARNING: gcc.target/i386/avx-vmovntpd-256-1.c compilation failed to produce executable
FAIL: gcc.target/i386/avx-vmovntps-256-1.c (test for excess errors)
WARNING: gcc.target/i386/avx-vmovntps-256-1.c compilation failed to produce executable
=== gcc Summary ===
# of expected passes 57194
# of unexpected failures 3
# of expected failures 191
# of unsupported tests 449
/home/g/esaminandi/gcc-4.4.2/build/gcc/xgcc version 4.4.2 (GCC)
=== gfortran tests ===
Running target unix
=== gfortran Summary ===
# of expected passes 29678
# of expected failures 10
# of unsupported tests 105
/home/g/esaminandi/gcc-4.4.2/build/gcc/testsuite/gfortran/../../gfortran version 4.4.2 (GCC)
=== g++ tests ===
Running target unix
=== g++ Summary ===
# of expected passes 19935
# of expected failures 156
# of unsupported tests 112
/home/g/esaminandi/gcc-4.4.2/build/gcc/testsuite/g++/../../g++ version 4.4.2 (GCC)
=== libffi tests ===
Running target unix
=== libffi Summary ===
# of expected passes 1389
# of unsupported tests 10
=== libgomp tests ===
Running target unix
=== libgomp Summary ===
# of expected passes 2406
=== libjava tests ===
Running target unix
FAIL: PR16923.c compilation
=== libjava Summary ===
# of expected passes 2572
# of unexpected failures 1
=== libmudflap tests ===
Running target unix
FAIL: libmudflap.c++/pass41-frag.cxx execution test
FAIL: libmudflap.c++/pass41-frag.cxx (-static) execution test
FAIL: libmudflap.c++/pass41-frag.cxx (-O2) execution test
FAIL: libmudflap.c++/pass41-frag.cxx (-O3) execution test
=== libmudflap Summary ===
# of expected passes 1890
# of unexpected failures 4
=== libstdc++ tests ===
Running target unix
FAIL: abi_check
XPASS: 26_numerics/headers/cmath/c99_classification_macros_c.cc (test for excess errors)
=== libstdc++ Summary ===
# of expected passes 5856
# of unexpected failures 1
# of unexpected successes 1
# of expected failures 79
# of unsupported tests 338
Compiler version: 4.4.2 (GCC)
Platform: i686-pc-linux-gnu
configure flags: --prefix=/usr --enable-shared --enable-threads --enable-languages=c,c++,fortran,java --enable-__cxa_atexit
More information about the Gcc-testresults
mailing list