Results for 4.3.4 (GCC) testsuite on hppa-unknown-linux-gnu
John David Anglin
dave@mx3210.hia.nrc.ca
Mon Oct 12 12:13:00 GMT 2009
LAST_UPDATED:
=== acats tests ===
FAIL: cxf3a01
=== acats Summary ===
# of expected passes 2314
# of unexpected failures 1
Native configuration is hppa-unknown-linux-gnu
=== g++ tests ===
Running target unix
WARNING: program timed out.
FAIL: g++.old-deja/g++.brendan/crash52.C (test for errors, line 8)
FAIL: g++.old-deja/g++.brendan/crash52.C (test for errors, line 11)
FAIL: g++.old-deja/g++.brendan/crash52.C (test for excess errors)
=== g++ Summary ===
# of expected passes 17660
# of unexpected failures 3
# of expected failures 92
# of unsupported tests 141
/home/dave/gnu/gcc/objdir/gcc/testsuite/g++/../../g++ version 4.3.4 (GCC)
=== gcc tests ===
Running target unix
XPASS: gcc.dg/tree-ssa/loop-1.c scan-assembler-times foo 5
=== gcc Summary ===
# of expected passes 46595
# of unexpected successes 1
# of expected failures 92
# of untested testcases 35
# of unsupported tests 365
/home/dave/gnu/gcc/objdir/gcc/xgcc version 4.3.4 (GCC)
=== gfortran tests ===
Running target unix
=== gfortran Summary ===
# of expected passes 24682
# of expected failures 3
# of unsupported tests 140
/home/dave/gnu/gcc/objdir/gcc/testsuite/gfortran/../../gfortran version 4.3.4 (GCC)
=== gnat tests ===
Running target unix
=== gnat Summary ===
# of expected passes 375
# of expected failures 1
=== obj-c++ tests ===
Running target unix
UNRESOLVED: obj-c++.dg/lookup-2.mm compilation failed to produce executable
UNRESOLVED: obj-c++.dg/try-catch-2.mm compilation failed to produce executable
UNRESOLVED: obj-c++.dg/try-catch-9.mm compilation failed to produce executable
=== obj-c++ Summary ===
# of expected passes 437
# of expected failures 9
# of unresolved testcases 3
# of unsupported tests 13
/home/dave/gnu/gcc/objdir/gcc/testsuite/obj-c++/../../g++ version 4.3.4 (GCC)
=== objc tests ===
Running target unix
=== objc Summary ===
# of expected passes 1832
# of expected failures 7
# of unsupported tests 24
/home/dave/gnu/gcc/objdir/gcc/xgcc version 4.3.4 (GCC)
=== libffi tests ===
Running target unix
=== libffi Summary ===
# of expected passes 1389
# of unsupported tests 10
=== libgomp tests ===
Running target unix
=== libgomp Summary ===
# of expected passes 1749
# of unsupported tests 7
=== libjava tests ===
Running target unix
=== libjava Summary ===
# of expected passes 2562
=== libmudflap tests ===
Running target unix
FAIL: libmudflap.c++/pass41-frag.cxx execution test
FAIL: libmudflap.c++/pass41-frag.cxx (-static) execution test
FAIL: libmudflap.c++/pass41-frag.cxx ( -O) execution test
FAIL: libmudflap.c++/pass41-frag.cxx (-O2) execution test
FAIL: libmudflap.c++/pass41-frag.cxx (-O3) execution test
WARNING: program timed out.
FAIL: libmudflap.cth/pass40-frag.c execution test
FAIL: libmudflap.cth/pass40-frag.c output pattern test
WARNING: program timed out.
FAIL: libmudflap.cth/pass40-frag.c (-static -DSTATIC) execution test
FAIL: libmudflap.cth/pass40-frag.c (-static -DSTATIC) output pattern test
WARNING: program timed out.
FAIL: libmudflap.cth/pass40-frag.c (-O2) execution test
FAIL: libmudflap.cth/pass40-frag.c (-O2) output pattern test
WARNING: program timed out.
FAIL: libmudflap.cth/pass40-frag.c (-O3) execution test
FAIL: libmudflap.cth/pass40-frag.c (-O3) output pattern test
=== libmudflap Summary ===
# of expected passes 1836
# of unexpected failures 13
=== libstdc++ tests ===
Running target unix
FAIL: abi_check
FAIL: 22_locale/time_get/get_date/wchar_t/4.cc execution test
XPASS: 26_numerics/headers/cmath/c99_classification_macros_c.cc (test for excess errors)
WARNING: program timed out.
FAIL: thread/pthread7-rope.cc execution test
=== libstdc++ Summary ===
# of expected passes 5575
# of unexpected failures 3
# of unexpected successes 1
# of expected failures 59
# of unsupported tests 10
Compiler version: 4.3.4 (GCC)
Platform: hppa-unknown-linux-gnu
configure flags: --with-gnu-as --with-gnu-ld --enable-shared --prefix=/home/dave/opt/gnu/gcc/gcc-4.3.4 --with-local-prefix=/home/dave/opt/gnu --enable-threads=posix --enable-__cxa_atexit --build=hppa-linux --enable-clocale=gnu --enable-java-gc=boehm --enable-java-awt=xlib --enable-checking=release --enable-languages=c,c++,objc,fortran,obj-c++,java,ada
More information about the Gcc-testresults
mailing list