Results for 4.5.0 20091003 (experimental) [trunk revision 152434] (GCC) testsuite on x86_64-unknown-linux-gnu
H.J. Lu Intel64
hjl@gnu-33.sc.intel.com
Sun Oct 4 00:48:00 GMT 2009
LAST_UPDATED: Sat Oct 3 22:10:46 UTC 2009 (revision 152434)
Native configuration is x86_64-unknown-linux-gnu
=== g++ tests ===
Running target unix/-m32
FAIL: g++.dg/lto/20081109 cp_lto_20081109_0.o-cp_lto_20081109_1.o execute -O0 -fwhopr
FAIL: g++.dg/lto/20081109 cp_lto_20081109_0.o-cp_lto_20081109_1.o execute -O2 -fwhopr
FAIL: g++.dg/lto/20090106 cp_lto_20090106_0.o-cp_lto_20090106_0.o link
UNRESOLVED: g++.dg/lto/20090106 cp_lto_20090106_0.o-cp_lto_20090106_0.o execute -O0 -fwhopr
FAIL: g++.dg/lto/20090106 cp_lto_20090106_0.o-cp_lto_20090106_0.o link
UNRESOLVED: g++.dg/lto/20090106 cp_lto_20090106_0.o-cp_lto_20090106_0.o execute -O0 -flto
FAIL: g++.dg/lto/20090311 cp_lto_20090311_0.o-cp_lto_20090311_1.o link
UNRESOLVED: g++.dg/lto/20090311 cp_lto_20090311_0.o-cp_lto_20090311_1.o execute -O2 -fwhopr
FAIL: g++.dg/lto/20090311 cp_lto_20090311_0.o-cp_lto_20090311_1.o link, (internal compiler error)
UNRESOLVED: g++.dg/lto/20090311 cp_lto_20090311_0.o-cp_lto_20090311_1.o execute -O2 -flto
UNRESOLVED: selfassign.c compilation, -I. -I/export/gnu/import/svn/gcc-test/src-trunk/gcc/testsuite -I/export/gnu/import/svn/gcc-test/src-trunk/gcc/testsuite/../../gcc -I/export/gnu/import/svn/gcc-test/bld/gcc/testsuite/g++/../../../gcc -I/export/gnu/import/svn/gcc-test/src-trunk/gcc/testsuite/../../include -I/export/gnu/import/svn/gcc-test/src-trunk/gcc/testsuite/../../libcpp/include -O -DIN_GCC -fPIC -shared
UNRESOLVED: dumb_plugin.c compilation, -I. -I/export/gnu/import/svn/gcc-test/src-trunk/gcc/testsuite -I/export/gnu/import/svn/gcc-test/src-trunk/gcc/testsuite/../../gcc -I/export/gnu/import/svn/gcc-test/bld/gcc/testsuite/g++/../../../gcc -I/export/gnu/import/svn/gcc-test/src-trunk/gcc/testsuite/../../include -I/export/gnu/import/svn/gcc-test/src-trunk/gcc/testsuite/../../libcpp/include -DIN_GCC -fPIC -shared
=== g++ Summary for unix/-m32 ===
# of expected passes 6800
# of expected failures 26
# of unsupported tests 10
Running target unix
FAIL: g++.dg/lto/20090106 cp_lto_20090106_0.o-cp_lto_20090106_0.o link
UNRESOLVED: g++.dg/lto/20090106 cp_lto_20090106_0.o-cp_lto_20090106_0.o execute -O0 -fwhopr
FAIL: g++.dg/lto/20090106 cp_lto_20090106_0.o-cp_lto_20090106_0.o link
UNRESOLVED: g++.dg/lto/20090106 cp_lto_20090106_0.o-cp_lto_20090106_0.o execute -O0 -flto
FAIL: g++.dg/lto/20090311 cp_lto_20090311_0.o-cp_lto_20090311_1.o link
UNRESOLVED: g++.dg/lto/20090311 cp_lto_20090311_0.o-cp_lto_20090311_1.o execute -O2 -fwhopr
FAIL: g++.dg/lto/20090311 cp_lto_20090311_0.o-cp_lto_20090311_1.o link, (internal compiler error)
UNRESOLVED: g++.dg/lto/20090311 cp_lto_20090311_0.o-cp_lto_20090311_1.o execute -O2 -flto
UNRESOLVED: selfassign.c compilation, -I. -I/export/gnu/import/svn/gcc-test/src-trunk/gcc/testsuite -I/export/gnu/import/svn/gcc-test/src-trunk/gcc/testsuite/../../gcc -I/export/gnu/import/svn/gcc-test/bld/gcc/testsuite/g++/../../../gcc -I/export/gnu/import/svn/gcc-test/src-trunk/gcc/testsuite/../../include -I/export/gnu/import/svn/gcc-test/src-trunk/gcc/testsuite/../../libcpp/include -O -DIN_GCC -fPIC -shared
UNRESOLVED: dumb_plugin.c compilation, -I. -I/export/gnu/import/svn/gcc-test/src-trunk/gcc/testsuite -I/export/gnu/import/svn/gcc-test/src-trunk/gcc/testsuite/../../gcc -I/export/gnu/import/svn/gcc-test/bld/gcc/testsuite/g++/../../../gcc -I/export/gnu/import/svn/gcc-test/src-trunk/gcc/testsuite/../../include -I/export/gnu/import/svn/gcc-test/src-trunk/gcc/testsuite/../../libcpp/include -DIN_GCC -fPIC -shared
=== g++ Summary for unix ===
# of expected passes 6753
# of expected failures 26
# of unsupported tests 20
=== g++ Summary ===
# of expected passes 44290
# of unexpected failures 10
# of expected failures 308
# of unresolved testcases 12
# of unsupported tests 412
/export/gnu/import/svn/gcc-test/bld/gcc/testsuite/g++/../../g++ version 4.5.0 20091003 (experimental) [trunk revision 152434] (GCC)
=== gcc tests ===
Running target unix/-m32
FAIL: gcc.c-torture/compile/limits-exprparen.c -O0 (test for excess errors)
FAIL: gcc.c-torture/compile/limits-exprparen.c -O1 (test for excess errors)
FAIL: gcc.c-torture/compile/limits-exprparen.c -O2 (test for excess errors)
FAIL: gcc.c-torture/compile/limits-exprparen.c -O3 -fomit-frame-pointer (test for excess errors)
FAIL: gcc.c-torture/compile/limits-exprparen.c -O3 -g (test for excess errors)
FAIL: gcc.c-torture/compile/limits-exprparen.c -Os (test for excess errors)
FAIL: gcc.c-torture/compile/limits-exprparen.c -O2 -flto (test for excess errors)
FAIL: gcc.c-torture/compile/limits-exprparen.c -O2 -fwhopr (test for excess errors)
FAIL: gcc.c-torture/execute/builtins/sprintf-chk.c execution, -O2 -fwhopr
FAIL: gcc.c-torture/execute/builtins/stpcpy-chk.c execution, -O2 -fwhopr
FAIL: gcc.c-torture/execute/builtins/strcpy-chk.c execution, -O2 -fwhopr
XPASS: gcc.dg/Warray-bounds.c (test for warnings, line 59)
XPASS: gcc.dg/Warray-bounds.c (test for warnings, line 65)
XPASS: gcc.dg/Wunreachable-8.c (test for bogus messages, line 7)
FAIL: gcc.dg/pr34668-1.c (internal compiler error)
FAIL: gcc.dg/pr34668-1.c (test for excess errors)
UNRESOLVED: selfassign.c compilation, -I. -I/export/gnu/import/svn/gcc-test/src-trunk/gcc/testsuite -I/export/gnu/import/svn/gcc-test/src-trunk/gcc/testsuite/../../gcc -I/export/gnu/import/svn/gcc-test/bld/gcc/testsuite/gcc/../../../gcc -I/export/gnu/import/svn/gcc-test/src-trunk/gcc/testsuite/../../include -I/export/gnu/import/svn/gcc-test/src-trunk/gcc/testsuite/../../libcpp/include -O -DIN_GCC -fPIC -shared
UNRESOLVED: one_time_plugin.c compilation, -I. -I/export/gnu/import/svn/gcc-test/src-trunk/gcc/testsuite -I/export/gnu/import/svn/gcc-test/src-trunk/gcc/testsuite/../../gcc -I/export/gnu/import/svn/gcc-test/bld/gcc/testsuite/gcc/../../../gcc -I/export/gnu/import/svn/gcc-test/src-trunk/gcc/testsuite/../../include -I/export/gnu/import/svn/gcc-test/src-trunk/gcc/testsuite/../../libcpp/include -DIN_GCC -fPIC -shared
XPASS: gcc.dg/struct/wo_prof_array_through_pointer.c scan-ipa-dump ipa_struct_reorg "Number of structures to transform is 1"
FAIL: gcc.dg/struct/wo_prof_double_malloc.c (internal compiler error)
FAIL: gcc.dg/struct/wo_prof_double_malloc.c (test for excess errors)
WARNING: gcc.dg/struct/wo_prof_double_malloc.c compilation failed to produce executable
=== gcc Summary for unix/-m32 ===
Running target unix
FAIL: gcc.c-torture/compile/limits-exprparen.c -O0 (test for excess errors)
FAIL: gcc.c-torture/compile/limits-exprparen.c -O1 (test for excess errors)
FAIL: gcc.c-torture/compile/limits-exprparen.c -O2 (test for excess errors)
FAIL: gcc.c-torture/compile/limits-exprparen.c -O3 -fomit-frame-pointer (test for excess errors)
FAIL: gcc.c-torture/compile/limits-exprparen.c -O3 -g (test for excess errors)
FAIL: gcc.c-torture/compile/limits-exprparen.c -Os (test for excess errors)
FAIL: gcc.c-torture/compile/limits-exprparen.c -O2 -flto (test for excess errors)
FAIL: gcc.c-torture/compile/limits-exprparen.c -O2 -fwhopr (test for excess errors)
FAIL: gcc.c-torture/execute/builtins/sprintf-chk.c execution, -O2 -fwhopr
FAIL: gcc.c-torture/execute/builtins/stpcpy-chk.c execution, -O2 -fwhopr
FAIL: gcc.c-torture/execute/builtins/strcpy-chk.c execution, -O2 -fwhopr
FAIL: gcc.dg/compat/struct-complex-1 c_compat_x_tst.o-c_compat_y_tst.o link
UNRESOLVED: gcc.dg/compat/struct-complex-1 c_compat_x_tst.o-c_compat_y_tst.o execute "-flto","-g"
FAIL: gcc.dg/compat/struct-complex-2 c_compat_x_tst.o-c_compat_y_tst.o link
UNRESOLVED: gcc.dg/compat/struct-complex-2 c_compat_x_tst.o-c_compat_y_tst.o execute "-flto","-g"
FAIL: gcc.dg/compat/vector-1 c_compat_x_tst.o-c_compat_y_tst.o link
UNRESOLVED: gcc.dg/compat/vector-1 c_compat_x_tst.o-c_compat_y_tst.o execute "-flto","-g"
FAIL: gcc.dg/compat/vector-1a c_compat_x_tst.o-c_compat_y_tst.o link
UNRESOLVED: gcc.dg/compat/vector-1a c_compat_x_tst.o-c_compat_y_tst.o execute "-flto","-g"
FAIL: gcc.dg/compat/vector-2 c_compat_x_tst.o-c_compat_y_tst.o link
UNRESOLVED: gcc.dg/compat/vector-2 c_compat_x_tst.o-c_compat_y_tst.o execute "-flto","-g"
FAIL: gcc.dg/compat/vector-2a c_compat_x_tst.o-c_compat_y_tst.o link
UNRESOLVED: gcc.dg/compat/vector-2a c_compat_x_tst.o-c_compat_y_tst.o execute "-flto","-g"
XPASS: gcc.dg/Warray-bounds.c (test for warnings, line 59)
XPASS: gcc.dg/Warray-bounds.c (test for warnings, line 65)
XPASS: gcc.dg/Wunreachable-8.c (test for bogus messages, line 7)
FAIL: gcc.dg/pr34668-1.c (internal compiler error)
FAIL: gcc.dg/pr34668-1.c (test for excess errors)
UNRESOLVED: selfassign.c compilation, -I. -I/export/gnu/import/svn/gcc-test/src-trunk/gcc/testsuite -I/export/gnu/import/svn/gcc-test/src-trunk/gcc/testsuite/../../gcc -I/export/gnu/import/svn/gcc-test/bld/gcc/testsuite/gcc/../../../gcc -I/export/gnu/import/svn/gcc-test/src-trunk/gcc/testsuite/../../include -I/export/gnu/import/svn/gcc-test/src-trunk/gcc/testsuite/../../libcpp/include -O -DIN_GCC -fPIC -shared
UNRESOLVED: one_time_plugin.c compilation, -I. -I/export/gnu/import/svn/gcc-test/src-trunk/gcc/testsuite -I/export/gnu/import/svn/gcc-test/src-trunk/gcc/testsuite/../../gcc -I/export/gnu/import/svn/gcc-test/bld/gcc/testsuite/gcc/../../../gcc -I/export/gnu/import/svn/gcc-test/src-trunk/gcc/testsuite/../../include -I/export/gnu/import/svn/gcc-test/src-trunk/gcc/testsuite/../../libcpp/include -DIN_GCC -fPIC -shared
XPASS: gcc.dg/struct/wo_prof_array_through_pointer.c scan-ipa-dump ipa_struct_reorg "Number of structures to transform is 1"
FAIL: gcc.dg/struct/wo_prof_double_malloc.c (internal compiler error)
FAIL: gcc.dg/struct/wo_prof_double_malloc.c (test for excess errors)
WARNING: gcc.dg/struct/wo_prof_double_malloc.c compilation failed to produce executable
=== gcc Summary for unix ===
=== gcc Summary ===
# of expected passes 138687
# of unexpected failures 36
# of unexpected successes 8
# of expected failures 403
# of unresolved testcases 10
# of unsupported tests 1501
/export/gnu/import/svn/gcc-test/bld/gcc/xgcc version 4.5.0 20091003 (experimental) [trunk revision 152434] (GCC)
=== gfortran tests ===
Running target unix/-m32
FAIL: gfortran.dg/lto/pr40725 f_lto_pr40725_0.o-f_lto_pr40725_1.o execute -O2 -fwhopr
FAIL: gfortran.dg/lto/pr40725 f_lto_pr40725_0.o-f_lto_pr40725_1.o execute -O2 -flto
=== gfortran Summary for unix/-m32 ===
# of expected passes 3996
Running target unix
FAIL: gfortran.dg/lto/pr40725 f_lto_pr40725_0.o-f_lto_pr40725_1.o execute -O2 -fwhopr
FAIL: gfortran.dg/lto/pr40725 f_lto_pr40725_0.o-f_lto_pr40725_1.o execute -O2 -flto
=== gfortran Summary for unix ===
# of expected passes 3996
=== gfortran Summary ===
# of expected passes 65083
# of unexpected failures 4
# of expected failures 60
# of unsupported tests 164
/export/gnu/import/svn/gcc-test/bld/gcc/testsuite/gfortran/../../gfortran version 4.5.0 20091003 (experimental) [trunk revision 152434] (GCC)
=== objc tests ===
Running target unix/-m32
=== objc Summary for unix/-m32 ===
# of expected passes 2
Running target unix
=== objc Summary for unix ===
# of expected passes 2
=== objc Summary ===
# of expected passes 3742
# of expected failures 22
# of unsupported tests 48
/export/gnu/import/svn/gcc-test/bld/gcc/xgcc version 4.5.0 20091003 (experimental) [trunk revision 152434] (GCC)
=== libffi tests ===
Running target unix/-m32
XPASS: libffi.call/cls_dbls_struct.c -O0 -W -Wall output pattern test, 1.0 2.0?
XPASS: libffi.call/cls_dbls_struct.c -O2 output pattern test, 1.0 2.0?
XPASS: libffi.call/cls_dbls_struct.c -O3 output pattern test, 1.0 2.0?
XPASS: libffi.call/cls_dbls_struct.c -Os output pattern test, 1.0 2.0?
XPASS: libffi.call/cls_dbls_struct.c -O2 -fomit-frame-pointer output pattern test, 1.0 2.0?
=== libffi Summary for unix/-m32 ===
# of expected passes 24
Running target unix
=== libffi Summary for unix ===
# of expected passes 24
=== libffi Summary ===
# of expected passes 3168
# of unexpected successes 5
# of expected failures 35
# of unsupported tests 30
=== libgomp tests ===
Running target unix/-m32
=== libgomp Summary for unix/-m32 ===
Running target unix
=== libgomp Summary for unix ===
=== libgomp Summary ===
# of expected passes 4816
=== libjava tests ===
Running target unix/-m32
=== libjava Summary for unix/-m32 ===
Running target unix
=== libjava Summary for unix ===
=== libjava Summary ===
# of expected passes 5148
=== libmudflap tests ===
Running target unix/-m32
FAIL: libmudflap.c/fail31-frag.c (-O3) output pattern test
FAIL: libmudflap.c/pass45-frag.c (-O3) execution test
FAIL: libmudflap.c/pass45-frag.c (-O3) output pattern test
FAIL: libmudflap.c/pass45-frag.c (-O3) execution test
FAIL: libmudflap.c/pass45-frag.c (-O3) output pattern test
FAIL: libmudflap.c++/pass41-frag.cxx execution test
FAIL: libmudflap.c++/pass41-frag.cxx (-static) execution test
FAIL: libmudflap.c++/pass41-frag.cxx ( -O) execution test
FAIL: libmudflap.c++/pass41-frag.cxx (-O2) execution test
FAIL: libmudflap.c++/pass41-frag.cxx (-O3) execution test
FAIL: libmudflap.cth/pass39-frag.c (rerun 8) execution test
FAIL: libmudflap.cth/pass39-frag.c (rerun 8) output pattern test
FAIL: libmudflap.cth/pass39-frag.c (-O2) (rerun 12) execution test
FAIL: libmudflap.cth/pass39-frag.c (-O2) (rerun 12) output pattern test
=== libmudflap Summary for unix/-m32 ===
# of expected passes 348
# of unexpected failures 4
Running target unix
FAIL: libmudflap.c/fail31-frag.c (-O3) output pattern test
FAIL: libmudflap.c/pass45-frag.c (-O3) execution test
FAIL: libmudflap.c/pass45-frag.c (-O3) output pattern test
FAIL: libmudflap.c/pass45-frag.c (-O3) execution test
FAIL: libmudflap.c/pass45-frag.c (-O3) output pattern test
FAIL: libmudflap.c++/pass41-frag.cxx execution test
FAIL: libmudflap.c++/pass41-frag.cxx (-static) execution test
FAIL: libmudflap.c++/pass41-frag.cxx ( -O) execution test
FAIL: libmudflap.c++/pass41-frag.cxx (-O2) execution test
FAIL: libmudflap.c++/pass41-frag.cxx (-O3) execution test
=== libmudflap Summary for unix ===
# of expected passes 352
=== libmudflap Summary ===
# of expected passes 3764
# of unexpected failures 24
=== libstdc++ tests ===
Running target unix/-m32
XPASS: 26_numerics/headers/cmath/c99_classification_macros_c.cc (test for excess errors)
=== libstdc++ Summary for unix/-m32 ===
# of expected passes 6873
# of unexpected successes 1
# of expected failures 87
# of unsupported tests 83
Running target unix
XPASS: 26_numerics/headers/cmath/c99_classification_macros_c.cc (test for excess errors)
=== libstdc++ Summary for unix ===
# of expected passes 7018
# of unexpected successes 1
# of expected failures 89
# of unsupported tests 13
=== libstdc++ Summary ===
# of expected passes 13893
# of unexpected successes 2
# of expected failures 176
# of unsupported tests 96
Compiler version: 4.5.0 20091003 (experimental) [trunk revision 152434] (GCC)
Platform: x86_64-unknown-linux-gnu
configure flags: --enable-clocale=gnu --with-system-zlib --enable-shared --with-demangler-in-ld
More information about the Gcc-testresults
mailing list