Results for 4.5.0 20090929 (experimental) [lto revision 152424] (SUSE Linux) testsuite on powerpc64-suse-linux-gnu
Richard Guenther
rguenther@suse.de
Sat Oct 3 09:10:00 GMT 2009
LAST_UPDATED: Fri Oct 2 22:15:44 UTC 2009 (revision 152424)
Native configuration is powerpc64-suse-linux-gnu
=== g++ tests ===
Running target unix
FAIL: g++.dg/lto/20081109 cp_lto_20081109_0.o-cp_lto_20081109_1.o execute -O0 -fwhopr
FAIL: g++.dg/lto/20081109 cp_lto_20081109_0.o-cp_lto_20081109_1.o execute -O2 -fwhopr
FAIL: g++.dg/lto/20090106 cp_lto_20090106_0.o-cp_lto_20090106_0.o link
UNRESOLVED: g++.dg/lto/20090106 cp_lto_20090106_0.o-cp_lto_20090106_0.o execute -O0 -fwhopr
FAIL: g++.dg/lto/20090106 cp_lto_20090106_0.o-cp_lto_20090106_0.o link
UNRESOLVED: g++.dg/lto/20090106 cp_lto_20090106_0.o-cp_lto_20090106_0.o execute -O0 -flto
FAIL: g++.dg/lto/20090311 cp_lto_20090311_0.o-cp_lto_20090311_1.o link
UNRESOLVED: g++.dg/lto/20090311 cp_lto_20090311_0.o-cp_lto_20090311_1.o execute -O2 -fwhopr
FAIL: g++.dg/lto/20090311 cp_lto_20090311_0.o-cp_lto_20090311_1.o link, (internal compiler error)
UNRESOLVED: g++.dg/lto/20090311 cp_lto_20090311_0.o-cp_lto_20090311_1.o execute -O2 -flto
=== g++ Summary ===
# of expected passes 21119
# of unexpected failures 6
# of expected failures 156
# of unresolved testcases 4
# of unsupported tests 145
/usr/src/packages/BUILD/gcc-4.5.0-20090929/obj-powerpc64-suse-linux/gcc/testsuite/g++/../../g++ version 4.5.0 20090929 (experimental) [lto revision 152424] (SUSE Linux)
=== gcc tests ===
Running target unix
FAIL: gcc.c-torture/compile/951116-1.c -O3 -g (internal compiler error)
FAIL: gcc.c-torture/compile/951116-1.c -O3 -g (test for excess errors)
FAIL: gcc.c-torture/execute/builtins/sprintf-chk.c execution, -O2 -fwhopr
FAIL: gcc.c-torture/execute/builtins/stpcpy-chk.c execution, -O2 -fwhopr
FAIL: gcc.c-torture/execute/builtins/strcpy-chk.c execution, -O2 -fwhopr
FAIL: gcc.c-torture/execute/20071030-1.c execution, -O2
FAIL: gcc.c-torture/execute/20071030-1.c execution, -O3 -fomit-frame-pointer
FAIL: gcc.c-torture/execute/20071030-1.c execution, -O3 -fomit-frame-pointer -funroll-loops
FAIL: gcc.c-torture/execute/20071030-1.c execution, -O3 -fomit-frame-pointer -funroll-all-loops -finline-functions
FAIL: gcc.c-torture/execute/20071030-1.c execution, -O3 -g
FAIL: gcc.c-torture/execute/20071030-1.c execution, -O2 -flto
FAIL: gcc.c-torture/execute/20071030-1.c execution, -O2 -fwhopr
XPASS: gcc.dg/Warray-bounds.c (test for warnings, line 59)
XPASS: gcc.dg/Warray-bounds.c (test for warnings, line 65)
XPASS: gcc.dg/Wunreachable-8.c (test for bogus messages, line 7)
FAIL: gcc.dg/and-1.c scan-assembler-not nand
FAIL: gcc.dg/pr34668-1.c (internal compiler error)
FAIL: gcc.dg/pr34668-1.c (test for excess errors)
FAIL: gcc.dg/sms-2.c scan-rtl-dump-times sms "SMS succeeded" 1
FAIL: gcc.dg/sms-3.c scan-rtl-dump-times sms "SMS succeeded" 1
FAIL: gcc.dg/sms-5.c scan-rtl-dump-times sms "SMS succeeded" 1
FAIL: gcc.dg/sms-6.c scan-rtl-dump-times sms "SMS succeeded" 3
FAIL: gcc.dg/sms-7.c scan-rtl-dump-times sms "SMS succeeded" 3
FAIL: gcc.dg/sms-8.c scan-rtl-dump-times sms "SMS succeeded" 1
FAIL: gcc.dg/lto/20090116 c_lto_20090116_0.o-c_lto_20090116_0.o link, (internal compiler error)
UNRESOLVED: gcc.dg/lto/20090116 c_lto_20090116_0.o-c_lto_20090116_0.o execute -O1 -fwhopr -fPIC
XPASS: gcc.dg/struct/wo_prof_array_through_pointer.c scan-ipa-dump ipa_struct_reorg "Number of structures to transform is 1"
FAIL: gcc.dg/struct/wo_prof_double_malloc.c (internal compiler error)
FAIL: gcc.dg/struct/wo_prof_double_malloc.c (test for excess errors)
WARNING: gcc.dg/struct/wo_prof_double_malloc.c compilation failed to produce executable
FAIL: gcc.dg/torture/builtin-math-7.c -O2 -flto (internal compiler error)
FAIL: gcc.dg/torture/builtin-math-7.c -O2 -flto (test for excess errors)
WARNING: gcc.dg/torture/builtin-math-7.c -O2 -flto compilation failed to produce executable
FAIL: gcc.dg/torture/builtin-math-7.c -O2 -fwhopr (internal compiler error)
FAIL: gcc.dg/torture/builtin-math-7.c -O2 -fwhopr (test for excess errors)
WARNING: gcc.dg/torture/builtin-math-7.c -O2 -fwhopr compilation failed to produce executable
FAIL: gcc.dg/tree-ssa/vrp47.c scan-tree-dump-times vrp1 "[xy][^ ]* !=" 0
FAIL: gcc.dg/tree-ssa/vrp47.c scan-tree-dump-times dom1 "x[^ ]* & y" 1
FAIL: gcc.dg/vect/costmodel/ppc/costmodel-vect-31d.c scan-tree-dump-times vect "vectorization not profitable" 1
FAIL: gcc.dg/vect/costmodel/ppc/costmodel-vect-68d.c scan-tree-dump-times vect "vectorization not profitable" 1
FAIL: gcc.dg/vect/costmodel/ppc/costmodel-vect-76a.c scan-tree-dump-times vect "vectorized 1 loops" 1
FAIL: gcc.dg/vect/costmodel/ppc/costmodel-vect-76b.c scan-tree-dump-times vect "vectorization not profitable" 1
FAIL: gcc.dg/vect/pr35821-altivec.c scan-tree-dump-times vect "vectorized 1 loops" 1
FAIL: gcc.dg/vmx/3a-01.c -O2 -flto execution test
FAIL: gcc.dg/vmx/3a-01.c -O2 -fwhopr execution test
FAIL: gcc.dg/vmx/3a-01a.c -O2 -flto execution test
FAIL: gcc.dg/vmx/3a-01a.c -O2 -fwhopr execution test
FAIL: gcc.dg/vmx/3a-01m.c -O2 -flto execution test
FAIL: gcc.dg/vmx/3a-01m.c -O2 -fwhopr execution test
FAIL: gcc.dg/vmx/3a-03.c -O2 -flto (test for excess errors)
WARNING: gcc.dg/vmx/3a-03.c -O2 -flto compilation failed to produce executable
FAIL: gcc.dg/vmx/3a-03.c -O2 -fwhopr (test for excess errors)
WARNING: gcc.dg/vmx/3a-03.c -O2 -fwhopr compilation failed to produce executable
FAIL: gcc.dg/vmx/3a-03m.c -O2 -flto (test for excess errors)
WARNING: gcc.dg/vmx/3a-03m.c -O2 -flto compilation failed to produce executable
FAIL: gcc.dg/vmx/3a-03m.c -O2 -fwhopr (test for excess errors)
WARNING: gcc.dg/vmx/3a-03m.c -O2 -fwhopr compilation failed to produce executable
FAIL: gcc.dg/vmx/3a-04.c -O2 -flto (test for excess errors)
WARNING: gcc.dg/vmx/3a-04.c -O2 -flto compilation failed to produce executable
FAIL: gcc.dg/vmx/3a-04.c -O2 -fwhopr (test for excess errors)
WARNING: gcc.dg/vmx/3a-04.c -O2 -fwhopr compilation failed to produce executable
FAIL: gcc.dg/vmx/3a-04m.c -O2 -flto (test for excess errors)
WARNING: gcc.dg/vmx/3a-04m.c -O2 -flto compilation failed to produce executable
FAIL: gcc.dg/vmx/3a-04m.c -O2 -fwhopr (test for excess errors)
WARNING: gcc.dg/vmx/3a-04m.c -O2 -fwhopr compilation failed to produce executable
FAIL: gcc.dg/vmx/3a-05.c -O2 -flto (test for excess errors)
WARNING: gcc.dg/vmx/3a-05.c -O2 -flto compilation failed to produce executable
FAIL: gcc.dg/vmx/3a-05.c -O2 -fwhopr (test for excess errors)
WARNING: gcc.dg/vmx/3a-05.c -O2 -fwhopr compilation failed to produce executable
FAIL: gcc.dg/vmx/3a-06.c -O2 -flto execution test
FAIL: gcc.dg/vmx/3a-06.c -O2 -fwhopr execution test
FAIL: gcc.dg/vmx/3a-06m.c -O2 -flto execution test
FAIL: gcc.dg/vmx/3a-06m.c -O2 -fwhopr execution test
FAIL: gcc.dg/vmx/3b-01.c -O2 -flto (internal compiler error)
FAIL: gcc.dg/vmx/3b-01.c -O2 -flto (test for excess errors)
WARNING: gcc.dg/vmx/3b-01.c -O2 -flto compilation failed to produce executable
FAIL: gcc.dg/vmx/3b-01.c -O2 -fwhopr execution test
FAIL: gcc.dg/vmx/3b-10.c -O2 -flto execution test
FAIL: gcc.dg/vmx/3b-10.c -O2 -fwhopr execution test
FAIL: gcc.dg/vmx/3b-13.c -O2 -flto execution test
FAIL: gcc.dg/vmx/3b-13.c -O2 -fwhopr execution test
FAIL: gcc.dg/vmx/3c-01.c -O2 -flto (test for excess errors)
WARNING: gcc.dg/vmx/3c-01.c -O2 -flto compilation failed to produce executable
FAIL: gcc.dg/vmx/3c-01.c -O2 -fwhopr (test for excess errors)
WARNING: gcc.dg/vmx/3c-01.c -O2 -fwhopr compilation failed to produce executable
FAIL: gcc.dg/vmx/bug-1.c -O2 -flto execution test
FAIL: gcc.dg/vmx/bug-1.c -O2 -fwhopr execution test
FAIL: gcc.dg/vmx/bug-2.c -O3 -fomit-frame-pointer (internal compiler error)
FAIL: gcc.dg/vmx/bug-2.c -O3 -fomit-frame-pointer (test for excess errors)
WARNING: gcc.dg/vmx/bug-2.c -O3 -fomit-frame-pointer compilation failed to produce executable
FAIL: gcc.dg/vmx/bug-2.c -O3 -g (internal compiler error)
FAIL: gcc.dg/vmx/bug-2.c -O3 -g (test for excess errors)
WARNING: gcc.dg/vmx/bug-2.c -O3 -g compilation failed to produce executable
FAIL: gcc.dg/vmx/bug-3.c -O2 -flto execution test
FAIL: gcc.dg/vmx/bug-3.c -O2 -fwhopr execution test
FAIL: gcc.dg/vmx/cw-bug-1.c -O2 -flto execution test
FAIL: gcc.dg/vmx/cw-bug-1.c -O2 -fwhopr execution test
FAIL: gcc.dg/vmx/debug-4.c -O2 -flto (test for excess errors)
WARNING: gcc.dg/vmx/debug-4.c -O2 -flto compilation failed to produce executable
FAIL: gcc.dg/vmx/debug-4.c -O2 -fwhopr (test for excess errors)
WARNING: gcc.dg/vmx/debug-4.c -O2 -fwhopr compilation failed to produce executable
FAIL: gcc.dg/vmx/eg-5.c -O2 -flto execution test
FAIL: gcc.dg/vmx/eg-5.c -O2 -fwhopr execution test
FAIL: gcc.dg/vmx/gcc-bug-e.c -O2 -flto execution test
FAIL: gcc.dg/vmx/gcc-bug-e.c -O2 -fwhopr execution test
FAIL: gcc.dg/vmx/ira2b.c -O2 -flto (internal compiler error)
FAIL: gcc.dg/vmx/ira2b.c -O2 -flto (test for excess errors)
WARNING: gcc.dg/vmx/ira2b.c -O2 -flto compilation failed to produce executable
FAIL: gcc.dg/vmx/ira2b.c -O2 -fwhopr (internal compiler error)
FAIL: gcc.dg/vmx/ira2b.c -O2 -fwhopr (test for excess errors)
WARNING: gcc.dg/vmx/ira2b.c -O2 -fwhopr compilation failed to produce executable
FAIL: gcc.dg/vmx/pr27842.c -O2 -flto (internal compiler error)
FAIL: gcc.dg/vmx/pr27842.c -O2 -flto (test for excess errors)
WARNING: gcc.dg/vmx/pr27842.c -O2 -flto compilation failed to produce executable
FAIL: gcc.dg/vmx/pr27842.c -O2 -fwhopr (internal compiler error)
FAIL: gcc.dg/vmx/pr27842.c -O2 -fwhopr (test for excess errors)
WARNING: gcc.dg/vmx/pr27842.c -O2 -fwhopr compilation failed to produce executable
FAIL: gcc.dg/vmx/sn7153.c -O2 -flto execution test
FAIL: gcc.dg/vmx/sn7153.c -O2 -fwhopr execution test
FAIL: gcc.dg/vmx/varargs-2.c -O2 -flto execution test
FAIL: gcc.dg/vmx/varargs-2.c -O2 -fwhopr execution test
FAIL: gcc.dg/vmx/varargs-3.c -O2 -flto execution test
FAIL: gcc.dg/vmx/varargs-3.c -O2 -fwhopr execution test
FAIL: gcc.dg/vmx/varargs-4.c -O2 -flto execution test
FAIL: gcc.dg/vmx/varargs-4.c -O2 -fwhopr execution test
FAIL: gcc.dg/vmx/varargs-7.c -O2 -flto execution test
FAIL: gcc.dg/vmx/varargs-7.c -O2 -fwhopr execution test
FAIL: gcc.dg/vmx/x-04.c -O2 -flto (internal compiler error)
FAIL: gcc.dg/vmx/x-04.c -O2 -flto (test for excess errors)
WARNING: gcc.dg/vmx/x-04.c -O2 -flto compilation failed to produce executable
FAIL: gcc.dg/vmx/x-04.c -O2 -fwhopr (internal compiler error)
FAIL: gcc.dg/vmx/x-04.c -O2 -fwhopr (test for excess errors)
WARNING: gcc.dg/vmx/x-04.c -O2 -fwhopr compilation failed to produce executable
FAIL: gcc.dg/vmx/zero-1.c -O2 -flto execution test
FAIL: gcc.dg/vmx/zero-1.c -O2 -fwhopr execution test
FAIL: gcc.dg/vmx/zero.c -O2 -flto (test for excess errors)
WARNING: gcc.dg/vmx/zero.c -O2 -flto compilation failed to produce executable
FAIL: gcc.dg/vmx/zero.c -O2 -fwhopr (test for excess errors)
WARNING: gcc.dg/vmx/zero.c -O2 -fwhopr compilation failed to produce executable
FAIL: gcc.target/powerpc/ppc64-double-1.c scan-assembler-not stfd
=== gcc Summary ===
# of expected passes 65756
# of unexpected failures 107
# of unexpected successes 4
# of expected failures 163
# of unresolved testcases 1
# of unsupported tests 798
/usr/src/packages/BUILD/gcc-4.5.0-20090929/obj-powerpc64-suse-linux/gcc/xgcc version 4.5.0 20090929 (experimental) [lto revision 152424] (SUSE Linux)
=== gfortran tests ===
Running target unix
XPASS: gfortran.dg/nint_2.f90 -O0 execution test
FAIL: gfortran.dg/lto/pr40725 f_lto_pr40725_0.o-f_lto_pr40725_1.o execute -O2 -fwhopr
FAIL: gfortran.dg/lto/pr40725 f_lto_pr40725_0.o-f_lto_pr40725_1.o execute -O2 -flto
FAIL: gfortran.fortran-torture/compile/pr37236.f, -O3 -g (internal compiler error)
=== gfortran Summary ===
# of expected passes 32432
# of unexpected failures 3
# of unexpected successes 1
# of expected failures 46
# of unsupported tests 54
/usr/src/packages/BUILD/gcc-4.5.0-20090929/obj-powerpc64-suse-linux/gcc/testsuite/gfortran/../../gfortran version 4.5.0 20090929 (experimental) [lto revision 152424] (SUSE Linux)
=== objc tests ===
Running target unix
FAIL: objc.dg/try-catch-5.m (test for excess errors)
=== objc Summary ===
# of expected passes 1866
# of unexpected failures 1
# of expected failures 15
# of unsupported tests 24
/usr/src/packages/BUILD/gcc-4.5.0-20090929/obj-powerpc64-suse-linux/gcc/xgcc version 4.5.0 20090929 (experimental) [lto revision 152424] (SUSE Linux)
=== libffi tests ===
Running target unix
FAIL: libffi.call/cls_longdouble_va.c -O0 -W -Wall output pattern test, is %.1f
FAIL: libffi.call/cls_longdouble_va.c -O2 output pattern test, is %.1f
FAIL: libffi.call/cls_longdouble_va.c -O3 output pattern test, is %.1f
FAIL: libffi.call/cls_longdouble_va.c -Os output pattern test, is %.1f
FAIL: libffi.call/cls_longdouble_va.c -O2 -fomit-frame-pointer output pattern test, is %.1f
=== libffi Summary ===
# of expected passes 1589
# of unexpected failures 5
# of expected failures 10
# of unsupported tests 15
=== libgomp tests ===
Running target unix
=== libgomp Summary ===
# of expected passes 2408
=== libjava tests ===
Running target unix
=== libstdc++ tests ===
Running target unix
=== libstdc++ Summary ===
# of expected passes 1
=== libstdc++ tests ===
Running target unix
FAIL: 22_locale/codecvt/unshift/char/1.cc execution test
FAIL: 22_locale/codecvt/unshift/char/wrapped_env.cc execution test
FAIL: 22_locale/codecvt/unshift/char/wrapped_locale.cc execution test
=== libstdc++ Summary ===
# of expected passes 7009
# of unexpected failures 3
# of expected failures 89
# of unsupported tests 11
Compiler version: 4.5.0 20090929 (experimental) [lto revision 152424] (SUSE Linux)
Platform: powerpc64-suse-linux-gnu
configure flags: --prefix=/usr --infodir=/usr/share/info --mandir=/usr/share/man --libdir=/usr/lib64 --libexecdir=/usr/lib64 --enable-languages=c,c++,objc,fortran,java --enable-checking=yes --with-gxx-include-dir=/usr/include/c++/4.5 --enable-ssp --disable-libssp --disable-plugin --with-bugurl=http://bugs.opensuse.org/ --with-pkgversion='SUSE Linux' --with-java-home=/usr/lib64/jvm/java-1.5.0-gcj-4.5-1.5.0.0/jre --with-ecj-jar=/usr/lib64/gcc/powerpc64-suse-linux/4.5/ecj.jar --enable-java-awt=gtk --enable-gtk-cairo --disable-libjava-multilib --disable-libmudflap --with-slibdir=/lib64 --with-system-zlib --enable-__cxa_atexit --enable-libstdcxx-allocator=new --disable-libstdcxx-pch --enable-version-specific-runtime-libs --program-suffix=-4.5 --enable-linux-futex --without-system-libunwind --with-cpu=power4 --enable-secureplt --with-long-double-128 --build=powerpc64-suse-linux
More information about the Gcc-testresults
mailing list