Results for 4.5.0 20091001 (experimental) [trunk revision 152364] (GCC) testsuite on i686-apple-darwin9
IainS
developer@sandoe-acoustics.co.uk
Fri Oct 2 10:35:00 GMT 2009
Revision: 152364
WITH PATCH: PR39888 / http://gcc.gnu.org/bugzilla/attachment.cgi?
id=18691&action=view
Path: /usr/local/automake-1-11/bin:/usr/local/autoconf-2-64/bin:
/usr/local/m4-1-4-13/bin:/usr/local/gawk-3-1-6/bin:/usr/local/
dejagnu-1-4-4/bin:/usr/bin:/bin:/usr/sbin:/sbin:/usr/local/bin:/usr/
X11/bin
uname -v : Darwin Kernel Version 9.8.0: Wed Jul 15 16:55:01 PDT 2009;
root:xnu-1228.15.4~1/RELEASE_I386
arch : i386 machine : i486
box description: Dual 4Core Xeon
BOOTSTRAPped with gcc version 4.0.1 (Apple Inc. build 5493)
ld: @(#)PROGRAM:ld PROJECT:ld64-85.2.1
@(#)PROGRAM:dsymutil PROJECT:dwarfutils-70
m4 (GNU M4) 1.4.13
autoconf (GNU Autoconf) 2.64
automake (GNU automake) 1.11
dejagnu:
Expect version is 5.42.0
Tcl version is 8.4
Framework version is 1.4.4
LAST_UPDATED: Thu 1 Oct 2009 09:10:56 UTC (revision 152364)
Native configuration is i686-apple-darwin9
=== g++ tests ===
Running target unix/-m32
FAIL: g++.dg/abi/mangle11.C (test for warnings, line 10)
FAIL: g++.dg/abi/mangle11.C (test for excess errors)
FAIL: g++.dg/abi/mangle12.C (test for warnings, line 11)
FAIL: g++.dg/abi/mangle12.C (test for excess errors)
FAIL: g++.dg/abi/mangle17.C (test for warnings, line 8)
FAIL: g++.dg/abi/mangle17.C (test for warnings, line 11)
FAIL: g++.dg/abi/mangle17.C (test for excess errors)
FAIL: g++.dg/abi/mangle20-2.C (test for warnings, line 13)
FAIL: g++.dg/abi/mangle20-2.C (test for excess errors)
FAIL: g++.dg/cpp0x/lambda/lambda-mangle.C scan-assembler weak[ \\t]*_?
_ZNK1RIiE1xMUlvE_clEv
FAIL: g++.dg/lookup/friend12.C (internal compiler error)
FAIL: g++.dg/lookup/friend12.C (test for errors, line 9)
FAIL: g++.dg/lookup/friend12.C (test for excess errors)
FAIL: g++.dg/parse/dtor6.C (internal compiler error)
FAIL: g++.dg/parse/dtor6.C (test for excess errors)
FAIL: g++.dg/parse/local-class1.C (internal compiler error)
FAIL: g++.dg/parse/local-class1.C (test for excess errors)
FAIL: g++.dg/template/friend17.C (internal compiler error)
FAIL: g++.dg/template/friend17.C (test for excess errors)
FAIL: g++.dg/template/memfriend2.C (internal compiler error)
FAIL: g++.dg/template/memfriend2.C (test for excess errors)
FAIL: g++.dg/template/memfriend4.C (internal compiler error)
FAIL: g++.dg/template/memfriend4.C (test for excess errors)
FAIL: g++.dg/template/memfriend5.C (internal compiler error)
FAIL: g++.dg/template/memfriend5.C (test for excess errors)
FAIL: g++.dg/template/memfriend6.C (internal compiler error)
FAIL: g++.dg/template/memfriend6.C (test for errors, line 11)
FAIL: g++.dg/template/memfriend6.C (test for errors, line 12)
FAIL: g++.dg/template/memfriend6.C (test for errors, line 13)
FAIL: g++.dg/template/memfriend6.C (test for errors, line 20)
FAIL: g++.dg/template/memfriend6.C (test for errors, line 21)
FAIL: g++.dg/template/memfriend6.C (test for errors, line 22)
FAIL: g++.dg/template/memfriend6.C (test for excess errors)
FAIL: g++.dg/template/memfriend7.C (internal compiler error)
FAIL: g++.dg/template/memfriend7.C (test for errors, line 18)
FAIL: g++.dg/template/memfriend7.C (test for errors, line 39)
FAIL: g++.dg/template/memfriend7.C (test for errors, line 45)
FAIL: g++.dg/template/memfriend7.C (test for errors, line 51)
FAIL: g++.dg/template/memfriend7.C (test for errors, line 57)
FAIL: g++.dg/template/memfriend7.C (test for errors, line 63)
FAIL: g++.dg/template/memfriend7.C (test for errors, line 77)
FAIL: g++.dg/template/memfriend7.C (test for errors, line 83)
FAIL: g++.dg/template/memfriend7.C (test for errors, line 89)
FAIL: g++.dg/template/memfriend7.C (test for errors, line 95)
FAIL: g++.dg/template/memfriend7.C (test for errors, line 101)
FAIL: g++.dg/template/memfriend7.C (test for errors, line 107)
FAIL: g++.dg/template/memfriend7.C (test for errors, line 113)
FAIL: g++.dg/template/memfriend7.C (test for warnings, line 119)
FAIL: g++.dg/template/memfriend7.C (test for warnings, line 120)
FAIL: g++.dg/template/memfriend7.C (test for warnings, line 121)
FAIL: g++.dg/template/memfriend7.C (test for warnings, line 122)
FAIL: g++.dg/template/memfriend7.C (test for warnings, line 123)
FAIL: g++.dg/template/memfriend7.C (test for warnings, line 124)
FAIL: g++.dg/template/memfriend7.C (test for warnings, line 127)
FAIL: g++.dg/template/memfriend7.C (test for warnings, line 131)
FAIL: g++.dg/template/memfriend7.C (test for excess errors)
FAIL: g++.dg/template/new6.C (internal compiler error)
FAIL: g++.dg/template/new6.C (test for excess errors)
FAIL: g++.dg/torture/stackalign/eh-alloca-1.C -O3 -g execution test
FAIL: g++.dg/torture/stackalign/eh-vararg-1.C -O3 -g execution test
FAIL: g++.dg/torture/stackalign/eh-vararg-2.C -O3 -g execution test
FAIL: g++.dg/torture/stackalign/eh-alloca-1.C -O3 -g execution test
FAIL: g++.dg/torture/stackalign/eh-vararg-1.C -O3 -g execution test
FAIL: g++.dg/torture/stackalign/eh-vararg-2.C -O3 -g execution test
FAIL: g++.dg/tree-prof/partition1.C compilation, -g -fprofile-use
UNRESOLVED: g++.dg/tree-prof/partition1.C execution, -g -fprofile-
use
FAIL: g++.dg/tree-prof/partition1.C compilation, -O0 -fprofile-use
UNRESOLVED: g++.dg/tree-prof/partition1.C execution, -O0 -
fprofile-use
FAIL: g++.dg/tree-prof/partition1.C compilation, -O1 -fprofile-use
UNRESOLVED: g++.dg/tree-prof/partition1.C execution, -O1 -
fprofile-use
FAIL: g++.dg/tree-prof/partition1.C compilation, -O2 -fprofile-use
UNRESOLVED: g++.dg/tree-prof/partition1.C execution, -O2 -
fprofile-use
FAIL: g++.dg/tree-prof/partition1.C compilation, -O3 -fprofile-use
UNRESOLVED: g++.dg/tree-prof/partition1.C execution, -O3 -
fprofile-use
FAIL: g++.dg/tree-prof/partition1.C compilation, -O3 -g -fprofile-use
UNRESOLVED: g++.dg/tree-prof/partition1.C execution, -O3 -g -
fprofile-use
FAIL: g++.dg/tree-prof/partition1.C compilation, -Os -fprofile-use
UNRESOLVED: g++.dg/tree-prof/partition1.C execution, -Os -
fprofile-use
FAIL: g++.old-deja/g++.brendan/crash18.C (internal compiler error)
FAIL: g++.old-deja/g++.brendan/crash18.C (test for errors, line 11)
FAIL: g++.old-deja/g++.brendan/crash18.C (test for errors, line 17)
FAIL: g++.old-deja/g++.brendan/crash18.C (test for excess errors)
FAIL: g++.old-deja/g++.jason/scoping12.C (internal compiler error)
FAIL: g++.old-deja/g++.jason/scoping12.C (test for errors, line 9)
FAIL: g++.old-deja/g++.jason/scoping12.C (test for excess errors)
WARNING: program timed out.
FAIL: g++.old-deja/g++.other/friend6.C (internal compiler error)
FAIL: g++.old-deja/g++.other/friend6.C (test for excess errors)
FAIL: g++.old-deja/g++.pt/friend11.C (internal compiler error)
FAIL: g++.old-deja/g++.pt/friend11.C (test for errors, line 12)
FAIL: g++.old-deja/g++.pt/friend11.C (test for errors, line 24)
FAIL: g++.old-deja/g++.pt/friend11.C (test for excess errors)
FAIL: g++.old-deja/g++.pt/friend12.C (internal compiler error)
FAIL: g++.old-deja/g++.pt/friend12.C (test for excess errors)
WARNING: g++.old-deja/g++.pt/friend12.C compilation failed to produce
executable
FAIL: g++.old-deja/g++.pt/friend13.C (internal compiler error)
FAIL: g++.old-deja/g++.pt/friend13.C (test for excess errors)
WARNING: g++.old-deja/g++.pt/friend13.C compilation failed to produce
executable
=== g++ Summary for unix/-m32 ===
# of expected passes 20718
# of unexpected failures 88
# of expected failures 152
# of unresolved testcases 7
# of unsupported tests 161
Running target unix/-m64
FAIL: g++.dg/abi/mangle11.C (test for warnings, line 10)
FAIL: g++.dg/abi/mangle11.C (test for excess errors)
FAIL: g++.dg/abi/mangle12.C (test for warnings, line 11)
FAIL: g++.dg/abi/mangle12.C (test for excess errors)
FAIL: g++.dg/abi/mangle17.C (test for warnings, line 8)
FAIL: g++.dg/abi/mangle17.C (test for warnings, line 11)
FAIL: g++.dg/abi/mangle17.C (test for excess errors)
FAIL: g++.dg/abi/mangle20-2.C (test for warnings, line 13)
FAIL: g++.dg/abi/mangle20-2.C (test for excess errors)
FAIL: g++.dg/cpp0x/lambda/lambda-mangle.C scan-assembler weak[ \\t]*_?
_ZNK1RIiE1xMUlvE_clEv
FAIL: g++.dg/lookup/friend12.C (internal compiler error)
FAIL: g++.dg/lookup/friend12.C (test for errors, line 9)
FAIL: g++.dg/lookup/friend12.C (test for excess errors)
FAIL: g++.dg/parse/dtor6.C (internal compiler error)
FAIL: g++.dg/parse/dtor6.C (test for excess errors)
FAIL: g++.dg/parse/local-class1.C (internal compiler error)
FAIL: g++.dg/parse/local-class1.C (test for excess errors)
FAIL: g++.dg/template/friend17.C (internal compiler error)
FAIL: g++.dg/template/friend17.C (test for excess errors)
FAIL: g++.dg/template/memfriend2.C (internal compiler error)
FAIL: g++.dg/template/memfriend2.C (test for excess errors)
FAIL: g++.dg/template/memfriend4.C (internal compiler error)
FAIL: g++.dg/template/memfriend4.C (test for excess errors)
FAIL: g++.dg/template/memfriend5.C (internal compiler error)
FAIL: g++.dg/template/memfriend5.C (test for excess errors)
FAIL: g++.dg/template/memfriend6.C (internal compiler error)
FAIL: g++.dg/template/memfriend6.C (test for errors, line 11)
FAIL: g++.dg/template/memfriend6.C (test for errors, line 12)
FAIL: g++.dg/template/memfriend6.C (test for errors, line 13)
FAIL: g++.dg/template/memfriend6.C (test for errors, line 20)
FAIL: g++.dg/template/memfriend6.C (test for errors, line 21)
FAIL: g++.dg/template/memfriend6.C (test for errors, line 22)
FAIL: g++.dg/template/memfriend6.C (test for excess errors)
FAIL: g++.dg/template/memfriend7.C (internal compiler error)
FAIL: g++.dg/template/memfriend7.C (test for errors, line 18)
FAIL: g++.dg/template/memfriend7.C (test for errors, line 39)
FAIL: g++.dg/template/memfriend7.C (test for errors, line 45)
FAIL: g++.dg/template/memfriend7.C (test for errors, line 51)
FAIL: g++.dg/template/memfriend7.C (test for errors, line 57)
FAIL: g++.dg/template/memfriend7.C (test for errors, line 63)
FAIL: g++.dg/template/memfriend7.C (test for errors, line 77)
FAIL: g++.dg/template/memfriend7.C (test for errors, line 83)
FAIL: g++.dg/template/memfriend7.C (test for errors, line 89)
FAIL: g++.dg/template/memfriend7.C (test for errors, line 95)
FAIL: g++.dg/template/memfriend7.C (test for errors, line 101)
FAIL: g++.dg/template/memfriend7.C (test for errors, line 107)
FAIL: g++.dg/template/memfriend7.C (test for errors, line 113)
FAIL: g++.dg/template/memfriend7.C (test for warnings, line 119)
FAIL: g++.dg/template/memfriend7.C (test for warnings, line 120)
FAIL: g++.dg/template/memfriend7.C (test for warnings, line 121)
FAIL: g++.dg/template/memfriend7.C (test for warnings, line 122)
FAIL: g++.dg/template/memfriend7.C (test for warnings, line 123)
FAIL: g++.dg/template/memfriend7.C (test for warnings, line 124)
FAIL: g++.dg/template/memfriend7.C (test for warnings, line 127)
FAIL: g++.dg/template/memfriend7.C (test for warnings, line 131)
FAIL: g++.dg/template/memfriend7.C (test for excess errors)
FAIL: g++.dg/template/new6.C (internal compiler error)
FAIL: g++.dg/template/new6.C (test for excess errors)
FAIL: g++.dg/tree-prof/partition1.C compilation, -g -fprofile-use
UNRESOLVED: g++.dg/tree-prof/partition1.C execution, -g -fprofile-
use
FAIL: g++.dg/tree-prof/partition1.C compilation, -O0 -fprofile-use
UNRESOLVED: g++.dg/tree-prof/partition1.C execution, -O0 -
fprofile-use
FAIL: g++.dg/tree-prof/partition1.C compilation, -O1 -fprofile-use
UNRESOLVED: g++.dg/tree-prof/partition1.C execution, -O1 -
fprofile-use
FAIL: g++.dg/tree-prof/partition1.C compilation, -O2 -fprofile-use
UNRESOLVED: g++.dg/tree-prof/partition1.C execution, -O2 -
fprofile-use
FAIL: g++.dg/tree-prof/partition1.C compilation, -O3 -fprofile-use
UNRESOLVED: g++.dg/tree-prof/partition1.C execution, -O3 -
fprofile-use
FAIL: g++.dg/tree-prof/partition1.C compilation, -O3 -g -fprofile-use
UNRESOLVED: g++.dg/tree-prof/partition1.C execution, -O3 -g -
fprofile-use
FAIL: g++.dg/tree-prof/partition1.C compilation, -Os -fprofile-use
UNRESOLVED: g++.dg/tree-prof/partition1.C execution, -Os -
fprofile-use
FAIL: g++.old-deja/g++.brendan/crash18.C (internal compiler error)
FAIL: g++.old-deja/g++.brendan/crash18.C (test for errors, line 11)
FAIL: g++.old-deja/g++.brendan/crash18.C (test for errors, line 17)
FAIL: g++.old-deja/g++.brendan/crash18.C (test for excess errors)
FAIL: g++.old-deja/g++.jason/scoping12.C (internal compiler error)
FAIL: g++.old-deja/g++.jason/scoping12.C (test for errors, line 9)
FAIL: g++.old-deja/g++.jason/scoping12.C (test for excess errors)
WARNING: program timed out.
FAIL: g++.old-deja/g++.other/friend6.C (internal compiler error)
FAIL: g++.old-deja/g++.other/friend6.C (test for excess errors)
FAIL: g++.old-deja/g++.pt/friend11.C (internal compiler error)
FAIL: g++.old-deja/g++.pt/friend11.C (test for errors, line 12)
FAIL: g++.old-deja/g++.pt/friend11.C (test for errors, line 24)
FAIL: g++.old-deja/g++.pt/friend11.C (test for excess errors)
FAIL: g++.old-deja/g++.pt/friend12.C (internal compiler error)
FAIL: g++.old-deja/g++.pt/friend12.C (test for excess errors)
WARNING: g++.old-deja/g++.pt/friend12.C compilation failed to produce
executable
FAIL: g++.old-deja/g++.pt/friend13.C (internal compiler error)
FAIL: g++.old-deja/g++.pt/friend13.C (test for excess errors)
WARNING: g++.old-deja/g++.pt/friend13.C compilation failed to produce
executable
=== g++ Summary for unix/-m64 ===
# of expected passes 20412
# of unexpected failures 82
# of expected failures 152
# of unresolved testcases 7
# of unsupported tests 307
=== g++ Summary ===
# of expected passes 41130
# of unexpected failures 170
# of expected failures 304
# of unresolved testcases 14
# of unsupported tests 468
/Volumes/ScratchCS/gcc-4-5-reg-build/gcc/testsuite/g++/../../g++
version 4.5.0 20091001 (experimental) [trunk revision 152364] (GCC)
=== gcc tests ===
Running target unix/-m32
XPASS: gcc.dg/Warray-bounds.c (test for warnings, line 59)
XPASS: gcc.dg/Warray-bounds.c (test for warnings, line 65)
XPASS: gcc.dg/Wunreachable-8.c (test for bogus messages, line 7)
FAIL: gcc.dg/pr34668-1.c (internal compiler error)
FAIL: gcc.dg/pr34668-1.c (test for excess errors)
XPASS: gcc.dg/struct/wo_prof_array_through_pointer.c scan-ipa-dump
ipa_struct_reorg "Number of structures to transform is 1"
FAIL: gcc.dg/struct/wo_prof_double_malloc.c (internal compiler error)
FAIL: gcc.dg/struct/wo_prof_double_malloc.c (test for excess errors)
WARNING: gcc.dg/struct/wo_prof_double_malloc.c compilation failed to
produce executable
FAIL: gcc.target/i386/builtin-unreachable.c scan-assembler-not %e[bs]p
FAIL: gcc.target/i386/stackalign/pr39146.c scan-assembler-not and[lq]?
[^\\\\n]*-32,[^\\\\n]*sp
=== gcc Summary for unix/-m32 ===
# of expected passes 57357
# of unexpected failures 6
# of unexpected successes 4
# of expected failures 199
# of unsupported tests 1155
Running target unix/-m64
XPASS: gcc.dg/Warray-bounds.c (test for warnings, line 59)
XPASS: gcc.dg/Warray-bounds.c (test for warnings, line 65)
XPASS: gcc.dg/Wunreachable-8.c (test for bogus messages, line 7)
FAIL: gcc.dg/pr34668-1.c (internal compiler error)
FAIL: gcc.dg/pr34668-1.c (test for excess errors)
XPASS: gcc.dg/struct/wo_prof_array_through_pointer.c scan-ipa-dump
ipa_struct_reorg "Number of structures to transform is 1"
FAIL: gcc.dg/struct/wo_prof_double_malloc.c (internal compiler error)
FAIL: gcc.dg/struct/wo_prof_double_malloc.c (test for excess errors)
WARNING: gcc.dg/struct/wo_prof_double_malloc.c compilation failed to
produce executable
FAIL: gcc.dg/tree-prof/bb-reorg.c compilation, -fprofile-use -
D_PROFILE_USE
UNRESOLVED: gcc.dg/tree-prof/bb-reorg.c execution, -fprofile-use -
D_PROFILE_USE
FAIL: gcc.dg/tree-prof/pr34999.c compilation, -fprofile-use -
D_PROFILE_USE
UNRESOLVED: gcc.dg/tree-prof/pr34999.c execution, -fprofile-use -
D_PROFILE_USE
=== gcc Summary for unix/-m64 ===
# of expected passes 56964
# of unexpected failures 6
# of unexpected successes 4
# of expected failures 201
# of unresolved testcases 2
# of unsupported tests 1436
=== gcc Summary ===
# of expected passes 114321
# of unexpected failures 12
# of unexpected successes 8
# of expected failures 400
# of unresolved testcases 2
# of unsupported tests 2591
/Volumes/ScratchCS/gcc-4-5-reg-build/gcc/xgcc version 4.5.0 20091001
(experimental) [trunk revision 152364] (GCC)
=== gfortran tests ===
Running target unix/-m32
=== gfortran Summary for unix/-m32 ===
# of expected passes 32315
# of expected failures 38
# of unsupported tests 134
Running target unix/-m64
=== gfortran Summary for unix/-m64 ===
# of expected passes 32444
# of expected failures 38
# of unsupported tests 74
=== gfortran Summary ===
# of expected passes 64759
# of expected failures 76
# of unsupported tests 208
/Volumes/ScratchCS/gcc-4-5-reg-build/gcc/testsuite/gfortran/../../
gfortran version 4.5.0 20091001 (experimental) [trunk revision
152364] (GCC)
=== obj-c++ tests ===
Running target unix/-m32
FAIL: obj-c++.dg/basic.mm (test for excess errors)
FAIL: obj-c++.dg/basic.mm execution test
FAIL: obj-c++.dg/bitfield-2.mm (test for excess errors)
FAIL: obj-c++.dg/bitfield-2.mm execution test
XPASS: obj-c++.dg/comp-types-10.mm (test for excess errors)
FAIL: obj-c++.dg/const-str-10.mm (test for excess errors)
FAIL: obj-c++.dg/const-str-11.mm (test for excess errors)
FAIL: obj-c++.dg/const-str-3.mm (test for excess errors)
FAIL: obj-c++.dg/const-str-7.mm (test for excess errors)
FAIL: obj-c++.dg/const-str-8.mm (test for excess errors)
FAIL: obj-c++.dg/const-str-9.mm (test for excess errors)
FAIL: obj-c++.dg/cxx-ivars-1.mm (test for excess errors)
FAIL: obj-c++.dg/cxx-ivars-1.mm execution test
FAIL: obj-c++.dg/cxx-ivars-2.mm (test for excess errors)
FAIL: obj-c++.dg/cxx-ivars-3.mm (test for excess errors)
FAIL: obj-c++.dg/cxx-scope-1.mm (test for excess errors)
FAIL: obj-c++.dg/cxx-scope-1.mm execution test
FAIL: obj-c++.dg/defs.mm (test for excess errors)
FAIL: obj-c++.dg/defs.mm execution test
FAIL: obj-c++.dg/encode-4.mm (test for excess errors)
FAIL: obj-c++.dg/encode-4.mm execution test
FAIL: obj-c++.dg/encode-5.mm (test for excess errors)
WARNING: obj-c++.dg/encode-5.mm compilation failed to produce executable
FAIL: obj-c++.dg/encode-6.mm (test for excess errors)
FAIL: obj-c++.dg/encode-7.mm (test for excess errors)
XPASS: obj-c++.dg/encode-8.mm execution test
FAIL: obj-c++.dg/except-1.mm (test for excess errors)
FAIL: obj-c++.dg/except-1.mm execution test
XPASS: obj-c++.dg/isa-field-1.mm (test for excess errors)
FAIL: obj-c++.dg/lookup-2.mm execution test
FAIL: obj-c++.dg/method-10.mm (test for excess errors)
FAIL: obj-c++.dg/method-10.mm execution test
FAIL: obj-c++.dg/method-12.mm (test for excess errors)
FAIL: obj-c++.dg/method-17.mm (test for excess errors)
FAIL: obj-c++.dg/method-17.mm execution test
FAIL: obj-c++.dg/method-19.mm (test for excess errors)
FAIL: obj-c++.dg/method-19.mm execution test
FAIL: obj-c++.dg/proto-lossage-3.mm (test for excess errors)
WARNING: obj-c++.dg/proto-lossage-3.mm compilation failed to produce
executable
FAIL: obj-c++.dg/proto-qual-1.mm (test for excess errors)
WARNING: obj-c++.dg/proto-qual-1.mm compilation failed to produce
executable
FAIL: obj-c++.dg/qual-types-1.mm (test for excess errors)
FAIL: obj-c++.dg/qual-types-1.mm execution test
FAIL: obj-c++.dg/stubify-2.mm (test for excess errors)
ERROR: obj-c++.dg/stubify-2.mm: error executing dg-final: couldn't
open "stubify-2.mm.08.jump": no such file or directory
UNRESOLVED: obj-c++.dg/stubify-2.mm: error executing dg-final:
couldn't open "stubify-2.mm.08.jump": no such file or directory
FAIL: obj-c++.dg/template-1.mm (test for excess errors)
FAIL: obj-c++.dg/template-1.mm execution test
FAIL: obj-c++.dg/template-3.mm (test for excess errors)
FAIL: obj-c++.dg/template-3.mm execution test
FAIL: obj-c++.dg/template-4.mm (test for excess errors)
FAIL: obj-c++.dg/template-4.mm execution test
FAIL: obj-c++.dg/try-catch-2.mm execution test
FAIL: obj-c++.dg/try-catch-9.mm execution test
FAIL: obj-c++.dg/va-meth-1.mm (test for excess errors)
FAIL: obj-c++.dg/va-meth-1.mm execution test
=== obj-c++ Summary for unix/-m32 ===
# of expected passes 412
# of unexpected failures 48
# of unexpected successes 3
# of expected failures 7
# of unresolved testcases 1
# of unsupported tests 1
Running target unix/-m64
FAIL: obj-c++.dg/basic.mm (test for excess errors)
FAIL: obj-c++.dg/basic.mm execution test
FAIL: obj-c++.dg/bitfield-2.mm (test for excess errors)
FAIL: obj-c++.dg/bitfield-2.mm execution test
XPASS: obj-c++.dg/comp-types-10.mm (test for excess errors)
FAIL: obj-c++.dg/const-str-10.mm (test for excess errors)
FAIL: obj-c++.dg/const-str-10.mm scan-assembler .long\
\t__NSConstantStringClassReference\\n\\t.long\\t.*\\n\\t.long\\t5\\n\
\t.data
FAIL: obj-c++.dg/const-str-11.mm (test for excess errors)
FAIL: obj-c++.dg/const-str-11.mm scan-assembler .long\
\t__XStrClassReference\\n\\t.long\\t.*\\n\\t.long\\t5\\n\\t.data
FAIL: obj-c++.dg/const-str-3.mm (test for excess errors)
FAIL: obj-c++.dg/const-str-3.mm execution test
FAIL: obj-c++.dg/const-str-7.mm (test for excess errors)
FAIL: obj-c++.dg/const-str-8.mm (test for excess errors)
FAIL: obj-c++.dg/cxx-ivars-1.mm (test for excess errors)
FAIL: obj-c++.dg/cxx-ivars-1.mm execution test
FAIL: obj-c++.dg/cxx-ivars-2.mm (test for excess errors)
FAIL: obj-c++.dg/cxx-ivars-3.mm (test for excess errors)
FAIL: obj-c++.dg/cxx-ivars-3.mm execution test
FAIL: obj-c++.dg/cxx-scope-1.mm (test for excess errors)
FAIL: obj-c++.dg/cxx-scope-1.mm execution test
FAIL: obj-c++.dg/defs.mm (test for excess errors)
FAIL: obj-c++.dg/defs.mm execution test
FAIL: obj-c++.dg/encode-4.mm (test for excess errors)
FAIL: obj-c++.dg/encode-4.mm execution test
FAIL: obj-c++.dg/encode-5.mm (test for excess errors)
WARNING: obj-c++.dg/encode-5.mm compilation failed to produce executable
FAIL: obj-c++.dg/encode-6.mm (test for excess errors)
FAIL: obj-c++.dg/encode-6.mm execution test
FAIL: obj-c++.dg/encode-7.mm (test for excess errors)
XPASS: obj-c++.dg/encode-8.mm execution test
FAIL: obj-c++.dg/except-1.mm (test for excess errors)
FAIL: obj-c++.dg/except-1.mm execution test
XPASS: obj-c++.dg/isa-field-1.mm (test for excess errors)
FAIL: obj-c++.dg/lookup-2.mm execution test
FAIL: obj-c++.dg/method-10.mm (test for excess errors)
FAIL: obj-c++.dg/method-10.mm execution test
FAIL: obj-c++.dg/method-12.mm (test for excess errors)
FAIL: obj-c++.dg/method-17.mm (test for excess errors)
FAIL: obj-c++.dg/method-17.mm execution test
FAIL: obj-c++.dg/method-19.mm (test for excess errors)
FAIL: obj-c++.dg/method-19.mm execution test
FAIL: obj-c++.dg/proto-lossage-3.mm (test for excess errors)
WARNING: obj-c++.dg/proto-lossage-3.mm compilation failed to produce
executable
FAIL: obj-c++.dg/proto-qual-1.mm (test for excess errors)
WARNING: obj-c++.dg/proto-qual-1.mm compilation failed to produce
executable
FAIL: obj-c++.dg/qual-types-1.mm (test for excess errors)
FAIL: obj-c++.dg/qual-types-1.mm execution test
FAIL: obj-c++.dg/stubify-2.mm (test for excess errors)
ERROR: obj-c++.dg/stubify-2.mm: error executing dg-final: couldn't
open "stubify-2.mm.08.jump": no such file or directory
UNRESOLVED: obj-c++.dg/stubify-2.mm: error executing dg-final:
couldn't open "stubify-2.mm.08.jump": no such file or directory
FAIL: obj-c++.dg/template-1.mm (test for excess errors)
FAIL: obj-c++.dg/template-1.mm execution test
FAIL: obj-c++.dg/template-3.mm (test for excess errors)
FAIL: obj-c++.dg/template-3.mm execution test
WARNING: obj-c++.dg/try-catch-2.mm compilation failed to produce
executable
WARNING: obj-c++.dg/try-catch-9.mm compilation failed to produce
executable
FAIL: obj-c++.dg/va-meth-1.mm (test for excess errors)
FAIL: obj-c++.dg/va-meth-1.mm execution test
=== obj-c++ Summary for unix/-m64 ===
# of expected passes 394
# of unexpected failures 48
# of unexpected successes 3
# of expected failures 18
# of unresolved testcases 1
# of unsupported tests 3
=== obj-c++ Summary ===
# of expected passes 806
# of unexpected failures 96
# of unexpected successes 6
# of expected failures 25
# of unresolved testcases 2
# of unsupported tests 4
/Volumes/ScratchCS/gcc-4-5-reg-build/gcc/testsuite/obj-c++/../../g++
version 4.5.0 20091001 (experimental) [trunk revision 152364] (GCC)
=== objc tests ===
Running target unix/-m32
FAIL: objc/execute/exceptions/catchall-1.m execution, -O3 -fomit-
frame-pointer -fnext-runtime
FAIL: objc/execute/exceptions/catchall-1.m execution, -O3 -g -fnext-
runtime
FAIL: objc/execute/exceptions/local-variables-1.m execution, -O3 -
fomit-frame-pointer -fnext-runtime
FAIL: objc/execute/exceptions/local-variables-1.m execution, -O3 -g -
fnext-runtime
FAIL: objc/execute/bycopy-1.m compilation, -O0 -fnext-runtime
UNRESOLVED: objc/execute/bycopy-1.m execution, -O0 -fnext-runtime
FAIL: objc/execute/bycopy-1.m compilation, -O1 -fnext-runtime
UNRESOLVED: objc/execute/bycopy-1.m execution, -O1 -fnext-runtime
FAIL: objc/execute/bycopy-1.m compilation, -O2 -fnext-runtime
UNRESOLVED: objc/execute/bycopy-1.m execution, -O2 -fnext-runtime
FAIL: objc/execute/bycopy-1.m compilation, -O3 -fomit-frame-pointer -
fnext-runtime
UNRESOLVED: objc/execute/bycopy-1.m execution, -O3 -fomit-frame-
pointer -fnext-runtime
FAIL: objc/execute/bycopy-1.m compilation, -O3 -g -fnext-runtime
UNRESOLVED: objc/execute/bycopy-1.m execution, -O3 -g -fnext-runtime
FAIL: objc/execute/bycopy-1.m compilation, -Os -fnext-runtime
UNRESOLVED: objc/execute/bycopy-1.m execution, -Os -fnext-runtime
FAIL: objc/execute/bycopy-2.m compilation, -O0 -fnext-runtime
UNRESOLVED: objc/execute/bycopy-2.m execution, -O0 -fnext-runtime
FAIL: objc/execute/bycopy-2.m compilation, -O1 -fnext-runtime
UNRESOLVED: objc/execute/bycopy-2.m execution, -O1 -fnext-runtime
FAIL: objc/execute/bycopy-2.m compilation, -O2 -fnext-runtime
UNRESOLVED: objc/execute/bycopy-2.m execution, -O2 -fnext-runtime
FAIL: objc/execute/bycopy-2.m compilation, -O3 -fomit-frame-pointer -
fnext-runtime
UNRESOLVED: objc/execute/bycopy-2.m execution, -O3 -fomit-frame-
pointer -fnext-runtime
FAIL: objc/execute/bycopy-2.m compilation, -O3 -g -fnext-runtime
UNRESOLVED: objc/execute/bycopy-2.m execution, -O3 -g -fnext-runtime
FAIL: objc/execute/bycopy-2.m compilation, -Os -fnext-runtime
UNRESOLVED: objc/execute/bycopy-2.m execution, -Os -fnext-runtime
FAIL: objc/execute/bycopy-3.m compilation, -O0 -fnext-runtime
UNRESOLVED: objc/execute/bycopy-3.m execution, -O0 -fnext-runtime
FAIL: objc/execute/bycopy-3.m compilation, -O1 -fnext-runtime
UNRESOLVED: objc/execute/bycopy-3.m execution, -O1 -fnext-runtime
FAIL: objc/execute/bycopy-3.m compilation, -O2 -fnext-runtime
UNRESOLVED: objc/execute/bycopy-3.m execution, -O2 -fnext-runtime
FAIL: objc/execute/bycopy-3.m compilation, -O3 -fomit-frame-pointer -
fnext-runtime
UNRESOLVED: objc/execute/bycopy-3.m execution, -O3 -fomit-frame-
pointer -fnext-runtime
FAIL: objc/execute/bycopy-3.m compilation, -O3 -g -fnext-runtime
UNRESOLVED: objc/execute/bycopy-3.m execution, -O3 -g -fnext-runtime
FAIL: objc/execute/bycopy-3.m compilation, -Os -fnext-runtime
UNRESOLVED: objc/execute/bycopy-3.m execution, -Os -fnext-runtime
FAIL: objc/execute/formal_protocol-5.m compilation, -O0 -fnext-runtime
UNRESOLVED: objc/execute/formal_protocol-5.m execution, -O0 -fnext-
runtime
FAIL: objc/execute/formal_protocol-5.m compilation, -O1 -fnext-runtime
UNRESOLVED: objc/execute/formal_protocol-5.m execution, -O1 -fnext-
runtime
FAIL: objc/execute/formal_protocol-5.m compilation, -O2 -fnext-runtime
UNRESOLVED: objc/execute/formal_protocol-5.m execution, -O2 -fnext-
runtime
FAIL: objc/execute/formal_protocol-5.m compilation, -O3 -fomit-frame-
pointer -fnext-runtime
UNRESOLVED: objc/execute/formal_protocol-5.m execution, -O3 -fomit-
frame-pointer -fnext-runtime
FAIL: objc/execute/formal_protocol-5.m compilation, -O3 -g -fnext-
runtime
UNRESOLVED: objc/execute/formal_protocol-5.m execution, -O3 -g -
fnext-runtime
FAIL: objc/execute/formal_protocol-5.m compilation, -Os -fnext-runtime
UNRESOLVED: objc/execute/formal_protocol-5.m execution, -Os -fnext-
runtime
FAIL: objc/execute/formal_protocol-6.m compilation, -O0 -fnext-runtime
UNRESOLVED: objc/execute/formal_protocol-6.m execution, -O0 -fnext-
runtime
FAIL: objc/execute/formal_protocol-6.m compilation, -O1 -fnext-runtime
UNRESOLVED: objc/execute/formal_protocol-6.m execution, -O1 -fnext-
runtime
FAIL: objc/execute/formal_protocol-6.m compilation, -O2 -fnext-runtime
UNRESOLVED: objc/execute/formal_protocol-6.m execution, -O2 -fnext-
runtime
FAIL: objc/execute/formal_protocol-6.m compilation, -O3 -fomit-frame-
pointer -fnext-runtime
UNRESOLVED: objc/execute/formal_protocol-6.m execution, -O3 -fomit-
frame-pointer -fnext-runtime
FAIL: objc/execute/formal_protocol-6.m compilation, -O3 -g -fnext-
runtime
UNRESOLVED: objc/execute/formal_protocol-6.m execution, -O3 -g -
fnext-runtime
FAIL: objc/execute/formal_protocol-6.m compilation, -Os -fnext-runtime
UNRESOLVED: objc/execute/formal_protocol-6.m execution, -Os -fnext-
runtime
FAIL: objc/execute/formal_protocol-7.m compilation, -O0 -fnext-runtime
UNRESOLVED: objc/execute/formal_protocol-7.m execution, -O0 -fnext-
runtime
FAIL: objc/execute/formal_protocol-7.m compilation, -O1 -fnext-runtime
UNRESOLVED: objc/execute/formal_protocol-7.m execution, -O1 -fnext-
runtime
FAIL: objc/execute/formal_protocol-7.m compilation, -O2 -fnext-runtime
UNRESOLVED: objc/execute/formal_protocol-7.m execution, -O2 -fnext-
runtime
FAIL: objc/execute/formal_protocol-7.m compilation, -O3 -fomit-frame-
pointer -fnext-runtime
UNRESOLVED: objc/execute/formal_protocol-7.m execution, -O3 -fomit-
frame-pointer -fnext-runtime
FAIL: objc/execute/formal_protocol-7.m compilation, -O3 -g -fnext-
runtime
UNRESOLVED: objc/execute/formal_protocol-7.m execution, -O3 -g -
fnext-runtime
FAIL: objc/execute/formal_protocol-7.m compilation, -Os -fnext-runtime
UNRESOLVED: objc/execute/formal_protocol-7.m execution, -Os -fnext-
runtime
FAIL: objc/execute/np-1.m compilation, -O0 -fnext-runtime
UNRESOLVED: objc/execute/np-1.m execution, -O0 -fnext-runtime
FAIL: objc/execute/np-1.m compilation, -O1 -fnext-runtime
UNRESOLVED: objc/execute/np-1.m execution, -O1 -fnext-runtime
FAIL: objc/execute/np-1.m compilation, -O2 -fnext-runtime
UNRESOLVED: objc/execute/np-1.m execution, -O2 -fnext-runtime
FAIL: objc/execute/np-1.m compilation, -O3 -fomit-frame-pointer -
fnext-runtime
UNRESOLVED: objc/execute/np-1.m execution, -O3 -fomit-frame-pointer -
fnext-runtime
FAIL: objc/execute/np-1.m compilation, -O3 -g -fnext-runtime
UNRESOLVED: objc/execute/np-1.m execution, -O3 -g -fnext-runtime
FAIL: objc/execute/np-1.m compilation, -Os -fnext-runtime
UNRESOLVED: objc/execute/np-1.m execution, -Os -fnext-runtime
FAIL: objc/execute/np-2.m compilation, -O0 -fnext-runtime
UNRESOLVED: objc/execute/np-2.m execution, -O0 -fnext-runtime
FAIL: objc/execute/np-2.m compilation, -O1 -fnext-runtime
UNRESOLVED: objc/execute/np-2.m execution, -O1 -fnext-runtime
FAIL: objc/execute/np-2.m compilation, -O2 -fnext-runtime
UNRESOLVED: objc/execute/np-2.m execution, -O2 -fnext-runtime
FAIL: objc/execute/np-2.m compilation, -O3 -fomit-frame-pointer -
fnext-runtime
UNRESOLVED: objc/execute/np-2.m execution, -O3 -fomit-frame-pointer -
fnext-runtime
FAIL: objc/execute/np-2.m compilation, -O3 -g -fnext-runtime
UNRESOLVED: objc/execute/np-2.m execution, -O3 -g -fnext-runtime
FAIL: objc/execute/np-2.m compilation, -Os -fnext-runtime
UNRESOLVED: objc/execute/np-2.m execution, -Os -fnext-runtime
FAIL: objc/execute/protocol-isEqual-1.m compilation, -O0 -fnext-runtime
UNRESOLVED: objc/execute/protocol-isEqual-1.m execution, -O0 -fnext-
runtime
FAIL: objc/execute/protocol-isEqual-1.m compilation, -O1 -fnext-runtime
UNRESOLVED: objc/execute/protocol-isEqual-1.m execution, -O1 -fnext-
runtime
FAIL: objc/execute/protocol-isEqual-1.m compilation, -O2 -fnext-runtime
UNRESOLVED: objc/execute/protocol-isEqual-1.m execution, -O2 -fnext-
runtime
FAIL: objc/execute/protocol-isEqual-1.m compilation, -O3 -fomit-
frame-pointer -fnext-runtime
UNRESOLVED: objc/execute/protocol-isEqual-1.m execution, -O3 -fomit-
frame-pointer -fnext-runtime
FAIL: objc/execute/protocol-isEqual-1.m compilation, -O3 -g -fnext-
runtime
UNRESOLVED: objc/execute/protocol-isEqual-1.m execution, -O3 -g -
fnext-runtime
FAIL: objc/execute/protocol-isEqual-1.m compilation, -Os -fnext-runtime
UNRESOLVED: objc/execute/protocol-isEqual-1.m execution, -Os -fnext-
runtime
FAIL: objc/execute/protocol-isEqual-2.m compilation, -O0 -fnext-runtime
UNRESOLVED: objc/execute/protocol-isEqual-2.m execution, -O0 -fnext-
runtime
FAIL: objc/execute/protocol-isEqual-2.m compilation, -O1 -fnext-runtime
UNRESOLVED: objc/execute/protocol-isEqual-2.m execution, -O1 -fnext-
runtime
FAIL: objc/execute/protocol-isEqual-2.m compilation, -O2 -fnext-runtime
UNRESOLVED: objc/execute/protocol-isEqual-2.m execution, -O2 -fnext-
runtime
FAIL: objc/execute/protocol-isEqual-2.m compilation, -O3 -fomit-
frame-pointer -fnext-runtime
UNRESOLVED: objc/execute/protocol-isEqual-2.m execution, -O3 -fomit-
frame-pointer -fnext-runtime
FAIL: objc/execute/protocol-isEqual-2.m compilation, -O3 -g -fnext-
runtime
UNRESOLVED: objc/execute/protocol-isEqual-2.m execution, -O3 -g -
fnext-runtime
FAIL: objc/execute/protocol-isEqual-2.m compilation, -Os -fnext-runtime
UNRESOLVED: objc/execute/protocol-isEqual-2.m execution, -Os -fnext-
runtime
FAIL: objc/execute/protocol-isEqual-3.m compilation, -O0 -fnext-runtime
UNRESOLVED: objc/execute/protocol-isEqual-3.m execution, -O0 -fnext-
runtime
FAIL: objc/execute/protocol-isEqual-3.m compilation, -O1 -fnext-runtime
UNRESOLVED: objc/execute/protocol-isEqual-3.m execution, -O1 -fnext-
runtime
FAIL: objc/execute/protocol-isEqual-3.m compilation, -O2 -fnext-runtime
UNRESOLVED: objc/execute/protocol-isEqual-3.m execution, -O2 -fnext-
runtime
FAIL: objc/execute/protocol-isEqual-3.m compilation, -O3 -fomit-
frame-pointer -fnext-runtime
UNRESOLVED: objc/execute/protocol-isEqual-3.m execution, -O3 -fomit-
frame-pointer -fnext-runtime
FAIL: objc/execute/protocol-isEqual-3.m compilation, -O3 -g -fnext-
runtime
UNRESOLVED: objc/execute/protocol-isEqual-3.m execution, -O3 -g -
fnext-runtime
FAIL: objc/execute/protocol-isEqual-3.m compilation, -Os -fnext-runtime
UNRESOLVED: objc/execute/protocol-isEqual-3.m execution, -Os -fnext-
runtime
FAIL: objc/execute/protocol-isEqual-4.m compilation, -O0 -fnext-runtime
UNRESOLVED: objc/execute/protocol-isEqual-4.m execution, -O0 -fnext-
runtime
FAIL: objc/execute/protocol-isEqual-4.m compilation, -O1 -fnext-runtime
UNRESOLVED: objc/execute/protocol-isEqual-4.m execution, -O1 -fnext-
runtime
FAIL: objc/execute/protocol-isEqual-4.m compilation, -O2 -fnext-runtime
UNRESOLVED: objc/execute/protocol-isEqual-4.m execution, -O2 -fnext-
runtime
FAIL: objc/execute/protocol-isEqual-4.m compilation, -O3 -fomit-
frame-pointer -fnext-runtime
UNRESOLVED: objc/execute/protocol-isEqual-4.m execution, -O3 -fomit-
frame-pointer -fnext-runtime
FAIL: objc/execute/protocol-isEqual-4.m compilation, -O3 -g -fnext-
runtime
UNRESOLVED: objc/execute/protocol-isEqual-4.m execution, -O3 -g -
fnext-runtime
FAIL: objc/execute/protocol-isEqual-4.m compilation, -Os -fnext-runtime
UNRESOLVED: objc/execute/protocol-isEqual-4.m execution, -Os -fnext-
runtime
FAIL: objc.dg/category-1.m (test for excess errors)
FAIL: objc.dg/const-str-10.m (test for excess errors)
FAIL: objc.dg/const-str-11.m (test for excess errors)
FAIL: objc.dg/const-str-3.m (test for excess errors)
FAIL: objc.dg/const-str-7.m (test for excess errors)
FAIL: objc.dg/const-str-8.m (test for excess errors)
FAIL: objc.dg/const-str-9.m (test for excess errors)
FAIL: objc.dg/encode-2.m (test for excess errors)
FAIL: objc.dg/encode-3.m (test for excess errors)
WARNING: objc.dg/encode-3.m compilation failed to produce executable
FAIL: objc.dg/encode-4.m (test for excess errors)
FAIL: objc.dg/encode-5.m (test for excess errors)
FAIL: objc.dg/headers.m (test for excess errors)
FAIL: objc.dg/method-6.m (test for excess errors)
FAIL: objc.dg/no-extra-load.m (test for excess errors)
ERROR: objc.dg/no-extra-load.m: error executing dg-final: couldn't
open "no-extra-load.s": no such file or directory
UNRESOLVED: objc.dg/no-extra-load.m: error executing dg-final:
couldn't open "no-extra-load.s": no such file or directory
FAIL: objc.dg/proto-lossage-3.m (test for excess errors)
WARNING: objc.dg/proto-lossage-3.m compilation failed to produce
executable
FAIL: objc.dg/proto-qual-1.m (test for excess errors)
WARNING: objc.dg/proto-qual-1.m compilation failed to produce executable
FAIL: objc.dg/stret-2.m scan-assembler objc_msgSend_stret
FAIL: objc.dg/stret-2.m scan-assembler-not objc_msgSend[^_S]
FAIL: objc.dg/stret-2.m scan-assembler-not objc_msgSendSuper[^_]
FAIL: objc.dg/stubify-1.m (test for excess errors)
ERROR: objc.dg/stubify-1.m: error executing dg-final: couldn't open
"stubify-1.s": no such file or directory
UNRESOLVED: objc.dg/stubify-1.m: error executing dg-final: couldn't
open "stubify-1.s": no such file or directory
FAIL: objc.dg/stubify-2.m (test for excess errors)
FAIL: objc.dg/stubify-2.m scan-rtl-dump-not jump
"symbol_ref.*"objc_msgSend"": dump file does not exist
FAIL: objc.dg/symtab-1.m scan-assembler L_OBJC_SYMBOLS.*:\\n\\t.long\
\t0\\n\\t.long\\t0\\n\\t.short\\t2\\n\\t.short\\t0\\n\\t.long\
\tL_OBJC_CLASS_Derived.*\\n\\t.long\\tL_OBJC_CLASS_Base.*\\n
FAIL: objc.dg/type-size-2.m (test for excess errors)
=== objc Summary for unix/-m32 ===
# of expected passes 2982
# of unexpected failures 100
# of expected failures 7
# of unresolved testcases 74
# of unsupported tests 2
Running target unix/-m64
FAIL: objc/execute/exceptions/catchall-1.m compilation, -O0 -fnext-
runtime
UNRESOLVED: objc/execute/exceptions/catchall-1.m execution, -O0 -
fnext-runtime
FAIL: objc/execute/exceptions/catchall-1.m compilation, -O1 -fnext-
runtime
UNRESOLVED: objc/execute/exceptions/catchall-1.m execution, -O1 -
fnext-runtime
FAIL: objc/execute/exceptions/catchall-1.m compilation, -O2 -fnext-
runtime
UNRESOLVED: objc/execute/exceptions/catchall-1.m execution, -O2 -
fnext-runtime
FAIL: objc/execute/exceptions/catchall-1.m compilation, -O3 -fomit-
frame-pointer -fnext-runtime
UNRESOLVED: objc/execute/exceptions/catchall-1.m execution, -O3 -
fomit-frame-pointer -fnext-runtime
FAIL: objc/execute/exceptions/catchall-1.m compilation, -O3 -g -
fnext-runtime
UNRESOLVED: objc/execute/exceptions/catchall-1.m execution, -O3 -g -
fnext-runtime
FAIL: objc/execute/exceptions/catchall-1.m compilation, -Os -fnext-
runtime
UNRESOLVED: objc/execute/exceptions/catchall-1.m execution, -Os -
fnext-runtime
FAIL: objc/execute/exceptions/finally-1.m compilation, -O0 -fnext-
runtime
UNRESOLVED: objc/execute/exceptions/finally-1.m execution, -O0 -
fnext-runtime
FAIL: objc/execute/exceptions/finally-1.m compilation, -O1 -fnext-
runtime
UNRESOLVED: objc/execute/exceptions/finally-1.m execution, -O1 -
fnext-runtime
FAIL: objc/execute/exceptions/finally-1.m compilation, -O2 -fnext-
runtime
UNRESOLVED: objc/execute/exceptions/finally-1.m execution, -O2 -
fnext-runtime
FAIL: objc/execute/exceptions/finally-1.m compilation, -O3 -fomit-
frame-pointer -fnext-runtime
UNRESOLVED: objc/execute/exceptions/finally-1.m execution, -O3 -
fomit-frame-pointer -fnext-runtime
FAIL: objc/execute/exceptions/finally-1.m compilation, -O3 -g -fnext-
runtime
UNRESOLVED: objc/execute/exceptions/finally-1.m execution, -O3 -g -
fnext-runtime
FAIL: objc/execute/exceptions/finally-1.m compilation, -Os -fnext-
runtime
UNRESOLVED: objc/execute/exceptions/finally-1.m execution, -Os -
fnext-runtime
FAIL: objc/execute/exceptions/foward-1.m compilation, -O0 -fnext-
runtime
UNRESOLVED: objc/execute/exceptions/foward-1.m execution, -O0 -fnext-
runtime
FAIL: objc/execute/exceptions/foward-1.m compilation, -O1 -fnext-
runtime
UNRESOLVED: objc/execute/exceptions/foward-1.m execution, -O1 -fnext-
runtime
FAIL: objc/execute/exceptions/foward-1.m compilation, -O2 -fnext-
runtime
UNRESOLVED: objc/execute/exceptions/foward-1.m execution, -O2 -fnext-
runtime
FAIL: objc/execute/exceptions/foward-1.m compilation, -O3 -fomit-
frame-pointer -fnext-runtime
UNRESOLVED: objc/execute/exceptions/foward-1.m execution, -O3 -fomit-
frame-pointer -fnext-runtime
FAIL: objc/execute/exceptions/foward-1.m compilation, -O3 -fomit-
frame-pointer -funroll-loops -fnext-runtime
UNRESOLVED: objc/execute/exceptions/foward-1.m execution, -O3 -fomit-
frame-pointer -funroll-loops -fnext-runtime
FAIL: objc/execute/exceptions/foward-1.m compilation, -O3 -fomit-
frame-pointer -funroll-all-loops -finline-functions -fnext-runtime
UNRESOLVED: objc/execute/exceptions/foward-1.m execution, -O3 -fomit-
frame-pointer -funroll-all-loops -finline-functions -fnext-runtime
FAIL: objc/execute/exceptions/foward-1.m compilation, -O3 -g -fnext-
runtime
UNRESOLVED: objc/execute/exceptions/foward-1.m execution, -O3 -g -
fnext-runtime
FAIL: objc/execute/exceptions/foward-1.m compilation, -Os -fnext-
runtime
UNRESOLVED: objc/execute/exceptions/foward-1.m execution, -Os -fnext-
runtime
FAIL: objc/execute/exceptions/local-variables-1.m compilation, -O0 -
fnext-runtime
UNRESOLVED: objc/execute/exceptions/local-variables-1.m execution, -
O0 -fnext-runtime
FAIL: objc/execute/exceptions/local-variables-1.m compilation, -O1 -
fnext-runtime
UNRESOLVED: objc/execute/exceptions/local-variables-1.m execution, -
O1 -fnext-runtime
FAIL: objc/execute/exceptions/local-variables-1.m compilation, -O2 -
fnext-runtime
UNRESOLVED: objc/execute/exceptions/local-variables-1.m execution, -
O2 -fnext-runtime
FAIL: objc/execute/exceptions/local-variables-1.m compilation, -O3 -
fomit-frame-pointer -fnext-runtime
UNRESOLVED: objc/execute/exceptions/local-variables-1.m execution, -
O3 -fomit-frame-pointer -fnext-runtime
FAIL: objc/execute/exceptions/local-variables-1.m compilation, -O3 -
g -fnext-runtime
UNRESOLVED: objc/execute/exceptions/local-variables-1.m execution, -
O3 -g -fnext-runtime
FAIL: objc/execute/exceptions/local-variables-1.m compilation, -Os -
fnext-runtime
UNRESOLVED: objc/execute/exceptions/local-variables-1.m execution, -
Os -fnext-runtime
FAIL: objc/execute/exceptions/pr31281.m compilation, -O0 -fnext-runtime
UNRESOLVED: objc/execute/exceptions/pr31281.m execution, -O0 -fnext-
runtime
FAIL: objc/execute/exceptions/pr31281.m compilation, -O1 -fnext-runtime
UNRESOLVED: objc/execute/exceptions/pr31281.m execution, -O1 -fnext-
runtime
FAIL: objc/execute/exceptions/pr31281.m compilation, -O2 -fnext-runtime
UNRESOLVED: objc/execute/exceptions/pr31281.m execution, -O2 -fnext-
runtime
FAIL: objc/execute/exceptions/pr31281.m compilation, -O3 -fomit-
frame-pointer -fnext-runtime
UNRESOLVED: objc/execute/exceptions/pr31281.m execution, -O3 -fomit-
frame-pointer -fnext-runtime
FAIL: objc/execute/exceptions/pr31281.m compilation, -O3 -fomit-
frame-pointer -funroll-loops -fnext-runtime
UNRESOLVED: objc/execute/exceptions/pr31281.m execution, -O3 -fomit-
frame-pointer -funroll-loops -fnext-runtime
FAIL: objc/execute/exceptions/pr31281.m compilation, -O3 -fomit-
frame-pointer -funroll-all-loops -finline-functions -fnext-runtime
UNRESOLVED: objc/execute/exceptions/pr31281.m execution, -O3 -fomit-
frame-pointer -funroll-all-loops -finline-functions -fnext-runtime
FAIL: objc/execute/exceptions/pr31281.m compilation, -O3 -g -fnext-
runtime
UNRESOLVED: objc/execute/exceptions/pr31281.m execution, -O3 -g -
fnext-runtime
FAIL: objc/execute/exceptions/pr31281.m compilation, -Os -fnext-runtime
UNRESOLVED: objc/execute/exceptions/pr31281.m execution, -Os -fnext-
runtime
FAIL: objc/execute/exceptions/trivial.m compilation, -O0 -fnext-runtime
UNRESOLVED: objc/execute/exceptions/trivial.m execution, -O0 -fnext-
runtime
FAIL: objc/execute/exceptions/trivial.m compilation, -O1 -fnext-runtime
UNRESOLVED: objc/execute/exceptions/trivial.m execution, -O1 -fnext-
runtime
FAIL: objc/execute/exceptions/trivial.m compilation, -O2 -fnext-runtime
UNRESOLVED: objc/execute/exceptions/trivial.m execution, -O2 -fnext-
runtime
FAIL: objc/execute/exceptions/trivial.m compilation, -O3 -fomit-
frame-pointer -fnext-runtime
UNRESOLVED: objc/execute/exceptions/trivial.m execution, -O3 -fomit-
frame-pointer -fnext-runtime
FAIL: objc/execute/exceptions/trivial.m compilation, -O3 -g -fnext-
runtime
UNRESOLVED: objc/execute/exceptions/trivial.m execution, -O3 -g -
fnext-runtime
FAIL: objc/execute/exceptions/trivial.m compilation, -Os -fnext-runtime
UNRESOLVED: objc/execute/exceptions/trivial.m execution, -Os -fnext-
runtime
FAIL: objc/execute/IMP.m compilation, -O0 -fnext-runtime
UNRESOLVED: objc/execute/IMP.m execution, -O0 -fnext-runtime
FAIL: objc/execute/IMP.m compilation, -O1 -fnext-runtime
UNRESOLVED: objc/execute/IMP.m execution, -O1 -fnext-runtime
FAIL: objc/execute/IMP.m compilation, -O2 -fnext-runtime
UNRESOLVED: objc/execute/IMP.m execution, -O2 -fnext-runtime
FAIL: objc/execute/IMP.m compilation, -O3 -fomit-frame-pointer -
fnext-runtime
UNRESOLVED: objc/execute/IMP.m execution, -O3 -fomit-frame-pointer -
fnext-runtime
FAIL: objc/execute/IMP.m compilation, -O3 -g -fnext-runtime
UNRESOLVED: objc/execute/IMP.m execution, -O3 -g -fnext-runtime
FAIL: objc/execute/IMP.m compilation, -Os -fnext-runtime
UNRESOLVED: objc/execute/IMP.m execution, -Os -fnext-runtime
FAIL: objc/execute/_cmd.m compilation, -O0 -fnext-runtime
UNRESOLVED: objc/execute/_cmd.m execution, -O0 -fnext-runtime
FAIL: objc/execute/_cmd.m compilation, -O1 -fnext-runtime
UNRESOLVED: objc/execute/_cmd.m execution, -O1 -fnext-runtime
FAIL: objc/execute/_cmd.m compilation, -O2 -fnext-runtime
UNRESOLVED: objc/execute/_cmd.m execution, -O2 -fnext-runtime
FAIL: objc/execute/_cmd.m compilation, -O3 -fomit-frame-pointer -
fnext-runtime
UNRESOLVED: objc/execute/_cmd.m execution, -O3 -fomit-frame-pointer -
fnext-runtime
FAIL: objc/execute/_cmd.m compilation, -O3 -g -fnext-runtime
UNRESOLVED: objc/execute/_cmd.m execution, -O3 -g -fnext-runtime
FAIL: objc/execute/_cmd.m compilation, -Os -fnext-runtime
UNRESOLVED: objc/execute/_cmd.m execution, -Os -fnext-runtime
FAIL: objc/execute/accessing_ivars.m compilation, -O0 -fnext-runtime
UNRESOLVED: objc/execute/accessing_ivars.m execution, -O0 -fnext-
runtime
FAIL: objc/execute/accessing_ivars.m compilation, -O1 -fnext-runtime
UNRESOLVED: objc/execute/accessing_ivars.m execution, -O1 -fnext-
runtime
FAIL: objc/execute/accessing_ivars.m compilation, -O2 -fnext-runtime
UNRESOLVED: objc/execute/accessing_ivars.m execution, -O2 -fnext-
runtime
FAIL: objc/execute/accessing_ivars.m compilation, -O3 -fomit-frame-
pointer -fnext-runtime
UNRESOLVED: objc/execute/accessing_ivars.m execution, -O3 -fomit-
frame-pointer -fnext-runtime
FAIL: objc/execute/accessing_ivars.m compilation, -O3 -g -fnext-runtime
UNRESOLVED: objc/execute/accessing_ivars.m execution, -O3 -g -fnext-
runtime
FAIL: objc/execute/accessing_ivars.m compilation, -Os -fnext-runtime
UNRESOLVED: objc/execute/accessing_ivars.m execution, -Os -fnext-
runtime
FAIL: objc/execute/bf-1.m compilation, -O0 -fnext-runtime
UNRESOLVED: objc/execute/bf-1.m execution, -O0 -fnext-runtime
FAIL: objc/execute/bf-1.m compilation, -O1 -fnext-runtime
UNRESOLVED: objc/execute/bf-1.m execution, -O1 -fnext-runtime
FAIL: objc/execute/bf-1.m compilation, -O2 -fnext-runtime
UNRESOLVED: objc/execute/bf-1.m execution, -O2 -fnext-runtime
FAIL: objc/execute/bf-1.m compilation, -O3 -fomit-frame-pointer -
fnext-runtime
UNRESOLVED: objc/execute/bf-1.m execution, -O3 -fomit-frame-pointer -
fnext-runtime
FAIL: objc/execute/bf-1.m compilation, -O3 -g -fnext-runtime
UNRESOLVED: objc/execute/bf-1.m execution, -O3 -g -fnext-runtime
FAIL: objc/execute/bf-1.m compilation, -Os -fnext-runtime
UNRESOLVED: objc/execute/bf-1.m execution, -Os -fnext-runtime
FAIL: objc/execute/bf-10.m compilation, -O0 -fnext-runtime
UNRESOLVED: objc/execute/bf-10.m execution, -O0 -fnext-runtime
FAIL: objc/execute/bf-10.m compilation, -O1 -fnext-runtime
UNRESOLVED: objc/execute/bf-10.m execution, -O1 -fnext-runtime
FAIL: objc/execute/bf-10.m compilation, -O2 -fnext-runtime
UNRESOLVED: objc/execute/bf-10.m execution, -O2 -fnext-runtime
FAIL: objc/execute/bf-10.m compilation, -O3 -fomit-frame-pointer -
fnext-runtime
UNRESOLVED: objc/execute/bf-10.m execution, -O3 -fomit-frame-pointer
-fnext-runtime
FAIL: objc/execute/bf-10.m compilation, -O3 -g -fnext-runtime
UNRESOLVED: objc/execute/bf-10.m execution, -O3 -g -fnext-runtime
FAIL: objc/execute/bf-10.m compilation, -Os -fnext-runtime
UNRESOLVED: objc/execute/bf-10.m execution, -Os -fnext-runtime
FAIL: objc/execute/bf-11.m compilation, -O0 -fnext-runtime
UNRESOLVED: objc/execute/bf-11.m execution, -O0 -fnext-runtime
FAIL: objc/execute/bf-11.m compilation, -O1 -fnext-runtime
UNRESOLVED: objc/execute/bf-11.m execution, -O1 -fnext-runtime
FAIL: objc/execute/bf-11.m compilation, -O2 -fnext-runtime
UNRESOLVED: objc/execute/bf-11.m execution, -O2 -fnext-runtime
FAIL: objc/execute/bf-11.m compilation, -O3 -fomit-frame-pointer -
fnext-runtime
UNRESOLVED: objc/execute/bf-11.m execution, -O3 -fomit-frame-pointer
-fnext-runtime
FAIL: objc/execute/bf-11.m compilation, -O3 -g -fnext-runtime
UNRESOLVED: objc/execute/bf-11.m execution, -O3 -g -fnext-runtime
FAIL: objc/execute/bf-11.m compilation, -Os -fnext-runtime
UNRESOLVED: objc/execute/bf-11.m execution, -Os -fnext-runtime
FAIL: objc/execute/bf-12.m compilation, -O0 -fnext-runtime
UNRESOLVED: objc/execute/bf-12.m execution, -O0 -fnext-runtime
FAIL: objc/execute/bf-12.m compilation, -O1 -fnext-runtime
UNRESOLVED: objc/execute/bf-12.m execution, -O1 -fnext-runtime
FAIL: objc/execute/bf-12.m compilation, -O2 -fnext-runtime
UNRESOLVED: objc/execute/bf-12.m execution, -O2 -fnext-runtime
FAIL: objc/execute/bf-12.m compilation, -O3 -fomit-frame-pointer -
fnext-runtime
UNRESOLVED: objc/execute/bf-12.m execution, -O3 -fomit-frame-pointer
-fnext-runtime
FAIL: objc/execute/bf-12.m compilation, -O3 -g -fnext-runtime
UNRESOLVED: objc/execute/bf-12.m execution, -O3 -g -fnext-runtime
FAIL: objc/execute/bf-12.m compilation, -Os -fnext-runtime
UNRESOLVED: objc/execute/bf-12.m execution, -Os -fnext-runtime
FAIL: objc/execute/bf-13.m compilation, -O0 -fnext-runtime
UNRESOLVED: objc/execute/bf-13.m execution, -O0 -fnext-runtime
FAIL: objc/execute/bf-13.m compilation, -O1 -fnext-runtime
UNRESOLVED: objc/execute/bf-13.m execution, -O1 -fnext-runtime
FAIL: objc/execute/bf-13.m compilation, -O2 -fnext-runtime
UNRESOLVED: objc/execute/bf-13.m execution, -O2 -fnext-runtime
FAIL: objc/execute/bf-13.m compilation, -O3 -fomit-frame-pointer -
fnext-runtime
UNRESOLVED: objc/execute/bf-13.m execution, -O3 -fomit-frame-pointer
-fnext-runtime
FAIL: objc/execute/bf-13.m compilation, -O3 -g -fnext-runtime
UNRESOLVED: objc/execute/bf-13.m execution, -O3 -g -fnext-runtime
FAIL: objc/execute/bf-13.m compilation, -Os -fnext-runtime
UNRESOLVED: objc/execute/bf-13.m execution, -Os -fnext-runtime
FAIL: objc/execute/bf-14.m compilation, -O0 -fnext-runtime
UNRESOLVED: objc/execute/bf-14.m execution, -O0 -fnext-runtime
FAIL: objc/execute/bf-14.m compilation, -O1 -fnext-runtime
UNRESOLVED: objc/execute/bf-14.m execution, -O1 -fnext-runtime
FAIL: objc/execute/bf-14.m compilation, -O2 -fnext-runtime
UNRESOLVED: objc/execute/bf-14.m execution, -O2 -fnext-runtime
FAIL: objc/execute/bf-14.m compilation, -O3 -fomit-frame-pointer -
fnext-runtime
UNRESOLVED: objc/execute/bf-14.m execution, -O3 -fomit-frame-pointer
-fnext-runtime
FAIL: objc/execute/bf-14.m compilation, -O3 -g -fnext-runtime
UNRESOLVED: objc/execute/bf-14.m execution, -O3 -g -fnext-runtime
FAIL: objc/execute/bf-14.m compilation, -Os -fnext-runtime
UNRESOLVED: objc/execute/bf-14.m execution, -Os -fnext-runtime
FAIL: objc/execute/bf-15.m compilation, -O0 -fnext-runtime
UNRESOLVED: objc/execute/bf-15.m execution, -O0 -fnext-runtime
FAIL: objc/execute/bf-15.m compilation, -O1 -fnext-runtime
UNRESOLVED: objc/execute/bf-15.m execution, -O1 -fnext-runtime
FAIL: objc/execute/bf-15.m compilation, -O2 -fnext-runtime
UNRESOLVED: objc/execute/bf-15.m execution, -O2 -fnext-runtime
FAIL: objc/execute/bf-15.m compilation, -O3 -fomit-frame-pointer -
fnext-runtime
UNRESOLVED: objc/execute/bf-15.m execution, -O3 -fomit-frame-pointer
-fnext-runtime
FAIL: objc/execute/bf-15.m compilation, -O3 -g -fnext-runtime
UNRESOLVED: objc/execute/bf-15.m execution, -O3 -g -fnext-runtime
FAIL: objc/execute/bf-15.m compilation, -Os -fnext-runtime
UNRESOLVED: objc/execute/bf-15.m execution, -Os -fnext-runtime
FAIL: objc/execute/bf-16.m compilation, -O0 -fnext-runtime
UNRESOLVED: objc/execute/bf-16.m execution, -O0 -fnext-runtime
FAIL: objc/execute/bf-16.m compilation, -O1 -fnext-runtime
UNRESOLVED: objc/execute/bf-16.m execution, -O1 -fnext-runtime
FAIL: objc/execute/bf-16.m compilation, -O2 -fnext-runtime
UNRESOLVED: objc/execute/bf-16.m execution, -O2 -fnext-runtime
FAIL: objc/execute/bf-16.m compilation, -O3 -fomit-frame-pointer -
fnext-runtime
UNRESOLVED: objc/execute/bf-16.m execution, -O3 -fomit-frame-pointer
-fnext-runtime
FAIL: objc/execute/bf-16.m compilation, -O3 -g -fnext-runtime
UNRESOLVED: objc/execute/bf-16.m execution, -O3 -g -fnext-runtime
FAIL: objc/execute/bf-16.m compilation, -Os -fnext-runtime
UNRESOLVED: objc/execute/bf-16.m execution, -Os -fnext-runtime
FAIL: objc/execute/bf-17.m compilation, -O0 -fnext-runtime
UNRESOLVED: objc/execute/bf-17.m execution, -O0 -fnext-runtime
FAIL: objc/execute/bf-17.m compilation, -O1 -fnext-runtime
UNRESOLVED: objc/execute/bf-17.m execution, -O1 -fnext-runtime
FAIL: objc/execute/bf-17.m compilation, -O2 -fnext-runtime
UNRESOLVED: objc/execute/bf-17.m execution, -O2 -fnext-runtime
FAIL: objc/execute/bf-17.m compilation, -O3 -fomit-frame-pointer -
fnext-runtime
UNRESOLVED: objc/execute/bf-17.m execution, -O3 -fomit-frame-pointer
-fnext-runtime
FAIL: objc/execute/bf-17.m compilation, -O3 -g -fnext-runtime
UNRESOLVED: objc/execute/bf-17.m execution, -O3 -g -fnext-runtime
FAIL: objc/execute/bf-17.m compilation, -Os -fnext-runtime
UNRESOLVED: objc/execute/bf-17.m execution, -Os -fnext-runtime
FAIL: objc/execute/bf-18.m compilation, -O0 -fnext-runtime
UNRESOLVED: objc/execute/bf-18.m execution, -O0 -fnext-runtime
FAIL: objc/execute/bf-18.m compilation, -O1 -fnext-runtime
UNRESOLVED: objc/execute/bf-18.m execution, -O1 -fnext-runtime
FAIL: objc/execute/bf-18.m compilation, -O2 -fnext-runtime
UNRESOLVED: objc/execute/bf-18.m execution, -O2 -fnext-runtime
FAIL: objc/execute/bf-18.m compilation, -O3 -fomit-frame-pointer -
fnext-runtime
UNRESOLVED: objc/execute/bf-18.m execution, -O3 -fomit-frame-pointer
-fnext-runtime
FAIL: objc/execute/bf-18.m compilation, -O3 -g -fnext-runtime
UNRESOLVED: objc/execute/bf-18.m execution, -O3 -g -fnext-runtime
FAIL: objc/execute/bf-18.m compilation, -Os -fnext-runtime
UNRESOLVED: objc/execute/bf-18.m execution, -Os -fnext-runtime
FAIL: objc/execute/bf-19.m compilation, -O0 -fnext-runtime
UNRESOLVED: objc/execute/bf-19.m execution, -O0 -fnext-runtime
FAIL: objc/execute/bf-19.m compilation, -O1 -fnext-runtime
UNRESOLVED: objc/execute/bf-19.m execution, -O1 -fnext-runtime
FAIL: objc/execute/bf-19.m compilation, -O2 -fnext-runtime
UNRESOLVED: objc/execute/bf-19.m execution, -O2 -fnext-runtime
FAIL: objc/execute/bf-19.m compilation, -O3 -fomit-frame-pointer -
fnext-runtime
UNRESOLVED: objc/execute/bf-19.m execution, -O3 -fomit-frame-pointer
-fnext-runtime
FAIL: objc/execute/bf-19.m compilation, -O3 -g -fnext-runtime
UNRESOLVED: objc/execute/bf-19.m execution, -O3 -g -fnext-runtime
FAIL: objc/execute/bf-19.m compilation, -Os -fnext-runtime
UNRESOLVED: objc/execute/bf-19.m execution, -Os -fnext-runtime
FAIL: objc/execute/bf-2.m compilation, -O0 -fnext-runtime
UNRESOLVED: objc/execute/bf-2.m execution, -O0 -fnext-runtime
FAIL: objc/execute/bf-2.m compilation, -O1 -fnext-runtime
UNRESOLVED: objc/execute/bf-2.m execution, -O1 -fnext-runtime
FAIL: objc/execute/bf-2.m compilation, -O2 -fnext-runtime
UNRESOLVED: objc/execute/bf-2.m execution, -O2 -fnext-runtime
FAIL: objc/execute/bf-2.m compilation, -O3 -fomit-frame-pointer -
fnext-runtime
UNRESOLVED: objc/execute/bf-2.m execution, -O3 -fomit-frame-pointer -
fnext-runtime
FAIL: objc/execute/bf-2.m compilation, -O3 -g -fnext-runtime
UNRESOLVED: objc/execute/bf-2.m execution, -O3 -g -fnext-runtime
FAIL: objc/execute/bf-2.m compilation, -Os -fnext-runtime
UNRESOLVED: objc/execute/bf-2.m execution, -Os -fnext-runtime
FAIL: objc/execute/bf-20.m compilation, -O0 -fnext-runtime
UNRESOLVED: objc/execute/bf-20.m execution, -O0 -fnext-runtime
FAIL: objc/execute/bf-20.m compilation, -O1 -fnext-runtime
UNRESOLVED: objc/execute/bf-20.m execution, -O1 -fnext-runtime
FAIL: objc/execute/bf-20.m compilation, -O2 -fnext-runtime
UNRESOLVED: objc/execute/bf-20.m execution, -O2 -fnext-runtime
FAIL: objc/execute/bf-20.m compilation, -O3 -fomit-frame-pointer -
fnext-runtime
UNRESOLVED: objc/execute/bf-20.m execution, -O3 -fomit-frame-pointer
-fnext-runtime
FAIL: objc/execute/bf-20.m compilation, -O3 -g -fnext-runtime
UNRESOLVED: objc/execute/bf-20.m execution, -O3 -g -fnext-runtime
FAIL: objc/execute/bf-20.m compilation, -Os -fnext-runtime
UNRESOLVED: objc/execute/bf-20.m execution, -Os -fnext-runtime
FAIL: objc/execute/bf-21.m compilation, -O0 -fnext-runtime
UNRESOLVED: objc/execute/bf-21.m execution, -O0 -fnext-runtime
FAIL: objc/execute/bf-21.m compilation, -O1 -fnext-runtime
UNRESOLVED: objc/execute/bf-21.m execution, -O1 -fnext-runtime
FAIL: objc/execute/bf-21.m compilation, -O2 -fnext-runtime
UNRESOLVED: objc/execute/bf-21.m execution, -O2 -fnext-runtime
FAIL: objc/execute/bf-21.m compilation, -O3 -fomit-frame-pointer -
fnext-runtime
UNRESOLVED: objc/execute/bf-21.m execution, -O3 -fomit-frame-pointer
-fnext-runtime
FAIL: objc/execute/bf-21.m compilation, -O3 -g -fnext-runtime
UNRESOLVED: objc/execute/bf-21.m execution, -O3 -g -fnext-runtime
FAIL: objc/execute/bf-21.m compilation, -Os -fnext-runtime
UNRESOLVED: objc/execute/bf-21.m execution, -Os -fnext-runtime
FAIL: objc/execute/bf-3.m compilation, -O0 -fnext-runtime
UNRESOLVED: objc/execute/bf-3.m execution, -O0 -fnext-runtime
FAIL: objc/execute/bf-3.m compilation, -O1 -fnext-runtime
UNRESOLVED: objc/execute/bf-3.m execution, -O1 -fnext-runtime
FAIL: objc/execute/bf-3.m compilation, -O2 -fnext-runtime
UNRESOLVED: objc/execute/bf-3.m execution, -O2 -fnext-runtime
FAIL: objc/execute/bf-3.m compilation, -O3 -fomit-frame-pointer -
fnext-runtime
UNRESOLVED: objc/execute/bf-3.m execution, -O3 -fomit-frame-pointer -
fnext-runtime
FAIL: objc/execute/bf-3.m compilation, -O3 -g -fnext-runtime
UNRESOLVED: objc/execute/bf-3.m execution, -O3 -g -fnext-runtime
FAIL: objc/execute/bf-3.m compilation, -Os -fnext-runtime
UNRESOLVED: objc/execute/bf-3.m execution, -Os -fnext-runtime
FAIL: objc/execute/bf-4.m compilation, -O0 -fnext-runtime
UNRESOLVED: objc/execute/bf-4.m execution, -O0 -fnext-runtime
FAIL: objc/execute/bf-4.m compilation, -O1 -fnext-runtime
UNRESOLVED: objc/execute/bf-4.m execution, -O1 -fnext-runtime
FAIL: objc/execute/bf-4.m compilation, -O2 -fnext-runtime
UNRESOLVED: objc/execute/bf-4.m execution, -O2 -fnext-runtime
FAIL: objc/execute/bf-4.m compilation, -O3 -fomit-frame-pointer -
fnext-runtime
UNRESOLVED: objc/execute/bf-4.m execution, -O3 -fomit-frame-pointer -
fnext-runtime
FAIL: objc/execute/bf-4.m compilation, -O3 -g -fnext-runtime
UNRESOLVED: objc/execute/bf-4.m execution, -O3 -g -fnext-runtime
FAIL: objc/execute/bf-4.m compilation, -Os -fnext-runtime
UNRESOLVED: objc/execute/bf-4.m execution, -Os -fnext-runtime
FAIL: objc/execute/bf-5.m compilation, -O0 -fnext-runtime
UNRESOLVED: objc/execute/bf-5.m execution, -O0 -fnext-runtime
FAIL: objc/execute/bf-5.m compilation, -O1 -fnext-runtime
UNRESOLVED: objc/execute/bf-5.m execution, -O1 -fnext-runtime
FAIL: objc/execute/bf-5.m compilation, -O2 -fnext-runtime
UNRESOLVED: objc/execute/bf-5.m execution, -O2 -fnext-runtime
FAIL: objc/execute/bf-5.m compilation, -O3 -fomit-frame-pointer -
fnext-runtime
UNRESOLVED: objc/execute/bf-5.m execution, -O3 -fomit-frame-pointer -
fnext-runtime
FAIL: objc/execute/bf-5.m compilation, -O3 -g -fnext-runtime
UNRESOLVED: objc/execute/bf-5.m execution, -O3 -g -fnext-runtime
FAIL: objc/execute/bf-5.m compilation, -Os -fnext-runtime
UNRESOLVED: objc/execute/bf-5.m execution, -Os -fnext-runtime
FAIL: objc/execute/bf-6.m compilation, -O0 -fnext-runtime
UNRESOLVED: objc/execute/bf-6.m execution, -O0 -fnext-runtime
FAIL: objc/execute/bf-6.m compilation, -O1 -fnext-runtime
UNRESOLVED: objc/execute/bf-6.m execution, -O1 -fnext-runtime
FAIL: objc/execute/bf-6.m compilation, -O2 -fnext-runtime
UNRESOLVED: objc/execute/bf-6.m execution, -O2 -fnext-runtime
FAIL: objc/execute/bf-6.m compilation, -O3 -fomit-frame-pointer -
fnext-runtime
UNRESOLVED: objc/execute/bf-6.m execution, -O3 -fomit-frame-pointer -
fnext-runtime
FAIL: objc/execute/bf-6.m compilation, -O3 -g -fnext-runtime
UNRESOLVED: objc/execute/bf-6.m execution, -O3 -g -fnext-runtime
FAIL: objc/execute/bf-6.m compilation, -Os -fnext-runtime
UNRESOLVED: objc/execute/bf-6.m execution, -Os -fnext-runtime
FAIL: objc/execute/bf-7.m compilation, -O0 -fnext-runtime
UNRESOLVED: objc/execute/bf-7.m execution, -O0 -fnext-runtime
FAIL: objc/execute/bf-7.m compilation, -O1 -fnext-runtime
UNRESOLVED: objc/execute/bf-7.m execution, -O1 -fnext-runtime
FAIL: objc/execute/bf-7.m compilation, -O2 -fnext-runtime
UNRESOLVED: objc/execute/bf-7.m execution, -O2 -fnext-runtime
FAIL: objc/execute/bf-7.m compilation, -O3 -fomit-frame-pointer -
fnext-runtime
UNRESOLVED: objc/execute/bf-7.m execution, -O3 -fomit-frame-pointer -
fnext-runtime
FAIL: objc/execute/bf-7.m compilation, -O3 -g -fnext-runtime
UNRESOLVED: objc/execute/bf-7.m execution, -O3 -g -fnext-runtime
FAIL: objc/execute/bf-7.m compilation, -Os -fnext-runtime
UNRESOLVED: objc/execute/bf-7.m execution, -Os -fnext-runtime
FAIL: objc/execute/bf-8.m compilation, -O0 -fnext-runtime
UNRESOLVED: objc/execute/bf-8.m execution, -O0 -fnext-runtime
FAIL: objc/execute/bf-8.m compilation, -O1 -fnext-runtime
UNRESOLVED: objc/execute/bf-8.m execution, -O1 -fnext-runtime
FAIL: objc/execute/bf-8.m compilation, -O2 -fnext-runtime
UNRESOLVED: objc/execute/bf-8.m execution, -O2 -fnext-runtime
FAIL: objc/execute/bf-8.m compilation, -O3 -fomit-frame-pointer -
fnext-runtime
UNRESOLVED: objc/execute/bf-8.m execution, -O3 -fomit-frame-pointer -
fnext-runtime
FAIL: objc/execute/bf-8.m compilation, -O3 -g -fnext-runtime
UNRESOLVED: objc/execute/bf-8.m execution, -O3 -g -fnext-runtime
FAIL: objc/execute/bf-8.m compilation, -Os -fnext-runtime
UNRESOLVED: objc/execute/bf-8.m execution, -Os -fnext-runtime
FAIL: objc/execute/bf-9.m compilation, -O0 -fnext-runtime
UNRESOLVED: objc/execute/bf-9.m execution, -O0 -fnext-runtime
FAIL: objc/execute/bf-9.m compilation, -O1 -fnext-runtime
UNRESOLVED: objc/execute/bf-9.m execution, -O1 -fnext-runtime
FAIL: objc/execute/bf-9.m compilation, -O2 -fnext-runtime
UNRESOLVED: objc/execute/bf-9.m execution, -O2 -fnext-runtime
FAIL: objc/execute/bf-9.m compilation, -O3 -fomit-frame-pointer -
fnext-runtime
UNRESOLVED: objc/execute/bf-9.m execution, -O3 -fomit-frame-pointer -
fnext-runtime
FAIL: objc/execute/bf-9.m compilation, -O3 -g -fnext-runtime
UNRESOLVED: objc/execute/bf-9.m execution, -O3 -g -fnext-runtime
FAIL: objc/execute/bf-9.m compilation, -Os -fnext-runtime
UNRESOLVED: objc/execute/bf-9.m execution, -Os -fnext-runtime
FAIL: objc/execute/bycopy-1.m compilation, -O0 -fnext-runtime
UNRESOLVED: objc/execute/bycopy-1.m execution, -O0 -fnext-runtime
FAIL: objc/execute/bycopy-1.m compilation, -O1 -fnext-runtime
UNRESOLVED: objc/execute/bycopy-1.m execution, -O1 -fnext-runtime
FAIL: objc/execute/bycopy-1.m compilation, -O2 -fnext-runtime
UNRESOLVED: objc/execute/bycopy-1.m execution, -O2 -fnext-runtime
FAIL: objc/execute/bycopy-1.m compilation, -O3 -fomit-frame-pointer -
fnext-runtime
UNRESOLVED: objc/execute/bycopy-1.m execution, -O3 -fomit-frame-
pointer -fnext-runtime
FAIL: objc/execute/bycopy-1.m compilation, -O3 -g -fnext-runtime
UNRESOLVED: objc/execute/bycopy-1.m execution, -O3 -g -fnext-runtime
FAIL: objc/execute/bycopy-1.m compilation, -Os -fnext-runtime
UNRESOLVED: objc/execute/bycopy-1.m execution, -Os -fnext-runtime
FAIL: objc/execute/bycopy-2.m compilation, -O0 -fnext-runtime
UNRESOLVED: objc/execute/bycopy-2.m execution, -O0 -fnext-runtime
FAIL: objc/execute/bycopy-2.m compilation, -O1 -fnext-runtime
UNRESOLVED: objc/execute/bycopy-2.m execution, -O1 -fnext-runtime
FAIL: objc/execute/bycopy-2.m compilation, -O2 -fnext-runtime
UNRESOLVED: objc/execute/bycopy-2.m execution, -O2 -fnext-runtime
FAIL: objc/execute/bycopy-2.m compilation, -O3 -fomit-frame-pointer -
fnext-runtime
UNRESOLVED: objc/execute/bycopy-2.m execution, -O3 -fomit-frame-
pointer -fnext-runtime
FAIL: objc/execute/bycopy-2.m compilation, -O3 -g -fnext-runtime
UNRESOLVED: objc/execute/bycopy-2.m execution, -O3 -g -fnext-runtime
FAIL: objc/execute/bycopy-2.m compilation, -Os -fnext-runtime
UNRESOLVED: objc/execute/bycopy-2.m execution, -Os -fnext-runtime
FAIL: objc/execute/bycopy-3.m compilation, -O0 -fnext-runtime
UNRESOLVED: objc/execute/bycopy-3.m execution, -O0 -fnext-runtime
FAIL: objc/execute/bycopy-3.m compilation, -O1 -fnext-runtime
UNRESOLVED: objc/execute/bycopy-3.m execution, -O1 -fnext-runtime
FAIL: objc/execute/bycopy-3.m compilation, -O2 -fnext-runtime
UNRESOLVED: objc/execute/bycopy-3.m execution, -O2 -fnext-runtime
FAIL: objc/execute/bycopy-3.m compilation, -O3 -fomit-frame-pointer -
fnext-runtime
UNRESOLVED: objc/execute/bycopy-3.m execution, -O3 -fomit-frame-
pointer -fnext-runtime
FAIL: objc/execute/bycopy-3.m compilation, -O3 -g -fnext-runtime
UNRESOLVED: objc/execute/bycopy-3.m execution, -O3 -g -fnext-runtime
FAIL: objc/execute/bycopy-3.m compilation, -Os -fnext-runtime
UNRESOLVED: objc/execute/bycopy-3.m execution, -Os -fnext-runtime
FAIL: objc/execute/cascading-1.m compilation, -O0 -fnext-runtime
UNRESOLVED: objc/execute/cascading-1.m execution, -O0 -fnext-runtime
FAIL: objc/execute/cascading-1.m compilation, -O1 -fnext-runtime
UNRESOLVED: objc/execute/cascading-1.m execution, -O1 -fnext-runtime
FAIL: objc/execute/cascading-1.m compilation, -O2 -fnext-runtime
UNRESOLVED: objc/execute/cascading-1.m execution, -O2 -fnext-runtime
FAIL: objc/execute/cascading-1.m compilation, -O3 -fomit-frame-
pointer -fnext-runtime
UNRESOLVED: objc/execute/cascading-1.m execution, -O3 -fomit-frame-
pointer -fnext-runtime
FAIL: objc/execute/cascading-1.m compilation, -O3 -g -fnext-runtime
UNRESOLVED: objc/execute/cascading-1.m execution, -O3 -g -fnext-runtime
FAIL: objc/execute/cascading-1.m compilation, -Os -fnext-runtime
UNRESOLVED: objc/execute/cascading-1.m execution, -Os -fnext-runtime
FAIL: objc/execute/class-1.m compilation, -O0 -fnext-runtime
UNRESOLVED: objc/execute/class-1.m execution, -O0 -fnext-runtime
FAIL: objc/execute/class-1.m compilation, -O1 -fnext-runtime
UNRESOLVED: objc/execute/class-1.m execution, -O1 -fnext-runtime
FAIL: objc/execute/class-1.m compilation, -O2 -fnext-runtime
UNRESOLVED: objc/execute/class-1.m execution, -O2 -fnext-runtime
FAIL: objc/execute/class-1.m compilation, -O3 -fomit-frame-pointer -
fnext-runtime
UNRESOLVED: objc/execute/class-1.m execution, -O3 -fomit-frame-
pointer -fnext-runtime
FAIL: objc/execute/class-1.m compilation, -O3 -g -fnext-runtime
UNRESOLVED: objc/execute/class-1.m execution, -O3 -g -fnext-runtime
FAIL: objc/execute/class-1.m compilation, -Os -fnext-runtime
UNRESOLVED: objc/execute/class-1.m execution, -Os -fnext-runtime
FAIL: objc/execute/class-10.m compilation, -O0 -fnext-runtime
UNRESOLVED: objc/execute/class-10.m execution, -O0 -fnext-runtime
FAIL: objc/execute/class-10.m compilation, -O1 -fnext-runtime
UNRESOLVED: objc/execute/class-10.m execution, -O1 -fnext-runtime
FAIL: objc/execute/class-10.m compilation, -O2 -fnext-runtime
UNRESOLVED: objc/execute/class-10.m execution, -O2 -fnext-runtime
FAIL: objc/execute/class-10.m compilation, -O3 -fomit-frame-pointer -
fnext-runtime
UNRESOLVED: objc/execute/class-10.m execution, -O3 -fomit-frame-
pointer -fnext-runtime
FAIL: objc/execute/class-10.m compilation, -O3 -g -fnext-runtime
UNRESOLVED: objc/execute/class-10.m execution, -O3 -g -fnext-runtime
FAIL: objc/execute/class-10.m compilation, -Os -fnext-runtime
UNRESOLVED: objc/execute/class-10.m execution, -Os -fnext-runtime
FAIL: objc/execute/class-11.m compilation, -O0 -fnext-runtime
UNRESOLVED: objc/execute/class-11.m execution, -O0 -fnext-runtime
FAIL: objc/execute/class-11.m compilation, -O1 -fnext-runtime
UNRESOLVED: objc/execute/class-11.m execution, -O1 -fnext-runtime
FAIL: objc/execute/class-11.m compilation, -O2 -fnext-runtime
UNRESOLVED: objc/execute/class-11.m execution, -O2 -fnext-runtime
FAIL: objc/execute/class-11.m compilation, -O3 -fomit-frame-pointer -
fnext-runtime
UNRESOLVED: objc/execute/class-11.m execution, -O3 -fomit-frame-
pointer -fnext-runtime
FAIL: objc/execute/class-11.m compilation, -O3 -g -fnext-runtime
UNRESOLVED: objc/execute/class-11.m execution, -O3 -g -fnext-runtime
FAIL: objc/execute/class-11.m compilation, -Os -fnext-runtime
UNRESOLVED: objc/execute/class-11.m execution, -Os -fnext-runtime
FAIL: objc/execute/class-12.m compilation, -O0 -fnext-runtime
UNRESOLVED: objc/execute/class-12.m execution, -O0 -fnext-runtime
FAIL: objc/execute/class-12.m compilation, -O1 -fnext-runtime
UNRESOLVED: objc/execute/class-12.m execution, -O1 -fnext-runtime
FAIL: objc/execute/class-12.m compilation, -O2 -fnext-runtime
UNRESOLVED: objc/execute/class-12.m execution, -O2 -fnext-runtime
FAIL: objc/execute/class-12.m compilation, -O3 -fomit-frame-pointer -
fnext-runtime
UNRESOLVED: objc/execute/class-12.m execution, -O3 -fomit-frame-
pointer -fnext-runtime
FAIL: objc/execute/class-12.m compilation, -O3 -g -fnext-runtime
UNRESOLVED: objc/execute/class-12.m execution, -O3 -g -fnext-runtime
FAIL: objc/execute/class-12.m compilation, -Os -fnext-runtime
UNRESOLVED: objc/execute/class-12.m execution, -Os -fnext-runtime
FAIL: objc/execute/class-13.m compilation, -O0 -fnext-runtime
UNRESOLVED: objc/execute/class-13.m execution, -O0 -fnext-runtime
FAIL: objc/execute/class-13.m compilation, -O1 -fnext-runtime
UNRESOLVED: objc/execute/class-13.m execution, -O1 -fnext-runtime
FAIL: objc/execute/class-13.m compilation, -O2 -fnext-runtime
UNRESOLVED: objc/execute/class-13.m execution, -O2 -fnext-runtime
FAIL: objc/execute/class-13.m compilation, -O3 -fomit-frame-pointer -
fnext-runtime
UNRESOLVED: objc/execute/class-13.m execution, -O3 -fomit-frame-
pointer -fnext-runtime
FAIL: objc/execute/class-13.m compilation, -O3 -g -fnext-runtime
UNRESOLVED: objc/execute/class-13.m execution, -O3 -g -fnext-runtime
FAIL: objc/execute/class-13.m compilation, -Os -fnext-runtime
UNRESOLVED: objc/execute/class-13.m execution, -Os -fnext-runtime
FAIL: objc/execute/class-14.m compilation, -O0 -fnext-runtime
UNRESOLVED: objc/execute/class-14.m execution, -O0 -fnext-runtime
FAIL: objc/execute/class-14.m compilation, -O1 -fnext-runtime
UNRESOLVED: objc/execute/class-14.m execution, -O1 -fnext-runtime
FAIL: objc/execute/class-14.m compilation, -O2 -fnext-runtime
UNRESOLVED: objc/execute/class-14.m execution, -O2 -fnext-runtime
FAIL: objc/execute/class-14.m compilation, -O3 -fomit-frame-pointer -
fnext-runtime
UNRESOLVED: objc/execute/class-14.m execution, -O3 -fomit-frame-
pointer -fnext-runtime
FAIL: objc/execute/class-14.m compilation, -O3 -g -fnext-runtime
UNRESOLVED: objc/execute/class-14.m execution, -O3 -g -fnext-runtime
FAIL: objc/execute/class-14.m compilation, -Os -fnext-runtime
UNRESOLVED: objc/execute/class-14.m execution, -Os -fnext-runtime
FAIL: objc/execute/class-2.m compilation, -O0 -fnext-runtime
UNRESOLVED: objc/execute/class-2.m execution, -O0 -fnext-runtime
FAIL: objc/execute/class-2.m compilation, -O1 -fnext-runtime
UNRESOLVED: objc/execute/class-2.m execution, -O1 -fnext-runtime
FAIL: objc/execute/class-2.m compilation, -O2 -fnext-runtime
UNRESOLVED: objc/execute/class-2.m execution, -O2 -fnext-runtime
FAIL: objc/execute/class-2.m compilation, -O3 -fomit-frame-pointer -
fnext-runtime
UNRESOLVED: objc/execute/class-2.m execution, -O3 -fomit-frame-
pointer -fnext-runtime
FAIL: objc/execute/class-2.m compilation, -O3 -g -fnext-runtime
UNRESOLVED: objc/execute/class-2.m execution, -O3 -g -fnext-runtime
FAIL: objc/execute/class-2.m compilation, -Os -fnext-runtime
UNRESOLVED: objc/execute/class-2.m execution, -Os -fnext-runtime
FAIL: objc/execute/class-3.m compilation, -O0 -fnext-runtime
UNRESOLVED: objc/execute/class-3.m execution, -O0 -fnext-runtime
FAIL: objc/execute/class-3.m compilation, -O1 -fnext-runtime
UNRESOLVED: objc/execute/class-3.m execution, -O1 -fnext-runtime
FAIL: objc/execute/class-3.m compilation, -O2 -fnext-runtime
UNRESOLVED: objc/execute/class-3.m execution, -O2 -fnext-runtime
FAIL: objc/execute/class-3.m compilation, -O3 -fomit-frame-pointer -
fnext-runtime
UNRESOLVED: objc/execute/class-3.m execution, -O3 -fomit-frame-
pointer -fnext-runtime
FAIL: objc/execute/class-3.m compilation, -O3 -g -fnext-runtime
UNRESOLVED: objc/execute/class-3.m execution, -O3 -g -fnext-runtime
FAIL: objc/execute/class-3.m compilation, -Os -fnext-runtime
UNRESOLVED: objc/execute/class-3.m execution, -Os -fnext-runtime
FAIL: objc/execute/class-4.m compilation, -O0 -fnext-runtime
UNRESOLVED: objc/execute/class-4.m execution, -O0 -fnext-runtime
FAIL: objc/execute/class-4.m compilation, -O1 -fnext-runtime
UNRESOLVED: objc/execute/class-4.m execution, -O1 -fnext-runtime
FAIL: objc/execute/class-4.m compilation, -O2 -fnext-runtime
UNRESOLVED: objc/execute/class-4.m execution, -O2 -fnext-runtime
FAIL: objc/execute/class-4.m compilation, -O3 -fomit-frame-pointer -
fnext-runtime
UNRESOLVED: objc/execute/class-4.m execution, -O3 -fomit-frame-
pointer -fnext-runtime
FAIL: objc/execute/class-4.m compilation, -O3 -g -fnext-runtime
UNRESOLVED: objc/execute/class-4.m execution, -O3 -g -fnext-runtime
FAIL: objc/execute/class-4.m compilation, -Os -fnext-runtime
UNRESOLVED: objc/execute/class-4.m execution, -Os -fnext-runtime
FAIL: objc/execute/class-5.m compilation, -O0 -fnext-runtime
UNRESOLVED: objc/execute/class-5.m execution, -O0 -fnext-runtime
FAIL: objc/execute/class-5.m compilation, -O1 -fnext-runtime
UNRESOLVED: objc/execute/class-5.m execution, -O1 -fnext-runtime
FAIL: objc/execute/class-5.m compilation, -O2 -fnext-runtime
UNRESOLVED: objc/execute/class-5.m execution, -O2 -fnext-runtime
FAIL: objc/execute/class-5.m compilation, -O3 -fomit-frame-pointer -
fnext-runtime
UNRESOLVED: objc/execute/class-5.m execution, -O3 -fomit-frame-
pointer -fnext-runtime
FAIL: objc/execute/class-5.m compilation, -O3 -g -fnext-runtime
UNRESOLVED: objc/execute/class-5.m execution, -O3 -g -fnext-runtime
FAIL: objc/execute/class-5.m compilation, -Os -fnext-runtime
UNRESOLVED: objc/execute/class-5.m execution, -Os -fnext-runtime
FAIL: objc/execute/class-6.m compilation, -O0 -fnext-runtime
UNRESOLVED: objc/execute/class-6.m execution, -O0 -fnext-runtime
FAIL: objc/execute/class-6.m compilation, -O1 -fnext-runtime
UNRESOLVED: objc/execute/class-6.m execution, -O1 -fnext-runtime
FAIL: objc/execute/class-6.m compilation, -O2 -fnext-runtime
UNRESOLVED: objc/execute/class-6.m execution, -O2 -fnext-runtime
FAIL: objc/execute/class-6.m compilation, -O3 -fomit-frame-pointer -
fnext-runtime
UNRESOLVED: objc/execute/class-6.m execution, -O3 -fomit-frame-
pointer -fnext-runtime
FAIL: objc/execute/class-6.m compilation, -O3 -g -fnext-runtime
UNRESOLVED: objc/execute/class-6.m execution, -O3 -g -fnext-runtime
FAIL: objc/execute/class-6.m compilation, -Os -fnext-runtime
UNRESOLVED: objc/execute/class-6.m execution, -Os -fnext-runtime
FAIL: objc/execute/class-7.m compilation, -O0 -fnext-runtime
UNRESOLVED: objc/execute/class-7.m execution, -O0 -fnext-runtime
FAIL: objc/execute/class-7.m compilation, -O1 -fnext-runtime
UNRESOLVED: objc/execute/class-7.m execution, -O1 -fnext-runtime
FAIL: objc/execute/class-7.m compilation, -O2 -fnext-runtime
UNRESOLVED: objc/execute/class-7.m execution, -O2 -fnext-runtime
FAIL: objc/execute/class-7.m compilation, -O3 -fomit-frame-pointer -
fnext-runtime
UNRESOLVED: objc/execute/class-7.m execution, -O3 -fomit-frame-
pointer -fnext-runtime
FAIL: objc/execute/class-7.m compilation, -O3 -g -fnext-runtime
UNRESOLVED: objc/execute/class-7.m execution, -O3 -g -fnext-runtime
FAIL: objc/execute/class-7.m compilation, -Os -fnext-runtime
UNRESOLVED: objc/execute/class-7.m execution, -Os -fnext-runtime
FAIL: objc/execute/class-8.m compilation, -O0 -fnext-runtime
UNRESOLVED: objc/execute/class-8.m execution, -O0 -fnext-runtime
FAIL: objc/execute/class-8.m compilation, -O1 -fnext-runtime
UNRESOLVED: objc/execute/class-8.m execution, -O1 -fnext-runtime
FAIL: objc/execute/class-8.m compilation, -O2 -fnext-runtime
UNRESOLVED: objc/execute/class-8.m execution, -O2 -fnext-runtime
FAIL: objc/execute/class-8.m compilation, -O3 -fomit-frame-pointer -
fnext-runtime
UNRESOLVED: objc/execute/class-8.m execution, -O3 -fomit-frame-
pointer -fnext-runtime
FAIL: objc/execute/class-8.m compilation, -O3 -g -fnext-runtime
UNRESOLVED: objc/execute/class-8.m execution, -O3 -g -fnext-runtime
FAIL: objc/execute/class-8.m compilation, -Os -fnext-runtime
UNRESOLVED: objc/execute/class-8.m execution, -Os -fnext-runtime
FAIL: objc/execute/class-9.m compilation, -O0 -fnext-runtime
UNRESOLVED: objc/execute/class-9.m execution, -O0 -fnext-runtime
FAIL: objc/execute/class-9.m compilation, -O1 -fnext-runtime
UNRESOLVED: objc/execute/class-9.m execution, -O1 -fnext-runtime
FAIL: objc/execute/class-9.m compilation, -O2 -fnext-runtime
UNRESOLVED: objc/execute/class-9.m execution, -O2 -fnext-runtime
FAIL: objc/execute/class-9.m compilation, -O3 -fomit-frame-pointer -
fnext-runtime
UNRESOLVED: objc/execute/class-9.m execution, -O3 -fomit-frame-
pointer -fnext-runtime
FAIL: objc/execute/class-9.m compilation, -O3 -g -fnext-runtime
UNRESOLVED: objc/execute/class-9.m execution, -O3 -g -fnext-runtime
FAIL: objc/execute/class-9.m compilation, -Os -fnext-runtime
UNRESOLVED: objc/execute/class-9.m execution, -Os -fnext-runtime
FAIL: objc/execute/class_self-1.m execution, -O0 -fnext-runtime
FAIL: objc/execute/class_self-1.m execution, -O1 -fnext-runtime
FAIL: objc/execute/class_self-1.m execution, -O2 -fnext-runtime
FAIL: objc/execute/class_self-1.m execution, -O3 -fomit-frame-
pointer -fnext-runtime
FAIL: objc/execute/class_self-1.m execution, -O3 -g -fnext-runtime
FAIL: objc/execute/class_self-1.m execution, -Os -fnext-runtime
FAIL: objc/execute/class_self-2.m execution, -O0 -fnext-runtime
FAIL: objc/execute/class_self-2.m execution, -O1 -fnext-runtime
FAIL: objc/execute/class_self-2.m execution, -O2 -fnext-runtime
FAIL: objc/execute/class_self-2.m execution, -O3 -fomit-frame-
pointer -fnext-runtime
FAIL: objc/execute/class_self-2.m execution, -O3 -g -fnext-runtime
FAIL: objc/execute/class_self-2.m execution, -Os -fnext-runtime
FAIL: objc/execute/compatibility_alias.m compilation, -O0 -fnext-
runtime
UNRESOLVED: objc/execute/compatibility_alias.m execution, -O0 -fnext-
runtime
FAIL: objc/execute/compatibility_alias.m compilation, -O1 -fnext-
runtime
UNRESOLVED: objc/execute/compatibility_alias.m execution, -O1 -fnext-
runtime
FAIL: objc/execute/compatibility_alias.m compilation, -O2 -fnext-
runtime
UNRESOLVED: objc/execute/compatibility_alias.m execution, -O2 -fnext-
runtime
FAIL: objc/execute/compatibility_alias.m compilation, -O3 -fomit-
frame-pointer -fnext-runtime
UNRESOLVED: objc/execute/compatibility_alias.m execution, -O3 -fomit-
frame-pointer -fnext-runtime
FAIL: objc/execute/compatibility_alias.m compilation, -O3 -g -fnext-
runtime
UNRESOLVED: objc/execute/compatibility_alias.m execution, -O3 -g -
fnext-runtime
FAIL: objc/execute/compatibility_alias.m compilation, -Os -fnext-
runtime
UNRESOLVED: objc/execute/compatibility_alias.m execution, -Os -fnext-
runtime
FAIL: objc/execute/enumeration-1.m compilation, -O0 -fnext-runtime
UNRESOLVED: objc/execute/enumeration-1.m execution, -O0 -fnext-runtime
FAIL: objc/execute/enumeration-1.m compilation, -O1 -fnext-runtime
UNRESOLVED: objc/execute/enumeration-1.m execution, -O1 -fnext-runtime
FAIL: objc/execute/enumeration-1.m compilation, -O2 -fnext-runtime
UNRESOLVED: objc/execute/enumeration-1.m execution, -O2 -fnext-runtime
FAIL: objc/execute/enumeration-1.m compilation, -O3 -fomit-frame-
pointer -fnext-runtime
UNRESOLVED: objc/execute/enumeration-1.m execution, -O3 -fomit-frame-
pointer -fnext-runtime
FAIL: objc/execute/enumeration-1.m compilation, -O3 -g -fnext-runtime
UNRESOLVED: objc/execute/enumeration-1.m execution, -O3 -g -fnext-
runtime
FAIL: objc/execute/enumeration-1.m compilation, -Os -fnext-runtime
UNRESOLVED: objc/execute/enumeration-1.m execution, -Os -fnext-runtime
FAIL: objc/execute/enumeration-2.m compilation, -O0 -fnext-runtime
UNRESOLVED: objc/execute/enumeration-2.m execution, -O0 -fnext-runtime
FAIL: objc/execute/enumeration-2.m compilation, -O1 -fnext-runtime
UNRESOLVED: objc/execute/enumeration-2.m execution, -O1 -fnext-runtime
FAIL: objc/execute/enumeration-2.m compilation, -O2 -fnext-runtime
UNRESOLVED: objc/execute/enumeration-2.m execution, -O2 -fnext-runtime
FAIL: objc/execute/enumeration-2.m compilation, -O3 -fomit-frame-
pointer -fnext-runtime
UNRESOLVED: objc/execute/enumeration-2.m execution, -O3 -fomit-frame-
pointer -fnext-runtime
FAIL: objc/execute/enumeration-2.m compilation, -O3 -g -fnext-runtime
UNRESOLVED: objc/execute/enumeration-2.m execution, -O3 -g -fnext-
runtime
FAIL: objc/execute/enumeration-2.m compilation, -Os -fnext-runtime
UNRESOLVED: objc/execute/enumeration-2.m execution, -Os -fnext-runtime
FAIL: objc/execute/formal_protocol-1.m compilation, -O0 -fnext-runtime
UNRESOLVED: objc/execute/formal_protocol-1.m execution, -O0 -fnext-
runtime
FAIL: objc/execute/formal_protocol-1.m compilation, -O1 -fnext-runtime
UNRESOLVED: objc/execute/formal_protocol-1.m execution, -O1 -fnext-
runtime
FAIL: objc/execute/formal_protocol-1.m compilation, -O2 -fnext-runtime
UNRESOLVED: objc/execute/formal_protocol-1.m execution, -O2 -fnext-
runtime
FAIL: objc/execute/formal_protocol-1.m compilation, -O3 -fomit-frame-
pointer -fnext-runtime
UNRESOLVED: objc/execute/formal_protocol-1.m execution, -O3 -fomit-
frame-pointer -fnext-runtime
FAIL: objc/execute/formal_protocol-1.m compilation, -O3 -g -fnext-
runtime
UNRESOLVED: objc/execute/formal_protocol-1.m execution, -O3 -g -
fnext-runtime
FAIL: objc/execute/formal_protocol-1.m compilation, -Os -fnext-runtime
UNRESOLVED: objc/execute/formal_protocol-1.m execution, -Os -fnext-
runtime
FAIL: objc/execute/formal_protocol-2.m compilation, -O0 -fnext-runtime
UNRESOLVED: objc/execute/formal_protocol-2.m execution, -O0 -fnext-
runtime
FAIL: objc/execute/formal_protocol-2.m compilation, -O1 -fnext-runtime
UNRESOLVED: objc/execute/formal_protocol-2.m execution, -O1 -fnext-
runtime
FAIL: objc/execute/formal_protocol-2.m compilation, -O2 -fnext-runtime
UNRESOLVED: objc/execute/formal_protocol-2.m execution, -O2 -fnext-
runtime
FAIL: objc/execute/formal_protocol-2.m compilation, -O3 -fomit-frame-
pointer -fnext-runtime
UNRESOLVED: objc/execute/formal_protocol-2.m execution, -O3 -fomit-
frame-pointer -fnext-runtime
FAIL: objc/execute/formal_protocol-2.m compilation, -O3 -g -fnext-
runtime
UNRESOLVED: objc/execute/formal_protocol-2.m execution, -O3 -g -
fnext-runtime
FAIL: objc/execute/formal_protocol-2.m compilation, -Os -fnext-runtime
UNRESOLVED: objc/execute/formal_protocol-2.m execution, -Os -fnext-
runtime
FAIL: objc/execute/formal_protocol-3.m compilation, -O0 -fnext-runtime
UNRESOLVED: objc/execute/formal_protocol-3.m execution, -O0 -fnext-
runtime
FAIL: objc/execute/formal_protocol-3.m compilation, -O1 -fnext-runtime
UNRESOLVED: objc/execute/formal_protocol-3.m execution, -O1 -fnext-
runtime
FAIL: objc/execute/formal_protocol-3.m compilation, -O2 -fnext-runtime
UNRESOLVED: objc/execute/formal_protocol-3.m execution, -O2 -fnext-
runtime
FAIL: objc/execute/formal_protocol-3.m compilation, -O3 -fomit-frame-
pointer -fnext-runtime
UNRESOLVED: objc/execute/formal_protocol-3.m execution, -O3 -fomit-
frame-pointer -fnext-runtime
FAIL: objc/execute/formal_protocol-3.m compilation, -O3 -g -fnext-
runtime
UNRESOLVED: objc/execute/formal_protocol-3.m execution, -O3 -g -
fnext-runtime
FAIL: objc/execute/formal_protocol-3.m compilation, -Os -fnext-runtime
UNRESOLVED: objc/execute/formal_protocol-3.m execution, -Os -fnext-
runtime
FAIL: objc/execute/formal_protocol-4.m compilation, -O0 -fnext-runtime
UNRESOLVED: objc/execute/formal_protocol-4.m execution, -O0 -fnext-
runtime
FAIL: objc/execute/formal_protocol-4.m compilation, -O1 -fnext-runtime
UNRESOLVED: objc/execute/formal_protocol-4.m execution, -O1 -fnext-
runtime
FAIL: objc/execute/formal_protocol-4.m compilation, -O2 -fnext-runtime
UNRESOLVED: objc/execute/formal_protocol-4.m execution, -O2 -fnext-
runtime
FAIL: objc/execute/formal_protocol-4.m compilation, -O3 -fomit-frame-
pointer -fnext-runtime
UNRESOLVED: objc/execute/formal_protocol-4.m execution, -O3 -fomit-
frame-pointer -fnext-runtime
FAIL: objc/execute/formal_protocol-4.m compilation, -O3 -g -fnext-
runtime
UNRESOLVED: objc/execute/formal_protocol-4.m execution, -O3 -g -
fnext-runtime
FAIL: objc/execute/formal_protocol-4.m compilation, -Os -fnext-runtime
UNRESOLVED: objc/execute/formal_protocol-4.m execution, -Os -fnext-
runtime
FAIL: objc/execute/formal_protocol-5.m compilation, -O0 -fnext-runtime
UNRESOLVED: objc/execute/formal_protocol-5.m execution, -O0 -fnext-
runtime
FAIL: objc/execute/formal_protocol-5.m compilation, -O1 -fnext-runtime
UNRESOLVED: objc/execute/formal_protocol-5.m execution, -O1 -fnext-
runtime
FAIL: objc/execute/formal_protocol-5.m compilation, -O2 -fnext-runtime
UNRESOLVED: objc/execute/formal_protocol-5.m execution, -O2 -fnext-
runtime
FAIL: objc/execute/formal_protocol-5.m compilation, -O3 -fomit-frame-
pointer -fnext-runtime
UNRESOLVED: objc/execute/formal_protocol-5.m execution, -O3 -fomit-
frame-pointer -fnext-runtime
FAIL: objc/execute/formal_protocol-5.m compilation, -O3 -g -fnext-
runtime
UNRESOLVED: objc/execute/formal_protocol-5.m execution, -O3 -g -
fnext-runtime
FAIL: objc/execute/formal_protocol-5.m compilation, -Os -fnext-runtime
UNRESOLVED: objc/execute/formal_protocol-5.m execution, -Os -fnext-
runtime
FAIL: objc/execute/formal_protocol-6.m compilation, -O0 -fnext-runtime
UNRESOLVED: objc/execute/formal_protocol-6.m execution, -O0 -fnext-
runtime
FAIL: objc/execute/formal_protocol-6.m compilation, -O1 -fnext-runtime
UNRESOLVED: objc/execute/formal_protocol-6.m execution, -O1 -fnext-
runtime
FAIL: objc/execute/formal_protocol-6.m compilation, -O2 -fnext-runtime
UNRESOLVED: objc/execute/formal_protocol-6.m execution, -O2 -fnext-
runtime
FAIL: objc/execute/formal_protocol-6.m compilation, -O3 -fomit-frame-
pointer -fnext-runtime
UNRESOLVED: objc/execute/formal_protocol-6.m execution, -O3 -fomit-
frame-pointer -fnext-runtime
FAIL: objc/execute/formal_protocol-6.m compilation, -O3 -g -fnext-
runtime
UNRESOLVED: objc/execute/formal_protocol-6.m execution, -O3 -g -
fnext-runtime
FAIL: objc/execute/formal_protocol-6.m compilation, -Os -fnext-runtime
UNRESOLVED: objc/execute/formal_protocol-6.m execution, -Os -fnext-
runtime
FAIL: objc/execute/formal_protocol-7.m compilation, -O0 -fnext-runtime
UNRESOLVED: objc/execute/formal_protocol-7.m execution, -O0 -fnext-
runtime
FAIL: objc/execute/formal_protocol-7.m compilation, -O1 -fnext-runtime
UNRESOLVED: objc/execute/formal_protocol-7.m execution, -O1 -fnext-
runtime
FAIL: objc/execute/formal_protocol-7.m compilation, -O2 -fnext-runtime
UNRESOLVED: objc/execute/formal_protocol-7.m execution, -O2 -fnext-
runtime
FAIL: objc/execute/formal_protocol-7.m compilation, -O3 -fomit-frame-
pointer -fnext-runtime
UNRESOLVED: objc/execute/formal_protocol-7.m execution, -O3 -fomit-
frame-pointer -fnext-runtime
FAIL: objc/execute/formal_protocol-7.m compilation, -O3 -g -fnext-
runtime
UNRESOLVED: objc/execute/formal_protocol-7.m execution, -O3 -g -
fnext-runtime
FAIL: objc/execute/formal_protocol-7.m compilation, -Os -fnext-runtime
UNRESOLVED: objc/execute/formal_protocol-7.m execution, -Os -fnext-
runtime
FAIL: objc/execute/forward-1.m execution, -O0 -fgnu-runtime
FAIL: objc/execute/forward-1.m execution, -O1 -fgnu-runtime
FAIL: objc/execute/forward-1.m execution, -O2 -fgnu-runtime
FAIL: objc/execute/forward-1.m execution, -O3 -fomit-frame-pointer -
fgnu-runtime
FAIL: objc/execute/forward-1.m execution, -O3 -fomit-frame-pointer -
funroll-loops -fgnu-runtime
FAIL: objc/execute/forward-1.m execution, -O3 -fomit-frame-pointer -
funroll-all-loops -finline-functions -fgnu-runtime
FAIL: objc/execute/forward-1.m execution, -O3 -g -fgnu-runtime
FAIL: objc/execute/forward-1.m execution, -Os -fgnu-runtime
FAIL: objc/execute/function-message-1.m compilation, -O0 -fnext-runtime
UNRESOLVED: objc/execute/function-message-1.m execution, -O0 -fnext-
runtime
FAIL: objc/execute/function-message-1.m compilation, -O1 -fnext-runtime
UNRESOLVED: objc/execute/function-message-1.m execution, -O1 -fnext-
runtime
FAIL: objc/execute/function-message-1.m compilation, -O2 -fnext-runtime
UNRESOLVED: objc/execute/function-message-1.m execution, -O2 -fnext-
runtime
FAIL: objc/execute/function-message-1.m compilation, -O3 -fomit-
frame-pointer -fnext-runtime
UNRESOLVED: objc/execute/function-message-1.m execution, -O3 -fomit-
frame-pointer -fnext-runtime
FAIL: objc/execute/function-message-1.m compilation, -O3 -g -fnext-
runtime
UNRESOLVED: objc/execute/function-message-1.m execution, -O3 -g -
fnext-runtime
FAIL: objc/execute/function-message-1.m compilation, -Os -fnext-runtime
UNRESOLVED: objc/execute/function-message-1.m execution, -Os -fnext-
runtime
FAIL: objc/execute/initialize.m execution, -O0 -fnext-runtime
FAIL: objc/execute/initialize.m execution, -O1 -fnext-runtime
FAIL: objc/execute/initialize.m execution, -O2 -fnext-runtime
FAIL: objc/execute/initialize.m execution, -O3 -fomit-frame-pointer -
fnext-runtime
FAIL: objc/execute/initialize.m execution, -O3 -g -fnext-runtime
FAIL: objc/execute/initialize.m execution, -Os -fnext-runtime
FAIL: objc/execute/load-2.m execution, -O0 -fnext-runtime
FAIL: objc/execute/load-2.m execution, -O1 -fnext-runtime
FAIL: objc/execute/load-2.m execution, -O2 -fnext-runtime
FAIL: objc/execute/load-2.m execution, -O3 -fomit-frame-pointer -
fnext-runtime
FAIL: objc/execute/load-2.m execution, -O3 -g -fnext-runtime
FAIL: objc/execute/load-2.m execution, -Os -fnext-runtime
FAIL: objc/execute/load-3.m compilation, -O0 -fnext-runtime
UNRESOLVED: objc/execute/load-3.m execution, -O0 -fnext-runtime
FAIL: objc/execute/load-3.m compilation, -O1 -fnext-runtime
UNRESOLVED: objc/execute/load-3.m execution, -O1 -fnext-runtime
FAIL: objc/execute/load-3.m compilation, -O2 -fnext-runtime
UNRESOLVED: objc/execute/load-3.m execution, -O2 -fnext-runtime
FAIL: objc/execute/load-3.m compilation, -O3 -fomit-frame-pointer -
fnext-runtime
UNRESOLVED: objc/execute/load-3.m execution, -O3 -fomit-frame-
pointer -fnext-runtime
FAIL: objc/execute/load-3.m compilation, -O3 -fomit-frame-pointer -
funroll-loops -fnext-runtime
UNRESOLVED: objc/execute/load-3.m execution, -O3 -fomit-frame-
pointer -funroll-loops -fnext-runtime
FAIL: objc/execute/load-3.m compilation, -O3 -fomit-frame-pointer -
funroll-all-loops -finline-functions -fnext-runtime
UNRESOLVED: objc/execute/load-3.m execution, -O3 -fomit-frame-
pointer -funroll-all-loops -finline-functions -fnext-runtime
FAIL: objc/execute/load-3.m compilation, -O3 -g -fnext-runtime
UNRESOLVED: objc/execute/load-3.m execution, -O3 -g -fnext-runtime
FAIL: objc/execute/load-3.m compilation, -Os -fnext-runtime
UNRESOLVED: objc/execute/load-3.m execution, -Os -fnext-runtime
FAIL: objc/execute/load.m execution, -O0 -fnext-runtime
FAIL: objc/execute/load.m execution, -O1 -fnext-runtime
FAIL: objc/execute/load.m execution, -O2 -fnext-runtime
FAIL: objc/execute/load.m execution, -O3 -fomit-frame-pointer -fnext-
runtime
FAIL: objc/execute/load.m execution, -O3 -g -fnext-runtime
FAIL: objc/execute/load.m execution, -Os -fnext-runtime
FAIL: objc/execute/many_args_method.m execution, -O0 -fnext-runtime
FAIL: objc/execute/many_args_method.m execution, -O1 -fnext-runtime
FAIL: objc/execute/many_args_method.m execution, -O2 -fnext-runtime
FAIL: objc/execute/many_args_method.m execution, -O3 -fomit-frame-
pointer -fnext-runtime
FAIL: objc/execute/many_args_method.m execution, -O3 -g -fnext-runtime
FAIL: objc/execute/many_args_method.m execution, -Os -fnext-runtime
FAIL: objc/execute/nested-3.m execution, -O0 -fnext-runtime
FAIL: objc/execute/nested-3.m execution, -O1 -fnext-runtime
FAIL: objc/execute/nested-3.m execution, -O2 -fnext-runtime
FAIL: objc/execute/nested-3.m execution, -O3 -fomit-frame-pointer -
fnext-runtime
FAIL: objc/execute/nested-3.m execution, -O3 -g -fnext-runtime
FAIL: objc/execute/nested-3.m execution, -Os -fnext-runtime
FAIL: objc/execute/nested-func-1.m compilation, -O0 -fnext-runtime
UNRESOLVED: objc/execute/nested-func-1.m execution, -O0 -fnext-runtime
FAIL: objc/execute/nested-func-1.m compilation, -O1 -fnext-runtime
UNRESOLVED: objc/execute/nested-func-1.m execution, -O1 -fnext-runtime
FAIL: objc/execute/nested-func-1.m compilation, -O2 -fnext-runtime
UNRESOLVED: objc/execute/nested-func-1.m execution, -O2 -fnext-runtime
FAIL: objc/execute/nested-func-1.m compilation, -O3 -fomit-frame-
pointer -fnext-runtime
UNRESOLVED: objc/execute/nested-func-1.m execution, -O3 -fomit-frame-
pointer -fnext-runtime
FAIL: objc/execute/nested-func-1.m compilation, -O3 -g -fnext-runtime
UNRESOLVED: objc/execute/nested-func-1.m execution, -O3 -g -fnext-
runtime
FAIL: objc/execute/nested-func-1.m compilation, -Os -fnext-runtime
UNRESOLVED: objc/execute/nested-func-1.m execution, -Os -fnext-runtime
FAIL: objc/execute/no_clash.m compilation, -O0 -fnext-runtime
UNRESOLVED: objc/execute/no_clash.m execution, -O0 -fnext-runtime
FAIL: objc/execute/no_clash.m compilation, -O1 -fnext-runtime
UNRESOLVED: objc/execute/no_clash.m execution, -O1 -fnext-runtime
FAIL: objc/execute/no_clash.m compilation, -O2 -fnext-runtime
UNRESOLVED: objc/execute/no_clash.m execution, -O2 -fnext-runtime
FAIL: objc/execute/no_clash.m compilation, -O3 -fomit-frame-pointer -
fnext-runtime
UNRESOLVED: objc/execute/no_clash.m execution, -O3 -fomit-frame-
pointer -fnext-runtime
FAIL: objc/execute/no_clash.m compilation, -O3 -g -fnext-runtime
UNRESOLVED: objc/execute/no_clash.m execution, -O3 -g -fnext-runtime
FAIL: objc/execute/no_clash.m compilation, -Os -fnext-runtime
UNRESOLVED: objc/execute/no_clash.m execution, -Os -fnext-runtime
FAIL: objc/execute/np-1.m compilation, -O0 -fnext-runtime
UNRESOLVED: objc/execute/np-1.m execution, -O0 -fnext-runtime
FAIL: objc/execute/np-1.m compilation, -O1 -fnext-runtime
UNRESOLVED: objc/execute/np-1.m execution, -O1 -fnext-runtime
FAIL: objc/execute/np-1.m compilation, -O2 -fnext-runtime
UNRESOLVED: objc/execute/np-1.m execution, -O2 -fnext-runtime
FAIL: objc/execute/np-1.m compilation, -O3 -fomit-frame-pointer -
fnext-runtime
UNRESOLVED: objc/execute/np-1.m execution, -O3 -fomit-frame-pointer -
fnext-runtime
FAIL: objc/execute/np-1.m compilation, -O3 -g -fnext-runtime
UNRESOLVED: objc/execute/np-1.m execution, -O3 -g -fnext-runtime
FAIL: objc/execute/np-1.m compilation, -Os -fnext-runtime
UNRESOLVED: objc/execute/np-1.m execution, -Os -fnext-runtime
FAIL: objc/execute/np-2.m compilation, -O0 -fnext-runtime
UNRESOLVED: objc/execute/np-2.m execution, -O0 -fnext-runtime
FAIL: objc/execute/np-2.m compilation, -O1 -fnext-runtime
UNRESOLVED: objc/execute/np-2.m execution, -O1 -fnext-runtime
FAIL: objc/execute/np-2.m compilation, -O2 -fnext-runtime
UNRESOLVED: objc/execute/np-2.m execution, -O2 -fnext-runtime
FAIL: objc/execute/np-2.m compilation, -O3 -fomit-frame-pointer -
fnext-runtime
UNRESOLVED: objc/execute/np-2.m execution, -O3 -fomit-frame-pointer -
fnext-runtime
FAIL: objc/execute/np-2.m compilation, -O3 -g -fnext-runtime
UNRESOLVED: objc/execute/np-2.m execution, -O3 -g -fnext-runtime
FAIL: objc/execute/np-2.m compilation, -Os -fnext-runtime
UNRESOLVED: objc/execute/np-2.m execution, -Os -fnext-runtime
FAIL: objc/execute/object_is_class.m compilation, -O0 -fnext-runtime
UNRESOLVED: objc/execute/object_is_class.m execution, -O0 -fnext-
runtime
FAIL: objc/execute/object_is_class.m compilation, -O1 -fnext-runtime
UNRESOLVED: objc/execute/object_is_class.m execution, -O1 -fnext-
runtime
FAIL: objc/execute/object_is_class.m compilation, -O2 -fnext-runtime
UNRESOLVED: objc/execute/object_is_class.m execution, -O2 -fnext-
runtime
FAIL: objc/execute/object_is_class.m compilation, -O3 -fomit-frame-
pointer -fnext-runtime
UNRESOLVED: objc/execute/object_is_class.m execution, -O3 -fomit-
frame-pointer -fnext-runtime
FAIL: objc/execute/object_is_class.m compilation, -O3 -g -fnext-runtime
UNRESOLVED: objc/execute/object_is_class.m execution, -O3 -g -fnext-
runtime
FAIL: objc/execute/object_is_class.m compilation, -Os -fnext-runtime
UNRESOLVED: objc/execute/object_is_class.m execution, -Os -fnext-
runtime
FAIL: objc/execute/object_is_meta_class.m compilation, -O0 -fnext-
runtime
UNRESOLVED: objc/execute/object_is_meta_class.m execution, -O0 -
fnext-runtime
FAIL: objc/execute/object_is_meta_class.m compilation, -O1 -fnext-
runtime
UNRESOLVED: objc/execute/object_is_meta_class.m execution, -O1 -
fnext-runtime
FAIL: objc/execute/object_is_meta_class.m compilation, -O2 -fnext-
runtime
UNRESOLVED: objc/execute/object_is_meta_class.m execution, -O2 -
fnext-runtime
FAIL: objc/execute/object_is_meta_class.m compilation, -O3 -fomit-
frame-pointer -fnext-runtime
UNRESOLVED: objc/execute/object_is_meta_class.m execution, -O3 -
fomit-frame-pointer -fnext-runtime
FAIL: objc/execute/object_is_meta_class.m compilation, -O3 -g -fnext-
runtime
UNRESOLVED: objc/execute/object_is_meta_class.m execution, -O3 -g -
fnext-runtime
FAIL: objc/execute/object_is_meta_class.m compilation, -Os -fnext-
runtime
UNRESOLVED: objc/execute/object_is_meta_class.m execution, -Os -
fnext-runtime
FAIL: objc/execute/private.m compilation, -O0 -fnext-runtime
UNRESOLVED: objc/execute/private.m execution, -O0 -fnext-runtime
FAIL: objc/execute/private.m compilation, -O1 -fnext-runtime
UNRESOLVED: objc/execute/private.m execution, -O1 -fnext-runtime
FAIL: objc/execute/private.m compilation, -O2 -fnext-runtime
UNRESOLVED: objc/execute/private.m execution, -O2 -fnext-runtime
FAIL: objc/execute/private.m compilation, -O3 -fomit-frame-pointer -
fnext-runtime
UNRESOLVED: objc/execute/private.m execution, -O3 -fomit-frame-
pointer -fnext-runtime
FAIL: objc/execute/private.m compilation, -O3 -g -fnext-runtime
UNRESOLVED: objc/execute/private.m execution, -O3 -g -fnext-runtime
FAIL: objc/execute/private.m compilation, -Os -fnext-runtime
UNRESOLVED: objc/execute/private.m execution, -Os -fnext-runtime
FAIL: objc/execute/protocol-isEqual-1.m compilation, -O0 -fnext-runtime
UNRESOLVED: objc/execute/protocol-isEqual-1.m execution, -O0 -fnext-
runtime
FAIL: objc/execute/protocol-isEqual-1.m compilation, -O1 -fnext-runtime
UNRESOLVED: objc/execute/protocol-isEqual-1.m execution, -O1 -fnext-
runtime
FAIL: objc/execute/protocol-isEqual-1.m compilation, -O2 -fnext-runtime
UNRESOLVED: objc/execute/protocol-isEqual-1.m execution, -O2 -fnext-
runtime
FAIL: objc/execute/protocol-isEqual-1.m compilation, -O3 -fomit-
frame-pointer -fnext-runtime
UNRESOLVED: objc/execute/protocol-isEqual-1.m execution, -O3 -fomit-
frame-pointer -fnext-runtime
FAIL: objc/execute/protocol-isEqual-1.m compilation, -O3 -g -fnext-
runtime
UNRESOLVED: objc/execute/protocol-isEqual-1.m execution, -O3 -g -
fnext-runtime
FAIL: objc/execute/protocol-isEqual-1.m compilation, -Os -fnext-runtime
UNRESOLVED: objc/execute/protocol-isEqual-1.m execution, -Os -fnext-
runtime
FAIL: objc/execute/protocol-isEqual-2.m compilation, -O0 -fnext-runtime
UNRESOLVED: objc/execute/protocol-isEqual-2.m execution, -O0 -fnext-
runtime
FAIL: objc/execute/protocol-isEqual-2.m compilation, -O1 -fnext-runtime
UNRESOLVED: objc/execute/protocol-isEqual-2.m execution, -O1 -fnext-
runtime
FAIL: objc/execute/protocol-isEqual-2.m compilation, -O2 -fnext-runtime
UNRESOLVED: objc/execute/protocol-isEqual-2.m execution, -O2 -fnext-
runtime
FAIL: objc/execute/protocol-isEqual-2.m compilation, -O3 -fomit-
frame-pointer -fnext-runtime
UNRESOLVED: objc/execute/protocol-isEqual-2.m execution, -O3 -fomit-
frame-pointer -fnext-runtime
FAIL: objc/execute/protocol-isEqual-2.m compilation, -O3 -g -fnext-
runtime
UNRESOLVED: objc/execute/protocol-isEqual-2.m execution, -O3 -g -
fnext-runtime
FAIL: objc/execute/protocol-isEqual-2.m compilation, -Os -fnext-runtime
UNRESOLVED: objc/execute/protocol-isEqual-2.m execution, -Os -fnext-
runtime
FAIL: objc/execute/protocol-isEqual-3.m compilation, -O0 -fnext-runtime
UNRESOLVED: objc/execute/protocol-isEqual-3.m execution, -O0 -fnext-
runtime
FAIL: objc/execute/protocol-isEqual-3.m compilation, -O1 -fnext-runtime
UNRESOLVED: objc/execute/protocol-isEqual-3.m execution, -O1 -fnext-
runtime
FAIL: objc/execute/protocol-isEqual-3.m compilation, -O2 -fnext-runtime
UNRESOLVED: objc/execute/protocol-isEqual-3.m execution, -O2 -fnext-
runtime
FAIL: objc/execute/protocol-isEqual-3.m compilation, -O3 -fomit-
frame-pointer -fnext-runtime
UNRESOLVED: objc/execute/protocol-isEqual-3.m execution, -O3 -fomit-
frame-pointer -fnext-runtime
FAIL: objc/execute/protocol-isEqual-3.m compilation, -O3 -g -fnext-
runtime
UNRESOLVED: objc/execute/protocol-isEqual-3.m execution, -O3 -g -
fnext-runtime
FAIL: objc/execute/protocol-isEqual-3.m compilation, -Os -fnext-runtime
UNRESOLVED: objc/execute/protocol-isEqual-3.m execution, -Os -fnext-
runtime
FAIL: objc/execute/protocol-isEqual-4.m compilation, -O0 -fnext-runtime
UNRESOLVED: objc/execute/protocol-isEqual-4.m execution, -O0 -fnext-
runtime
FAIL: objc/execute/protocol-isEqual-4.m compilation, -O1 -fnext-runtime
UNRESOLVED: objc/execute/protocol-isEqual-4.m execution, -O1 -fnext-
runtime
FAIL: objc/execute/protocol-isEqual-4.m compilation, -O2 -fnext-runtime
UNRESOLVED: objc/execute/protocol-isEqual-4.m execution, -O2 -fnext-
runtime
FAIL: objc/execute/protocol-isEqual-4.m compilation, -O3 -fomit-
frame-pointer -fnext-runtime
UNRESOLVED: objc/execute/protocol-isEqual-4.m execution, -O3 -fomit-
frame-pointer -fnext-runtime
FAIL: objc/execute/protocol-isEqual-4.m compilation, -O3 -g -fnext-
runtime
UNRESOLVED: objc/execute/protocol-isEqual-4.m execution, -O3 -g -
fnext-runtime
FAIL: objc/execute/protocol-isEqual-4.m compilation, -Os -fnext-runtime
UNRESOLVED: objc/execute/protocol-isEqual-4.m execution, -Os -fnext-
runtime
FAIL: objc/execute/redefining_self.m execution, -O0 -fnext-runtime
FAIL: objc/execute/redefining_self.m execution, -O1 -fnext-runtime
FAIL: objc/execute/redefining_self.m execution, -O2 -fnext-runtime
FAIL: objc/execute/redefining_self.m execution, -O3 -fomit-frame-
pointer -fnext-runtime
FAIL: objc/execute/redefining_self.m execution, -O3 -g -fnext-runtime
FAIL: objc/execute/redefining_self.m execution, -Os -fnext-runtime
FAIL: objc/execute/root_methods.m compilation, -O0 -fnext-runtime
UNRESOLVED: objc/execute/root_methods.m execution, -O0 -fnext-runtime
FAIL: objc/execute/root_methods.m compilation, -O1 -fnext-runtime
UNRESOLVED: objc/execute/root_methods.m execution, -O1 -fnext-runtime
FAIL: objc/execute/root_methods.m compilation, -O2 -fnext-runtime
UNRESOLVED: objc/execute/root_methods.m execution, -O2 -fnext-runtime
FAIL: objc/execute/root_methods.m compilation, -O3 -fomit-frame-
pointer -fnext-runtime
UNRESOLVED: objc/execute/root_methods.m execution, -O3 -fomit-frame-
pointer -fnext-runtime
FAIL: objc/execute/root_methods.m compilation, -O3 -g -fnext-runtime
UNRESOLVED: objc/execute/root_methods.m execution, -O3 -g -fnext-
runtime
FAIL: objc/execute/root_methods.m compilation, -Os -fnext-runtime
UNRESOLVED: objc/execute/root_methods.m execution, -Os -fnext-runtime
FAIL: objc/execute/static-1.m execution, -O0 -fnext-runtime
FAIL: objc/execute/static-1.m execution, -O1 -fnext-runtime
FAIL: objc/execute/static-1.m execution, -O2 -fnext-runtime
FAIL: objc/execute/static-1.m execution, -O3 -fomit-frame-pointer -
fnext-runtime
FAIL: objc/execute/static-1.m execution, -O3 -g -fnext-runtime
FAIL: objc/execute/static-1.m execution, -Os -fnext-runtime
FAIL: objc/execute/static-2.m execution, -O0 -fnext-runtime
FAIL: objc/execute/static-2.m execution, -O1 -fnext-runtime
FAIL: objc/execute/static-2.m execution, -O2 -fnext-runtime
FAIL: objc/execute/static-2.m execution, -O3 -fomit-frame-pointer -
fnext-runtime
FAIL: objc/execute/static-2.m execution, -O3 -g -fnext-runtime
FAIL: objc/execute/static-2.m execution, -Os -fnext-runtime
FAIL: objc/execute/string1.m compilation, -O0 -fnext-runtime
UNRESOLVED: objc/execute/string1.m execution, -O0 -fnext-runtime
FAIL: objc/execute/string1.m compilation, -O1 -fnext-runtime
UNRESOLVED: objc/execute/string1.m execution, -O1 -fnext-runtime
FAIL: objc/execute/string1.m compilation, -O2 -fnext-runtime
UNRESOLVED: objc/execute/string1.m execution, -O2 -fnext-runtime
FAIL: objc/execute/string1.m compilation, -O3 -fomit-frame-pointer -
fnext-runtime
UNRESOLVED: objc/execute/string1.m execution, -O3 -fomit-frame-
pointer -fnext-runtime
FAIL: objc/execute/string1.m compilation, -O3 -g -fnext-runtime
UNRESOLVED: objc/execute/string1.m execution, -O3 -g -fnext-runtime
FAIL: objc/execute/string1.m compilation, -Os -fnext-runtime
UNRESOLVED: objc/execute/string1.m execution, -Os -fnext-runtime
FAIL: objc/execute/string2.m compilation, -O0 -fnext-runtime
UNRESOLVED: objc/execute/string2.m execution, -O0 -fnext-runtime
FAIL: objc/execute/string2.m compilation, -O1 -fnext-runtime
UNRESOLVED: objc/execute/string2.m execution, -O1 -fnext-runtime
FAIL: objc/execute/string2.m compilation, -O2 -fnext-runtime
UNRESOLVED: objc/execute/string2.m execution, -O2 -fnext-runtime
FAIL: objc/execute/string2.m compilation, -O3 -fomit-frame-pointer -
fnext-runtime
UNRESOLVED: objc/execute/string2.m execution, -O3 -fomit-frame-
pointer -fnext-runtime
FAIL: objc/execute/string2.m compilation, -O3 -g -fnext-runtime
UNRESOLVED: objc/execute/string2.m execution, -O3 -g -fnext-runtime
FAIL: objc/execute/string2.m compilation, -Os -fnext-runtime
UNRESOLVED: objc/execute/string2.m execution, -Os -fnext-runtime
FAIL: objc/execute/string3.m compilation, -O0 -fnext-runtime
UNRESOLVED: objc/execute/string3.m execution, -O0 -fnext-runtime
FAIL: objc/execute/string3.m compilation, -O1 -fnext-runtime
UNRESOLVED: objc/execute/string3.m execution, -O1 -fnext-runtime
FAIL: objc/execute/string3.m compilation, -O2 -fnext-runtime
UNRESOLVED: objc/execute/string3.m execution, -O2 -fnext-runtime
FAIL: objc/execute/string3.m compilation, -O3 -fomit-frame-pointer -
fnext-runtime
UNRESOLVED: objc/execute/string3.m execution, -O3 -fomit-frame-
pointer -fnext-runtime
FAIL: objc/execute/string3.m compilation, -O3 -g -fnext-runtime
UNRESOLVED: objc/execute/string3.m execution, -O3 -g -fnext-runtime
FAIL: objc/execute/string3.m compilation, -Os -fnext-runtime
UNRESOLVED: objc/execute/string3.m execution, -Os -fnext-runtime
FAIL: objc/execute/string4.m compilation, -O0 -fnext-runtime
UNRESOLVED: objc/execute/string4.m execution, -O0 -fnext-runtime
FAIL: objc/execute/string4.m compilation, -O1 -fnext-runtime
UNRESOLVED: objc/execute/string4.m execution, -O1 -fnext-runtime
FAIL: objc/execute/string4.m compilation, -O2 -fnext-runtime
UNRESOLVED: objc/execute/string4.m execution, -O2 -fnext-runtime
FAIL: objc/execute/string4.m compilation, -O3 -fomit-frame-pointer -
fnext-runtime
UNRESOLVED: objc/execute/string4.m execution, -O3 -fomit-frame-
pointer -fnext-runtime
FAIL: objc/execute/string4.m compilation, -O3 -g -fnext-runtime
UNRESOLVED: objc/execute/string4.m execution, -O3 -g -fnext-runtime
FAIL: objc/execute/string4.m compilation, -Os -fnext-runtime
UNRESOLVED: objc/execute/string4.m execution, -Os -fnext-runtime
FAIL: objc/execute/trivial.m compilation, -O0 -fnext-runtime
UNRESOLVED: objc/execute/trivial.m execution, -O0 -fnext-runtime
FAIL: objc/execute/trivial.m compilation, -O1 -fnext-runtime
UNRESOLVED: objc/execute/trivial.m execution, -O1 -fnext-runtime
FAIL: objc/execute/trivial.m compilation, -O2 -fnext-runtime
UNRESOLVED: objc/execute/trivial.m execution, -O2 -fnext-runtime
FAIL: objc/execute/trivial.m compilation, -O3 -fomit-frame-pointer -
fnext-runtime
UNRESOLVED: objc/execute/trivial.m execution, -O3 -fomit-frame-
pointer -fnext-runtime
FAIL: objc/execute/trivial.m compilation, -O3 -g -fnext-runtime
UNRESOLVED: objc/execute/trivial.m execution, -O3 -g -fnext-runtime
FAIL: objc/execute/trivial.m compilation, -Os -fnext-runtime
UNRESOLVED: objc/execute/trivial.m execution, -Os -fnext-runtime
FAIL: objc/execute/va_method.m execution, -O0 -fnext-runtime
FAIL: objc/execute/va_method.m execution, -O1 -fnext-runtime
FAIL: objc/execute/va_method.m execution, -O2 -fnext-runtime
FAIL: objc/execute/va_method.m execution, -O3 -fomit-frame-pointer -
fnext-runtime
FAIL: objc/execute/va_method.m execution, -O3 -fomit-frame-pointer -
funroll-loops -fnext-runtime
FAIL: objc/execute/va_method.m execution, -O3 -fomit-frame-pointer -
funroll-all-loops -finline-functions -fnext-runtime
FAIL: objc/execute/va_method.m execution, -O3 -g -fnext-runtime
FAIL: objc/execute/va_method.m execution, -Os -fnext-runtime
FAIL: objc.dg/bitfield-1.m (test for excess errors)
WARNING: objc.dg/bitfield-1.m compilation failed to produce executable
FAIL: objc.dg/bitfield-3.m (test for excess errors)
FAIL: objc.dg/bitfield-5.m (test for excess errors)
FAIL: objc.dg/call-super-1.m (test for excess errors)
WARNING: objc.dg/call-super-1.m compilation failed to produce executable
FAIL: objc.dg/call-super-3.m (test for excess errors)
WARNING: objc.dg/call-super-3.m compilation failed to produce executable
FAIL: objc.dg/category-1.m (test for excess errors)
WARNING: objc.dg/category-1.m compilation failed to produce executable
FAIL: objc.dg/const-str-10.m (test for excess errors)
FAIL: objc.dg/const-str-10.m scan-assembler .long\
\t__NSConstantStringClassReference\\n\\t.long\\t.*\\n\\t.long\\t5\\n\
\t.data
FAIL: objc.dg/const-str-11.m (test for excess errors)
FAIL: objc.dg/const-str-11.m scan-assembler .long\
\t__XStrClassReference\\n\\t.long\\t.*\\n\\t.long\\t5\\n\\t.data
FAIL: objc.dg/const-str-3.m (test for excess errors)
WARNING: objc.dg/const-str-3.m compilation failed to produce executable
FAIL: objc.dg/const-str-7.m (test for excess errors)
WARNING: objc.dg/const-str-7.m compilation failed to produce executable
FAIL: objc.dg/const-str-8.m (test for excess errors)
WARNING: objc.dg/const-str-8.m compilation failed to produce executable
FAIL: objc.dg/const-str-9.m (test for excess errors)
FAIL: objc.dg/const-str-9.m scan-assembler .long\
\t__NSConstantStringClassReference\\n\\t.long\\t.*\\n\\t.long\\t5\\n\
\t.data
FAIL: objc.dg/defs.m (test for excess errors)
WARNING: objc.dg/defs.m compilation failed to produce executable
FAIL: objc.dg/desig-init-1.m (test for excess errors)
WARNING: objc.dg/desig-init-1.m compilation failed to produce executable
FAIL: objc.dg/encode-2.m (test for excess errors)
WARNING: objc.dg/encode-2.m compilation failed to produce executable
FAIL: objc.dg/encode-3.m (test for excess errors)
WARNING: objc.dg/encode-3.m compilation failed to produce executable
FAIL: objc.dg/encode-4.m (test for excess errors)
WARNING: objc.dg/encode-4.m compilation failed to produce executable
FAIL: objc.dg/encode-5.m (test for excess errors)
FAIL: objc.dg/fix-and-continue-1.m (test for excess errors)
WARNING: objc.dg/fix-and-continue-1.m compilation failed to produce
executable
FAIL: objc.dg/func-ptr-1.m (test for excess errors)
WARNING: objc.dg/func-ptr-1.m compilation failed to produce executable
FAIL: objc.dg/func-ptr-2.m (test for excess errors)
WARNING: objc.dg/func-ptr-2.m compilation failed to produce executable
FAIL: objc.dg/headers.m (test for excess errors)
FAIL: objc.dg/layout-1.m (test for excess errors)
FAIL: objc.dg/lookup-1.m (test for excess errors)
WARNING: objc.dg/lookup-1.m compilation failed to produce executable
FAIL: objc.dg/method-10.m (test for excess errors)
WARNING: objc.dg/method-10.m compilation failed to produce executable
FAIL: objc.dg/method-13.m execution test
FAIL: objc.dg/method-3.m (test for excess errors)
WARNING: objc.dg/method-3.m compilation failed to produce executable
FAIL: objc.dg/method-6.m (test for excess errors)
FAIL: objc.dg/next-runtime-1.m scan-assembler L_OBJC_MODULES:\\n[ \\t]
*.long\\t6\\n
FAIL: objc.dg/no-extra-load.m (test for excess errors)
ERROR: objc.dg/no-extra-load.m: error executing dg-final: couldn't
open "no-extra-load.s": no such file or directory
UNRESOLVED: objc.dg/no-extra-load.m: error executing dg-final:
couldn't open "no-extra-load.s": no such file or directory
FAIL: objc.dg/proto-lossage-3.m (test for excess errors)
WARNING: objc.dg/proto-lossage-3.m compilation failed to produce
executable
FAIL: objc.dg/proto-qual-1.m (test for excess errors)
WARNING: objc.dg/proto-qual-1.m compilation failed to produce executable
FAIL: objc.dg/sizeof-1.m (test for excess errors)
WARNING: objc.dg/sizeof-1.m compilation failed to produce executable
FAIL: objc.dg/stret-1.m (test for excess errors)
WARNING: objc.dg/stret-1.m compilation failed to produce executable
FAIL: objc.dg/stret-2.m scan-assembler objc_msgSend_stret
FAIL: objc.dg/stret-2.m scan-assembler-not objc_msgSend[^_S]
FAIL: objc.dg/stret-2.m scan-assembler-not objc_msgSendSuper[^_]
FAIL: objc.dg/stubify-1.m (test for excess errors)
ERROR: objc.dg/stubify-1.m: error executing dg-final: couldn't open
"stubify-1.s": no such file or directory
UNRESOLVED: objc.dg/stubify-1.m: error executing dg-final: couldn't
open "stubify-1.s": no such file or directory
FAIL: objc.dg/stubify-2.m (test for excess errors)
FAIL: objc.dg/stubify-2.m scan-rtl-dump-not jump
"symbol_ref.*"objc_msgSend"": dump file does not exist
FAIL: objc.dg/super-class-3.m (test for excess errors)
WARNING: objc.dg/super-class-3.m compilation failed to produce
executable
FAIL: objc.dg/symtab-1.m scan-assembler L_OBJC_SYMBOLS.*:\\n\\t.long\
\t0\\n\\t.long\\t0\\n\\t.short\\t2\\n\\t.short\\t0\\n\\t.long\
\tL_OBJC_CLASS_Derived.*\\n\\t.long\\tL_OBJC_CLASS_Base.*\\n
FAIL: objc.dg/type-size-2.m (test for excess errors)
FAIL: objc.dg/type-size-2.m execution test
FAIL: objc.dg/va-meth-1.m (test for excess errors)
WARNING: objc.dg/va-meth-1.m compilation failed to produce executable
FAIL: objc.dg/zero-link-3.m (test for excess errors)
WARNING: objc.dg/zero-link-3.m compilation failed to produce executable
FAIL: objc.dg/special/unclaimed-category-1.m unclaimed-category-1a.o
(test for excess errors)
FAIL: objc.dg/special/unclaimed-category-1.m unclaimed-category-1a.o
execution test
=== objc Summary for unix/-m64 ===
# of expected passes 2069
# of unexpected failures 595
# of expected failures 7
# of unresolved testcases 470
# of unsupported tests 2
=== objc Summary ===
# of expected passes 5051
# of unexpected failures 695
# of expected failures 14
# of unresolved testcases 544
# of unsupported tests 4
/Volumes/ScratchCS/gcc-4-5-reg-build/gcc/xgcc version 4.5.0 20091001
(experimental) [trunk revision 152364] (GCC)
=== libffi tests ===
Running target unix/-m32
=== libffi Summary for unix/-m32 ===
# of expected passes 1594
# of expected failures 10
# of unsupported tests 15
Running target unix/-m64
FAIL: libffi.call/cls_dbls_struct.c -O0 -W -Wall output pattern test,
is 1.0 0.0
FAIL: libffi.call/cls_dbls_struct.c -O2 output pattern test, is 1.0 0.0
FAIL: libffi.call/cls_dbls_struct.c -O3 output pattern test, is 1.0 0.0
FAIL: libffi.call/cls_dbls_struct.c -Os output pattern test, is 1.0 0.0
FAIL: libffi.call/cls_dbls_struct.c -O2 -fomit-frame-pointer output
pattern test, is 1.0 0.0
=== libffi Summary for unix/-m64 ===
# of expected passes 1589
# of unexpected failures 5
# of expected failures 10
# of unsupported tests 15
=== libffi Summary ===
# of expected passes 3183
# of unexpected failures 5
# of expected failures 20
# of unsupported tests 30
=== libgomp tests ===
Running target unix/-m32
=== libgomp Summary for unix/-m32 ===
# of expected passes 2404
# of unsupported tests 2
Running target unix/-m64
=== libgomp Summary for unix/-m64 ===
# of expected passes 2404
# of unsupported tests 2
=== libgomp Summary ===
# of expected passes 4808
# of unsupported tests 4
=== libjava tests ===
Running target unix/-m32
=== libjava Summary for unix/-m32 ===
# of expected passes 2574
Running target unix/-m64
FAIL: PR16923 run
FAIL: events output
=== libjava Summary for unix/-m64 ===
# of expected passes 2572
# of unexpected failures 2
# of untested testcases 1
=== libjava Summary ===
# of expected passes 5146
# of unexpected failures 2
# of untested testcases 1
=== libstdc++ tests ===
Running target unix/-m32
XPASS: 26_numerics/headers/cmath/c99_classification_macros_c.cc (test
for excess errors)
FAIL: ext/mt_allocator/deallocate_global_thread-1.cc execution test
FAIL: ext/mt_allocator/deallocate_global_thread-3.cc execution test
=== libstdc++ Summary for unix/-m32 ===
# of expected passes 5990
# of unexpected failures 2
# of unexpected successes 1
# of expected failures 82
# of unsupported tests 523
Running target unix/-m64
XPASS: 26_numerics/headers/cmath/c99_classification_macros_c.cc (test
for excess errors)
FAIL: ext/mt_allocator/deallocate_global_thread-1.cc execution test
FAIL: ext/mt_allocator/deallocate_global_thread-3.cc execution test
=== libstdc++ Summary for unix/-m64 ===
# of expected passes 6007
# of unexpected failures 2
# of unexpected successes 1
# of expected failures 82
# of unsupported tests 514
=== libstdc++ Summary ===
# of expected passes 11997
# of unexpected failures 4
# of unexpected successes 2
# of expected failures 164
# of unsupported tests 1037
Compiler version: 4.5.0 20091001 (experimental) [trunk revision
152364] (GCC)
Platform: i686-apple-darwin9
configure flags: --prefix=/Volumes/ScratchCS/gcc-4-5-install --
target=i686-apple-darwin9 --host=i686-apple-darwin9 --build=i686-
apple-darwin9 --enable-languages=c,objc,c++,obj-c++,fortran,java --
with-libiconv-prefix=/usr --with-system-zlib --enable-version-
specific-runtime-libs --program-suffix=-4.5ext --enable-checking=yes
--with-gmp=/Volumes/ScratchCS/gmp-4-3-1 --with-mpfr=/Volumes/
ScratchCS/mpfr-2-4-1
More information about the Gcc-testresults
mailing list