Results for 4.4.3 20091120 (prerelease) [ix86/gcc-4_4-branch revision 154368] (GCC) testsuite on i686-pc-linux-gnu
H.J. Lu ia32
hjl@gnu-9.sc.intel.com
Fri Nov 20 18:08:00 GMT 2009
LAST_UPDATED: Fri Nov 20 15:53:49 UTC 2009 (revision 154368)
Native configuration is i686-pc-linux-gnu
=== gcc tests ===
Running target unix
FAIL: c-c++-common/pr41935.c -Wc++-compat (test for warnings, line 52)
FAIL: c-c++-common/pr41935.c -Wc++-compat (test for warnings, line 56)
FAIL: c-c++-common/pr41935.c -Wc++-compat (test for warnings, line 60)
FAIL: c-c++-common/pr41935.c -Wc++-compat (test for warnings, line 62)
FAIL: c-c++-common/pr41935.c -Wc++-compat (test for warnings, line 63)
FAIL: c-c++-common/pr41935.c -Wc++-compat (test for warnings, line 64)
FAIL: c-c++-common/pr41935.c -Wc++-compat (test for warnings, line 65)
FAIL: c-c++-common/pr41935.c -Wc++-compat (test for warnings, line 68)
=== gcc Summary ===
# of expected passes 57445
# of unexpected failures 8
# of expected failures 191
# of unsupported tests 448
/export/build/gnu/gcc-4.4-ix86/build-i686-linux/gcc/xgcc version 4.4.3 20091120 (prerelease) [ix86/gcc-4_4-branch revision 154368] (GCC)
=== gfortran tests ===
Running target unix
FAIL: gfortran.dg/missing_optional_dummy_6.f90 -O0 scan-tree-dump-times original "scalar2 \\(slr1" 1
FAIL: gfortran.dg/missing_optional_dummy_6.f90 -O0 scan-tree-dump-times original "= es1 != 0B" 1
FAIL: gfortran.dg/missing_optional_dummy_6.f90 -O0 scan-tree-dump-times original "explicit_shape2 \\(es1" 1
FAIL: gfortran.dg/missing_optional_dummy_6.f90 -O0 scan-tree-dump-times original "= as1 != 0B" 2
FAIL: gfortran.dg/missing_optional_dummy_6.f90 -O1 scan-tree-dump-times original "scalar2 \\(slr1" 1
FAIL: gfortran.dg/missing_optional_dummy_6.f90 -O1 scan-tree-dump-times original "= es1 != 0B" 1
FAIL: gfortran.dg/missing_optional_dummy_6.f90 -O1 scan-tree-dump-times original "explicit_shape2 \\(es1" 1
FAIL: gfortran.dg/missing_optional_dummy_6.f90 -O1 scan-tree-dump-times original "= as1 != 0B" 2
FAIL: gfortran.dg/missing_optional_dummy_6.f90 -O2 scan-tree-dump-times original "scalar2 \\(slr1" 1
FAIL: gfortran.dg/missing_optional_dummy_6.f90 -O2 scan-tree-dump-times original "= es1 != 0B" 1
FAIL: gfortran.dg/missing_optional_dummy_6.f90 -O2 scan-tree-dump-times original "explicit_shape2 \\(es1" 1
FAIL: gfortran.dg/missing_optional_dummy_6.f90 -O2 scan-tree-dump-times original "= as1 != 0B" 2
FAIL: gfortran.dg/missing_optional_dummy_6.f90 -O3 -fomit-frame-pointer scan-tree-dump-times original "scalar2 \\(slr1" 1
FAIL: gfortran.dg/missing_optional_dummy_6.f90 -O3 -fomit-frame-pointer scan-tree-dump-times original "= es1 != 0B" 1
FAIL: gfortran.dg/missing_optional_dummy_6.f90 -O3 -fomit-frame-pointer scan-tree-dump-times original "explicit_shape2 \\(es1" 1
FAIL: gfortran.dg/missing_optional_dummy_6.f90 -O3 -fomit-frame-pointer scan-tree-dump-times original "= as1 != 0B" 2
FAIL: gfortran.dg/missing_optional_dummy_6.f90 -O3 -fomit-frame-pointer -funroll-loops scan-tree-dump-times original "scalar2 \\(slr1" 1
FAIL: gfortran.dg/missing_optional_dummy_6.f90 -O3 -fomit-frame-pointer -funroll-loops scan-tree-dump-times original "= es1 != 0B" 1
FAIL: gfortran.dg/missing_optional_dummy_6.f90 -O3 -fomit-frame-pointer -funroll-loops scan-tree-dump-times original "explicit_shape2 \\(es1" 1
FAIL: gfortran.dg/missing_optional_dummy_6.f90 -O3 -fomit-frame-pointer -funroll-loops scan-tree-dump-times original "= as1 != 0B" 2
FAIL: gfortran.dg/missing_optional_dummy_6.f90 -O3 -fomit-frame-pointer -funroll-all-loops -finline-functions scan-tree-dump-times original "scalar2 \\(slr1" 1
FAIL: gfortran.dg/missing_optional_dummy_6.f90 -O3 -fomit-frame-pointer -funroll-all-loops -finline-functions scan-tree-dump-times original "= es1 != 0B" 1
FAIL: gfortran.dg/missing_optional_dummy_6.f90 -O3 -fomit-frame-pointer -funroll-all-loops -finline-functions scan-tree-dump-times original "explicit_shape2 \\(es1" 1
FAIL: gfortran.dg/missing_optional_dummy_6.f90 -O3 -fomit-frame-pointer -funroll-all-loops -finline-functions scan-tree-dump-times original "= as1 != 0B" 2
FAIL: gfortran.dg/missing_optional_dummy_6.f90 -O3 -g scan-tree-dump-times original "scalar2 \\(slr1" 1
FAIL: gfortran.dg/missing_optional_dummy_6.f90 -O3 -g scan-tree-dump-times original "= es1 != 0B" 1
FAIL: gfortran.dg/missing_optional_dummy_6.f90 -O3 -g scan-tree-dump-times original "explicit_shape2 \\(es1" 1
FAIL: gfortran.dg/missing_optional_dummy_6.f90 -O3 -g scan-tree-dump-times original "= as1 != 0B" 2
FAIL: gfortran.dg/missing_optional_dummy_6.f90 -Os scan-tree-dump-times original "scalar2 \\(slr1" 1
FAIL: gfortran.dg/missing_optional_dummy_6.f90 -Os scan-tree-dump-times original "= es1 != 0B" 1
FAIL: gfortran.dg/missing_optional_dummy_6.f90 -Os scan-tree-dump-times original "explicit_shape2 \\(es1" 1
FAIL: gfortran.dg/missing_optional_dummy_6.f90 -Os scan-tree-dump-times original "= as1 != 0B" 2
=== gfortran Summary ===
# of expected passes 29788
# of unexpected failures 32
# of expected failures 10
# of unsupported tests 105
/export/build/gnu/gcc-4.4-ix86/build-i686-linux/gcc/testsuite/gfortran/../../gfortran version 4.4.3 20091120 (prerelease) [ix86/gcc-4_4-branch revision 154368] (GCC)
=== g++ tests ===
Running target unix
FAIL: g++.dg/template/crash92.C (test for errors, line 3)
FAIL: g++.dg/template/crash92.C (test for errors, line 5)
FAIL: c-c++-common/pr41935.c (test for warnings, line 52)
FAIL: c-c++-common/pr41935.c (test for warnings, line 56)
FAIL: c-c++-common/pr41935.c (test for warnings, line 60)
FAIL: c-c++-common/pr41935.c (test for warnings, line 62)
FAIL: c-c++-common/pr41935.c (test for warnings, line 63)
FAIL: c-c++-common/pr41935.c (test for warnings, line 64)
FAIL: c-c++-common/pr41935.c (test for warnings, line 65)
FAIL: c-c++-common/pr41935.c (test for warnings, line 68)
=== g++ Summary ===
# of expected passes 20040
# of unexpected failures 10
# of expected failures 156
# of unsupported tests 100
/export/build/gnu/gcc-4.4-ix86/build-i686-linux/gcc/testsuite/g++/../../g++ version 4.4.3 20091120 (prerelease) [ix86/gcc-4_4-branch revision 154368] (GCC)
=== objc tests ===
Running target unix
=== objc Summary ===
# of expected passes 1874
# of expected failures 7
# of unsupported tests 24
/export/build/gnu/gcc-4.4-ix86/build-i686-linux/gcc/xgcc version 4.4.3 20091120 (prerelease) [ix86/gcc-4_4-branch revision 154368] (GCC)
=== libffi tests ===
Running target unix
=== libffi Summary ===
# of expected passes 1389
# of unsupported tests 10
=== libgomp tests ===
Running target unix
=== libgomp Summary ===
# of expected passes 2408
=== libjava tests ===
Running target unix
=== libjava Summary ===
# of expected passes 2574
=== libmudflap tests ===
Running target unix
FAIL: libmudflap.c++/pass41-frag.cxx execution test
FAIL: libmudflap.c++/pass41-frag.cxx (-static) execution test
FAIL: libmudflap.c++/pass41-frag.cxx (-O2) execution test
FAIL: libmudflap.c++/pass41-frag.cxx (-O3) execution test
FAIL: libmudflap.cth/pass37-frag.c (-static -DSTATIC) execution test
FAIL: libmudflap.cth/pass37-frag.c (-static -DSTATIC) output pattern test
FAIL: libmudflap.cth/pass37-frag.c (-static -DSTATIC) (rerun 1) execution test
FAIL: libmudflap.cth/pass37-frag.c (-static -DSTATIC) (rerun 1) output pattern test
FAIL: libmudflap.cth/pass37-frag.c (-static -DSTATIC) (rerun 2) execution test
FAIL: libmudflap.cth/pass37-frag.c (-static -DSTATIC) (rerun 2) output pattern test
FAIL: libmudflap.cth/pass37-frag.c (-static -DSTATIC) (rerun 3) execution test
FAIL: libmudflap.cth/pass37-frag.c (-static -DSTATIC) (rerun 3) output pattern test
FAIL: libmudflap.cth/pass37-frag.c (-static -DSTATIC) (rerun 4) execution test
FAIL: libmudflap.cth/pass37-frag.c (-static -DSTATIC) (rerun 4) output pattern test
FAIL: libmudflap.cth/pass37-frag.c (-static -DSTATIC) (rerun 5) execution test
FAIL: libmudflap.cth/pass37-frag.c (-static -DSTATIC) (rerun 5) output pattern test
FAIL: libmudflap.cth/pass37-frag.c (-static -DSTATIC) (rerun 6) execution test
FAIL: libmudflap.cth/pass37-frag.c (-static -DSTATIC) (rerun 6) output pattern test
FAIL: libmudflap.cth/pass37-frag.c (-static -DSTATIC) (rerun 7) execution test
FAIL: libmudflap.cth/pass37-frag.c (-static -DSTATIC) (rerun 7) output pattern test
FAIL: libmudflap.cth/pass37-frag.c (-static -DSTATIC) (rerun 8) execution test
FAIL: libmudflap.cth/pass37-frag.c (-static -DSTATIC) (rerun 8) output pattern test
FAIL: libmudflap.cth/pass37-frag.c (-static -DSTATIC) (rerun 9) execution test
FAIL: libmudflap.cth/pass37-frag.c (-static -DSTATIC) (rerun 9) output pattern test
FAIL: libmudflap.cth/pass37-frag.c (-static -DSTATIC) (rerun 10) execution test
FAIL: libmudflap.cth/pass37-frag.c (-static -DSTATIC) (rerun 10) output pattern test
FAIL: libmudflap.cth/pass37-frag.c (-static -DSTATIC) (rerun 11) execution test
FAIL: libmudflap.cth/pass37-frag.c (-static -DSTATIC) (rerun 11) output pattern test
FAIL: libmudflap.cth/pass37-frag.c (-static -DSTATIC) (rerun 12) execution test
FAIL: libmudflap.cth/pass37-frag.c (-static -DSTATIC) (rerun 12) output pattern test
FAIL: libmudflap.cth/pass37-frag.c (-static -DSTATIC) (rerun 13) execution test
FAIL: libmudflap.cth/pass37-frag.c (-static -DSTATIC) (rerun 13) output pattern test
FAIL: libmudflap.cth/pass37-frag.c (-static -DSTATIC) (rerun 14) execution test
FAIL: libmudflap.cth/pass37-frag.c (-static -DSTATIC) (rerun 14) output pattern test
FAIL: libmudflap.cth/pass37-frag.c (-static -DSTATIC) (rerun 15) execution test
FAIL: libmudflap.cth/pass37-frag.c (-static -DSTATIC) (rerun 15) output pattern test
FAIL: libmudflap.cth/pass37-frag.c (-static -DSTATIC) (rerun 16) execution test
FAIL: libmudflap.cth/pass37-frag.c (-static -DSTATIC) (rerun 16) output pattern test
FAIL: libmudflap.cth/pass37-frag.c (-static -DSTATIC) (rerun 17) execution test
FAIL: libmudflap.cth/pass37-frag.c (-static -DSTATIC) (rerun 17) output pattern test
FAIL: libmudflap.cth/pass37-frag.c (-static -DSTATIC) (rerun 18) execution test
FAIL: libmudflap.cth/pass37-frag.c (-static -DSTATIC) (rerun 18) output pattern test
FAIL: libmudflap.cth/pass37-frag.c (-static -DSTATIC) (rerun 19) execution test
FAIL: libmudflap.cth/pass37-frag.c (-static -DSTATIC) (rerun 19) output pattern test
FAIL: libmudflap.cth/pass39-frag.c (-static -DSTATIC) execution test
FAIL: libmudflap.cth/pass39-frag.c (-static -DSTATIC) output pattern test
FAIL: libmudflap.cth/pass39-frag.c (-static -DSTATIC) (rerun 1) execution test
FAIL: libmudflap.cth/pass39-frag.c (-static -DSTATIC) (rerun 1) output pattern test
FAIL: libmudflap.cth/pass39-frag.c (-static -DSTATIC) (rerun 2) execution test
FAIL: libmudflap.cth/pass39-frag.c (-static -DSTATIC) (rerun 2) output pattern test
FAIL: libmudflap.cth/pass39-frag.c (-static -DSTATIC) (rerun 3) execution test
FAIL: libmudflap.cth/pass39-frag.c (-static -DSTATIC) (rerun 3) output pattern test
FAIL: libmudflap.cth/pass39-frag.c (-static -DSTATIC) (rerun 4) execution test
FAIL: libmudflap.cth/pass39-frag.c (-static -DSTATIC) (rerun 4) output pattern test
FAIL: libmudflap.cth/pass39-frag.c (-static -DSTATIC) (rerun 5) execution test
FAIL: libmudflap.cth/pass39-frag.c (-static -DSTATIC) (rerun 5) output pattern test
FAIL: libmudflap.cth/pass39-frag.c (-static -DSTATIC) (rerun 6) execution test
FAIL: libmudflap.cth/pass39-frag.c (-static -DSTATIC) (rerun 6) output pattern test
FAIL: libmudflap.cth/pass39-frag.c (-static -DSTATIC) (rerun 7) execution test
FAIL: libmudflap.cth/pass39-frag.c (-static -DSTATIC) (rerun 7) output pattern test
FAIL: libmudflap.cth/pass39-frag.c (-static -DSTATIC) (rerun 8) execution test
FAIL: libmudflap.cth/pass39-frag.c (-static -DSTATIC) (rerun 8) output pattern test
FAIL: libmudflap.cth/pass39-frag.c (-static -DSTATIC) (rerun 9) execution test
FAIL: libmudflap.cth/pass39-frag.c (-static -DSTATIC) (rerun 9) output pattern test
FAIL: libmudflap.cth/pass39-frag.c (-static -DSTATIC) (rerun 10) execution test
FAIL: libmudflap.cth/pass39-frag.c (-static -DSTATIC) (rerun 10) output pattern test
FAIL: libmudflap.cth/pass39-frag.c (-static -DSTATIC) (rerun 11) execution test
FAIL: libmudflap.cth/pass39-frag.c (-static -DSTATIC) (rerun 11) output pattern test
FAIL: libmudflap.cth/pass39-frag.c (-static -DSTATIC) (rerun 12) execution test
FAIL: libmudflap.cth/pass39-frag.c (-static -DSTATIC) (rerun 12) output pattern test
FAIL: libmudflap.cth/pass39-frag.c (-static -DSTATIC) (rerun 13) execution test
FAIL: libmudflap.cth/pass39-frag.c (-static -DSTATIC) (rerun 13) output pattern test
FAIL: libmudflap.cth/pass39-frag.c (-static -DSTATIC) (rerun 14) execution test
FAIL: libmudflap.cth/pass39-frag.c (-static -DSTATIC) (rerun 14) output pattern test
FAIL: libmudflap.cth/pass39-frag.c (-static -DSTATIC) (rerun 15) execution test
FAIL: libmudflap.cth/pass39-frag.c (-static -DSTATIC) (rerun 15) output pattern test
FAIL: libmudflap.cth/pass39-frag.c (-static -DSTATIC) (rerun 16) execution test
FAIL: libmudflap.cth/pass39-frag.c (-static -DSTATIC) (rerun 16) output pattern test
FAIL: libmudflap.cth/pass39-frag.c (-static -DSTATIC) (rerun 17) execution test
FAIL: libmudflap.cth/pass39-frag.c (-static -DSTATIC) (rerun 17) output pattern test
FAIL: libmudflap.cth/pass39-frag.c (-static -DSTATIC) (rerun 18) execution test
FAIL: libmudflap.cth/pass39-frag.c (-static -DSTATIC) (rerun 18) output pattern test
FAIL: libmudflap.cth/pass39-frag.c (-static -DSTATIC) (rerun 19) execution test
FAIL: libmudflap.cth/pass39-frag.c (-static -DSTATIC) (rerun 19) output pattern test
FAIL: libmudflap.cth/pass40-frag.c (-static -DSTATIC) execution test
FAIL: libmudflap.cth/pass40-frag.c (-static -DSTATIC) output pattern test
FAIL: libmudflap.cth/pass59-frag.c (-static -DSTATIC) execution test
FAIL: libmudflap.cth/pass59-frag.c (-static -DSTATIC) output pattern test
=== libmudflap Summary ===
# of expected passes 1806
# of unexpected failures 88
=== libstdc++ tests ===
Running target unix
XPASS: 26_numerics/headers/cmath/c99_classification_macros_c.cc (test for excess errors)
=== libstdc++ Summary ===
# of expected passes 6498
# of unexpected successes 1
# of expected failures 79
# of unsupported tests 20
Compiler version: 4.4.3 20091120 (prerelease) [ix86/gcc-4_4-branch revision 154368] (GCC)
Platform: i686-pc-linux-gnu
configure flags: --enable-clocale=gnu --with-system-zlib --enable-checking=assert --with-demangler-in-ld --enable-shared --enable-threads=posix --enable-haifa --prefix=/usr/gcc-4.4-ix86 --with-local-prefix=/usr/local
More information about the Gcc-testresults
mailing list