Results for 4.4.3 20091120 (prerelease) [gcc-4_4-branch revision 154367] (GCC) testsuite on i686-pc-linux-gnu
H.J. Lu ia32
hjl@gnu-15.sc.intel.com
Fri Nov 20 17:36:00 GMT 2009
LAST_UPDATED: Fri Nov 20 15:09:00 UTC 2009 (revision 154367)
Native configuration is i686-pc-linux-gnu
=== gcc tests ===
Running target unix
FAIL: c-c++-common/pr41935.c -Wc++-compat (test for warnings, line 52)
FAIL: c-c++-common/pr41935.c -Wc++-compat (test for warnings, line 56)
FAIL: c-c++-common/pr41935.c -Wc++-compat (test for warnings, line 60)
FAIL: c-c++-common/pr41935.c -Wc++-compat (test for warnings, line 62)
FAIL: c-c++-common/pr41935.c -Wc++-compat (test for warnings, line 63)
FAIL: c-c++-common/pr41935.c -Wc++-compat (test for warnings, line 64)
FAIL: c-c++-common/pr41935.c -Wc++-compat (test for warnings, line 65)
FAIL: c-c++-common/pr41935.c -Wc++-compat (test for warnings, line 68)
=== gcc Summary ===
# of expected passes 57483
# of unexpected failures 8
# of expected failures 193
# of unsupported tests 442
/export/gnu/import/svn/gcc-test/bld/gcc/xgcc version 4.4.3 20091120 (prerelease) [gcc-4_4-branch revision 154367] (GCC)
=== gfortran tests ===
Running target unix
FAIL: gfortran.dg/missing_optional_dummy_6.f90 -O0 scan-tree-dump-times original "scalar2 \\(slr1" 1
FAIL: gfortran.dg/missing_optional_dummy_6.f90 -O0 scan-tree-dump-times original "= es1 != 0B" 1
FAIL: gfortran.dg/missing_optional_dummy_6.f90 -O0 scan-tree-dump-times original "explicit_shape2 \\(es1" 1
FAIL: gfortran.dg/missing_optional_dummy_6.f90 -O0 scan-tree-dump-times original "= as1 != 0B" 2
FAIL: gfortran.dg/missing_optional_dummy_6.f90 -O1 scan-tree-dump-times original "scalar2 \\(slr1" 1
FAIL: gfortran.dg/missing_optional_dummy_6.f90 -O1 scan-tree-dump-times original "= es1 != 0B" 1
FAIL: gfortran.dg/missing_optional_dummy_6.f90 -O1 scan-tree-dump-times original "explicit_shape2 \\(es1" 1
FAIL: gfortran.dg/missing_optional_dummy_6.f90 -O1 scan-tree-dump-times original "= as1 != 0B" 2
FAIL: gfortran.dg/missing_optional_dummy_6.f90 -O2 scan-tree-dump-times original "scalar2 \\(slr1" 1
FAIL: gfortran.dg/missing_optional_dummy_6.f90 -O2 scan-tree-dump-times original "= es1 != 0B" 1
FAIL: gfortran.dg/missing_optional_dummy_6.f90 -O2 scan-tree-dump-times original "explicit_shape2 \\(es1" 1
FAIL: gfortran.dg/missing_optional_dummy_6.f90 -O2 scan-tree-dump-times original "= as1 != 0B" 2
FAIL: gfortran.dg/missing_optional_dummy_6.f90 -O3 -fomit-frame-pointer scan-tree-dump-times original "scalar2 \\(slr1" 1
FAIL: gfortran.dg/missing_optional_dummy_6.f90 -O3 -fomit-frame-pointer scan-tree-dump-times original "= es1 != 0B" 1
FAIL: gfortran.dg/missing_optional_dummy_6.f90 -O3 -fomit-frame-pointer scan-tree-dump-times original "explicit_shape2 \\(es1" 1
FAIL: gfortran.dg/missing_optional_dummy_6.f90 -O3 -fomit-frame-pointer scan-tree-dump-times original "= as1 != 0B" 2
FAIL: gfortran.dg/missing_optional_dummy_6.f90 -O3 -fomit-frame-pointer -funroll-loops scan-tree-dump-times original "scalar2 \\(slr1" 1
FAIL: gfortran.dg/missing_optional_dummy_6.f90 -O3 -fomit-frame-pointer -funroll-loops scan-tree-dump-times original "= es1 != 0B" 1
FAIL: gfortran.dg/missing_optional_dummy_6.f90 -O3 -fomit-frame-pointer -funroll-loops scan-tree-dump-times original "explicit_shape2 \\(es1" 1
FAIL: gfortran.dg/missing_optional_dummy_6.f90 -O3 -fomit-frame-pointer -funroll-loops scan-tree-dump-times original "= as1 != 0B" 2
FAIL: gfortran.dg/missing_optional_dummy_6.f90 -O3 -fomit-frame-pointer -funroll-all-loops -finline-functions scan-tree-dump-times original "scalar2 \\(slr1" 1
FAIL: gfortran.dg/missing_optional_dummy_6.f90 -O3 -fomit-frame-pointer -funroll-all-loops -finline-functions scan-tree-dump-times original "= es1 != 0B" 1
FAIL: gfortran.dg/missing_optional_dummy_6.f90 -O3 -fomit-frame-pointer -funroll-all-loops -finline-functions scan-tree-dump-times original "explicit_shape2 \\(es1" 1
FAIL: gfortran.dg/missing_optional_dummy_6.f90 -O3 -fomit-frame-pointer -funroll-all-loops -finline-functions scan-tree-dump-times original "= as1 != 0B" 2
FAIL: gfortran.dg/missing_optional_dummy_6.f90 -O3 -g scan-tree-dump-times original "scalar2 \\(slr1" 1
FAIL: gfortran.dg/missing_optional_dummy_6.f90 -O3 -g scan-tree-dump-times original "= es1 != 0B" 1
FAIL: gfortran.dg/missing_optional_dummy_6.f90 -O3 -g scan-tree-dump-times original "explicit_shape2 \\(es1" 1
FAIL: gfortran.dg/missing_optional_dummy_6.f90 -O3 -g scan-tree-dump-times original "= as1 != 0B" 2
FAIL: gfortran.dg/missing_optional_dummy_6.f90 -Os scan-tree-dump-times original "scalar2 \\(slr1" 1
FAIL: gfortran.dg/missing_optional_dummy_6.f90 -Os scan-tree-dump-times original "= es1 != 0B" 1
FAIL: gfortran.dg/missing_optional_dummy_6.f90 -Os scan-tree-dump-times original "explicit_shape2 \\(es1" 1
FAIL: gfortran.dg/missing_optional_dummy_6.f90 -Os scan-tree-dump-times original "= as1 != 0B" 2
=== gfortran Summary ===
# of expected passes 29802
# of unexpected failures 32
# of expected failures 14
# of unsupported tests 105
/export/gnu/import/svn/gcc-test/bld/gcc/testsuite/gfortran/../../gfortran version 4.4.3 20091120 (prerelease) [gcc-4_4-branch revision 154367] (GCC)
=== g++ tests ===
Running target unix
FAIL: g++.dg/template/crash92.C (test for errors, line 3)
FAIL: g++.dg/template/crash92.C (test for errors, line 5)
FAIL: c-c++-common/pr41935.c (test for warnings, line 52)
FAIL: c-c++-common/pr41935.c (test for warnings, line 56)
FAIL: c-c++-common/pr41935.c (test for warnings, line 60)
FAIL: c-c++-common/pr41935.c (test for warnings, line 62)
FAIL: c-c++-common/pr41935.c (test for warnings, line 63)
FAIL: c-c++-common/pr41935.c (test for warnings, line 64)
FAIL: c-c++-common/pr41935.c (test for warnings, line 65)
FAIL: c-c++-common/pr41935.c (test for warnings, line 68)
=== g++ Summary ===
# of expected passes 20047
# of unexpected failures 10
# of expected failures 156
# of unsupported tests 99
/export/gnu/import/svn/gcc-test/bld/gcc/testsuite/g++/../../g++ version 4.4.3 20091120 (prerelease) [gcc-4_4-branch revision 154367] (GCC)
=== objc tests ===
Running target unix
=== objc Summary ===
# of expected passes 1874
# of expected failures 7
# of unsupported tests 24
/export/gnu/import/svn/gcc-test/bld/gcc/xgcc version 4.4.3 20091120 (prerelease) [gcc-4_4-branch revision 154367] (GCC)
=== libffi tests ===
Running target unix
=== libffi Summary ===
# of expected passes 1389
# of unsupported tests 10
=== libgomp tests ===
Running target unix
=== libgomp Summary ===
# of expected passes 2408
=== libjava tests ===
Running target unix
=== libjava Summary ===
# of expected passes 2574
=== libmudflap tests ===
Running target unix
FAIL: libmudflap.c++/pass41-frag.cxx execution test
FAIL: libmudflap.c++/pass41-frag.cxx (-static) execution test
FAIL: libmudflap.c++/pass41-frag.cxx (-O2) execution test
FAIL: libmudflap.c++/pass41-frag.cxx (-O3) execution test
=== libmudflap Summary ===
# of expected passes 1890
# of unexpected failures 4
=== libstdc++ tests ===
Running target unix
XPASS: 26_numerics/headers/cmath/c99_classification_macros_c.cc (test for excess errors)
=== libstdc++ Summary ===
# of expected passes 6510
# of unexpected successes 1
# of expected failures 79
# of unsupported tests 18
Compiler version: 4.4.3 20091120 (prerelease) [gcc-4_4-branch revision 154367] (GCC)
Platform: i686-pc-linux-gnu
configure flags: --enable-clocale=gnu --with-system-zlib --enable-shared --with-demangler-in-ld
More information about the Gcc-testresults
mailing list