Results for 4.4.2 (GCC) testsuite on hppa2.0w-hp-hpux11.00
John David Anglin
dave@hiauly2.hia.nrc.ca
Wed Nov 18 03:12:00 GMT 2009
LAST_UPDATED: Tue Nov 10 03:28:58 UTC 2009 (revision 154058)
=== acats tests ===
=== acats Summary ===
# of expected passes 2315
# of unexpected failures 0
Native configuration is hppa2.0w-hp-hpux11.00
=== g++ tests ===
Running target unix
=== g++ Summary ===
# of expected passes 18197
# of expected failures 158
# of unsupported tests 247
/home/gnu/gcc/objdir/gcc/testsuite/g++/../../g++ version 4.4.2 (GCC)
=== gcc tests ===
Running target unix
=== gcc Summary ===
# of expected passes 48504
# of expected failures 131
# of unsupported tests 684
/home/gnu/gcc/objdir/gcc/xgcc version 4.4.2 (GCC)
=== gfortran tests ===
Running target unix
FAIL: gfortran.dg/nint_2.f90 -O0 execution test
=== gfortran Summary ===
# of expected passes 28712
# of unexpected failures 1
# of expected failures 10
# of unsupported tests 278
/home/gnu/gcc/objdir/gcc/testsuite/gfortran/../../gfortran version 4.4.2 (GCC)
=== gnat tests ===
Running target unix
=== gnat Summary ===
# of expected passes 616
# of expected failures 6
=== obj-c++ tests ===
Running target unix
XPASS: obj-c++.dg/comp-types-10.mm (test for excess errors)
WARNING: obj-c++.dg/lookup-2.mm compilation failed to produce executable
WARNING: obj-c++.dg/try-catch-2.mm compilation failed to produce executable
WARNING: obj-c++.dg/try-catch-9.mm compilation failed to produce executable
=== obj-c++ Summary ===
# of expected passes 434
# of unexpected successes 1
# of expected failures 9
# of unsupported tests 14
/home/gnu/gcc/objdir/gcc/testsuite/obj-c++/../../g++ version 4.4.2 (GCC)
=== objc tests ===
Running target unix
=== objc Summary ===
# of expected passes 1860
# of expected failures 15
# of unsupported tests 27
/home/gnu/gcc/objdir/gcc/xgcc version 4.4.2 (GCC)
=== libffi tests ===
Running target unix
=== libffi Summary ===
# of expected passes 1389
# of unsupported tests 10
=== libgomp tests ===
Running target unix
FAIL: libgomp.fortran/vla6.f90 -O3 -fomit-frame-pointer execution test
FAIL: libgomp.fortran/vla6.f90 -O3 -fomit-frame-pointer -funroll-loops execution test
FAIL: libgomp.fortran/vla6.f90 -O3 -fomit-frame-pointer -funroll-all-loops -finline-functions execution test
FAIL: libgomp.fortran/vla6.f90 -O3 -g execution test
=== libgomp Summary ===
# of expected passes 2384
# of unexpected failures 4
# of unsupported tests 9
=== libjava tests ===
Running target unix
FAIL: getstacktrace run
FAIL: LargeFile execution - source compiled test
FAIL: LargeFile -findirect-dispatch execution - source compiled test
FAIL: LargeFile -O3 execution - source compiled test
FAIL: LargeFile -O3 -findirect-dispatch execution - source compiled test
=== libjava Summary ===
# of expected passes 2565
# of unexpected failures 5
# of untested testcases 5
=== libstdc++ tests ===
Running target unix
WARNING: program timed out.
FAIL: 23_containers/vector/bool/modifiers/insert/31370.cc execution test
=== libstdc++ Summary ===
# of expected passes 4566
# of unexpected failures 1
# of expected failures 69
# of unsupported tests 392
Compiler version: 4.4.2 (GCC)
Platform: hppa2.0w-hp-hpux11.00
configure flags: --with-gnu-as --with-as=/opt/gnu/bin/as --enable-shared --with-local-prefix=/opt/gnu --prefix=/opt/gnu/gcc/gcc-4.4.2 --with-gmp=/opt/gnu/gcc/gcc-4.4.2 --enable-debug=no --disable-nls --enable-threads=posix --enable-checking=release --enable-languages=c,c++,objc,fortran,java,ada,obj-c++
More information about the Gcc-testresults
mailing list