Results for 4.5.0 20091117 (experimental) (GCC) testsuite on m68k-unknown-elf
CodeSourcery Automatic Testing System
gcc@codesourcery.com
Wed Nov 18 00:57:00 GMT 2009
LAST_UPDATED: Tue Nov 17 08:15:48 UTC 2009 (/trunk revision 154241)
Target is m68k-unknown-elf
Host is i686-pc-linux-gnu
=== g++ tests ===
Running target qemu-coldfire-elf-prebuilt-fsf/-mcpu=5206e
FAIL: g++.dg/eh/gcsec1.C execution test
FAIL: g++.dg/tree-ssa/pr41186.C scan-tree-dump fre "Replaced b1.b with 1"
FAIL: g++.dg/lto/20081109-1 cp_lto_20081109-1_0.o-cp_lto_20081109-1_0.o link
UNRESOLVED: g++.dg/lto/20081109-1 cp_lto_20081109-1_0.o-cp_lto_20081109-1_0.o execute -fPIC -fwhopr
FAIL: g++.dg/lto/20081109 cp_lto_20081109_0.o-cp_lto_20081109_1.o execute -O2 -fwhopr
FAIL: g++.dg/lto/20081118 cp_lto_20081118_0.o assemble, -fPIC -fwhopr -shared
FAIL: g++.dg/lto/20081118 cp_lto_20081118_1.o assemble, -fPIC -fwhopr -shared
FAIL: g++.dg/lto/20081118 cp_lto_20081118_0.o-cp_lto_20081118_1.o link
UNRESOLVED: g++.dg/lto/20081118 cp_lto_20081118_0.o-cp_lto_20081118_1.o execute -fPIC -fwhopr -shared
FAIL: g++.dg/lto/20081119-1 cp_lto_20081119-1_0.o assemble, -fPIC -fwhopr -shared
FAIL: g++.dg/lto/20081119-1 cp_lto_20081119-1_1.o assemble, -fPIC -fwhopr -shared
FAIL: g++.dg/lto/20081119-1 cp_lto_20081119-1_0.o-cp_lto_20081119-1_1.o link
UNRESOLVED: g++.dg/lto/20081119-1 cp_lto_20081119-1_0.o-cp_lto_20081119-1_1.o execute -fPIC -fwhopr -shared
FAIL: g++.dg/lto/20081120-1 cp_lto_20081120-1_0.o assemble, -flto -shared
FAIL: g++.dg/lto/20081120-1 cp_lto_20081120-1_1.o assemble, -flto -shared
FAIL: g++.dg/lto/20081120-1 cp_lto_20081120-1_0.o-cp_lto_20081120-1_1.o link
UNRESOLVED: g++.dg/lto/20081120-1 cp_lto_20081120-1_0.o-cp_lto_20081120-1_1.o execute -flto -shared
FAIL: g++.dg/lto/20081120-2 cp_lto_20081120-2_0.o assemble, -flto -shared
FAIL: g++.dg/lto/20081120-2 cp_lto_20081120-2_1.o assemble, -flto -shared
FAIL: g++.dg/lto/20081120-2 cp_lto_20081120-2_0.o-cp_lto_20081120-2_1.o link
UNRESOLVED: g++.dg/lto/20081120-2 cp_lto_20081120-2_0.o-cp_lto_20081120-2_1.o execute -flto -shared
FAIL: g++.dg/lto/20081123 cp_lto_20081123_0.o assemble, -fwhopr -shared -fPIC
FAIL: g++.dg/lto/20081123 cp_lto_20081123_1.o assemble, -fwhopr -shared -fPIC
FAIL: g++.dg/lto/20081123 cp_lto_20081123_0.o-cp_lto_20081123_1.o link
UNRESOLVED: g++.dg/lto/20081123 cp_lto_20081123_0.o-cp_lto_20081123_1.o execute -fwhopr -shared -fPIC
FAIL: g++.dg/lto/20081204-1 cp_lto_20081204-1_0.o assemble, -fwhopr -fPIC -shared
FAIL: g++.dg/lto/20081204-1 cp_lto_20081204-1_1.o assemble, -fwhopr -fPIC -shared
FAIL: g++.dg/lto/20081204-1 cp_lto_20081204-1_0.o-cp_lto_20081204-1_1.o link
UNRESOLVED: g++.dg/lto/20081204-1 cp_lto_20081204-1_0.o-cp_lto_20081204-1_1.o execute -fwhopr -fPIC -shared
FAIL: g++.dg/lto/20081219 cp_lto_20081219_0.o-cp_lto_20081219_1.o link
UNRESOLVED: g++.dg/lto/20081219 cp_lto_20081219_0.o-cp_lto_20081219_1.o execute -fPIC -fwhopr -O2
FAIL: g++.dg/lto/20090106 cp_lto_20090106_0.o-cp_lto_20090106_0.o link
UNRESOLVED: g++.dg/lto/20090106 cp_lto_20090106_0.o-cp_lto_20090106_0.o execute -O0 -fwhopr
FAIL: g++.dg/lto/20090106 cp_lto_20090106_0.o-cp_lto_20090106_0.o link
UNRESOLVED: g++.dg/lto/20090106 cp_lto_20090106_0.o-cp_lto_20090106_0.o execute -O0 -flto
FAIL: g++.dg/lto/20090302 cp_lto_20090302_0.o assemble, -fPIC -fwhopr -shared
FAIL: g++.dg/lto/20090302 cp_lto_20090302_1.o assemble, -fPIC -fwhopr -shared
FAIL: g++.dg/lto/20090302 cp_lto_20090302_0.o-cp_lto_20090302_1.o link
UNRESOLVED: g++.dg/lto/20090302 cp_lto_20090302_0.o-cp_lto_20090302_1.o execute -fPIC -fwhopr -shared
FAIL: g++.dg/lto/20090313 cp_lto_20090313_0.o-cp_lto_20090313_1.o link
UNRESOLVED: g++.dg/lto/20090313 cp_lto_20090313_0.o-cp_lto_20090313_1.o execute -fwhopr -fPIC
FAIL: g++.dg/lto/20091002-1 cp_lto_20091002-1_0.o-cp_lto_20091002-1_0.o link
UNRESOLVED: g++.dg/lto/20091002-1 cp_lto_20091002-1_0.o-cp_lto_20091002-1_0.o execute -fPIC -flto
FAIL: g++.dg/lto/20091002-2 cp_lto_20091002-2_0.o-cp_lto_20091002-2_0.o link
UNRESOLVED: g++.dg/lto/20091002-2 cp_lto_20091002-2_0.o-cp_lto_20091002-2_0.o execute -fPIC
FAIL: g++.dg/lto/20091002-3 cp_lto_20091002-3_0.o-cp_lto_20091002-3_0.o link
UNRESOLVED: g++.dg/lto/20091002-3 cp_lto_20091002-3_0.o-cp_lto_20091002-3_0.o execute -fPIC
FAIL: g++.dg/torture/type-generic-1.C -O0 execution test
FAIL: g++.dg/torture/type-generic-1.C -O1 execution test
FAIL: g++.dg/torture/type-generic-1.C -O2 execution test
FAIL: g++.dg/torture/type-generic-1.C -O3 -fomit-frame-pointer execution test
FAIL: g++.dg/torture/type-generic-1.C -O3 -g execution test
FAIL: g++.dg/torture/type-generic-1.C -Os execution test
FAIL: g++.dg/torture/type-generic-1.C -O2 -flto execution test
FAIL: g++.dg/torture/type-generic-1.C -O2 -fwhopr execution test
=== g++ Summary ===
# of expected passes 20582
# of unexpected failures 40
# of expected failures 151
# of unresolved testcases 15
# of unsupported tests 208
/scratch/gcc/nightly-2009-11-17-mainline/coldfire-elf/obj/test-mainline-0-m68k-elf/host-i686-pc-linux-gnu/fsf-mainline/bin/m68k-elf-g++ version 4.5.0 20091117 (experimental) (GCC)
Host is i686-pc-linux-gnu
=== gcc tests ===
Running target qemu-coldfire-elf-prebuilt-fsf/-mcpu=5206e
FAIL: gcc.c-torture/execute/builtins/memmove-2.c compilation, -O2 -fwhopr
UNRESOLVED: gcc.c-torture/execute/builtins/memmove-2.c execution, -O2 -fwhopr
FAIL: gcc.c-torture/execute/builtins/sprintf-chk.c execution, -O2 -fwhopr
FAIL: gcc.c-torture/execute/builtins/stpcpy-chk.c execution, -O2 -fwhopr
FAIL: gcc.c-torture/execute/builtins/strcpy-chk.c execution, -O2 -fwhopr
FAIL: gcc.c-torture/execute/20010221-1.c execution, -O2
XPASS: gcc.dg/Warray-bounds.c (test for warnings, line 59)
XPASS: gcc.dg/Warray-bounds.c (test for warnings, line 65)
XPASS: gcc.dg/Wunreachable-8.c (test for bogus messages, line 7)
FAIL: gcc.dg/pr28796-2.c execution test
FAIL: gcc.dg/pr34668-1.c (internal compiler error)
FAIL: gcc.dg/pr34668-1.c (test for excess errors)
FAIL: gcc.dg/graphite/id-15.c (test for excess errors)
FAIL: gcc.dg/graphite/run-id-1.c execution test
FAIL: gcc.dg/lto/20090210 c_lto_20090210_0.o-c_lto_20090210_1.o link
UNRESOLVED: gcc.dg/lto/20090210 c_lto_20090210_0.o-c_lto_20090210_1.o execute -O0 -fwhopr
FAIL: gcc.dg/lto/20090210 c_lto_20090210_0.o-c_lto_20090210_1.o link
UNRESOLVED: gcc.dg/lto/20090210 c_lto_20090210_0.o-c_lto_20090210_1.o execute -O2 -fwhopr
FAIL: gcc.dg/lto/20090210 c_lto_20090210_0.o-c_lto_20090210_1.o link
UNRESOLVED: gcc.dg/lto/20090210 c_lto_20090210_0.o-c_lto_20090210_1.o execute -O0 -flto
FAIL: gcc.dg/lto/20090210 c_lto_20090210_0.o-c_lto_20090210_1.o link
UNRESOLVED: gcc.dg/lto/20090210 c_lto_20090210_0.o-c_lto_20090210_1.o execute -O2 -flto
FAIL: gcc.dg/lto/20090313 c_lto_20090313_0.o-c_lto_20090313_0.o link
UNRESOLVED: gcc.dg/lto/20090313 c_lto_20090313_0.o-c_lto_20090313_0.o execute -O0 -fwhopr
FAIL: gcc.dg/lto/20090313 c_lto_20090313_0.o-c_lto_20090313_0.o link
UNRESOLVED: gcc.dg/lto/20090313 c_lto_20090313_0.o-c_lto_20090313_0.o execute -O2 -fwhopr
FAIL: gcc.dg/lto/20090313 c_lto_20090313_0.o-c_lto_20090313_0.o link
UNRESOLVED: gcc.dg/lto/20090313 c_lto_20090313_0.o-c_lto_20090313_0.o execute -O0 -flto
FAIL: gcc.dg/lto/20090313 c_lto_20090313_0.o-c_lto_20090313_0.o link
UNRESOLVED: gcc.dg/lto/20090313 c_lto_20090313_0.o-c_lto_20090313_0.o execute -O2 -flto
XPASS: gcc.dg/struct/wo_prof_array_through_pointer.c scan-ipa-dump ipa_struct_reorg "Number of structures to transform is 1"
FAIL: gcc.dg/struct/wo_prof_double_malloc.c (internal compiler error)
FAIL: gcc.dg/struct/wo_prof_double_malloc.c (test for excess errors)
UNRESOLVED: gcc.dg/struct/wo_prof_double_malloc.c compilation failed to produce executable
FAIL: gcc.dg/torture/builtin-math-7.c -O2 -flto execution test
FAIL: gcc.dg/torture/builtin-math-7.c -O2 -fwhopr execution test
FAIL: gcc.dg/torture/type-generic-1.c -O0 execution test
FAIL: gcc.dg/torture/type-generic-1.c -O1 execution test
FAIL: gcc.dg/torture/type-generic-1.c -O2 execution test
FAIL: gcc.dg/torture/type-generic-1.c -O3 -fomit-frame-pointer execution test
FAIL: gcc.dg/torture/type-generic-1.c -O3 -g execution test
FAIL: gcc.dg/torture/type-generic-1.c -Os execution test
FAIL: gcc.dg/torture/type-generic-1.c -O2 -flto execution test
FAIL: gcc.dg/torture/type-generic-1.c -O2 -fwhopr execution test
FAIL: gcc.dg/tree-ssa/vrp47.c scan-tree-dump-times vrp1 "[xy][^ ]* !=" 0
FAIL: gcc.dg/tree-ssa/vrp47.c scan-tree-dump-times dom1 "x[^ ]* & y" 1
FAIL: gcc.dg/tree-ssa/vrp47.c scan-tree-dump-times vrp1 "x[^ ]* [|] y" 1
=== gcc Summary ===
# of expected passes 61132
# of unexpected failures 33
# of unexpected successes 4
# of expected failures 92
# of unresolved testcases 10
# of unsupported tests 809
/scratch/gcc/nightly-2009-11-17-mainline/coldfire-elf/obj/test-mainline-0-m68k-elf/host-i686-pc-linux-gnu/fsf-mainline/bin/m68k-elf-gcc version 4.5.0 20091117 (experimental) (GCC)
Host is i686-pc-linux-gnu
=== libstdc++ tests ===
Running target qemu-coldfire-elf-prebuilt-fsf/-mcpu=5206e
FAIL: 22_locale/collate/transform/wchar_t/28277.cc execution test
FAIL: 22_locale/ctype/scan/wchar_t/1.cc execution test
FAIL: 23_containers/vector/profile/vector.cc execution test
FAIL: 27_io/basic_filebuf/sgetn/char/1-in.cc execution test
FAIL: 27_io/basic_filebuf/sgetn/char/1-io.cc execution test
FAIL: 27_io/basic_filebuf/sgetn/char/2-in.cc execution test
FAIL: 27_io/basic_filebuf/sgetn/char/2-io.cc execution test
FAIL: 27_io/basic_filebuf/underflow/wchar_t/11603.cc execution test
FAIL: 27_io/basic_istream/extractors_arithmetic/char/12.cc execution test
FAIL: 27_io/basic_istream/extractors_arithmetic/wchar_t/12.cc execution test
FAIL: 27_io/basic_istream/readsome/char/6746-2.cc execution test
FAIL: 27_io/basic_istream/readsome/wchar_t/6746-2.cc execution test
FAIL: 27_io/basic_ostream/inserters_arithmetic/wchar_t/4402.cc execution test
FAIL: 27_io/basic_stringbuf/overflow/wchar_t/1.cc execution test
FAIL: 27_io/ios_base/storage/11584.cc execution test
XPASS: 27_io/ios_base/sync_with_stdio/1.cc execution test
FAIL: 27_io/objects/char/6.cc execution test
FAIL: 27_io/objects/wchar_t/6.cc execution test
FAIL: ext/pool_allocator/allocate_chunk.cc execution test
=== libstdc++ Summary ===
# of expected passes 5883
# of unexpected failures 18
# of unexpected successes 1
# of expected failures 83
# of unsupported tests 401
Host is i686-pc-linux-gnu
=== g++ tests ===
Running target qemu-coldfire-elf-prebuilt-fsf/-mcpu=5208
FAIL: g++.dg/eh/gcsec1.C execution test
FAIL: g++.dg/tree-ssa/pr41186.C scan-tree-dump fre "Replaced b1.b with 1"
FAIL: g++.dg/lto/20081109-1 cp_lto_20081109-1_0.o-cp_lto_20081109-1_0.o link
UNRESOLVED: g++.dg/lto/20081109-1 cp_lto_20081109-1_0.o-cp_lto_20081109-1_0.o execute -fPIC -fwhopr
FAIL: g++.dg/lto/20081109 cp_lto_20081109_0.o-cp_lto_20081109_1.o execute -O2 -fwhopr
FAIL: g++.dg/lto/20081118 cp_lto_20081118_0.o assemble, -fPIC -fwhopr -shared
FAIL: g++.dg/lto/20081118 cp_lto_20081118_1.o assemble, -fPIC -fwhopr -shared
FAIL: g++.dg/lto/20081118 cp_lto_20081118_0.o-cp_lto_20081118_1.o link
UNRESOLVED: g++.dg/lto/20081118 cp_lto_20081118_0.o-cp_lto_20081118_1.o execute -fPIC -fwhopr -shared
FAIL: g++.dg/lto/20081119-1 cp_lto_20081119-1_0.o assemble, -fPIC -fwhopr -shared
FAIL: g++.dg/lto/20081119-1 cp_lto_20081119-1_1.o assemble, -fPIC -fwhopr -shared
FAIL: g++.dg/lto/20081119-1 cp_lto_20081119-1_0.o-cp_lto_20081119-1_1.o link
UNRESOLVED: g++.dg/lto/20081119-1 cp_lto_20081119-1_0.o-cp_lto_20081119-1_1.o execute -fPIC -fwhopr -shared
FAIL: g++.dg/lto/20081120-1 cp_lto_20081120-1_0.o assemble, -flto -shared
FAIL: g++.dg/lto/20081120-1 cp_lto_20081120-1_1.o assemble, -flto -shared
FAIL: g++.dg/lto/20081120-1 cp_lto_20081120-1_0.o-cp_lto_20081120-1_1.o link
UNRESOLVED: g++.dg/lto/20081120-1 cp_lto_20081120-1_0.o-cp_lto_20081120-1_1.o execute -flto -shared
FAIL: g++.dg/lto/20081120-2 cp_lto_20081120-2_0.o assemble, -flto -shared
FAIL: g++.dg/lto/20081120-2 cp_lto_20081120-2_1.o assemble, -flto -shared
FAIL: g++.dg/lto/20081120-2 cp_lto_20081120-2_0.o-cp_lto_20081120-2_1.o link
UNRESOLVED: g++.dg/lto/20081120-2 cp_lto_20081120-2_0.o-cp_lto_20081120-2_1.o execute -flto -shared
FAIL: g++.dg/lto/20081123 cp_lto_20081123_0.o assemble, -fwhopr -shared -fPIC
FAIL: g++.dg/lto/20081123 cp_lto_20081123_1.o assemble, -fwhopr -shared -fPIC
FAIL: g++.dg/lto/20081123 cp_lto_20081123_0.o-cp_lto_20081123_1.o link
UNRESOLVED: g++.dg/lto/20081123 cp_lto_20081123_0.o-cp_lto_20081123_1.o execute -fwhopr -shared -fPIC
FAIL: g++.dg/lto/20081204-1 cp_lto_20081204-1_0.o assemble, -fwhopr -fPIC -shared
FAIL: g++.dg/lto/20081204-1 cp_lto_20081204-1_1.o assemble, -fwhopr -fPIC -shared
FAIL: g++.dg/lto/20081204-1 cp_lto_20081204-1_0.o-cp_lto_20081204-1_1.o link
UNRESOLVED: g++.dg/lto/20081204-1 cp_lto_20081204-1_0.o-cp_lto_20081204-1_1.o execute -fwhopr -fPIC -shared
FAIL: g++.dg/lto/20081219 cp_lto_20081219_0.o-cp_lto_20081219_1.o link
UNRESOLVED: g++.dg/lto/20081219 cp_lto_20081219_0.o-cp_lto_20081219_1.o execute -fPIC -fwhopr -O2
FAIL: g++.dg/lto/20090106 cp_lto_20090106_0.o-cp_lto_20090106_0.o link
UNRESOLVED: g++.dg/lto/20090106 cp_lto_20090106_0.o-cp_lto_20090106_0.o execute -O0 -fwhopr
FAIL: g++.dg/lto/20090106 cp_lto_20090106_0.o-cp_lto_20090106_0.o link
UNRESOLVED: g++.dg/lto/20090106 cp_lto_20090106_0.o-cp_lto_20090106_0.o execute -O0 -flto
FAIL: g++.dg/lto/20090302 cp_lto_20090302_0.o assemble, -fPIC -fwhopr -shared
FAIL: g++.dg/lto/20090302 cp_lto_20090302_1.o assemble, -fPIC -fwhopr -shared
FAIL: g++.dg/lto/20090302 cp_lto_20090302_0.o-cp_lto_20090302_1.o link
UNRESOLVED: g++.dg/lto/20090302 cp_lto_20090302_0.o-cp_lto_20090302_1.o execute -fPIC -fwhopr -shared
FAIL: g++.dg/lto/20090313 cp_lto_20090313_0.o-cp_lto_20090313_1.o link
UNRESOLVED: g++.dg/lto/20090313 cp_lto_20090313_0.o-cp_lto_20090313_1.o execute -fwhopr -fPIC
FAIL: g++.dg/lto/20091002-1 cp_lto_20091002-1_0.o-cp_lto_20091002-1_0.o link
UNRESOLVED: g++.dg/lto/20091002-1 cp_lto_20091002-1_0.o-cp_lto_20091002-1_0.o execute -fPIC -flto
FAIL: g++.dg/lto/20091002-2 cp_lto_20091002-2_0.o-cp_lto_20091002-2_0.o link
UNRESOLVED: g++.dg/lto/20091002-2 cp_lto_20091002-2_0.o-cp_lto_20091002-2_0.o execute -fPIC
FAIL: g++.dg/lto/20091002-3 cp_lto_20091002-3_0.o-cp_lto_20091002-3_0.o link
UNRESOLVED: g++.dg/lto/20091002-3 cp_lto_20091002-3_0.o-cp_lto_20091002-3_0.o execute -fPIC
FAIL: g++.dg/torture/type-generic-1.C -O0 execution test
FAIL: g++.dg/torture/type-generic-1.C -O1 execution test
FAIL: g++.dg/torture/type-generic-1.C -O2 execution test
FAIL: g++.dg/torture/type-generic-1.C -O3 -fomit-frame-pointer execution test
FAIL: g++.dg/torture/type-generic-1.C -O3 -g execution test
FAIL: g++.dg/torture/type-generic-1.C -Os execution test
FAIL: g++.dg/torture/type-generic-1.C -O2 -flto execution test
FAIL: g++.dg/torture/type-generic-1.C -O2 -fwhopr execution test
=== g++ Summary ===
# of expected passes 20582
# of unexpected failures 40
# of expected failures 151
# of unresolved testcases 15
# of unsupported tests 208
/scratch/gcc/nightly-2009-11-17-mainline/coldfire-elf/obj/test-mainline-0-m68k-elf/host-i686-pc-linux-gnu/fsf-mainline/bin/m68k-elf-g++ version 4.5.0 20091117 (experimental) (GCC)
Host is i686-pc-linux-gnu
=== gcc tests ===
Running target qemu-coldfire-elf-prebuilt-fsf/-mcpu=5208
FAIL: gcc.c-torture/execute/builtins/memmove-2.c compilation, -O2 -fwhopr
UNRESOLVED: gcc.c-torture/execute/builtins/memmove-2.c execution, -O2 -fwhopr
FAIL: gcc.c-torture/execute/builtins/sprintf-chk.c execution, -O2 -fwhopr
FAIL: gcc.c-torture/execute/builtins/stpcpy-chk.c execution, -O2 -fwhopr
FAIL: gcc.c-torture/execute/builtins/strcpy-chk.c execution, -O2 -fwhopr
XPASS: gcc.dg/Warray-bounds.c (test for warnings, line 59)
XPASS: gcc.dg/Warray-bounds.c (test for warnings, line 65)
XPASS: gcc.dg/Wunreachable-8.c (test for bogus messages, line 7)
FAIL: gcc.dg/pr28796-2.c execution test
FAIL: gcc.dg/pr34668-1.c (internal compiler error)
FAIL: gcc.dg/pr34668-1.c (test for excess errors)
FAIL: gcc.dg/graphite/id-15.c (test for excess errors)
FAIL: gcc.dg/graphite/run-id-1.c execution test
FAIL: gcc.dg/lto/20090210 c_lto_20090210_0.o-c_lto_20090210_1.o link
UNRESOLVED: gcc.dg/lto/20090210 c_lto_20090210_0.o-c_lto_20090210_1.o execute -O0 -fwhopr
FAIL: gcc.dg/lto/20090210 c_lto_20090210_0.o-c_lto_20090210_1.o link
UNRESOLVED: gcc.dg/lto/20090210 c_lto_20090210_0.o-c_lto_20090210_1.o execute -O2 -fwhopr
FAIL: gcc.dg/lto/20090210 c_lto_20090210_0.o-c_lto_20090210_1.o link
UNRESOLVED: gcc.dg/lto/20090210 c_lto_20090210_0.o-c_lto_20090210_1.o execute -O0 -flto
FAIL: gcc.dg/lto/20090210 c_lto_20090210_0.o-c_lto_20090210_1.o link
UNRESOLVED: gcc.dg/lto/20090210 c_lto_20090210_0.o-c_lto_20090210_1.o execute -O2 -flto
FAIL: gcc.dg/lto/20090313 c_lto_20090313_0.o-c_lto_20090313_0.o link
UNRESOLVED: gcc.dg/lto/20090313 c_lto_20090313_0.o-c_lto_20090313_0.o execute -O0 -fwhopr
FAIL: gcc.dg/lto/20090313 c_lto_20090313_0.o-c_lto_20090313_0.o link
UNRESOLVED: gcc.dg/lto/20090313 c_lto_20090313_0.o-c_lto_20090313_0.o execute -O2 -fwhopr
FAIL: gcc.dg/lto/20090313 c_lto_20090313_0.o-c_lto_20090313_0.o link
UNRESOLVED: gcc.dg/lto/20090313 c_lto_20090313_0.o-c_lto_20090313_0.o execute -O0 -flto
FAIL: gcc.dg/lto/20090313 c_lto_20090313_0.o-c_lto_20090313_0.o link
UNRESOLVED: gcc.dg/lto/20090313 c_lto_20090313_0.o-c_lto_20090313_0.o execute -O2 -flto
XPASS: gcc.dg/struct/wo_prof_array_through_pointer.c scan-ipa-dump ipa_struct_reorg "Number of structures to transform is 1"
FAIL: gcc.dg/struct/wo_prof_double_malloc.c (internal compiler error)
FAIL: gcc.dg/struct/wo_prof_double_malloc.c (test for excess errors)
UNRESOLVED: gcc.dg/struct/wo_prof_double_malloc.c compilation failed to produce executable
FAIL: gcc.dg/torture/builtin-math-7.c -O2 -flto execution test
FAIL: gcc.dg/torture/builtin-math-7.c -O2 -fwhopr execution test
FAIL: gcc.dg/torture/type-generic-1.c -O0 execution test
FAIL: gcc.dg/torture/type-generic-1.c -O1 execution test
FAIL: gcc.dg/torture/type-generic-1.c -O2 execution test
FAIL: gcc.dg/torture/type-generic-1.c -O3 -fomit-frame-pointer execution test
FAIL: gcc.dg/torture/type-generic-1.c -O3 -g execution test
FAIL: gcc.dg/torture/type-generic-1.c -Os execution test
FAIL: gcc.dg/torture/type-generic-1.c -O2 -flto execution test
FAIL: gcc.dg/torture/type-generic-1.c -O2 -fwhopr execution test
FAIL: gcc.dg/tree-ssa/vrp47.c scan-tree-dump-times vrp1 "[xy][^ ]* !=" 0
FAIL: gcc.dg/tree-ssa/vrp47.c scan-tree-dump-times dom1 "x[^ ]* & y" 1
FAIL: gcc.dg/tree-ssa/vrp47.c scan-tree-dump-times vrp1 "x[^ ]* [|] y" 1
=== gcc Summary ===
# of expected passes 61133
# of unexpected failures 32
# of unexpected successes 4
# of expected failures 92
# of unresolved testcases 10
# of unsupported tests 809
/scratch/gcc/nightly-2009-11-17-mainline/coldfire-elf/obj/test-mainline-0-m68k-elf/host-i686-pc-linux-gnu/fsf-mainline/bin/m68k-elf-gcc version 4.5.0 20091117 (experimental) (GCC)
Host is i686-pc-linux-gnu
=== libstdc++ tests ===
Running target qemu-coldfire-elf-prebuilt-fsf/-mcpu=5208
FAIL: 22_locale/collate/transform/wchar_t/28277.cc execution test
FAIL: 22_locale/ctype/scan/wchar_t/1.cc execution test
FAIL: 23_containers/vector/profile/vector.cc execution test
FAIL: 27_io/basic_filebuf/sgetn/char/1-in.cc execution test
FAIL: 27_io/basic_filebuf/sgetn/char/1-io.cc execution test
FAIL: 27_io/basic_filebuf/sgetn/char/2-in.cc execution test
FAIL: 27_io/basic_filebuf/sgetn/char/2-io.cc execution test
FAIL: 27_io/basic_filebuf/underflow/wchar_t/11603.cc execution test
FAIL: 27_io/basic_istream/extractors_arithmetic/char/12.cc execution test
FAIL: 27_io/basic_istream/extractors_arithmetic/wchar_t/12.cc execution test
FAIL: 27_io/basic_istream/readsome/char/6746-2.cc execution test
FAIL: 27_io/basic_istream/readsome/wchar_t/6746-2.cc execution test
FAIL: 27_io/basic_ostream/inserters_arithmetic/wchar_t/4402.cc execution test
FAIL: 27_io/basic_stringbuf/overflow/wchar_t/1.cc execution test
FAIL: 27_io/ios_base/storage/11584.cc execution test
XPASS: 27_io/ios_base/sync_with_stdio/1.cc execution test
FAIL: 27_io/objects/char/6.cc execution test
FAIL: 27_io/objects/wchar_t/6.cc execution test
FAIL: ext/pool_allocator/allocate_chunk.cc execution test
=== libstdc++ Summary ===
# of expected passes 5883
# of unexpected failures 18
# of unexpected successes 1
# of expected failures 83
# of unsupported tests 401
Host is i686-pc-linux-gnu
=== g++ tests ===
Running target qemu-coldfire-elf-prebuilt-fsf/-mcpu=5475
FAIL: g++.dg/eh/gcsec1.C execution test
FAIL: g++.dg/tree-ssa/pr41186.C scan-tree-dump fre "Replaced b1.b with 1"
FAIL: g++.dg/lto/20081109-1 cp_lto_20081109-1_0.o-cp_lto_20081109-1_0.o link
UNRESOLVED: g++.dg/lto/20081109-1 cp_lto_20081109-1_0.o-cp_lto_20081109-1_0.o execute -fPIC -fwhopr
FAIL: g++.dg/lto/20081109 cp_lto_20081109_0.o-cp_lto_20081109_1.o execute -O2 -fwhopr
FAIL: g++.dg/lto/20081118 cp_lto_20081118_0.o assemble, -fPIC -fwhopr -shared
FAIL: g++.dg/lto/20081118 cp_lto_20081118_1.o assemble, -fPIC -fwhopr -shared
FAIL: g++.dg/lto/20081118 cp_lto_20081118_0.o-cp_lto_20081118_1.o link
UNRESOLVED: g++.dg/lto/20081118 cp_lto_20081118_0.o-cp_lto_20081118_1.o execute -fPIC -fwhopr -shared
FAIL: g++.dg/lto/20081119-1 cp_lto_20081119-1_0.o assemble, -fPIC -fwhopr -shared
FAIL: g++.dg/lto/20081119-1 cp_lto_20081119-1_1.o assemble, -fPIC -fwhopr -shared
FAIL: g++.dg/lto/20081119-1 cp_lto_20081119-1_0.o-cp_lto_20081119-1_1.o link
UNRESOLVED: g++.dg/lto/20081119-1 cp_lto_20081119-1_0.o-cp_lto_20081119-1_1.o execute -fPIC -fwhopr -shared
FAIL: g++.dg/lto/20081120-1 cp_lto_20081120-1_0.o assemble, -flto -shared
FAIL: g++.dg/lto/20081120-1 cp_lto_20081120-1_1.o assemble, -flto -shared
FAIL: g++.dg/lto/20081120-1 cp_lto_20081120-1_0.o-cp_lto_20081120-1_1.o link
UNRESOLVED: g++.dg/lto/20081120-1 cp_lto_20081120-1_0.o-cp_lto_20081120-1_1.o execute -flto -shared
FAIL: g++.dg/lto/20081120-2 cp_lto_20081120-2_0.o assemble, -flto -shared
FAIL: g++.dg/lto/20081120-2 cp_lto_20081120-2_1.o assemble, -flto -shared
FAIL: g++.dg/lto/20081120-2 cp_lto_20081120-2_0.o-cp_lto_20081120-2_1.o link
UNRESOLVED: g++.dg/lto/20081120-2 cp_lto_20081120-2_0.o-cp_lto_20081120-2_1.o execute -flto -shared
FAIL: g++.dg/lto/20081123 cp_lto_20081123_0.o assemble, -fwhopr -shared -fPIC
FAIL: g++.dg/lto/20081123 cp_lto_20081123_1.o assemble, -fwhopr -shared -fPIC
FAIL: g++.dg/lto/20081123 cp_lto_20081123_0.o-cp_lto_20081123_1.o link
UNRESOLVED: g++.dg/lto/20081123 cp_lto_20081123_0.o-cp_lto_20081123_1.o execute -fwhopr -shared -fPIC
FAIL: g++.dg/lto/20081204-1 cp_lto_20081204-1_0.o assemble, -fwhopr -fPIC -shared
FAIL: g++.dg/lto/20081204-1 cp_lto_20081204-1_1.o assemble, -fwhopr -fPIC -shared
FAIL: g++.dg/lto/20081204-1 cp_lto_20081204-1_0.o-cp_lto_20081204-1_1.o link
UNRESOLVED: g++.dg/lto/20081204-1 cp_lto_20081204-1_0.o-cp_lto_20081204-1_1.o execute -fwhopr -fPIC -shared
FAIL: g++.dg/lto/20081219 cp_lto_20081219_0.o-cp_lto_20081219_1.o link
UNRESOLVED: g++.dg/lto/20081219 cp_lto_20081219_0.o-cp_lto_20081219_1.o execute -fPIC -fwhopr -O2
FAIL: g++.dg/lto/20090106 cp_lto_20090106_0.o-cp_lto_20090106_0.o link
UNRESOLVED: g++.dg/lto/20090106 cp_lto_20090106_0.o-cp_lto_20090106_0.o execute -O0 -fwhopr
FAIL: g++.dg/lto/20090106 cp_lto_20090106_0.o-cp_lto_20090106_0.o link
UNRESOLVED: g++.dg/lto/20090106 cp_lto_20090106_0.o-cp_lto_20090106_0.o execute -O0 -flto
FAIL: g++.dg/lto/20090302 cp_lto_20090302_0.o assemble, -fPIC -fwhopr -shared
FAIL: g++.dg/lto/20090302 cp_lto_20090302_1.o assemble, -fPIC -fwhopr -shared
FAIL: g++.dg/lto/20090302 cp_lto_20090302_0.o-cp_lto_20090302_1.o link
UNRESOLVED: g++.dg/lto/20090302 cp_lto_20090302_0.o-cp_lto_20090302_1.o execute -fPIC -fwhopr -shared
FAIL: g++.dg/lto/20090313 cp_lto_20090313_0.o-cp_lto_20090313_1.o link
UNRESOLVED: g++.dg/lto/20090313 cp_lto_20090313_0.o-cp_lto_20090313_1.o execute -fwhopr -fPIC
FAIL: g++.dg/lto/20091002-1 cp_lto_20091002-1_0.o-cp_lto_20091002-1_0.o link
UNRESOLVED: g++.dg/lto/20091002-1 cp_lto_20091002-1_0.o-cp_lto_20091002-1_0.o execute -fPIC -flto
FAIL: g++.dg/lto/20091002-2 cp_lto_20091002-2_0.o-cp_lto_20091002-2_0.o link
UNRESOLVED: g++.dg/lto/20091002-2 cp_lto_20091002-2_0.o-cp_lto_20091002-2_0.o execute -fPIC
FAIL: g++.dg/lto/20091002-3 cp_lto_20091002-3_0.o-cp_lto_20091002-3_0.o link
UNRESOLVED: g++.dg/lto/20091002-3 cp_lto_20091002-3_0.o-cp_lto_20091002-3_0.o execute -fPIC
FAIL: g++.dg/torture/type-generic-1.C -O0 execution test
FAIL: g++.dg/torture/type-generic-1.C -O1 execution test
FAIL: g++.dg/torture/type-generic-1.C -O2 execution test
FAIL: g++.dg/torture/type-generic-1.C -O3 -fomit-frame-pointer execution test
FAIL: g++.dg/torture/type-generic-1.C -O3 -g execution test
FAIL: g++.dg/torture/type-generic-1.C -Os execution test
FAIL: g++.dg/torture/type-generic-1.C -O2 -flto execution test
FAIL: g++.dg/torture/type-generic-1.C -O2 -fwhopr execution test
=== g++ Summary ===
# of expected passes 20582
# of unexpected failures 40
# of expected failures 151
# of unresolved testcases 15
# of unsupported tests 208
/scratch/gcc/nightly-2009-11-17-mainline/coldfire-elf/obj/test-mainline-0-m68k-elf/host-i686-pc-linux-gnu/fsf-mainline/bin/m68k-elf-g++ version 4.5.0 20091117 (experimental) (GCC)
Host is i686-pc-linux-gnu
=== gcc tests ===
Running target qemu-coldfire-elf-prebuilt-fsf/-mcpu=5475
FAIL: gcc.c-torture/execute/builtins/memmove-2.c compilation, -O2 -fwhopr
UNRESOLVED: gcc.c-torture/execute/builtins/memmove-2.c execution, -O2 -fwhopr
FAIL: gcc.c-torture/execute/builtins/sprintf-chk.c execution, -O2 -fwhopr
FAIL: gcc.c-torture/execute/builtins/stpcpy-chk.c execution, -O2 -fwhopr
FAIL: gcc.c-torture/execute/builtins/strcpy-chk.c execution, -O2 -fwhopr
FAIL: gcc.c-torture/execute/pr28982b.c compilation, -O1 (internal compiler error)
UNRESOLVED: gcc.c-torture/execute/pr28982b.c execution, -O1
FAIL: gcc.c-torture/execute/pr28982b.c compilation, -O2 (internal compiler error)
UNRESOLVED: gcc.c-torture/execute/pr28982b.c execution, -O2
FAIL: gcc.c-torture/execute/pr28982b.c compilation, -O3 -fomit-frame-pointer (internal compiler error)
UNRESOLVED: gcc.c-torture/execute/pr28982b.c execution, -O3 -fomit-frame-pointer
FAIL: gcc.c-torture/execute/pr28982b.c compilation, -O3 -fomit-frame-pointer -funroll-loops (internal compiler error)
UNRESOLVED: gcc.c-torture/execute/pr28982b.c execution, -O3 -fomit-frame-pointer -funroll-loops
FAIL: gcc.c-torture/execute/pr28982b.c compilation, -O3 -fomit-frame-pointer -funroll-all-loops -finline-functions (internal compiler error)
UNRESOLVED: gcc.c-torture/execute/pr28982b.c execution, -O3 -fomit-frame-pointer -funroll-all-loops -finline-functions
FAIL: gcc.c-torture/execute/pr28982b.c compilation, -O3 -g (internal compiler error)
UNRESOLVED: gcc.c-torture/execute/pr28982b.c execution, -O3 -g
FAIL: gcc.c-torture/execute/pr28982b.c compilation, -Os (internal compiler error)
UNRESOLVED: gcc.c-torture/execute/pr28982b.c execution, -Os
FAIL: gcc.c-torture/execute/pr28982b.c compilation, -O2 -flto (internal compiler error)
UNRESOLVED: gcc.c-torture/execute/pr28982b.c execution, -O2 -flto
FAIL: gcc.c-torture/execute/pr28982b.c compilation, -O2 -fwhopr (internal compiler error)
UNRESOLVED: gcc.c-torture/execute/pr28982b.c execution, -O2 -fwhopr
XPASS: gcc.c-torture/execute/ieee/20000320-1.c execution, -O0
XPASS: gcc.c-torture/execute/ieee/20000320-1.c execution, -O1
XPASS: gcc.c-torture/execute/ieee/20000320-1.c execution, -O2
XPASS: gcc.c-torture/execute/ieee/20000320-1.c execution, -O3 -fomit-frame-pointer
XPASS: gcc.c-torture/execute/ieee/20000320-1.c execution, -O3 -g
XPASS: gcc.c-torture/execute/ieee/20000320-1.c execution, -Os
XPASS: gcc.c-torture/execute/ieee/20000320-1.c execution, -O2 -flto
XPASS: gcc.c-torture/execute/ieee/20000320-1.c execution, -O2 -fwhopr
FAIL: gcc.c-torture/execute/ieee/20010114-2.c execution, -O2
FAIL: gcc.c-torture/execute/ieee/20010114-2.c execution, -O2 -flto
FAIL: gcc.c-torture/execute/ieee/20010114-2.c execution, -O2 -fwhopr
FAIL: gcc.c-torture/execute/ieee/20030331-1.c execution, -O2
FAIL: gcc.c-torture/execute/ieee/20030331-1.c execution, -O3 -fomit-frame-pointer
FAIL: gcc.c-torture/execute/ieee/20030331-1.c execution, -O3 -g
FAIL: gcc.c-torture/execute/ieee/20030331-1.c execution, -O2 -flto
FAIL: gcc.c-torture/execute/ieee/20030331-1.c execution, -O2 -fwhopr
FAIL: gcc.c-torture/execute/ieee/compare-fp-1.c execution, -O0
FAIL: gcc.c-torture/execute/ieee/compare-fp-1.c execution, -O1
FAIL: gcc.c-torture/execute/ieee/compare-fp-1.c execution, -O2
FAIL: gcc.c-torture/execute/ieee/compare-fp-1.c execution, -O3 -fomit-frame-pointer
FAIL: gcc.c-torture/execute/ieee/compare-fp-1.c execution, -O3 -g
FAIL: gcc.c-torture/execute/ieee/compare-fp-1.c execution, -Os
FAIL: gcc.c-torture/execute/ieee/compare-fp-1.c execution, -O2 -flto
FAIL: gcc.c-torture/execute/ieee/compare-fp-1.c execution, -O2 -fwhopr
FAIL: gcc.c-torture/execute/ieee/compare-fp-4.c execution, -O0
FAIL: gcc.c-torture/execute/ieee/fp-cmp-4.c execution, -O0
FAIL: gcc.c-torture/execute/ieee/fp-cmp-4.c execution, -O1
FAIL: gcc.c-torture/execute/ieee/fp-cmp-4.c execution, -O2
FAIL: gcc.c-torture/execute/ieee/fp-cmp-4.c execution, -O3 -fomit-frame-pointer
FAIL: gcc.c-torture/execute/ieee/fp-cmp-4.c execution, -O3 -fomit-frame-pointer -funroll-loops
FAIL: gcc.c-torture/execute/ieee/fp-cmp-4.c execution, -O3 -fomit-frame-pointer -funroll-all-loops -finline-functions
FAIL: gcc.c-torture/execute/ieee/fp-cmp-4.c execution, -O3 -g
FAIL: gcc.c-torture/execute/ieee/fp-cmp-4.c execution, -Os
FAIL: gcc.c-torture/execute/ieee/fp-cmp-4.c execution, -O2 -flto
FAIL: gcc.c-torture/execute/ieee/fp-cmp-4.c execution, -O2 -fwhopr
FAIL: gcc.c-torture/execute/ieee/fp-cmp-4f.c execution, -O0
FAIL: gcc.c-torture/execute/ieee/fp-cmp-4f.c execution, -O1
FAIL: gcc.c-torture/execute/ieee/fp-cmp-4f.c execution, -O2
FAIL: gcc.c-torture/execute/ieee/fp-cmp-4f.c execution, -O3 -fomit-frame-pointer
FAIL: gcc.c-torture/execute/ieee/fp-cmp-4f.c execution, -O3 -g
FAIL: gcc.c-torture/execute/ieee/fp-cmp-4f.c execution, -Os
FAIL: gcc.c-torture/execute/ieee/fp-cmp-4f.c execution, -O2 -flto
FAIL: gcc.c-torture/execute/ieee/fp-cmp-4f.c execution, -O2 -fwhopr
FAIL: gcc.c-torture/execute/ieee/fp-cmp-4l.c execution, -O0
FAIL: gcc.c-torture/execute/ieee/fp-cmp-4l.c execution, -O1
FAIL: gcc.c-torture/execute/ieee/fp-cmp-4l.c execution, -O2
FAIL: gcc.c-torture/execute/ieee/fp-cmp-4l.c execution, -O3 -fomit-frame-pointer
FAIL: gcc.c-torture/execute/ieee/fp-cmp-4l.c execution, -O3 -g
FAIL: gcc.c-torture/execute/ieee/fp-cmp-4l.c execution, -Os
FAIL: gcc.c-torture/execute/ieee/fp-cmp-4l.c execution, -O2 -flto
FAIL: gcc.c-torture/execute/ieee/fp-cmp-4l.c execution, -O2 -fwhopr
FAIL: gcc.c-torture/execute/ieee/fp-cmp-5.c execution, -O0
FAIL: gcc.c-torture/execute/ieee/fp-cmp-5.c execution, -O1
FAIL: gcc.c-torture/execute/ieee/fp-cmp-5.c execution, -O2
FAIL: gcc.c-torture/execute/ieee/fp-cmp-5.c execution, -O3 -fomit-frame-pointer
FAIL: gcc.c-torture/execute/ieee/fp-cmp-5.c execution, -O3 -fomit-frame-pointer -funroll-loops
FAIL: gcc.c-torture/execute/ieee/fp-cmp-5.c execution, -O3 -fomit-frame-pointer -funroll-all-loops -finline-functions
FAIL: gcc.c-torture/execute/ieee/fp-cmp-5.c execution, -O3 -g
FAIL: gcc.c-torture/execute/ieee/fp-cmp-5.c execution, -Os
FAIL: gcc.c-torture/execute/ieee/fp-cmp-5.c execution, -O2 -flto
FAIL: gcc.c-torture/execute/ieee/fp-cmp-5.c execution, -O2 -fwhopr
FAIL: gcc.c-torture/execute/ieee/fp-cmp-8.c execution, -O0
FAIL: gcc.c-torture/execute/ieee/fp-cmp-8.c execution, -O1
FAIL: gcc.c-torture/execute/ieee/fp-cmp-8.c execution, -O2
FAIL: gcc.c-torture/execute/ieee/fp-cmp-8.c execution, -O3 -fomit-frame-pointer
FAIL: gcc.c-torture/execute/ieee/fp-cmp-8.c execution, -O3 -fomit-frame-pointer -funroll-loops
FAIL: gcc.c-torture/execute/ieee/fp-cmp-8.c execution, -O3 -fomit-frame-pointer -funroll-all-loops -finline-functions
FAIL: gcc.c-torture/execute/ieee/fp-cmp-8.c execution, -O3 -g
FAIL: gcc.c-torture/execute/ieee/fp-cmp-8.c execution, -Os
FAIL: gcc.c-torture/execute/ieee/fp-cmp-8.c execution, -O2 -flto
FAIL: gcc.c-torture/execute/ieee/fp-cmp-8.c execution, -O2 -fwhopr
FAIL: gcc.c-torture/execute/ieee/fp-cmp-8f.c execution, -O0
FAIL: gcc.c-torture/execute/ieee/fp-cmp-8f.c execution, -O1
FAIL: gcc.c-torture/execute/ieee/fp-cmp-8f.c execution, -O2
FAIL: gcc.c-torture/execute/ieee/fp-cmp-8f.c execution, -O3 -fomit-frame-pointer
FAIL: gcc.c-torture/execute/ieee/fp-cmp-8f.c execution, -O3 -g
FAIL: gcc.c-torture/execute/ieee/fp-cmp-8f.c execution, -Os
FAIL: gcc.c-torture/execute/ieee/fp-cmp-8f.c execution, -O2 -flto
FAIL: gcc.c-torture/execute/ieee/fp-cmp-8f.c execution, -O2 -fwhopr
FAIL: gcc.c-torture/execute/ieee/fp-cmp-8l.c execution, -O0
FAIL: gcc.c-torture/execute/ieee/fp-cmp-8l.c execution, -O1
FAIL: gcc.c-torture/execute/ieee/fp-cmp-8l.c execution, -O2
FAIL: gcc.c-torture/execute/ieee/fp-cmp-8l.c execution, -O3 -fomit-frame-pointer
FAIL: gcc.c-torture/execute/ieee/fp-cmp-8l.c execution, -O3 -g
FAIL: gcc.c-torture/execute/ieee/fp-cmp-8l.c execution, -Os
FAIL: gcc.c-torture/execute/ieee/fp-cmp-8l.c execution, -O2 -flto
FAIL: gcc.c-torture/execute/ieee/fp-cmp-8l.c execution, -O2 -fwhopr
XPASS: gcc.c-torture/execute/ieee/mul-subnormal-single-1.c execution, -O0
XPASS: gcc.c-torture/execute/ieee/mul-subnormal-single-1.c execution, -O1
XPASS: gcc.c-torture/execute/ieee/mul-subnormal-single-1.c execution, -O2
XPASS: gcc.c-torture/execute/ieee/mul-subnormal-single-1.c execution, -O3 -fomit-frame-pointer
XPASS: gcc.c-torture/execute/ieee/mul-subnormal-single-1.c execution, -O3 -fomit-frame-pointer -funroll-loops
XPASS: gcc.c-torture/execute/ieee/mul-subnormal-single-1.c execution, -O3 -fomit-frame-pointer -funroll-all-loops -finline-functions
XPASS: gcc.c-torture/execute/ieee/mul-subnormal-single-1.c execution, -O3 -g
XPASS: gcc.c-torture/execute/ieee/mul-subnormal-single-1.c execution, -Os
XPASS: gcc.c-torture/execute/ieee/mul-subnormal-single-1.c execution, -O2 -flto
XPASS: gcc.c-torture/execute/ieee/mul-subnormal-single-1.c execution, -O2 -fwhopr
FAIL: gcc.c-torture/execute/ieee/pr38016.c execution, -O0
FAIL: gcc.c-torture/execute/ieee/pr38016.c execution, -O1
FAIL: gcc.c-torture/execute/ieee/pr38016.c execution, -O2
FAIL: gcc.c-torture/execute/ieee/pr38016.c execution, -O3 -fomit-frame-pointer
FAIL: gcc.c-torture/execute/ieee/pr38016.c execution, -O3 -g
FAIL: gcc.c-torture/execute/ieee/pr38016.c execution, -Os
FAIL: gcc.c-torture/execute/ieee/pr38016.c execution, -O2 -flto
FAIL: gcc.c-torture/execute/ieee/pr38016.c execution, -O2 -fwhopr
XPASS: gcc.dg/Warray-bounds.c (test for warnings, line 59)
XPASS: gcc.dg/Warray-bounds.c (test for warnings, line 65)
XPASS: gcc.dg/Wunreachable-8.c (test for bogus messages, line 7)
FAIL: gcc.dg/pr28796-2.c execution test
FAIL: gcc.dg/pr34668-1.c (internal compiler error)
FAIL: gcc.dg/pr34668-1.c (test for excess errors)
FAIL: gcc.dg/graphite/id-15.c (test for excess errors)
FAIL: gcc.dg/graphite/run-id-1.c execution test
FAIL: gcc.dg/lto/20090210 c_lto_20090210_0.o-c_lto_20090210_1.o link
UNRESOLVED: gcc.dg/lto/20090210 c_lto_20090210_0.o-c_lto_20090210_1.o execute -O0 -fwhopr
FAIL: gcc.dg/lto/20090210 c_lto_20090210_0.o-c_lto_20090210_1.o link
UNRESOLVED: gcc.dg/lto/20090210 c_lto_20090210_0.o-c_lto_20090210_1.o execute -O2 -fwhopr
FAIL: gcc.dg/lto/20090210 c_lto_20090210_0.o-c_lto_20090210_1.o link
UNRESOLVED: gcc.dg/lto/20090210 c_lto_20090210_0.o-c_lto_20090210_1.o execute -O0 -flto
FAIL: gcc.dg/lto/20090210 c_lto_20090210_0.o-c_lto_20090210_1.o link
UNRESOLVED: gcc.dg/lto/20090210 c_lto_20090210_0.o-c_lto_20090210_1.o execute -O2 -flto
FAIL: gcc.dg/lto/20090313 c_lto_20090313_0.o-c_lto_20090313_0.o link
UNRESOLVED: gcc.dg/lto/20090313 c_lto_20090313_0.o-c_lto_20090313_0.o execute -O0 -fwhopr
FAIL: gcc.dg/lto/20090313 c_lto_20090313_0.o-c_lto_20090313_0.o link
UNRESOLVED: gcc.dg/lto/20090313 c_lto_20090313_0.o-c_lto_20090313_0.o execute -O2 -fwhopr
FAIL: gcc.dg/lto/20090313 c_lto_20090313_0.o-c_lto_20090313_0.o link
UNRESOLVED: gcc.dg/lto/20090313 c_lto_20090313_0.o-c_lto_20090313_0.o execute -O0 -flto
FAIL: gcc.dg/lto/20090313 c_lto_20090313_0.o-c_lto_20090313_0.o link
UNRESOLVED: gcc.dg/lto/20090313 c_lto_20090313_0.o-c_lto_20090313_0.o execute -O2 -flto
XPASS: gcc.dg/struct/wo_prof_array_through_pointer.c scan-ipa-dump ipa_struct_reorg "Number of structures to transform is 1"
FAIL: gcc.dg/struct/wo_prof_double_malloc.c (internal compiler error)
FAIL: gcc.dg/struct/wo_prof_double_malloc.c (test for excess errors)
UNRESOLVED: gcc.dg/struct/wo_prof_double_malloc.c compilation failed to produce executable
FAIL: gcc.dg/torture/builtin-math-7.c -O2 -flto execution test
FAIL: gcc.dg/torture/builtin-math-7.c -O2 -fwhopr execution test
FAIL: gcc.dg/torture/type-generic-1.c -O0 execution test
FAIL: gcc.dg/torture/type-generic-1.c -O1 execution test
FAIL: gcc.dg/torture/type-generic-1.c -O2 execution test
FAIL: gcc.dg/torture/type-generic-1.c -O3 -fomit-frame-pointer execution test
FAIL: gcc.dg/torture/type-generic-1.c -O3 -g execution test
FAIL: gcc.dg/torture/type-generic-1.c -Os execution test
FAIL: gcc.dg/torture/type-generic-1.c -O2 -flto execution test
FAIL: gcc.dg/torture/type-generic-1.c -O2 -fwhopr execution test
FAIL: gcc.dg/tree-ssa/vrp47.c scan-tree-dump-times vrp1 "[xy][^ ]* !=" 0
FAIL: gcc.dg/tree-ssa/vrp47.c scan-tree-dump-times dom1 "x[^ ]* & y" 1
FAIL: gcc.dg/tree-ssa/vrp47.c scan-tree-dump-times vrp1 "x[^ ]* [|] y" 1
=== gcc Summary ===
# of expected passes 61014
# of unexpected failures 128
# of unexpected successes 22
# of expected failures 93
# of unresolved testcases 19
# of unsupported tests 807
/scratch/gcc/nightly-2009-11-17-mainline/coldfire-elf/obj/test-mainline-0-m68k-elf/host-i686-pc-linux-gnu/fsf-mainline/bin/m68k-elf-gcc version 4.5.0 20091117 (experimental) (GCC)
Host is i686-pc-linux-gnu
=== libstdc++ tests ===
Running target qemu-coldfire-elf-prebuilt-fsf/-mcpu=5475
FAIL: 22_locale/collate/transform/wchar_t/28277.cc execution test
FAIL: 22_locale/ctype/scan/wchar_t/1.cc execution test
FAIL: 23_containers/vector/profile/vector.cc execution test
FAIL: 27_io/basic_filebuf/sgetn/char/1-in.cc execution test
FAIL: 27_io/basic_filebuf/sgetn/char/1-io.cc execution test
FAIL: 27_io/basic_filebuf/sgetn/char/2-in.cc execution test
FAIL: 27_io/basic_filebuf/sgetn/char/2-io.cc execution test
FAIL: 27_io/basic_filebuf/underflow/wchar_t/11603.cc execution test
FAIL: 27_io/basic_istream/readsome/char/6746-2.cc execution test
FAIL: 27_io/basic_istream/readsome/wchar_t/6746-2.cc execution test
FAIL: 27_io/basic_ostream/inserters_arithmetic/wchar_t/4402.cc execution test
FAIL: 27_io/basic_stringbuf/overflow/wchar_t/1.cc execution test
FAIL: 27_io/ios_base/storage/11584.cc execution test
XPASS: 27_io/ios_base/sync_with_stdio/1.cc execution test
FAIL: 27_io/objects/char/6.cc execution test
FAIL: 27_io/objects/wchar_t/6.cc execution test
FAIL: ext/pool_allocator/allocate_chunk.cc execution test
FAIL: tr1/5_numerical_facilities/special_functions/02_assoc_legendre/check_nan.cc execution test
FAIL: tr1/5_numerical_facilities/special_functions/04_comp_ellint_1/check_nan.cc execution test
FAIL: tr1/5_numerical_facilities/special_functions/05_comp_ellint_2/check_nan.cc execution test
FAIL: tr1/5_numerical_facilities/special_functions/06_comp_ellint_3/check_nan.cc execution test
FAIL: tr1/5_numerical_facilities/special_functions/08_cyl_bessel_i/check_nan.cc execution test
FAIL: tr1/5_numerical_facilities/special_functions/09_cyl_bessel_j/check_nan.cc execution test
FAIL: tr1/5_numerical_facilities/special_functions/10_cyl_bessel_k/check_nan.cc execution test
FAIL: tr1/5_numerical_facilities/special_functions/11_cyl_neumann/check_nan.cc execution test
FAIL: tr1/5_numerical_facilities/special_functions/12_ellint_1/check_nan.cc execution test
FAIL: tr1/5_numerical_facilities/special_functions/13_ellint_2/check_nan.cc execution test
FAIL: tr1/5_numerical_facilities/special_functions/14_ellint_3/check_nan.cc execution test
FAIL: tr1/5_numerical_facilities/special_functions/19_legendre/check_nan.cc execution test
FAIL: tr1/5_numerical_facilities/special_functions/20_riemann_zeta/check_nan.cc execution test
FAIL: tr1/5_numerical_facilities/special_functions/21_sph_bessel/check_nan.cc execution test
FAIL: tr1/5_numerical_facilities/special_functions/22_sph_legendre/check_nan.cc execution test
FAIL: tr1/5_numerical_facilities/special_functions/23_sph_neumann/check_nan.cc execution test
=== libstdc++ Summary ===
# of expected passes 5869
# of unexpected failures 32
# of unexpected successes 1
# of expected failures 83
# of unsupported tests 401
Compiler version: 4.5.0 20091117 (experimental) (GCC)
Platform: m68k-unknown-elf
configure flags: --build=i686-pc-linux-gnu --host=i686-pc-linux-gnu --target=m68k-elf --enable-threads --disable-libmudflap --disable-libssp --disable-libstdcxx-pch --with-arch=cf --disable-threads --with-gnu-as --with-gnu-ld --enable-languages=c,c++ --disable-shared --enable-lto --with-newlib --disable-nls --prefix=/opt/codesourcery --with-headers=yes --with-sysroot=/opt/codesourcery/m68k-elf --with-build-sysroot=/scratch/gcc/nightly-2009-11-17-mainline/coldfire-elf/install/m68k-elf --with-gmp=/scratch/gcc/nightly-2009-11-17-mainline/coldfire-elf/obj/host-libs-mainline-0-m68k-elf-i686-pc-linux-gnu/usr --with-mpfr=/scratch/gcc/nightly-2009-11-17-mainline/coldfire-elf/obj/host-libs-mainline-0-m68k-elf-i686-pc-linux-gnu/usr --with-mpc=/scratch/gcc/nightly-2009-11-17-mainline/coldfire-elf/obj/host-libs-mainline-0-m68k-elf-i686-pc-linux-gnu/usr --with-ppl=/scratch/gcc/nightly-2009-11-17-mainline/coldfire-elf/obj/host-libs-mainline-0-m68k-elf-i686-pc-linux-gnu/usr --with-host-libs
tdcxx='-static-libgcc -Wl,-Bstatic,-lstdc++,-Bdynamic -lm' --with-cloog=/scratch/gcc/nightly-2009-11-17-mainline/coldfire-elf/obj/host-libs-mainline-0-m68k-elf-i686-pc-linux-gnu/usr --with-libelf=/scratch/gcc/nightly-2009-11-17-mainline/coldfire-elf/obj/host-libs-mainline-0-m68k-elf-i686-pc-linux-gnu/usr --disable-libgomp --enable-poison-system-directories --with-build-time-tools=/scratch/gcc/nightly-2009-11-17-mainline/coldfire-elf/install/m68k-elf/bin --with-build-time-tools=/scratch/gcc/nightly-2009-11-17-mainline/coldfire-elf/install/m68k-elf/bin
More information about the Gcc-testresults
mailing list