Results for 4.5.0 20090527 (experimental) [trunk revision 147889] (GCC) testsuite on hppa-unknown-linux-gnu
John David Anglin
dave@hiauly6.hia.nrc.ca
Thu May 28 01:59:00 GMT 2009
LAST_UPDATED: Wed May 27 04:41:36 UTC 2009 (revision 147889)
=== acats tests ===
=== acats Summary ===
# of expected passes 2315
# of unexpected failures 0
Native configuration is hppa-unknown-linux-gnu
=== g++ tests ===
Running target unix
=== g++ Summary ===
# of expected passes 19404
# of expected failures 138
# of unsupported tests 159
/home/dave/gnu/gcc-4.5/objdir/gcc/testsuite/g++/../../g++ version 4.5.0 20090527 (experimental) [trunk revision 147889] (GCC)
=== gcc tests ===
Running target unix
FAIL: gcc.c-torture/execute/20061031-1.c execution, -Os
XPASS: gcc.dg/Warray-bounds.c (test for warnings, line 59)
XPASS: gcc.dg/Warray-bounds.c (test for warnings, line 65)
FAIL: gcc.dg/Wcxx-compat-2.c (test for warnings, line 35)
FAIL: gcc.dg/Wcxx-compat-2.c (test for excess errors)
FAIL: gcc.dg/pr34989-1.c (internal compiler error)
FAIL: gcc.dg/pr34989-1.c (test for excess errors)
UNRESOLVED: ggcplug.c compilation, -I. -I/home/dave/gnu/gcc-4.5/gcc/gcc/testsuite -I/home/dave/gnu/gcc-4.5/gcc/gcc/testsuite/../../gcc -I/home/dave/gnu/gcc-4.5/objdir/gcc/testsuite/gcc/../../../gcc -I/home/dave/gnu/gcc-4.5/gcc/gcc/testsuite/../../include -I/home/dave/gnu/gcc-4.5/gcc/gcc/testsuite/../../libcpp/include -O -DIN_GCC -fPIC -shared
XPASS: gcc.dg/struct/wo_prof_array_through_pointer.c scan-ipa-dump ipa_struct_reorg "Number of structures to transform is 1"
FAIL: gcc.dg/struct/wo_prof_double_malloc.c (internal compiler error)
FAIL: gcc.dg/struct/wo_prof_double_malloc.c (test for excess errors)
UNRESOLVED: gcc.dg/struct/wo_prof_double_malloc.c compilation failed to produce executable
XPASS: gcc.dg/tree-ssa/loop-1.c scan-assembler-times foo 5
=== gcc Summary ===
# of expected passes 50004
# of unexpected failures 7
# of unexpected successes 4
# of expected failures 79
# of unresolved testcases 2
# of unsupported tests 526
/home/dave/gnu/gcc-4.5/objdir/gcc/xgcc version 4.5.0 20090527 (experimental) [trunk revision 147889] (GCC)
=== gfortran tests ===
Running target unix
FAIL: gfortran.dg/Wall.f90 -O1 (test for excess errors)
FAIL: gfortran.dg/Wall.f90 -O2 (test for excess errors)
FAIL: gfortran.dg/Wall.f90 -O3 -fomit-frame-pointer (test for excess errors)
FAIL: gfortran.dg/Wall.f90 -O3 -fomit-frame-pointer -funroll-loops (test for excess errors)
FAIL: gfortran.dg/Wall.f90 -O3 -fomit-frame-pointer -funroll-all-loops -finline-functions (test for excess errors)
FAIL: gfortran.dg/Wall.f90 -O3 -g (test for excess errors)
FAIL: gfortran.dg/Wall.f90 -Os (test for excess errors)
FAIL: gfortran.dg/actual_procedure_1.f90 -O0 (test for excess errors)
UNRESOLVED: gfortran.dg/actual_procedure_1.f90 -O0 compilation failed to produce executable
FAIL: gfortran.dg/actual_procedure_1.f90 -O1 (test for excess errors)
UNRESOLVED: gfortran.dg/actual_procedure_1.f90 -O1 compilation failed to produce executable
FAIL: gfortran.dg/actual_procedure_1.f90 -O2 (test for excess errors)
UNRESOLVED: gfortran.dg/actual_procedure_1.f90 -O2 compilation failed to produce executable
FAIL: gfortran.dg/actual_procedure_1.f90 -O3 -fomit-frame-pointer (test for excess errors)
UNRESOLVED: gfortran.dg/actual_procedure_1.f90 -O3 -fomit-frame-pointer compilation failed to produce executable
FAIL: gfortran.dg/actual_procedure_1.f90 -O3 -fomit-frame-pointer -funroll-loops (test for excess errors)
UNRESOLVED: gfortran.dg/actual_procedure_1.f90 -O3 -fomit-frame-pointer -funroll-loops compilation failed to produce executable
FAIL: gfortran.dg/actual_procedure_1.f90 -O3 -fomit-frame-pointer -funroll-all-loops -finline-functions (test for excess errors)
UNRESOLVED: gfortran.dg/actual_procedure_1.f90 -O3 -fomit-frame-pointer -funroll-all-loops -finline-functions compilation failed to produce executable
FAIL: gfortran.dg/actual_procedure_1.f90 -O3 -g (test for excess errors)
UNRESOLVED: gfortran.dg/actual_procedure_1.f90 -O3 -g compilation failed to produce executable
FAIL: gfortran.dg/actual_procedure_1.f90 -Os (test for excess errors)
UNRESOLVED: gfortran.dg/actual_procedure_1.f90 -Os compilation failed to produce executable
FAIL: gfortran.dg/alloc_comp_default_init_1.f90 -O0 (test for excess errors)
UNRESOLVED: gfortran.dg/alloc_comp_default_init_1.f90 -O0 compilation failed to produce executable
FAIL: gfortran.dg/alloc_comp_default_init_1.f90 -O1 (test for excess errors)
UNRESOLVED: gfortran.dg/alloc_comp_default_init_1.f90 -O1 compilation failed to produce executable
FAIL: gfortran.dg/alloc_comp_default_init_1.f90 -O2 (test for excess errors)
UNRESOLVED: gfortran.dg/alloc_comp_default_init_1.f90 -O2 compilation failed to produce executable
FAIL: gfortran.dg/alloc_comp_default_init_1.f90 -O3 -fomit-frame-pointer (test for excess errors)
UNRESOLVED: gfortran.dg/alloc_comp_default_init_1.f90 -O3 -fomit-frame-pointer compilation failed to produce executable
FAIL: gfortran.dg/alloc_comp_default_init_1.f90 -O3 -fomit-frame-pointer -funroll-loops (test for excess errors)
UNRESOLVED: gfortran.dg/alloc_comp_default_init_1.f90 -O3 -fomit-frame-pointer -funroll-loops compilation failed to produce executable
FAIL: gfortran.dg/alloc_comp_default_init_1.f90 -O3 -fomit-frame-pointer -funroll-all-loops -finline-functions (test for excess errors)
UNRESOLVED: gfortran.dg/alloc_comp_default_init_1.f90 -O3 -fomit-frame-pointer -funroll-all-loops -finline-functions compilation failed to produce executable
FAIL: gfortran.dg/alloc_comp_default_init_1.f90 -O3 -g (test for excess errors)
UNRESOLVED: gfortran.dg/alloc_comp_default_init_1.f90 -O3 -g compilation failed to produce executable
FAIL: gfortran.dg/alloc_comp_default_init_1.f90 -Os (test for excess errors)
UNRESOLVED: gfortran.dg/alloc_comp_default_init_1.f90 -Os compilation failed to produce executable
FAIL: gfortran.dg/allocatable_dummy_3.f90 -O0 (test for excess errors)
UNRESOLVED: gfortran.dg/allocatable_dummy_3.f90 -O0 compilation failed to produce executable
FAIL: gfortran.dg/allocatable_dummy_3.f90 -O1 (test for excess errors)
UNRESOLVED: gfortran.dg/allocatable_dummy_3.f90 -O1 compilation failed to produce executable
FAIL: gfortran.dg/allocatable_dummy_3.f90 -O2 (test for excess errors)
UNRESOLVED: gfortran.dg/allocatable_dummy_3.f90 -O2 compilation failed to produce executable
FAIL: gfortran.dg/allocatable_dummy_3.f90 -O3 -fomit-frame-pointer (test for excess errors)
UNRESOLVED: gfortran.dg/allocatable_dummy_3.f90 -O3 -fomit-frame-pointer compilation failed to produce executable
FAIL: gfortran.dg/allocatable_dummy_3.f90 -O3 -fomit-frame-pointer -funroll-loops (test for excess errors)
UNRESOLVED: gfortran.dg/allocatable_dummy_3.f90 -O3 -fomit-frame-pointer -funroll-loops compilation failed to produce executable
FAIL: gfortran.dg/allocatable_dummy_3.f90 -O3 -fomit-frame-pointer -funroll-all-loops -finline-functions (test for excess errors)
UNRESOLVED: gfortran.dg/allocatable_dummy_3.f90 -O3 -fomit-frame-pointer -funroll-all-loops -finline-functions compilation failed to produce executable
FAIL: gfortran.dg/allocatable_dummy_3.f90 -O3 -g (test for excess errors)
UNRESOLVED: gfortran.dg/allocatable_dummy_3.f90 -O3 -g compilation failed to produce executable
FAIL: gfortran.dg/allocatable_dummy_3.f90 -Os (test for excess errors)
UNRESOLVED: gfortran.dg/allocatable_dummy_3.f90 -Os compilation failed to produce executable
FAIL: gfortran.dg/allocate_zerosize_3.f -O0 (test for excess errors)
UNRESOLVED: gfortran.dg/allocate_zerosize_3.f -O0 compilation failed to produce executable
FAIL: gfortran.dg/allocate_zerosize_3.f -O1 (test for excess errors)
UNRESOLVED: gfortran.dg/allocate_zerosize_3.f -O1 compilation failed to produce executable
FAIL: gfortran.dg/allocate_zerosize_3.f -O2 (test for excess errors)
UNRESOLVED: gfortran.dg/allocate_zerosize_3.f -O2 compilation failed to produce executable
FAIL: gfortran.dg/allocate_zerosize_3.f -O3 -fomit-frame-pointer (test for excess errors)
UNRESOLVED: gfortran.dg/allocate_zerosize_3.f -O3 -fomit-frame-pointer compilation failed to produce executable
FAIL: gfortran.dg/allocate_zerosize_3.f -O3 -fomit-frame-pointer -funroll-loops (test for excess errors)
UNRESOLVED: gfortran.dg/allocate_zerosize_3.f -O3 -fomit-frame-pointer -funroll-loops compilation failed to produce executable
FAIL: gfortran.dg/allocate_zerosize_3.f -O3 -fomit-frame-pointer -funroll-all-loops -finline-functions (test for excess errors)
UNRESOLVED: gfortran.dg/allocate_zerosize_3.f -O3 -fomit-frame-pointer -funroll-all-loops -finline-functions compilation failed to produce executable
FAIL: gfortran.dg/allocate_zerosize_3.f -O3 -g (test for excess errors)
UNRESOLVED: gfortran.dg/allocate_zerosize_3.f -O3 -g compilation failed to produce executable
FAIL: gfortran.dg/allocate_zerosize_3.f -Os (test for excess errors)
UNRESOLVED: gfortran.dg/allocate_zerosize_3.f -Os compilation failed to produce executable
FAIL: gfortran.dg/argument_checking_15.f90 -O (internal compiler error)
FAIL: gfortran.dg/argument_checking_15.f90 -O (test for excess errors)
FAIL: gfortran.dg/array_constructor_24.f -O0 (test for excess errors)
UNRESOLVED: gfortran.dg/array_constructor_24.f -O0 compilation failed to produce executable
FAIL: gfortran.dg/array_constructor_24.f -O1 (test for excess errors)
UNRESOLVED: gfortran.dg/array_constructor_24.f -O1 compilation failed to produce executable
FAIL: gfortran.dg/array_constructor_24.f -O2 (test for excess errors)
UNRESOLVED: gfortran.dg/array_constructor_24.f -O2 compilation failed to produce executable
FAIL: gfortran.dg/array_constructor_24.f -O3 -fomit-frame-pointer (test for excess errors)
UNRESOLVED: gfortran.dg/array_constructor_24.f -O3 -fomit-frame-pointer compilation failed to produce executable
FAIL: gfortran.dg/array_constructor_24.f -O3 -fomit-frame-pointer -funroll-loops (test for excess errors)
UNRESOLVED: gfortran.dg/array_constructor_24.f -O3 -fomit-frame-pointer -funroll-loops compilation failed to produce executable
FAIL: gfortran.dg/array_constructor_24.f -O3 -fomit-frame-pointer -funroll-all-loops -finline-functions (test for excess errors)
UNRESOLVED: gfortran.dg/array_constructor_24.f -O3 -fomit-frame-pointer -funroll-all-loops -finline-functions compilation failed to produce executable
FAIL: gfortran.dg/array_constructor_24.f -O3 -g (test for excess errors)
UNRESOLVED: gfortran.dg/array_constructor_24.f -O3 -g compilation failed to produce executable
FAIL: gfortran.dg/array_constructor_24.f -Os (test for excess errors)
UNRESOLVED: gfortran.dg/array_constructor_24.f -Os compilation failed to produce executable
FAIL: gfortran.dg/associated_5.f90 -O0 (test for excess errors)
UNRESOLVED: gfortran.dg/associated_5.f90 -O0 compilation failed to produce executable
FAIL: gfortran.dg/associated_5.f90 -O1 (test for excess errors)
UNRESOLVED: gfortran.dg/associated_5.f90 -O1 compilation failed to produce executable
FAIL: gfortran.dg/associated_5.f90 -O2 (test for excess errors)
UNRESOLVED: gfortran.dg/associated_5.f90 -O2 compilation failed to produce executable
FAIL: gfortran.dg/associated_5.f90 -O3 -fomit-frame-pointer (test for excess errors)
UNRESOLVED: gfortran.dg/associated_5.f90 -O3 -fomit-frame-pointer compilation failed to produce executable
FAIL: gfortran.dg/associated_5.f90 -O3 -fomit-frame-pointer -funroll-loops (test for excess errors)
UNRESOLVED: gfortran.dg/associated_5.f90 -O3 -fomit-frame-pointer -funroll-loops compilation failed to produce executable
FAIL: gfortran.dg/associated_5.f90 -O3 -fomit-frame-pointer -funroll-all-loops -finline-functions (test for excess errors)
UNRESOLVED: gfortran.dg/associated_5.f90 -O3 -fomit-frame-pointer -funroll-all-loops -finline-functions compilation failed to produce executable
FAIL: gfortran.dg/associated_5.f90 -O3 -g (test for excess errors)
UNRESOLVED: gfortran.dg/associated_5.f90 -O3 -g compilation failed to produce executable
FAIL: gfortran.dg/associated_5.f90 -Os (test for excess errors)
UNRESOLVED: gfortran.dg/associated_5.f90 -Os compilation failed to produce executable
FAIL: gfortran.dg/backspace_9.f -O0 (test for excess errors)
UNRESOLVED: gfortran.dg/backspace_9.f -O0 compilation failed to produce executable
FAIL: gfortran.dg/backspace_9.f -O1 (test for excess errors)
UNRESOLVED: gfortran.dg/backspace_9.f -O1 compilation failed to produce executable
FAIL: gfortran.dg/backspace_9.f -O2 (test for excess errors)
UNRESOLVED: gfortran.dg/backspace_9.f -O2 compilation failed to produce executable
FAIL: gfortran.dg/backspace_9.f -O3 -fomit-frame-pointer (test for excess errors)
UNRESOLVED: gfortran.dg/backspace_9.f -O3 -fomit-frame-pointer compilation failed to produce executable
FAIL: gfortran.dg/backspace_9.f -O3 -fomit-frame-pointer -funroll-loops (test for excess errors)
UNRESOLVED: gfortran.dg/backspace_9.f -O3 -fomit-frame-pointer -funroll-loops compilation failed to produce executable
FAIL: gfortran.dg/backspace_9.f -O3 -fomit-frame-pointer -funroll-all-loops -finline-functions (test for excess errors)
UNRESOLVED: gfortran.dg/backspace_9.f -O3 -fomit-frame-pointer -funroll-all-loops -finline-functions compilation failed to produce executable
FAIL: gfortran.dg/backspace_9.f -O3 -g (test for excess errors)
UNRESOLVED: gfortran.dg/backspace_9.f -O3 -g compilation failed to produce executable
FAIL: gfortran.dg/backspace_9.f -Os (test for excess errors)
UNRESOLVED: gfortran.dg/backspace_9.f -Os compilation failed to produce executable
FAIL: gfortran.dg/blockdata_3.f90 -O (test for excess errors)
FAIL: gfortran.dg/bound_4.f90 -O0 (test for excess errors)
UNRESOLVED: gfortran.dg/bound_4.f90 -O0 compilation failed to produce executable
FAIL: gfortran.dg/bound_4.f90 -O1 (test for excess errors)
UNRESOLVED: gfortran.dg/bound_4.f90 -O1 compilation failed to produce executable
FAIL: gfortran.dg/bound_4.f90 -O2 (test for excess errors)
UNRESOLVED: gfortran.dg/bound_4.f90 -O2 compilation failed to produce executable
FAIL: gfortran.dg/bound_4.f90 -O3 -fomit-frame-pointer (test for excess errors)
UNRESOLVED: gfortran.dg/bound_4.f90 -O3 -fomit-frame-pointer compilation failed to produce executable
FAIL: gfortran.dg/bound_4.f90 -O3 -fomit-frame-pointer -funroll-loops (test for excess errors)
UNRESOLVED: gfortran.dg/bound_4.f90 -O3 -fomit-frame-pointer -funroll-loops compilation failed to produce executable
FAIL: gfortran.dg/bound_4.f90 -O3 -fomit-frame-pointer -funroll-all-loops -finline-functions (test for excess errors)
UNRESOLVED: gfortran.dg/bound_4.f90 -O3 -fomit-frame-pointer -funroll-all-loops -finline-functions compilation failed to produce executable
FAIL: gfortran.dg/bound_4.f90 -O3 -g (test for excess errors)
UNRESOLVED: gfortran.dg/bound_4.f90 -O3 -g compilation failed to produce executable
FAIL: gfortran.dg/bound_4.f90 -Os (test for excess errors)
UNRESOLVED: gfortran.dg/bound_4.f90 -Os compilation failed to produce executable
FAIL: gfortran.dg/bound_6.f90 -O0 (internal compiler error)
FAIL: gfortran.dg/bound_6.f90 -O0 (test for excess errors)
UNRESOLVED: gfortran.dg/bound_6.f90 -O0 compilation failed to produce executable
FAIL: gfortran.dg/bound_6.f90 -O1 (internal compiler error)
FAIL: gfortran.dg/bound_6.f90 -O1 (test for excess errors)
UNRESOLVED: gfortran.dg/bound_6.f90 -O1 compilation failed to produce executable
FAIL: gfortran.dg/bound_6.f90 -O2 (internal compiler error)
FAIL: gfortran.dg/bound_6.f90 -O2 (test for excess errors)
UNRESOLVED: gfortran.dg/bound_6.f90 -O2 compilation failed to produce executable
FAIL: gfortran.dg/bound_6.f90 -O3 -fomit-frame-pointer (internal compiler error)
FAIL: gfortran.dg/bound_6.f90 -O3 -fomit-frame-pointer (test for excess errors)
UNRESOLVED: gfortran.dg/bound_6.f90 -O3 -fomit-frame-pointer compilation failed to produce executable
FAIL: gfortran.dg/bound_6.f90 -O3 -fomit-frame-pointer -funroll-loops (internal compiler error)
FAIL: gfortran.dg/bound_6.f90 -O3 -fomit-frame-pointer -funroll-loops (test for excess errors)
UNRESOLVED: gfortran.dg/bound_6.f90 -O3 -fomit-frame-pointer -funroll-loops compilation failed to produce executable
FAIL: gfortran.dg/bound_6.f90 -O3 -fomit-frame-pointer -funroll-all-loops -finline-functions (internal compiler error)
FAIL: gfortran.dg/bound_6.f90 -O3 -fomit-frame-pointer -funroll-all-loops -finline-functions (test for excess errors)
UNRESOLVED: gfortran.dg/bound_6.f90 -O3 -fomit-frame-pointer -funroll-all-loops -finline-functions compilation failed to produce executable
FAIL: gfortran.dg/bound_6.f90 -O3 -g (internal compiler error)
FAIL: gfortran.dg/bound_6.f90 -O3 -g (test for excess errors)
UNRESOLVED: gfortran.dg/bound_6.f90 -O3 -g compilation failed to produce executable
FAIL: gfortran.dg/bound_6.f90 -Os (internal compiler error)
FAIL: gfortran.dg/bound_6.f90 -Os (test for excess errors)
UNRESOLVED: gfortran.dg/bound_6.f90 -Os compilation failed to produce executable
FAIL: gfortran.dg/bounds_check_14.f90 -O0 (test for excess errors)
UNRESOLVED: gfortran.dg/bounds_check_14.f90 -O0 compilation failed to produce executable
FAIL: gfortran.dg/bounds_check_14.f90 -O1 (test for excess errors)
UNRESOLVED: gfortran.dg/bounds_check_14.f90 -O1 compilation failed to produce executable
FAIL: gfortran.dg/bounds_check_14.f90 -O2 (test for excess errors)
UNRESOLVED: gfortran.dg/bounds_check_14.f90 -O2 compilation failed to produce executable
FAIL: gfortran.dg/bounds_check_14.f90 -O3 -fomit-frame-pointer (test for excess errors)
UNRESOLVED: gfortran.dg/bounds_check_14.f90 -O3 -fomit-frame-pointer compilation failed to produce executable
FAIL: gfortran.dg/bounds_check_14.f90 -O3 -fomit-frame-pointer -funroll-loops (test for excess errors)
UNRESOLVED: gfortran.dg/bounds_check_14.f90 -O3 -fomit-frame-pointer -funroll-loops compilation failed to produce executable
FAIL: gfortran.dg/bounds_check_14.f90 -O3 -fomit-frame-pointer -funroll-all-loops -finline-functions (test for excess errors)
UNRESOLVED: gfortran.dg/bounds_check_14.f90 -O3 -fomit-frame-pointer -funroll-all-loops -finline-functions compilation failed to produce executable
FAIL: gfortran.dg/bounds_check_14.f90 -O3 -g (test for excess errors)
UNRESOLVED: gfortran.dg/bounds_check_14.f90 -O3 -g compilation failed to produce executable
FAIL: gfortran.dg/bounds_check_14.f90 -Os (test for excess errors)
UNRESOLVED: gfortran.dg/bounds_check_14.f90 -Os compilation failed to produce executable
FAIL: gfortran.dg/bounds_check_2.f -O0 (test for excess errors)
UNRESOLVED: gfortran.dg/bounds_check_2.f -O0 compilation failed to produce executable
FAIL: gfortran.dg/bounds_check_2.f -O1 (test for excess errors)
UNRESOLVED: gfortran.dg/bounds_check_2.f -O1 compilation failed to produce executable
FAIL: gfortran.dg/bounds_check_2.f -O2 (test for excess errors)
UNRESOLVED: gfortran.dg/bounds_check_2.f -O2 compilation failed to produce executable
FAIL: gfortran.dg/bounds_check_2.f -O3 -fomit-frame-pointer (test for excess errors)
UNRESOLVED: gfortran.dg/bounds_check_2.f -O3 -fomit-frame-pointer compilation failed to produce executable
FAIL: gfortran.dg/bounds_check_2.f -O3 -fomit-frame-pointer -funroll-loops (test for excess errors)
UNRESOLVED: gfortran.dg/bounds_check_2.f -O3 -fomit-frame-pointer -funroll-loops compilation failed to produce executable
FAIL: gfortran.dg/bounds_check_2.f -O3 -fomit-frame-pointer -funroll-all-loops -finline-functions (test for excess errors)
UNRESOLVED: gfortran.dg/bounds_check_2.f -O3 -fomit-frame-pointer -funroll-all-loops -finline-functions compilation failed to produce executable
FAIL: gfortran.dg/bounds_check_2.f -O3 -g (test for excess errors)
UNRESOLVED: gfortran.dg/bounds_check_2.f -O3 -g compilation failed to produce executable
FAIL: gfortran.dg/bounds_check_2.f -Os (test for excess errors)
UNRESOLVED: gfortran.dg/bounds_check_2.f -Os compilation failed to produce executable
FAIL: gfortran.dg/byte_2.f90 -O0 (test for excess errors)
UNRESOLVED: gfortran.dg/byte_2.f90 -O0 compilation failed to produce executable
FAIL: gfortran.dg/byte_2.f90 -O1 (test for excess errors)
UNRESOLVED: gfortran.dg/byte_2.f90 -O1 compilation failed to produce executable
FAIL: gfortran.dg/byte_2.f90 -O2 (test for excess errors)
UNRESOLVED: gfortran.dg/byte_2.f90 -O2 compilation failed to produce executable
FAIL: gfortran.dg/byte_2.f90 -O3 -fomit-frame-pointer (test for excess errors)
UNRESOLVED: gfortran.dg/byte_2.f90 -O3 -fomit-frame-pointer compilation failed to produce executable
FAIL: gfortran.dg/byte_2.f90 -O3 -fomit-frame-pointer -funroll-loops (test for excess errors)
UNRESOLVED: gfortran.dg/byte_2.f90 -O3 -fomit-frame-pointer -funroll-loops compilation failed to produce executable
FAIL: gfortran.dg/byte_2.f90 -O3 -fomit-frame-pointer -funroll-all-loops -finline-functions (test for excess errors)
UNRESOLVED: gfortran.dg/byte_2.f90 -O3 -fomit-frame-pointer -funroll-all-loops -finline-functions compilation failed to produce executable
FAIL: gfortran.dg/byte_2.f90 -O3 -g (test for excess errors)
UNRESOLVED: gfortran.dg/byte_2.f90 -O3 -g compilation failed to produce executable
FAIL: gfortran.dg/byte_2.f90 -Os (test for excess errors)
UNRESOLVED: gfortran.dg/byte_2.f90 -Os compilation failed to produce executable
FAIL: gfortran.dg/c_by_val_5.f90 -O1 (test for excess errors)
FAIL: gfortran.dg/c_by_val_5.f90 -O2 (test for excess errors)
FAIL: gfortran.dg/c_by_val_5.f90 -O3 -fomit-frame-pointer (test for excess errors)
FAIL: gfortran.dg/c_by_val_5.f90 -O3 -fomit-frame-pointer -funroll-loops (test for excess errors)
FAIL: gfortran.dg/c_by_val_5.f90 -O3 -fomit-frame-pointer -funroll-all-loops -finline-functions (test for excess errors)
FAIL: gfortran.dg/c_by_val_5.f90 -O3 -g (test for excess errors)
FAIL: gfortran.dg/c_by_val_5.f90 -Os (test for excess errors)
FAIL: gfortran.dg/c_sizeof_2.f90 -O (test for excess errors)
FAIL: gfortran.dg/common_4.f90 -O0 (test for excess errors)
UNRESOLVED: gfortran.dg/common_4.f90 -O0 compilation failed to produce executable
FAIL: gfortran.dg/common_4.f90 -O1 (test for excess errors)
UNRESOLVED: gfortran.dg/common_4.f90 -O1 compilation failed to produce executable
FAIL: gfortran.dg/common_4.f90 -O2 (test for excess errors)
UNRESOLVED: gfortran.dg/common_4.f90 -O2 compilation failed to produce executable
FAIL: gfortran.dg/common_4.f90 -O3 -fomit-frame-pointer (test for excess errors)
UNRESOLVED: gfortran.dg/common_4.f90 -O3 -fomit-frame-pointer compilation failed to produce executable
FAIL: gfortran.dg/common_4.f90 -O3 -fomit-frame-pointer -funroll-loops (test for excess errors)
UNRESOLVED: gfortran.dg/common_4.f90 -O3 -fomit-frame-pointer -funroll-loops compilation failed to produce executable
FAIL: gfortran.dg/common_4.f90 -O3 -fomit-frame-pointer -funroll-all-loops -finline-functions (test for excess errors)
UNRESOLVED: gfortran.dg/common_4.f90 -O3 -fomit-frame-pointer -funroll-all-loops -finline-functions compilation failed to produce executable
FAIL: gfortran.dg/common_4.f90 -O3 -g (test for excess errors)
UNRESOLVED: gfortran.dg/common_4.f90 -O3 -g compilation failed to produce executable
FAIL: gfortran.dg/common_4.f90 -Os (test for excess errors)
UNRESOLVED: gfortran.dg/common_4.f90 -Os compilation failed to produce executable
FAIL: gfortran.dg/common_equivalence_1.f -O0 (test for excess errors)
UNRESOLVED: gfortran.dg/common_equivalence_1.f -O0 compilation failed to produce executable
FAIL: gfortran.dg/common_equivalence_1.f -O1 (test for excess errors)
UNRESOLVED: gfortran.dg/common_equivalence_1.f -O1 compilation failed to produce executable
FAIL: gfortran.dg/common_equivalence_1.f -O2 (test for excess errors)
UNRESOLVED: gfortran.dg/common_equivalence_1.f -O2 compilation failed to produce executable
FAIL: gfortran.dg/common_equivalence_1.f -O3 -fomit-frame-pointer (test for excess errors)
UNRESOLVED: gfortran.dg/common_equivalence_1.f -O3 -fomit-frame-pointer compilation failed to produce executable
FAIL: gfortran.dg/common_equivalence_1.f -O3 -fomit-frame-pointer -funroll-loops (test for excess errors)
UNRESOLVED: gfortran.dg/common_equivalence_1.f -O3 -fomit-frame-pointer -funroll-loops compilation failed to produce executable
FAIL: gfortran.dg/common_equivalence_1.f -O3 -fomit-frame-pointer -funroll-all-loops -finline-functions (test for excess errors)
UNRESOLVED: gfortran.dg/common_equivalence_1.f -O3 -fomit-frame-pointer -funroll-all-loops -finline-functions compilation failed to produce executable
FAIL: gfortran.dg/common_equivalence_1.f -O3 -g (test for excess errors)
UNRESOLVED: gfortran.dg/common_equivalence_1.f -O3 -g compilation failed to produce executable
FAIL: gfortran.dg/common_equivalence_1.f -Os (test for excess errors)
UNRESOLVED: gfortran.dg/common_equivalence_1.f -Os compilation failed to produce executable
FAIL: gfortran.dg/contained_3.f90 -O0 (test for excess errors)
UNRESOLVED: gfortran.dg/contained_3.f90 -O0 compilation failed to produce executable
FAIL: gfortran.dg/contained_3.f90 -O1 (test for excess errors)
UNRESOLVED: gfortran.dg/contained_3.f90 -O1 compilation failed to produce executable
FAIL: gfortran.dg/contained_3.f90 -O2 (test for excess errors)
UNRESOLVED: gfortran.dg/contained_3.f90 -O2 compilation failed to produce executable
FAIL: gfortran.dg/contained_3.f90 -O3 -fomit-frame-pointer (test for excess errors)
UNRESOLVED: gfortran.dg/contained_3.f90 -O3 -fomit-frame-pointer compilation failed to produce executable
FAIL: gfortran.dg/contained_3.f90 -O3 -fomit-frame-pointer -funroll-loops (test for excess errors)
UNRESOLVED: gfortran.dg/contained_3.f90 -O3 -fomit-frame-pointer -funroll-loops compilation failed to produce executable
FAIL: gfortran.dg/contained_3.f90 -O3 -fomit-frame-pointer -funroll-all-loops -finline-functions (test for excess errors)
UNRESOLVED: gfortran.dg/contained_3.f90 -O3 -fomit-frame-pointer -funroll-all-loops -finline-functions compilation failed to produce executable
FAIL: gfortran.dg/contained_3.f90 -O3 -g (test for excess errors)
UNRESOLVED: gfortran.dg/contained_3.f90 -O3 -g compilation failed to produce executable
FAIL: gfortran.dg/contained_3.f90 -Os (test for excess errors)
UNRESOLVED: gfortran.dg/contained_3.f90 -Os compilation failed to produce executable
FAIL: gfortran.dg/cray_pointers_2.f90 -O0 (test for excess errors)
UNRESOLVED: gfortran.dg/cray_pointers_2.f90 -O0 compilation failed to produce executable
FAIL: gfortran.dg/cray_pointers_2.f90 -O1 (test for excess errors)
UNRESOLVED: gfortran.dg/cray_pointers_2.f90 -O1 compilation failed to produce executable
FAIL: gfortran.dg/cray_pointers_2.f90 -O2 (test for excess errors)
UNRESOLVED: gfortran.dg/cray_pointers_2.f90 -O2 compilation failed to produce executable
FAIL: gfortran.dg/cray_pointers_2.f90 -O3 -fomit-frame-pointer (test for excess errors)
UNRESOLVED: gfortran.dg/cray_pointers_2.f90 -O3 -fomit-frame-pointer compilation failed to produce executable
FAIL: gfortran.dg/cray_pointers_2.f90 -O3 -fomit-frame-pointer -funroll-loops (test for excess errors)
UNRESOLVED: gfortran.dg/cray_pointers_2.f90 -O3 -fomit-frame-pointer -funroll-loops compilation failed to produce executable
FAIL: gfortran.dg/cray_pointers_2.f90 -O3 -fomit-frame-pointer -funroll-all-loops -finline-functions (test for excess errors)
UNRESOLVED: gfortran.dg/cray_pointers_2.f90 -O3 -fomit-frame-pointer -funroll-all-loops -finline-functions compilation failed to produce executable
FAIL: gfortran.dg/cray_pointers_2.f90 -O3 -g (test for excess errors)
UNRESOLVED: gfortran.dg/cray_pointers_2.f90 -O3 -g compilation failed to produce executable
FAIL: gfortran.dg/cray_pointers_2.f90 -Os (test for excess errors)
UNRESOLVED: gfortran.dg/cray_pointers_2.f90 -Os compilation failed to produce executable
FAIL: gfortran.dg/cray_pointers_7.f90 -O0 (test for excess errors)
UNRESOLVED: gfortran.dg/cray_pointers_7.f90 -O0 compilation failed to produce executable
FAIL: gfortran.dg/cray_pointers_7.f90 -O1 (test for excess errors)
UNRESOLVED: gfortran.dg/cray_pointers_7.f90 -O1 compilation failed to produce executable
FAIL: gfortran.dg/cray_pointers_7.f90 -O2 (test for excess errors)
UNRESOLVED: gfortran.dg/cray_pointers_7.f90 -O2 compilation failed to produce executable
FAIL: gfortran.dg/cray_pointers_7.f90 -O3 -fomit-frame-pointer (test for excess errors)
UNRESOLVED: gfortran.dg/cray_pointers_7.f90 -O3 -fomit-frame-pointer compilation failed to produce executable
FAIL: gfortran.dg/cray_pointers_7.f90 -O3 -fomit-frame-pointer -funroll-loops (test for excess errors)
UNRESOLVED: gfortran.dg/cray_pointers_7.f90 -O3 -fomit-frame-pointer -funroll-loops compilation failed to produce executable
FAIL: gfortran.dg/cray_pointers_7.f90 -O3 -fomit-frame-pointer -funroll-all-loops -finline-functions (test for excess errors)
UNRESOLVED: gfortran.dg/cray_pointers_7.f90 -O3 -fomit-frame-pointer -funroll-all-loops -finline-functions compilation failed to produce executable
FAIL: gfortran.dg/cray_pointers_7.f90 -O3 -g (test for excess errors)
UNRESOLVED: gfortran.dg/cray_pointers_7.f90 -O3 -g compilation failed to produce executable
FAIL: gfortran.dg/cray_pointers_7.f90 -Os (test for excess errors)
UNRESOLVED: gfortran.dg/cray_pointers_7.f90 -Os compilation failed to produce executable
FAIL: gfortran.dg/direct_io_10.f -O0 (test for excess errors)
UNRESOLVED: gfortran.dg/direct_io_10.f -O0 compilation failed to produce executable
FAIL: gfortran.dg/direct_io_10.f -O1 (test for excess errors)
UNRESOLVED: gfortran.dg/direct_io_10.f -O1 compilation failed to produce executable
FAIL: gfortran.dg/direct_io_10.f -O2 (test for excess errors)
UNRESOLVED: gfortran.dg/direct_io_10.f -O2 compilation failed to produce executable
FAIL: gfortran.dg/direct_io_10.f -O3 -fomit-frame-pointer (test for excess errors)
UNRESOLVED: gfortran.dg/direct_io_10.f -O3 -fomit-frame-pointer compilation failed to produce executable
FAIL: gfortran.dg/direct_io_10.f -O3 -fomit-frame-pointer -funroll-loops (test for excess errors)
UNRESOLVED: gfortran.dg/direct_io_10.f -O3 -fomit-frame-pointer -funroll-loops compilation failed to produce executable
FAIL: gfortran.dg/direct_io_10.f -O3 -fomit-frame-pointer -funroll-all-loops -finline-functions (test for excess errors)
UNRESOLVED: gfortran.dg/direct_io_10.f -O3 -fomit-frame-pointer -funroll-all-loops -finline-functions compilation failed to produce executable
FAIL: gfortran.dg/direct_io_10.f -O3 -g (test for excess errors)
UNRESOLVED: gfortran.dg/direct_io_10.f -O3 -g compilation failed to produce executable
FAIL: gfortran.dg/direct_io_10.f -Os (test for excess errors)
UNRESOLVED: gfortran.dg/direct_io_10.f -Os compilation failed to produce executable
FAIL: gfortran.dg/do_iterator_2.f90 -O0 (internal compiler error)
FAIL: gfortran.dg/do_iterator_2.f90 -O0 (test for excess errors)
UNRESOLVED: gfortran.dg/do_iterator_2.f90 -O0 compilation failed to produce executable
FAIL: gfortran.dg/do_iterator_2.f90 -O1 (internal compiler error)
FAIL: gfortran.dg/do_iterator_2.f90 -O1 (test for excess errors)
UNRESOLVED: gfortran.dg/do_iterator_2.f90 -O1 compilation failed to produce executable
FAIL: gfortran.dg/do_iterator_2.f90 -O2 (internal compiler error)
FAIL: gfortran.dg/do_iterator_2.f90 -O2 (test for excess errors)
UNRESOLVED: gfortran.dg/do_iterator_2.f90 -O2 compilation failed to produce executable
FAIL: gfortran.dg/do_iterator_2.f90 -O3 -fomit-frame-pointer (internal compiler error)
FAIL: gfortran.dg/do_iterator_2.f90 -O3 -fomit-frame-pointer (test for excess errors)
UNRESOLVED: gfortran.dg/do_iterator_2.f90 -O3 -fomit-frame-pointer compilation failed to produce executable
FAIL: gfortran.dg/do_iterator_2.f90 -O3 -fomit-frame-pointer -funroll-loops (internal compiler error)
FAIL: gfortran.dg/do_iterator_2.f90 -O3 -fomit-frame-pointer -funroll-loops (test for excess errors)
UNRESOLVED: gfortran.dg/do_iterator_2.f90 -O3 -fomit-frame-pointer -funroll-loops compilation failed to produce executable
FAIL: gfortran.dg/do_iterator_2.f90 -O3 -fomit-frame-pointer -funroll-all-loops -finline-functions (internal compiler error)
FAIL: gfortran.dg/do_iterator_2.f90 -O3 -fomit-frame-pointer -funroll-all-loops -finline-functions (test for excess errors)
UNRESOLVED: gfortran.dg/do_iterator_2.f90 -O3 -fomit-frame-pointer -funroll-all-loops -finline-functions compilation failed to produce executable
FAIL: gfortran.dg/do_iterator_2.f90 -O3 -g (internal compiler error)
FAIL: gfortran.dg/do_iterator_2.f90 -O3 -g (test for excess errors)
UNRESOLVED: gfortran.dg/do_iterator_2.f90 -O3 -g compilation failed to produce executable
FAIL: gfortran.dg/do_iterator_2.f90 -Os (internal compiler error)
FAIL: gfortran.dg/do_iterator_2.f90 -Os (test for excess errors)
UNRESOLVED: gfortran.dg/do_iterator_2.f90 -Os compilation failed to produce executable
FAIL: gfortran.dg/dup_save_1.f90 -O0 (test for excess errors)
UNRESOLVED: gfortran.dg/dup_save_1.f90 -O0 compilation failed to produce executable
FAIL: gfortran.dg/dup_save_1.f90 -O1 (test for excess errors)
UNRESOLVED: gfortran.dg/dup_save_1.f90 -O1 compilation failed to produce executable
FAIL: gfortran.dg/dup_save_1.f90 -O2 (test for excess errors)
UNRESOLVED: gfortran.dg/dup_save_1.f90 -O2 compilation failed to produce executable
FAIL: gfortran.dg/dup_save_1.f90 -O3 -fomit-frame-pointer (test for excess errors)
UNRESOLVED: gfortran.dg/dup_save_1.f90 -O3 -fomit-frame-pointer compilation failed to produce executable
FAIL: gfortran.dg/dup_save_1.f90 -O3 -fomit-frame-pointer -funroll-loops (test for excess errors)
UNRESOLVED: gfortran.dg/dup_save_1.f90 -O3 -fomit-frame-pointer -funroll-loops compilation failed to produce executable
FAIL: gfortran.dg/dup_save_1.f90 -O3 -fomit-frame-pointer -funroll-all-loops -finline-functions (test for excess errors)
UNRESOLVED: gfortran.dg/dup_save_1.f90 -O3 -fomit-frame-pointer -funroll-all-loops -finline-functions compilation failed to produce executable
FAIL: gfortran.dg/dup_save_1.f90 -O3 -g (test for excess errors)
UNRESOLVED: gfortran.dg/dup_save_1.f90 -O3 -g compilation failed to produce executable
FAIL: gfortran.dg/dup_save_1.f90 -Os (test for excess errors)
UNRESOLVED: gfortran.dg/dup_save_1.f90 -Os compilation failed to produce executable
FAIL: gfortran.dg/elemental_dependency_1.f90 -O0 scan-tree-dump-times original "A.17\\[4\\]" 1
FAIL: gfortran.dg/elemental_dependency_1.f90 -O0 scan-tree-dump-times original "A.26\\[4\\]" 1
FAIL: gfortran.dg/elemental_dependency_1.f90 -O0 scan-tree-dump-times original "A.38\\[4\\]" 1
FAIL: gfortran.dg/elemental_dependency_1.f90 -O1 scan-tree-dump-times original "A.17\\[4\\]" 1
FAIL: gfortran.dg/elemental_dependency_1.f90 -O1 scan-tree-dump-times original "A.26\\[4\\]" 1
FAIL: gfortran.dg/elemental_dependency_1.f90 -O1 scan-tree-dump-times original "A.38\\[4\\]" 1
FAIL: gfortran.dg/elemental_dependency_1.f90 -O2 scan-tree-dump-times original "A.17\\[4\\]" 1
FAIL: gfortran.dg/elemental_dependency_1.f90 -O2 scan-tree-dump-times original "A.26\\[4\\]" 1
FAIL: gfortran.dg/elemental_dependency_1.f90 -O2 scan-tree-dump-times original "A.38\\[4\\]" 1
FAIL: gfortran.dg/elemental_dependency_1.f90 -O3 -fomit-frame-pointer scan-tree-dump-times original "A.17\\[4\\]" 1
FAIL: gfortran.dg/elemental_dependency_1.f90 -O3 -fomit-frame-pointer scan-tree-dump-times original "A.26\\[4\\]" 1
FAIL: gfortran.dg/elemental_dependency_1.f90 -O3 -fomit-frame-pointer scan-tree-dump-times original "A.38\\[4\\]" 1
FAIL: gfortran.dg/elemental_dependency_1.f90 -O3 -fomit-frame-pointer -funroll-loops scan-tree-dump-times original "A.17\\[4\\]" 1
FAIL: gfortran.dg/elemental_dependency_1.f90 -O3 -fomit-frame-pointer -funroll-loops scan-tree-dump-times original "A.26\\[4\\]" 1
FAIL: gfortran.dg/elemental_dependency_1.f90 -O3 -fomit-frame-pointer -funroll-loops scan-tree-dump-times original "A.38\\[4\\]" 1
FAIL: gfortran.dg/elemental_dependency_1.f90 -O3 -fomit-frame-pointer -funroll-all-loops -finline-functions scan-tree-dump-times original "A.17\\[4\\]" 1
FAIL: gfortran.dg/elemental_dependency_1.f90 -O3 -fomit-frame-pointer -funroll-all-loops -finline-functions scan-tree-dump-times original "A.26\\[4\\]" 1
FAIL: gfortran.dg/elemental_dependency_1.f90 -O3 -fomit-frame-pointer -funroll-all-loops -finline-functions scan-tree-dump-times original "A.38\\[4\\]" 1
FAIL: gfortran.dg/elemental_dependency_1.f90 -O3 -g scan-tree-dump-times original "A.17\\[4\\]" 1
FAIL: gfortran.dg/elemental_dependency_1.f90 -O3 -g scan-tree-dump-times original "A.26\\[4\\]" 1
FAIL: gfortran.dg/elemental_dependency_1.f90 -O3 -g scan-tree-dump-times original "A.38\\[4\\]" 1
FAIL: gfortran.dg/elemental_dependency_1.f90 -Os scan-tree-dump-times original "A.17\\[4\\]" 1
FAIL: gfortran.dg/elemental_dependency_1.f90 -Os scan-tree-dump-times original "A.26\\[4\\]" 1
FAIL: gfortran.dg/elemental_dependency_1.f90 -Os scan-tree-dump-times original "A.38\\[4\\]" 1
FAIL: gfortran.dg/entry_array_specs_2.f -O0 (internal compiler error)
FAIL: gfortran.dg/entry_array_specs_2.f -O0 (test for excess errors)
UNRESOLVED: gfortran.dg/entry_array_specs_2.f -O0 compilation failed to produce executable
FAIL: gfortran.dg/entry_array_specs_2.f -O1 (internal compiler error)
FAIL: gfortran.dg/entry_array_specs_2.f -O1 (test for excess errors)
UNRESOLVED: gfortran.dg/entry_array_specs_2.f -O1 compilation failed to produce executable
FAIL: gfortran.dg/entry_array_specs_2.f -O2 (internal compiler error)
FAIL: gfortran.dg/entry_array_specs_2.f -O2 (test for excess errors)
UNRESOLVED: gfortran.dg/entry_array_specs_2.f -O2 compilation failed to produce executable
FAIL: gfortran.dg/entry_array_specs_2.f -O3 -fomit-frame-pointer (internal compiler error)
FAIL: gfortran.dg/entry_array_specs_2.f -O3 -fomit-frame-pointer (test for excess errors)
UNRESOLVED: gfortran.dg/entry_array_specs_2.f -O3 -fomit-frame-pointer compilation failed to produce executable
FAIL: gfortran.dg/entry_array_specs_2.f -O3 -fomit-frame-pointer -funroll-loops (internal compiler error)
FAIL: gfortran.dg/entry_array_specs_2.f -O3 -fomit-frame-pointer -funroll-loops (test for excess errors)
UNRESOLVED: gfortran.dg/entry_array_specs_2.f -O3 -fomit-frame-pointer -funroll-loops compilation failed to produce executable
FAIL: gfortran.dg/entry_array_specs_2.f -O3 -fomit-frame-pointer -funroll-all-loops -finline-functions (internal compiler error)
FAIL: gfortran.dg/entry_array_specs_2.f -O3 -fomit-frame-pointer -funroll-all-loops -finline-functions (test for excess errors)
UNRESOLVED: gfortran.dg/entry_array_specs_2.f -O3 -fomit-frame-pointer -funroll-all-loops -finline-functions compilation failed to produce executable
FAIL: gfortran.dg/entry_array_specs_2.f -O3 -g (internal compiler error)
FAIL: gfortran.dg/entry_array_specs_2.f -O3 -g (test for excess errors)
UNRESOLVED: gfortran.dg/entry_array_specs_2.f -O3 -g compilation failed to produce executable
FAIL: gfortran.dg/entry_array_specs_2.f -Os (internal compiler error)
FAIL: gfortran.dg/entry_array_specs_2.f -Os (test for excess errors)
UNRESOLVED: gfortran.dg/entry_array_specs_2.f -Os compilation failed to produce executable
FAIL: gfortran.dg/equiv_6.f90 -O0 (test for excess errors)
UNRESOLVED: gfortran.dg/equiv_6.f90 -O0 compilation failed to produce executable
FAIL: gfortran.dg/equiv_6.f90 -O1 (test for excess errors)
UNRESOLVED: gfortran.dg/equiv_6.f90 -O1 compilation failed to produce executable
FAIL: gfortran.dg/equiv_6.f90 -O2 (test for excess errors)
UNRESOLVED: gfortran.dg/equiv_6.f90 -O2 compilation failed to produce executable
FAIL: gfortran.dg/equiv_6.f90 -O3 -fomit-frame-pointer (test for excess errors)
UNRESOLVED: gfortran.dg/equiv_6.f90 -O3 -fomit-frame-pointer compilation failed to produce executable
FAIL: gfortran.dg/equiv_6.f90 -O3 -fomit-frame-pointer -funroll-loops (test for excess errors)
UNRESOLVED: gfortran.dg/equiv_6.f90 -O3 -fomit-frame-pointer -funroll-loops compilation failed to produce executable
FAIL: gfortran.dg/equiv_6.f90 -O3 -fomit-frame-pointer -funroll-all-loops -finline-functions (test for excess errors)
UNRESOLVED: gfortran.dg/equiv_6.f90 -O3 -fomit-frame-pointer -funroll-all-loops -finline-functions compilation failed to produce executable
FAIL: gfortran.dg/equiv_6.f90 -O3 -g (test for excess errors)
UNRESOLVED: gfortran.dg/equiv_6.f90 -O3 -g compilation failed to produce executable
FAIL: gfortran.dg/equiv_6.f90 -Os (test for excess errors)
UNRESOLVED: gfortran.dg/equiv_6.f90 -Os compilation failed to produce executable
FAIL: gfortran.dg/extended_char_comparison_1.f -O0 (test for excess errors)
UNRESOLVED: gfortran.dg/extended_char_comparison_1.f -O0 compilation failed to produce executable
FAIL: gfortran.dg/extended_char_comparison_1.f -O1 (test for excess errors)
UNRESOLVED: gfortran.dg/extended_char_comparison_1.f -O1 compilation failed to produce executable
FAIL: gfortran.dg/extended_char_comparison_1.f -O2 (test for excess errors)
UNRESOLVED: gfortran.dg/extended_char_comparison_1.f -O2 compilation failed to produce executable
FAIL: gfortran.dg/extended_char_comparison_1.f -O3 -fomit-frame-pointer (test for excess errors)
UNRESOLVED: gfortran.dg/extended_char_comparison_1.f -O3 -fomit-frame-pointer compilation failed to produce executable
FAIL: gfortran.dg/extended_char_comparison_1.f -O3 -fomit-frame-pointer -funroll-loops (test for excess errors)
UNRESOLVED: gfortran.dg/extended_char_comparison_1.f -O3 -fomit-frame-pointer -funroll-loops compilation failed to produce executable
FAIL: gfortran.dg/extended_char_comparison_1.f -O3 -fomit-frame-pointer -funroll-all-loops -finline-functions (test for excess errors)
UNRESOLVED: gfortran.dg/extended_char_comparison_1.f -O3 -fomit-frame-pointer -funroll-all-loops -finline-functions compilation failed to produce executable
FAIL: gfortran.dg/extended_char_comparison_1.f -O3 -g (test for excess errors)
UNRESOLVED: gfortran.dg/extended_char_comparison_1.f -O3 -g compilation failed to produce executable
FAIL: gfortran.dg/extended_char_comparison_1.f -Os (test for excess errors)
UNRESOLVED: gfortran.dg/extended_char_comparison_1.f -Os compilation failed to produce executable
FAIL: gfortran.dg/f2c_4.f90 -O0 (test for excess errors)
UNRESOLVED: gfortran.dg/f2c_4.f90 -O0 compilation failed to produce executable
FAIL: gfortran.dg/f2c_4.f90 -O1 (test for excess errors)
UNRESOLVED: gfortran.dg/f2c_4.f90 -O1 compilation failed to produce executable
FAIL: gfortran.dg/f2c_4.f90 -O2 (test for excess errors)
UNRESOLVED: gfortran.dg/f2c_4.f90 -O2 compilation failed to produce executable
FAIL: gfortran.dg/f2c_4.f90 -O3 -fomit-frame-pointer (test for excess errors)
UNRESOLVED: gfortran.dg/f2c_4.f90 -O3 -fomit-frame-pointer compilation failed to produce executable
FAIL: gfortran.dg/f2c_4.f90 -O3 -fomit-frame-pointer -funroll-loops (test for excess errors)
UNRESOLVED: gfortran.dg/f2c_4.f90 -O3 -fomit-frame-pointer -funroll-loops compilation failed to produce executable
FAIL: gfortran.dg/f2c_4.f90 -O3 -fomit-frame-pointer -funroll-all-loops -finline-functions (test for excess errors)
UNRESOLVED: gfortran.dg/f2c_4.f90 -O3 -fomit-frame-pointer -funroll-all-loops -finline-functions compilation failed to produce executable
FAIL: gfortran.dg/f2c_4.f90 -O3 -g (test for excess errors)
UNRESOLVED: gfortran.dg/f2c_4.f90 -O3 -g compilation failed to produce executable
FAIL: gfortran.dg/f2c_4.f90 -Os (test for excess errors)
UNRESOLVED: gfortran.dg/f2c_4.f90 -Os compilation failed to produce executable
FAIL: gfortran.dg/f2c_5.f90 -O0 (test for excess errors)
UNRESOLVED: gfortran.dg/f2c_5.f90 -O0 compilation failed to produce executable
FAIL: gfortran.dg/f2c_5.f90 -O1 (test for excess errors)
UNRESOLVED: gfortran.dg/f2c_5.f90 -O1 compilation failed to produce executable
FAIL: gfortran.dg/f2c_5.f90 -O2 (test for excess errors)
UNRESOLVED: gfortran.dg/f2c_5.f90 -O2 compilation failed to produce executable
FAIL: gfortran.dg/f2c_5.f90 -O3 -fomit-frame-pointer (test for excess errors)
UNRESOLVED: gfortran.dg/f2c_5.f90 -O3 -fomit-frame-pointer compilation failed to produce executable
FAIL: gfortran.dg/f2c_5.f90 -O3 -fomit-frame-pointer -funroll-loops (test for excess errors)
UNRESOLVED: gfortran.dg/f2c_5.f90 -O3 -fomit-frame-pointer -funroll-loops compilation failed to produce executable
FAIL: gfortran.dg/f2c_5.f90 -O3 -fomit-frame-pointer -funroll-all-loops -finline-functions (test for excess errors)
UNRESOLVED: gfortran.dg/f2c_5.f90 -O3 -fomit-frame-pointer -funroll-all-loops -finline-functions compilation failed to produce executable
FAIL: gfortran.dg/f2c_5.f90 -O3 -g (test for excess errors)
UNRESOLVED: gfortran.dg/f2c_5.f90 -O3 -g compilation failed to produce executable
FAIL: gfortran.dg/f2c_5.f90 -Os (test for excess errors)
UNRESOLVED: gfortran.dg/f2c_5.f90 -Os compilation failed to produce executable
FAIL: gfortran.dg/hollerith.f90 -O0 (test for excess errors)
UNRESOLVED: gfortran.dg/hollerith.f90 -O0 compilation failed to produce executable
FAIL: gfortran.dg/hollerith.f90 -O1 (test for excess errors)
UNRESOLVED: gfortran.dg/hollerith.f90 -O1 compilation failed to produce executable
FAIL: gfortran.dg/hollerith.f90 -O2 (test for excess errors)
UNRESOLVED: gfortran.dg/hollerith.f90 -O2 compilation failed to produce executable
FAIL: gfortran.dg/hollerith.f90 -O3 -fomit-frame-pointer (test for excess errors)
UNRESOLVED: gfortran.dg/hollerith.f90 -O3 -fomit-frame-pointer compilation failed to produce executable
FAIL: gfortran.dg/hollerith.f90 -O3 -fomit-frame-pointer -funroll-loops (test for excess errors)
UNRESOLVED: gfortran.dg/hollerith.f90 -O3 -fomit-frame-pointer -funroll-loops compilation failed to produce executable
FAIL: gfortran.dg/hollerith.f90 -O3 -fomit-frame-pointer -funroll-all-loops -finline-functions (test for excess errors)
UNRESOLVED: gfortran.dg/hollerith.f90 -O3 -fomit-frame-pointer -funroll-all-loops -finline-functions compilation failed to produce executable
FAIL: gfortran.dg/hollerith.f90 -O3 -g (test for excess errors)
UNRESOLVED: gfortran.dg/hollerith.f90 -O3 -g compilation failed to produce executable
FAIL: gfortran.dg/hollerith.f90 -Os (test for excess errors)
UNRESOLVED: gfortran.dg/hollerith.f90 -Os compilation failed to produce executable
FAIL: gfortran.dg/in_pack_rank7.f90 -O0 (test for excess errors)
UNRESOLVED: gfortran.dg/in_pack_rank7.f90 -O0 compilation failed to produce executable
FAIL: gfortran.dg/in_pack_rank7.f90 -O1 (test for excess errors)
UNRESOLVED: gfortran.dg/in_pack_rank7.f90 -O1 compilation failed to produce executable
FAIL: gfortran.dg/in_pack_rank7.f90 -O2 (test for excess errors)
UNRESOLVED: gfortran.dg/in_pack_rank7.f90 -O2 compilation failed to produce executable
FAIL: gfortran.dg/in_pack_rank7.f90 -O3 -fomit-frame-pointer (test for excess errors)
UNRESOLVED: gfortran.dg/in_pack_rank7.f90 -O3 -fomit-frame-pointer compilation failed to produce executable
FAIL: gfortran.dg/in_pack_rank7.f90 -O3 -fomit-frame-pointer -funroll-loops (test for excess errors)
UNRESOLVED: gfortran.dg/in_pack_rank7.f90 -O3 -fomit-frame-pointer -funroll-loops compilation failed to produce executable
FAIL: gfortran.dg/in_pack_rank7.f90 -O3 -fomit-frame-pointer -funroll-all-loops -finline-functions (test for excess errors)
UNRESOLVED: gfortran.dg/in_pack_rank7.f90 -O3 -fomit-frame-pointer -funroll-all-loops -finline-functions compilation failed to produce executable
FAIL: gfortran.dg/in_pack_rank7.f90 -O3 -g (test for excess errors)
UNRESOLVED: gfortran.dg/in_pack_rank7.f90 -O3 -g compilation failed to produce executable
FAIL: gfortran.dg/in_pack_rank7.f90 -Os (test for excess errors)
UNRESOLVED: gfortran.dg/in_pack_rank7.f90 -Os compilation failed to produce executable
FAIL: gfortran.dg/init_flag_1.f90 -O0 (test for excess errors)
UNRESOLVED: gfortran.dg/init_flag_1.f90 -O0 compilation failed to produce executable
FAIL: gfortran.dg/init_flag_1.f90 -O1 (test for excess errors)
UNRESOLVED: gfortran.dg/init_flag_1.f90 -O1 compilation failed to produce executable
FAIL: gfortran.dg/init_flag_1.f90 -O2 (test for excess errors)
UNRESOLVED: gfortran.dg/init_flag_1.f90 -O2 compilation failed to produce executable
FAIL: gfortran.dg/init_flag_1.f90 -O3 -fomit-frame-pointer (test for excess errors)
UNRESOLVED: gfortran.dg/init_flag_1.f90 -O3 -fomit-frame-pointer compilation failed to produce executable
FAIL: gfortran.dg/init_flag_1.f90 -O3 -fomit-frame-pointer -funroll-loops (test for excess errors)
UNRESOLVED: gfortran.dg/init_flag_1.f90 -O3 -fomit-frame-pointer -funroll-loops compilation failed to produce executable
FAIL: gfortran.dg/init_flag_1.f90 -O3 -fomit-frame-pointer -funroll-all-loops -finline-functions (test for excess errors)
UNRESOLVED: gfortran.dg/init_flag_1.f90 -O3 -fomit-frame-pointer -funroll-all-loops -finline-functions compilation failed to produce executable
FAIL: gfortran.dg/init_flag_1.f90 -O3 -g (test for excess errors)
UNRESOLVED: gfortran.dg/init_flag_1.f90 -O3 -g compilation failed to produce executable
FAIL: gfortran.dg/init_flag_1.f90 -Os (test for excess errors)
UNRESOLVED: gfortran.dg/init_flag_1.f90 -Os compilation failed to produce executable
FAIL: gfortran.dg/init_flag_2.f90 -O0 (test for excess errors)
UNRESOLVED: gfortran.dg/init_flag_2.f90 -O0 compilation failed to produce executable
FAIL: gfortran.dg/init_flag_2.f90 -O1 (test for excess errors)
UNRESOLVED: gfortran.dg/init_flag_2.f90 -O1 compilation failed to produce executable
FAIL: gfortran.dg/init_flag_2.f90 -O2 (test for excess errors)
UNRESOLVED: gfortran.dg/init_flag_2.f90 -O2 compilation failed to produce executable
FAIL: gfortran.dg/init_flag_2.f90 -O3 -fomit-frame-pointer (test for excess errors)
UNRESOLVED: gfortran.dg/init_flag_2.f90 -O3 -fomit-frame-pointer compilation failed to produce executable
FAIL: gfortran.dg/init_flag_2.f90 -O3 -fomit-frame-pointer -funroll-loops (test for excess errors)
UNRESOLVED: gfortran.dg/init_flag_2.f90 -O3 -fomit-frame-pointer -funroll-loops compilation failed to produce executable
FAIL: gfortran.dg/init_flag_2.f90 -O3 -fomit-frame-pointer -funroll-all-loops -finline-functions (test for excess errors)
UNRESOLVED: gfortran.dg/init_flag_2.f90 -O3 -fomit-frame-pointer -funroll-all-loops -finline-functions compilation failed to produce executable
FAIL: gfortran.dg/init_flag_2.f90 -O3 -g (test for excess errors)
UNRESOLVED: gfortran.dg/init_flag_2.f90 -O3 -g compilation failed to produce executable
FAIL: gfortran.dg/init_flag_2.f90 -Os (test for excess errors)
UNRESOLVED: gfortran.dg/init_flag_2.f90 -Os compilation failed to produce executable
FAIL: gfortran.dg/init_flag_3.f90 -O0 (test for excess errors)
UNRESOLVED: gfortran.dg/init_flag_3.f90 -O0 compilation failed to produce executable
FAIL: gfortran.dg/init_flag_3.f90 -O1 (test for excess errors)
UNRESOLVED: gfortran.dg/init_flag_3.f90 -O1 compilation failed to produce executable
FAIL: gfortran.dg/init_flag_3.f90 -O2 (test for excess errors)
UNRESOLVED: gfortran.dg/init_flag_3.f90 -O2 compilation failed to produce executable
FAIL: gfortran.dg/init_flag_3.f90 -O3 -fomit-frame-pointer (test for excess errors)
UNRESOLVED: gfortran.dg/init_flag_3.f90 -O3 -fomit-frame-pointer compilation failed to produce executable
FAIL: gfortran.dg/init_flag_3.f90 -O3 -fomit-frame-pointer -funroll-loops (test for excess errors)
UNRESOLVED: gfortran.dg/init_flag_3.f90 -O3 -fomit-frame-pointer -funroll-loops compilation failed to produce executable
FAIL: gfortran.dg/init_flag_3.f90 -O3 -fomit-frame-pointer -funroll-all-loops -finline-functions (test for excess errors)
UNRESOLVED: gfortran.dg/init_flag_3.f90 -O3 -fomit-frame-pointer -funroll-all-loops -finline-functions compilation failed to produce executable
FAIL: gfortran.dg/init_flag_3.f90 -O3 -g (test for excess errors)
UNRESOLVED: gfortran.dg/init_flag_3.f90 -O3 -g compilation failed to produce executable
FAIL: gfortran.dg/init_flag_3.f90 -Os (test for excess errors)
UNRESOLVED: gfortran.dg/init_flag_3.f90 -Os compilation failed to produce executable
FAIL: gfortran.dg/init_flag_4.f90 -O0 (test for excess errors)
UNRESOLVED: gfortran.dg/init_flag_4.f90 -O0 compilation failed to produce executable
FAIL: gfortran.dg/init_flag_4.f90 -O1 (test for excess errors)
UNRESOLVED: gfortran.dg/init_flag_4.f90 -O1 compilation failed to produce executable
FAIL: gfortran.dg/init_flag_4.f90 -O2 (test for excess errors)
UNRESOLVED: gfortran.dg/init_flag_4.f90 -O2 compilation failed to produce executable
FAIL: gfortran.dg/init_flag_4.f90 -O3 -fomit-frame-pointer (test for excess errors)
UNRESOLVED: gfortran.dg/init_flag_4.f90 -O3 -fomit-frame-pointer compilation failed to produce executable
FAIL: gfortran.dg/init_flag_4.f90 -O3 -fomit-frame-pointer -funroll-loops (test for excess errors)
UNRESOLVED: gfortran.dg/init_flag_4.f90 -O3 -fomit-frame-pointer -funroll-loops compilation failed to produce executable
FAIL: gfortran.dg/init_flag_4.f90 -O3 -fomit-frame-pointer -funroll-all-loops -finline-functions (test for excess errors)
UNRESOLVED: gfortran.dg/init_flag_4.f90 -O3 -fomit-frame-pointer -funroll-all-loops -finline-functions compilation failed to produce executable
FAIL: gfortran.dg/init_flag_4.f90 -O3 -g (test for excess errors)
UNRESOLVED: gfortran.dg/init_flag_4.f90 -O3 -g compilation failed to produce executable
FAIL: gfortran.dg/init_flag_4.f90 -Os (test for excess errors)
UNRESOLVED: gfortran.dg/init_flag_4.f90 -Os compilation failed to produce executable
FAIL: gfortran.dg/init_flag_5.f90 -O0 (test for excess errors)
UNRESOLVED: gfortran.dg/init_flag_5.f90 -O0 compilation failed to produce executable
FAIL: gfortran.dg/init_flag_5.f90 -O1 (test for excess errors)
UNRESOLVED: gfortran.dg/init_flag_5.f90 -O1 compilation failed to produce executable
FAIL: gfortran.dg/init_flag_5.f90 -O2 (test for excess errors)
UNRESOLVED: gfortran.dg/init_flag_5.f90 -O2 compilation failed to produce executable
FAIL: gfortran.dg/init_flag_5.f90 -O3 -fomit-frame-pointer (test for excess errors)
UNRESOLVED: gfortran.dg/init_flag_5.f90 -O3 -fomit-frame-pointer compilation failed to produce executable
FAIL: gfortran.dg/init_flag_5.f90 -O3 -fomit-frame-pointer -funroll-loops (test for excess errors)
UNRESOLVED: gfortran.dg/init_flag_5.f90 -O3 -fomit-frame-pointer -funroll-loops compilation failed to produce executable
FAIL: gfortran.dg/init_flag_5.f90 -O3 -fomit-frame-pointer -funroll-all-loops -finline-functions (test for excess errors)
UNRESOLVED: gfortran.dg/init_flag_5.f90 -O3 -fomit-frame-pointer -funroll-all-loops -finline-functions compilation failed to produce executable
FAIL: gfortran.dg/init_flag_5.f90 -O3 -g (test for excess errors)
UNRESOLVED: gfortran.dg/init_flag_5.f90 -O3 -g compilation failed to produce executable
FAIL: gfortran.dg/init_flag_5.f90 -Os (test for excess errors)
UNRESOLVED: gfortran.dg/init_flag_5.f90 -Os compilation failed to produce executable
FAIL: gfortran.dg/init_flag_6.f90 -O0 (test for excess errors)
UNRESOLVED: gfortran.dg/init_flag_6.f90 -O0 compilation failed to produce executable
FAIL: gfortran.dg/init_flag_6.f90 -O1 (test for excess errors)
UNRESOLVED: gfortran.dg/init_flag_6.f90 -O1 compilation failed to produce executable
FAIL: gfortran.dg/init_flag_6.f90 -O2 (test for excess errors)
UNRESOLVED: gfortran.dg/init_flag_6.f90 -O2 compilation failed to produce executable
FAIL: gfortran.dg/init_flag_6.f90 -O3 -fomit-frame-pointer (test for excess errors)
UNRESOLVED: gfortran.dg/init_flag_6.f90 -O3 -fomit-frame-pointer compilation failed to produce executable
FAIL: gfortran.dg/init_flag_6.f90 -O3 -fomit-frame-pointer -funroll-loops (test for excess errors)
UNRESOLVED: gfortran.dg/init_flag_6.f90 -O3 -fomit-frame-pointer -funroll-loops compilation failed to produce executable
FAIL: gfortran.dg/init_flag_6.f90 -O3 -fomit-frame-pointer -funroll-all-loops -finline-functions (test for excess errors)
UNRESOLVED: gfortran.dg/init_flag_6.f90 -O3 -fomit-frame-pointer -funroll-all-loops -finline-functions compilation failed to produce executable
FAIL: gfortran.dg/init_flag_6.f90 -O3 -g (test for excess errors)
UNRESOLVED: gfortran.dg/init_flag_6.f90 -O3 -g compilation failed to produce executable
FAIL: gfortran.dg/init_flag_6.f90 -Os (test for excess errors)
UNRESOLVED: gfortran.dg/init_flag_6.f90 -Os compilation failed to produce executable
FAIL: gfortran.dg/init_flag_7.f90 -O0 (test for excess errors)
UNRESOLVED: gfortran.dg/init_flag_7.f90 -O0 compilation failed to produce executable
FAIL: gfortran.dg/init_flag_7.f90 -O1 (test for excess errors)
UNRESOLVED: gfortran.dg/init_flag_7.f90 -O1 compilation failed to produce executable
FAIL: gfortran.dg/init_flag_7.f90 -O2 (test for excess errors)
UNRESOLVED: gfortran.dg/init_flag_7.f90 -O2 compilation failed to produce executable
FAIL: gfortran.dg/init_flag_7.f90 -O3 -fomit-frame-pointer (test for excess errors)
UNRESOLVED: gfortran.dg/init_flag_7.f90 -O3 -fomit-frame-pointer compilation failed to produce executable
FAIL: gfortran.dg/init_flag_7.f90 -O3 -fomit-frame-pointer -funroll-loops (test for excess errors)
UNRESOLVED: gfortran.dg/init_flag_7.f90 -O3 -fomit-frame-pointer -funroll-loops compilation failed to produce executable
FAIL: gfortran.dg/init_flag_7.f90 -O3 -fomit-frame-pointer -funroll-all-loops -finline-functions (test for excess errors)
UNRESOLVED: gfortran.dg/init_flag_7.f90 -O3 -fomit-frame-pointer -funroll-all-loops -finline-functions compilation failed to produce executable
FAIL: gfortran.dg/init_flag_7.f90 -O3 -g (test for excess errors)
UNRESOLVED: gfortran.dg/init_flag_7.f90 -O3 -g compilation failed to produce executable
FAIL: gfortran.dg/init_flag_7.f90 -Os (test for excess errors)
UNRESOLVED: gfortran.dg/init_flag_7.f90 -Os compilation failed to produce executable
FAIL: gfortran.dg/initialization_18.f90 -O (test for excess errors)
FAIL: gfortran.dg/integer_exponentiation_2.f90 -O0 (internal compiler error)
FAIL: gfortran.dg/integer_exponentiation_2.f90 -O0 (test for excess errors)
UNRESOLVED: gfortran.dg/integer_exponentiation_2.f90 -O0 compilation failed to produce executable
FAIL: gfortran.dg/integer_exponentiation_2.f90 -O1 (internal compiler error)
FAIL: gfortran.dg/integer_exponentiation_2.f90 -O1 (test for excess errors)
UNRESOLVED: gfortran.dg/integer_exponentiation_2.f90 -O1 compilation failed to produce executable
FAIL: gfortran.dg/integer_exponentiation_2.f90 -O2 (internal compiler error)
FAIL: gfortran.dg/integer_exponentiation_2.f90 -O2 (test for excess errors)
UNRESOLVED: gfortran.dg/integer_exponentiation_2.f90 -O2 compilation failed to produce executable
FAIL: gfortran.dg/integer_exponentiation_2.f90 -O3 -fomit-frame-pointer (internal compiler error)
FAIL: gfortran.dg/integer_exponentiation_2.f90 -O3 -fomit-frame-pointer (test for excess errors)
UNRESOLVED: gfortran.dg/integer_exponentiation_2.f90 -O3 -fomit-frame-pointer compilation failed to produce executable
FAIL: gfortran.dg/integer_exponentiation_2.f90 -O3 -fomit-frame-pointer -funroll-loops (internal compiler error)
FAIL: gfortran.dg/integer_exponentiation_2.f90 -O3 -fomit-frame-pointer -funroll-loops (test for excess errors)
UNRESOLVED: gfortran.dg/integer_exponentiation_2.f90 -O3 -fomit-frame-pointer -funroll-loops compilation failed to produce executable
FAIL: gfortran.dg/integer_exponentiation_2.f90 -O3 -fomit-frame-pointer -funroll-all-loops -finline-functions (internal compiler error)
FAIL: gfortran.dg/integer_exponentiation_2.f90 -O3 -fomit-frame-pointer -funroll-all-loops -finline-functions (test for excess errors)
UNRESOLVED: gfortran.dg/integer_exponentiation_2.f90 -O3 -fomit-frame-pointer -funroll-all-loops -finline-functions compilation failed to produce executable
FAIL: gfortran.dg/integer_exponentiation_2.f90 -O3 -g (internal compiler error)
FAIL: gfortran.dg/integer_exponentiation_2.f90 -O3 -g (test for excess errors)
UNRESOLVED: gfortran.dg/integer_exponentiation_2.f90 -O3 -g compilation failed to produce executable
FAIL: gfortran.dg/integer_exponentiation_2.f90 -Os (internal compiler error)
FAIL: gfortran.dg/integer_exponentiation_2.f90 -Os (test for excess errors)
UNRESOLVED: gfortran.dg/integer_exponentiation_2.f90 -Os compilation failed to produce executable
FAIL: gfortran.dg/interface_12.f90 -O0 (test for excess errors)
UNRESOLVED: gfortran.dg/interface_12.f90 -O0 compilation failed to produce executable
FAIL: gfortran.dg/interface_12.f90 -O1 (test for excess errors)
UNRESOLVED: gfortran.dg/interface_12.f90 -O1 compilation failed to produce executable
FAIL: gfortran.dg/interface_12.f90 -O2 (test for excess errors)
UNRESOLVED: gfortran.dg/interface_12.f90 -O2 compilation failed to produce executable
FAIL: gfortran.dg/interface_12.f90 -O3 -fomit-frame-pointer (test for excess errors)
UNRESOLVED: gfortran.dg/interface_12.f90 -O3 -fomit-frame-pointer compilation failed to produce executable
FAIL: gfortran.dg/interface_12.f90 -O3 -fomit-frame-pointer -funroll-loops (test for excess errors)
UNRESOLVED: gfortran.dg/interface_12.f90 -O3 -fomit-frame-pointer -funroll-loops compilation failed to produce executable
FAIL: gfortran.dg/interface_12.f90 -O3 -fomit-frame-pointer -funroll-all-loops -finline-functions (test for excess errors)
UNRESOLVED: gfortran.dg/interface_12.f90 -O3 -fomit-frame-pointer -funroll-all-loops -finline-functions compilation failed to produce executable
FAIL: gfortran.dg/interface_12.f90 -O3 -g (test for excess errors)
UNRESOLVED: gfortran.dg/interface_12.f90 -O3 -g compilation failed to produce executable
FAIL: gfortran.dg/interface_12.f90 -Os (test for excess errors)
UNRESOLVED: gfortran.dg/interface_12.f90 -Os compilation failed to produce executable
FAIL: gfortran.dg/internal_pack_1.f90 -O0 (test for excess errors)
UNRESOLVED: gfortran.dg/internal_pack_1.f90 -O0 compilation failed to produce executable
FAIL: gfortran.dg/internal_pack_1.f90 -O1 (test for excess errors)
UNRESOLVED: gfortran.dg/internal_pack_1.f90 -O1 compilation failed to produce executable
FAIL: gfortran.dg/internal_pack_1.f90 -O2 (test for excess errors)
UNRESOLVED: gfortran.dg/internal_pack_1.f90 -O2 compilation failed to produce executable
FAIL: gfortran.dg/internal_pack_1.f90 -O3 -fomit-frame-pointer (test for excess errors)
UNRESOLVED: gfortran.dg/internal_pack_1.f90 -O3 -fomit-frame-pointer compilation failed to produce executable
FAIL: gfortran.dg/internal_pack_1.f90 -O3 -fomit-frame-pointer -funroll-loops (test for excess errors)
UNRESOLVED: gfortran.dg/internal_pack_1.f90 -O3 -fomit-frame-pointer -funroll-loops compilation failed to produce executable
FAIL: gfortran.dg/internal_pack_1.f90 -O3 -fomit-frame-pointer -funroll-all-loops -finline-functions (test for excess errors)
UNRESOLVED: gfortran.dg/internal_pack_1.f90 -O3 -fomit-frame-pointer -funroll-all-loops -finline-functions compilation failed to produce executable
FAIL: gfortran.dg/internal_pack_1.f90 -O3 -g (test for excess errors)
UNRESOLVED: gfortran.dg/internal_pack_1.f90 -O3 -g compilation failed to produce executable
FAIL: gfortran.dg/internal_pack_1.f90 -Os (test for excess errors)
UNRESOLVED: gfortran.dg/internal_pack_1.f90 -Os compilation failed to produce executable
FAIL: gfortran.dg/intrinsic_ifunction_1.f90 -O0 (test for excess errors)
UNRESOLVED: gfortran.dg/intrinsic_ifunction_1.f90 -O0 compilation failed to produce executable
FAIL: gfortran.dg/intrinsic_ifunction_1.f90 -O1 (test for excess errors)
UNRESOLVED: gfortran.dg/intrinsic_ifunction_1.f90 -O1 compilation failed to produce executable
FAIL: gfortran.dg/intrinsic_ifunction_1.f90 -O2 (test for excess errors)
UNRESOLVED: gfortran.dg/intrinsic_ifunction_1.f90 -O2 compilation failed to produce executable
FAIL: gfortran.dg/intrinsic_ifunction_1.f90 -O3 -fomit-frame-pointer (test for excess errors)
UNRESOLVED: gfortran.dg/intrinsic_ifunction_1.f90 -O3 -fomit-frame-pointer compilation failed to produce executable
FAIL: gfortran.dg/intrinsic_ifunction_1.f90 -O3 -fomit-frame-pointer -funroll-loops (test for excess errors)
UNRESOLVED: gfortran.dg/intrinsic_ifunction_1.f90 -O3 -fomit-frame-pointer -funroll-loops compilation failed to produce executable
FAIL: gfortran.dg/intrinsic_ifunction_1.f90 -O3 -fomit-frame-pointer -funroll-all-loops -finline-functions (test for excess errors)
UNRESOLVED: gfortran.dg/intrinsic_ifunction_1.f90 -O3 -fomit-frame-pointer -funroll-all-loops -finline-functions compilation failed to produce executable
FAIL: gfortran.dg/intrinsic_ifunction_1.f90 -O3 -g (test for excess errors)
UNRESOLVED: gfortran.dg/intrinsic_ifunction_1.f90 -O3 -g compilation failed to produce executable
FAIL: gfortran.dg/intrinsic_ifunction_1.f90 -Os (test for excess errors)
UNRESOLVED: gfortran.dg/intrinsic_ifunction_1.f90 -Os compilation failed to produce executable
FAIL: gfortran.dg/intrinsic_pack_4.f90 -O0 (test for excess errors)
UNRESOLVED: gfortran.dg/intrinsic_pack_4.f90 -O0 compilation failed to produce executable
FAIL: gfortran.dg/intrinsic_pack_4.f90 -O1 (test for excess errors)
UNRESOLVED: gfortran.dg/intrinsic_pack_4.f90 -O1 compilation failed to produce executable
FAIL: gfortran.dg/intrinsic_pack_4.f90 -O2 (test for excess errors)
UNRESOLVED: gfortran.dg/intrinsic_pack_4.f90 -O2 compilation failed to produce executable
FAIL: gfortran.dg/intrinsic_pack_4.f90 -O3 -fomit-frame-pointer (test for excess errors)
UNRESOLVED: gfortran.dg/intrinsic_pack_4.f90 -O3 -fomit-frame-pointer compilation failed to produce executable
FAIL: gfortran.dg/intrinsic_pack_4.f90 -O3 -fomit-frame-pointer -funroll-loops (test for excess errors)
UNRESOLVED: gfortran.dg/intrinsic_pack_4.f90 -O3 -fomit-frame-pointer -funroll-loops compilation failed to produce executable
FAIL: gfortran.dg/intrinsic_pack_4.f90 -O3 -fomit-frame-pointer -funroll-all-loops -finline-functions (test for excess errors)
UNRESOLVED: gfortran.dg/intrinsic_pack_4.f90 -O3 -fomit-frame-pointer -funroll-all-loops -finline-functions compilation failed to produce executable
FAIL: gfortran.dg/intrinsic_pack_4.f90 -O3 -g (test for excess errors)
UNRESOLVED: gfortran.dg/intrinsic_pack_4.f90 -O3 -g compilation failed to produce executable
FAIL: gfortran.dg/intrinsic_pack_4.f90 -Os (test for excess errors)
UNRESOLVED: gfortran.dg/intrinsic_pack_4.f90 -Os compilation failed to produce executable
FAIL: gfortran.dg/intrinsic_product_1.f90 -O0 (test for excess errors)
UNRESOLVED: gfortran.dg/intrinsic_product_1.f90 -O0 compilation failed to produce executable
FAIL: gfortran.dg/intrinsic_product_1.f90 -O1 (test for excess errors)
UNRESOLVED: gfortran.dg/intrinsic_product_1.f90 -O1 compilation failed to produce executable
FAIL: gfortran.dg/intrinsic_product_1.f90 -O2 (test for excess errors)
UNRESOLVED: gfortran.dg/intrinsic_product_1.f90 -O2 compilation failed to produce executable
FAIL: gfortran.dg/intrinsic_product_1.f90 -O3 -fomit-frame-pointer (test for excess errors)
UNRESOLVED: gfortran.dg/intrinsic_product_1.f90 -O3 -fomit-frame-pointer compilation failed to produce executable
FAIL: gfortran.dg/intrinsic_product_1.f90 -O3 -fomit-frame-pointer -funroll-loops (test for excess errors)
UNRESOLVED: gfortran.dg/intrinsic_product_1.f90 -O3 -fomit-frame-pointer -funroll-loops compilation failed to produce executable
FAIL: gfortran.dg/intrinsic_product_1.f90 -O3 -fomit-frame-pointer -funroll-all-loops -finline-functions (test for excess errors)
UNRESOLVED: gfortran.dg/intrinsic_product_1.f90 -O3 -fomit-frame-pointer -funroll-all-loops -finline-functions compilation failed to produce executable
FAIL: gfortran.dg/intrinsic_product_1.f90 -O3 -g (test for excess errors)
UNRESOLVED: gfortran.dg/intrinsic_product_1.f90 -O3 -g compilation failed to produce executable
FAIL: gfortran.dg/intrinsic_product_1.f90 -Os (test for excess errors)
UNRESOLVED: gfortran.dg/intrinsic_product_1.f90 -Os compilation failed to produce executable
FAIL: gfortran.dg/list_read_3.f90 -O0 (test for excess errors)
UNRESOLVED: gfortran.dg/list_read_3.f90 -O0 compilation failed to produce executable
FAIL: gfortran.dg/list_read_3.f90 -O1 (test for excess errors)
UNRESOLVED: gfortran.dg/list_read_3.f90 -O1 compilation failed to produce executable
FAIL: gfortran.dg/list_read_3.f90 -O2 (test for excess errors)
UNRESOLVED: gfortran.dg/list_read_3.f90 -O2 compilation failed to produce executable
FAIL: gfortran.dg/list_read_3.f90 -O3 -fomit-frame-pointer (test for excess errors)
UNRESOLVED: gfortran.dg/list_read_3.f90 -O3 -fomit-frame-pointer compilation failed to produce executable
FAIL: gfortran.dg/list_read_3.f90 -O3 -fomit-frame-pointer -funroll-loops (test for excess errors)
UNRESOLVED: gfortran.dg/list_read_3.f90 -O3 -fomit-frame-pointer -funroll-loops compilation failed to produce executable
FAIL: gfortran.dg/list_read_3.f90 -O3 -fomit-frame-pointer -funroll-all-loops -finline-functions (test for excess errors)
UNRESOLVED: gfortran.dg/list_read_3.f90 -O3 -fomit-frame-pointer -funroll-all-loops -finline-functions compilation failed to produce executable
FAIL: gfortran.dg/list_read_3.f90 -O3 -g (test for excess errors)
UNRESOLVED: gfortran.dg/list_read_3.f90 -O3 -g compilation failed to produce executable
FAIL: gfortran.dg/list_read_3.f90 -Os (test for excess errors)
UNRESOLVED: gfortran.dg/list_read_3.f90 -Os compilation failed to produce executable
FAIL: gfortran.dg/loc_1.f90 -O0 (test for excess errors)
UNRESOLVED: gfortran.dg/loc_1.f90 -O0 compilation failed to produce executable
FAIL: gfortran.dg/loc_1.f90 -O1 (test for excess errors)
UNRESOLVED: gfortran.dg/loc_1.f90 -O1 compilation failed to produce executable
FAIL: gfortran.dg/loc_1.f90 -O2 (test for excess errors)
UNRESOLVED: gfortran.dg/loc_1.f90 -O2 compilation failed to produce executable
FAIL: gfortran.dg/loc_1.f90 -O3 -fomit-frame-pointer (test for excess errors)
UNRESOLVED: gfortran.dg/loc_1.f90 -O3 -fomit-frame-pointer compilation failed to produce executable
FAIL: gfortran.dg/loc_1.f90 -O3 -fomit-frame-pointer -funroll-loops (test for excess errors)
UNRESOLVED: gfortran.dg/loc_1.f90 -O3 -fomit-frame-pointer -funroll-loops compilation failed to produce executable
FAIL: gfortran.dg/loc_1.f90 -O3 -fomit-frame-pointer -funroll-all-loops -finline-functions (test for excess errors)
UNRESOLVED: gfortran.dg/loc_1.f90 -O3 -fomit-frame-pointer -funroll-all-loops -finline-functions compilation failed to produce executable
FAIL: gfortran.dg/loc_1.f90 -O3 -g (test for excess errors)
UNRESOLVED: gfortran.dg/loc_1.f90 -O3 -g compilation failed to produce executable
FAIL: gfortran.dg/loc_1.f90 -Os (test for excess errors)
UNRESOLVED: gfortran.dg/loc_1.f90 -Os compilation failed to produce executable
FAIL: gfortran.dg/loc_2.f90 -O0 (test for excess errors)
UNRESOLVED: gfortran.dg/loc_2.f90 -O0 compilation failed to produce executable
FAIL: gfortran.dg/loc_2.f90 -O1 (test for excess errors)
UNRESOLVED: gfortran.dg/loc_2.f90 -O1 compilation failed to produce executable
FAIL: gfortran.dg/loc_2.f90 -O2 (test for excess errors)
UNRESOLVED: gfortran.dg/loc_2.f90 -O2 compilation failed to produce executable
FAIL: gfortran.dg/loc_2.f90 -O3 -fomit-frame-pointer (test for excess errors)
UNRESOLVED: gfortran.dg/loc_2.f90 -O3 -fomit-frame-pointer compilation failed to produce executable
FAIL: gfortran.dg/loc_2.f90 -O3 -fomit-frame-pointer -funroll-loops (test for excess errors)
UNRESOLVED: gfortran.dg/loc_2.f90 -O3 -fomit-frame-pointer -funroll-loops compilation failed to produce executable
FAIL: gfortran.dg/loc_2.f90 -O3 -fomit-frame-pointer -funroll-all-loops -finline-functions (test for excess errors)
UNRESOLVED: gfortran.dg/loc_2.f90 -O3 -fomit-frame-pointer -funroll-all-loops -finline-functions compilation failed to produce executable
FAIL: gfortran.dg/loc_2.f90 -O3 -g (test for excess errors)
UNRESOLVED: gfortran.dg/loc_2.f90 -O3 -g compilation failed to produce executable
FAIL: gfortran.dg/loc_2.f90 -Os (test for excess errors)
UNRESOLVED: gfortran.dg/loc_2.f90 -Os compilation failed to produce executable
FAIL: gfortran.dg/matmul_7.f90 -O0 (test for excess errors)
UNRESOLVED: gfortran.dg/matmul_7.f90 -O0 compilation failed to produce executable
FAIL: gfortran.dg/matmul_7.f90 -O1 (test for excess errors)
UNRESOLVED: gfortran.dg/matmul_7.f90 -O1 compilation failed to produce executable
FAIL: gfortran.dg/matmul_7.f90 -O2 (test for excess errors)
UNRESOLVED: gfortran.dg/matmul_7.f90 -O2 compilation failed to produce executable
FAIL: gfortran.dg/matmul_7.f90 -O3 -fomit-frame-pointer (test for excess errors)
UNRESOLVED: gfortran.dg/matmul_7.f90 -O3 -fomit-frame-pointer compilation failed to produce executable
FAIL: gfortran.dg/matmul_7.f90 -O3 -fomit-frame-pointer -funroll-loops (test for excess errors)
UNRESOLVED: gfortran.dg/matmul_7.f90 -O3 -fomit-frame-pointer -funroll-loops compilation failed to produce executable
FAIL: gfortran.dg/matmul_7.f90 -O3 -fomit-frame-pointer -funroll-all-loops -finline-functions (test for excess errors)
UNRESOLVED: gfortran.dg/matmul_7.f90 -O3 -fomit-frame-pointer -funroll-all-loops -finline-functions compilation failed to produce executable
FAIL: gfortran.dg/matmul_7.f90 -O3 -g (test for excess errors)
UNRESOLVED: gfortran.dg/matmul_7.f90 -O3 -g compilation failed to produce executable
FAIL: gfortran.dg/matmul_7.f90 -Os (test for excess errors)
UNRESOLVED: gfortran.dg/matmul_7.f90 -Os compilation failed to produce executable
FAIL: gfortran.dg/mvbits_5.f90 -O0 (test for excess errors)
UNRESOLVED: gfortran.dg/mvbits_5.f90 -O0 compilation failed to produce executable
FAIL: gfortran.dg/mvbits_5.f90 -O1 (test for excess errors)
UNRESOLVED: gfortran.dg/mvbits_5.f90 -O1 compilation failed to produce executable
FAIL: gfortran.dg/mvbits_5.f90 -O2 (test for excess errors)
UNRESOLVED: gfortran.dg/mvbits_5.f90 -O2 compilation failed to produce executable
FAIL: gfortran.dg/mvbits_5.f90 -O3 -fomit-frame-pointer (test for excess errors)
UNRESOLVED: gfortran.dg/mvbits_5.f90 -O3 -fomit-frame-pointer compilation failed to produce executable
FAIL: gfortran.dg/mvbits_5.f90 -O3 -fomit-frame-pointer -funroll-loops (test for excess errors)
UNRESOLVED: gfortran.dg/mvbits_5.f90 -O3 -fomit-frame-pointer -funroll-loops compilation failed to produce executable
FAIL: gfortran.dg/mvbits_5.f90 -O3 -fomit-frame-pointer -funroll-all-loops -finline-functions (test for excess errors)
UNRESOLVED: gfortran.dg/mvbits_5.f90 -O3 -fomit-frame-pointer -funroll-all-loops -finline-functions compilation failed to produce executable
FAIL: gfortran.dg/mvbits_5.f90 -O3 -g (test for excess errors)
UNRESOLVED: gfortran.dg/mvbits_5.f90 -O3 -g compilation failed to produce executable
FAIL: gfortran.dg/mvbits_5.f90 -Os (test for excess errors)
UNRESOLVED: gfortran.dg/mvbits_5.f90 -Os compilation failed to produce executable
FAIL: gfortran.dg/negative_automatic_size.f90 -O0 (test for excess errors)
UNRESOLVED: gfortran.dg/negative_automatic_size.f90 -O0 compilation failed to produce executable
FAIL: gfortran.dg/negative_automatic_size.f90 -O1 (test for excess errors)
UNRESOLVED: gfortran.dg/negative_automatic_size.f90 -O1 compilation failed to produce executable
FAIL: gfortran.dg/negative_automatic_size.f90 -O2 (test for excess errors)
UNRESOLVED: gfortran.dg/negative_automatic_size.f90 -O2 compilation failed to produce executable
FAIL: gfortran.dg/negative_automatic_size.f90 -O3 -fomit-frame-pointer (test for excess errors)
UNRESOLVED: gfortran.dg/negative_automatic_size.f90 -O3 -fomit-frame-pointer compilation failed to produce executable
FAIL: gfortran.dg/negative_automatic_size.f90 -O3 -fomit-frame-pointer -funroll-loops (test for excess errors)
UNRESOLVED: gfortran.dg/negative_automatic_size.f90 -O3 -fomit-frame-pointer -funroll-loops compilation failed to produce executable
FAIL: gfortran.dg/negative_automatic_size.f90 -O3 -fomit-frame-pointer -funroll-all-loops -finline-functions (test for excess errors)
UNRESOLVED: gfortran.dg/negative_automatic_size.f90 -O3 -fomit-frame-pointer -funroll-all-loops -finline-functions compilation failed to produce executable
FAIL: gfortran.dg/negative_automatic_size.f90 -O3 -g (test for excess errors)
UNRESOLVED: gfortran.dg/negative_automatic_size.f90 -O3 -g compilation failed to produce executable
FAIL: gfortran.dg/negative_automatic_size.f90 -Os (test for excess errors)
UNRESOLVED: gfortran.dg/negative_automatic_size.f90 -Os compilation failed to produce executable
FAIL: gfortran.dg/nested_array_constructor_3.f90 -O0 (test for excess errors)
UNRESOLVED: gfortran.dg/nested_array_constructor_3.f90 -O0 compilation failed to produce executable
FAIL: gfortran.dg/nested_array_constructor_3.f90 -O1 (test for excess errors)
UNRESOLVED: gfortran.dg/nested_array_constructor_3.f90 -O1 compilation failed to produce executable
FAIL: gfortran.dg/nested_array_constructor_3.f90 -O2 (test for excess errors)
UNRESOLVED: gfortran.dg/nested_array_constructor_3.f90 -O2 compilation failed to produce executable
FAIL: gfortran.dg/nested_array_constructor_3.f90 -O3 -fomit-frame-pointer (test for excess errors)
UNRESOLVED: gfortran.dg/nested_array_constructor_3.f90 -O3 -fomit-frame-pointer compilation failed to produce executable
FAIL: gfortran.dg/nested_array_constructor_3.f90 -O3 -fomit-frame-pointer -funroll-loops (test for excess errors)
UNRESOLVED: gfortran.dg/nested_array_constructor_3.f90 -O3 -fomit-frame-pointer -funroll-loops compilation failed to produce executable
FAIL: gfortran.dg/nested_array_constructor_3.f90 -O3 -fomit-frame-pointer -funroll-all-loops -finline-functions (test for excess errors)
UNRESOLVED: gfortran.dg/nested_array_constructor_3.f90 -O3 -fomit-frame-pointer -funroll-all-loops -finline-functions compilation failed to produce executable
FAIL: gfortran.dg/nested_array_constructor_3.f90 -O3 -g (test for excess errors)
UNRESOLVED: gfortran.dg/nested_array_constructor_3.f90 -O3 -g compilation failed to produce executable
FAIL: gfortran.dg/nested_array_constructor_3.f90 -Os (test for excess errors)
UNRESOLVED: gfortran.dg/nested_array_constructor_3.f90 -Os compilation failed to produce executable
FAIL: gfortran.dg/parameter_unused.f90 -O (test for excess errors)
FAIL: gfortran.dg/parens_3.f90 -O0 (test for excess errors)
UNRESOLVED: gfortran.dg/parens_3.f90 -O0 compilation failed to produce executable
FAIL: gfortran.dg/parens_3.f90 -O1 (test for excess errors)
UNRESOLVED: gfortran.dg/parens_3.f90 -O1 compilation failed to produce executable
FAIL: gfortran.dg/parens_3.f90 -O2 (test for excess errors)
UNRESOLVED: gfortran.dg/parens_3.f90 -O2 compilation failed to produce executable
FAIL: gfortran.dg/parens_3.f90 -O3 -fomit-frame-pointer (test for excess errors)
UNRESOLVED: gfortran.dg/parens_3.f90 -O3 -fomit-frame-pointer compilation failed to produce executable
FAIL: gfortran.dg/parens_3.f90 -O3 -fomit-frame-pointer -funroll-loops (test for excess errors)
UNRESOLVED: gfortran.dg/parens_3.f90 -O3 -fomit-frame-pointer -funroll-loops compilation failed to produce executable
FAIL: gfortran.dg/parens_3.f90 -O3 -fomit-frame-pointer -funroll-all-loops -finline-functions (test for excess errors)
UNRESOLVED: gfortran.dg/parens_3.f90 -O3 -fomit-frame-pointer -funroll-all-loops -finline-functions compilation failed to produce executable
FAIL: gfortran.dg/parens_3.f90 -O3 -g (test for excess errors)
UNRESOLVED: gfortran.dg/parens_3.f90 -O3 -g compilation failed to produce executable
FAIL: gfortran.dg/parens_3.f90 -Os (test for excess errors)
UNRESOLVED: gfortran.dg/parens_3.f90 -Os compilation failed to produce executable
FAIL: gfortran.dg/pr15324.f90 -O0 (test for excess errors)
UNRESOLVED: gfortran.dg/pr15324.f90 -O0 compilation failed to produce executable
FAIL: gfortran.dg/pr15324.f90 -O1 (test for excess errors)
UNRESOLVED: gfortran.dg/pr15324.f90 -O1 compilation failed to produce executable
FAIL: gfortran.dg/pr15324.f90 -O2 (test for excess errors)
UNRESOLVED: gfortran.dg/pr15324.f90 -O2 compilation failed to produce executable
FAIL: gfortran.dg/pr15324.f90 -O3 -fomit-frame-pointer (test for excess errors)
UNRESOLVED: gfortran.dg/pr15324.f90 -O3 -fomit-frame-pointer compilation failed to produce executable
FAIL: gfortran.dg/pr15324.f90 -O3 -fomit-frame-pointer -funroll-loops (test for excess errors)
UNRESOLVED: gfortran.dg/pr15324.f90 -O3 -fomit-frame-pointer -funroll-loops compilation failed to produce executable
FAIL: gfortran.dg/pr15324.f90 -O3 -fomit-frame-pointer -funroll-all-loops -finline-functions (test for excess errors)
UNRESOLVED: gfortran.dg/pr15324.f90 -O3 -fomit-frame-pointer -funroll-all-loops -finline-functions compilation failed to produce executable
FAIL: gfortran.dg/pr15324.f90 -O3 -g (test for excess errors)
UNRESOLVED: gfortran.dg/pr15324.f90 -O3 -g compilation failed to produce executable
FAIL: gfortran.dg/pr15324.f90 -Os (test for excess errors)
UNRESOLVED: gfortran.dg/pr15324.f90 -Os compilation failed to produce executable
FAIL: gfortran.dg/pr19926.f90 -O0 (test for excess errors)
UNRESOLVED: gfortran.dg/pr19926.f90 -O0 compilation failed to produce executable
FAIL: gfortran.dg/pr19926.f90 -O1 (test for excess errors)
UNRESOLVED: gfortran.dg/pr19926.f90 -O1 compilation failed to produce executable
FAIL: gfortran.dg/pr19926.f90 -O2 (test for excess errors)
UNRESOLVED: gfortran.dg/pr19926.f90 -O2 compilation failed to produce executable
FAIL: gfortran.dg/pr19926.f90 -O3 -fomit-frame-pointer (test for excess errors)
UNRESOLVED: gfortran.dg/pr19926.f90 -O3 -fomit-frame-pointer compilation failed to produce executable
FAIL: gfortran.dg/pr19926.f90 -O3 -fomit-frame-pointer -funroll-loops (test for excess errors)
UNRESOLVED: gfortran.dg/pr19926.f90 -O3 -fomit-frame-pointer -funroll-loops compilation failed to produce executable
FAIL: gfortran.dg/pr19926.f90 -O3 -fomit-frame-pointer -funroll-all-loops -finline-functions (test for excess errors)
UNRESOLVED: gfortran.dg/pr19926.f90 -O3 -fomit-frame-pointer -funroll-all-loops -finline-functions compilation failed to produce executable
FAIL: gfortran.dg/pr19926.f90 -O3 -g (test for excess errors)
UNRESOLVED: gfortran.dg/pr19926.f90 -O3 -g compilation failed to produce executable
FAIL: gfortran.dg/pr19926.f90 -Os (test for excess errors)
UNRESOLVED: gfortran.dg/pr19926.f90 -Os compilation failed to produce executable
FAIL: gfortran.dg/pr25603.f -O0 (test for excess errors)
UNRESOLVED: gfortran.dg/pr25603.f -O0 compilation failed to produce executable
FAIL: gfortran.dg/pr25603.f -O1 (test for excess errors)
UNRESOLVED: gfortran.dg/pr25603.f -O1 compilation failed to produce executable
FAIL: gfortran.dg/pr25603.f -O2 (test for excess errors)
UNRESOLVED: gfortran.dg/pr25603.f -O2 compilation failed to produce executable
FAIL: gfortran.dg/pr25603.f -O3 -fomit-frame-pointer (test for excess errors)
UNRESOLVED: gfortran.dg/pr25603.f -O3 -fomit-frame-pointer compilation failed to produce executable
FAIL: gfortran.dg/pr25603.f -O3 -fomit-frame-pointer -funroll-loops (test for excess errors)
UNRESOLVED: gfortran.dg/pr25603.f -O3 -fomit-frame-pointer -funroll-loops compilation failed to produce executable
FAIL: gfortran.dg/pr25603.f -O3 -fomit-frame-pointer -funroll-all-loops -finline-functions (test for excess errors)
UNRESOLVED: gfortran.dg/pr25603.f -O3 -fomit-frame-pointer -funroll-all-loops -finline-functions compilation failed to produce executable
FAIL: gfortran.dg/pr25603.f -O3 -g (test for excess errors)
UNRESOLVED: gfortran.dg/pr25603.f -O3 -g compilation failed to produce executable
FAIL: gfortran.dg/pr25603.f -Os (test for excess errors)
UNRESOLVED: gfortran.dg/pr25603.f -Os compilation failed to produce executable
FAIL: gfortran.dg/pr37243.f -O0 (test for excess errors)
UNRESOLVED: gfortran.dg/pr37243.f -O0 compilation failed to produce executable
FAIL: gfortran.dg/pr37243.f -O1 (test for excess errors)
UNRESOLVED: gfortran.dg/pr37243.f -O1 compilation failed to produce executable
FAIL: gfortran.dg/pr37243.f -O2 (test for excess errors)
UNRESOLVED: gfortran.dg/pr37243.f -O2 compilation failed to produce executable
FAIL: gfortran.dg/pr37243.f -O3 -fomit-frame-pointer (test for excess errors)
UNRESOLVED: gfortran.dg/pr37243.f -O3 -fomit-frame-pointer compilation failed to produce executable
FAIL: gfortran.dg/pr37243.f -O3 -fomit-frame-pointer -funroll-loops (test for excess errors)
UNRESOLVED: gfortran.dg/pr37243.f -O3 -fomit-frame-pointer -funroll-loops compilation failed to produce executable
FAIL: gfortran.dg/pr37243.f -O3 -fomit-frame-pointer -funroll-all-loops -finline-functions (test for excess errors)
UNRESOLVED: gfortran.dg/pr37243.f -O3 -fomit-frame-pointer -funroll-all-loops -finline-functions compilation failed to produce executable
FAIL: gfortran.dg/pr37243.f -O3 -g (test for excess errors)
UNRESOLVED: gfortran.dg/pr37243.f -O3 -g compilation failed to produce executable
FAIL: gfortran.dg/pr37243.f -Os (test for excess errors)
UNRESOLVED: gfortran.dg/pr37243.f -Os compilation failed to produce executable
FAIL: gfortran.dg/proc_decl_18.f90 -O0 (test for excess errors)
UNRESOLVED: gfortran.dg/proc_decl_18.f90 -O0 compilation failed to produce executable
FAIL: gfortran.dg/proc_decl_18.f90 -O1 (test for excess errors)
UNRESOLVED: gfortran.dg/proc_decl_18.f90 -O1 compilation failed to produce executable
FAIL: gfortran.dg/proc_decl_18.f90 -O2 (test for excess errors)
UNRESOLVED: gfortran.dg/proc_decl_18.f90 -O2 compilation failed to produce executable
FAIL: gfortran.dg/proc_decl_18.f90 -O3 -fomit-frame-pointer (test for excess errors)
UNRESOLVED: gfortran.dg/proc_decl_18.f90 -O3 -fomit-frame-pointer compilation failed to produce executable
FAIL: gfortran.dg/proc_decl_18.f90 -O3 -fomit-frame-pointer -funroll-loops (test for excess errors)
UNRESOLVED: gfortran.dg/proc_decl_18.f90 -O3 -fomit-frame-pointer -funroll-loops compilation failed to produce executable
FAIL: gfortran.dg/proc_decl_18.f90 -O3 -fomit-frame-pointer -funroll-all-loops -finline-functions (test for excess errors)
UNRESOLVED: gfortran.dg/proc_decl_18.f90 -O3 -fomit-frame-pointer -funroll-all-loops -finline-functions compilation failed to produce executable
FAIL: gfortran.dg/proc_decl_18.f90 -O3 -g (test for excess errors)
UNRESOLVED: gfortran.dg/proc_decl_18.f90 -O3 -g compilation failed to produce executable
FAIL: gfortran.dg/proc_decl_18.f90 -Os (test for excess errors)
UNRESOLVED: gfortran.dg/proc_decl_18.f90 -Os compilation failed to produce executable
FAIL: gfortran.dg/proc_decl_2.f90 -O0 (test for excess errors)
UNRESOLVED: gfortran.dg/proc_decl_2.f90 -O0 compilation failed to produce executable
FAIL: gfortran.dg/proc_decl_2.f90 -O1 (test for excess errors)
UNRESOLVED: gfortran.dg/proc_decl_2.f90 -O1 compilation failed to produce executable
FAIL: gfortran.dg/proc_decl_2.f90 -O2 (test for excess errors)
UNRESOLVED: gfortran.dg/proc_decl_2.f90 -O2 compilation failed to produce executable
FAIL: gfortran.dg/proc_decl_2.f90 -O3 -fomit-frame-pointer (test for excess errors)
UNRESOLVED: gfortran.dg/proc_decl_2.f90 -O3 -fomit-frame-pointer compilation failed to produce executable
FAIL: gfortran.dg/proc_decl_2.f90 -O3 -fomit-frame-pointer -funroll-loops (test for excess errors)
UNRESOLVED: gfortran.dg/proc_decl_2.f90 -O3 -fomit-frame-pointer -funroll-loops compilation failed to produce executable
FAIL: gfortran.dg/proc_decl_2.f90 -O3 -fomit-frame-pointer -funroll-all-loops -finline-functions (test for excess errors)
UNRESOLVED: gfortran.dg/proc_decl_2.f90 -O3 -fomit-frame-pointer -funroll-all-loops -finline-functions compilation failed to produce executable
FAIL: gfortran.dg/proc_decl_2.f90 -O3 -g (test for excess errors)
UNRESOLVED: gfortran.dg/proc_decl_2.f90 -O3 -g compilation failed to produce executable
FAIL: gfortran.dg/proc_decl_2.f90 -Os (test for excess errors)
UNRESOLVED: gfortran.dg/proc_decl_2.f90 -Os compilation failed to produce executable
FAIL: gfortran.dg/proc_ptr_result_3.f90 -O0 (test for excess errors)
UNRESOLVED: gfortran.dg/proc_ptr_result_3.f90 -O0 compilation failed to produce executable
FAIL: gfortran.dg/proc_ptr_result_3.f90 -O1 (test for excess errors)
UNRESOLVED: gfortran.dg/proc_ptr_result_3.f90 -O1 compilation failed to produce executable
FAIL: gfortran.dg/proc_ptr_result_3.f90 -O2 (test for excess errors)
UNRESOLVED: gfortran.dg/proc_ptr_result_3.f90 -O2 compilation failed to produce executable
FAIL: gfortran.dg/proc_ptr_result_3.f90 -O3 -fomit-frame-pointer (test for excess errors)
UNRESOLVED: gfortran.dg/proc_ptr_result_3.f90 -O3 -fomit-frame-pointer compilation failed to produce executable
FAIL: gfortran.dg/proc_ptr_result_3.f90 -O3 -fomit-frame-pointer -funroll-loops (test for excess errors)
UNRESOLVED: gfortran.dg/proc_ptr_result_3.f90 -O3 -fomit-frame-pointer -funroll-loops compilation failed to produce executable
FAIL: gfortran.dg/proc_ptr_result_3.f90 -O3 -fomit-frame-pointer -funroll-all-loops -finline-functions (test for excess errors)
UNRESOLVED: gfortran.dg/proc_ptr_result_3.f90 -O3 -fomit-frame-pointer -funroll-all-loops -finline-functions compilation failed to produce executable
FAIL: gfortran.dg/proc_ptr_result_3.f90 -O3 -g (test for excess errors)
UNRESOLVED: gfortran.dg/proc_ptr_result_3.f90 -O3 -g compilation failed to produce executable
FAIL: gfortran.dg/proc_ptr_result_3.f90 -Os (test for excess errors)
UNRESOLVED: gfortran.dg/proc_ptr_result_3.f90 -Os compilation failed to produce executable
FAIL: gfortran.dg/recursive_stack.f90 -O0 (test for excess errors)
UNRESOLVED: gfortran.dg/recursive_stack.f90 -O0 compilation failed to produce executable
FAIL: gfortran.dg/recursive_stack.f90 -O1 (test for excess errors)
UNRESOLVED: gfortran.dg/recursive_stack.f90 -O1 compilation failed to produce executable
FAIL: gfortran.dg/recursive_stack.f90 -O2 (test for excess errors)
UNRESOLVED: gfortran.dg/recursive_stack.f90 -O2 compilation failed to produce executable
FAIL: gfortran.dg/recursive_stack.f90 -O3 -fomit-frame-pointer (test for excess errors)
UNRESOLVED: gfortran.dg/recursive_stack.f90 -O3 -fomit-frame-pointer compilation failed to produce executable
FAIL: gfortran.dg/recursive_stack.f90 -O3 -fomit-frame-pointer -funroll-loops (test for excess errors)
UNRESOLVED: gfortran.dg/recursive_stack.f90 -O3 -fomit-frame-pointer -funroll-loops compilation failed to produce executable
FAIL: gfortran.dg/recursive_stack.f90 -O3 -fomit-frame-pointer -funroll-all-loops -finline-functions (test for excess errors)
UNRESOLVED: gfortran.dg/recursive_stack.f90 -O3 -fomit-frame-pointer -funroll-all-loops -finline-functions compilation failed to produce executable
FAIL: gfortran.dg/recursive_stack.f90 -O3 -g (test for excess errors)
UNRESOLVED: gfortran.dg/recursive_stack.f90 -O3 -g compilation failed to produce executable
FAIL: gfortran.dg/recursive_stack.f90 -Os (test for excess errors)
UNRESOLVED: gfortran.dg/recursive_stack.f90 -Os compilation failed to produce executable
FAIL: gfortran.dg/reshape_zerosize_1.f90 -O0 (test for excess errors)
UNRESOLVED: gfortran.dg/reshape_zerosize_1.f90 -O0 compilation failed to produce executable
FAIL: gfortran.dg/reshape_zerosize_1.f90 -O1 (test for excess errors)
UNRESOLVED: gfortran.dg/reshape_zerosize_1.f90 -O1 compilation failed to produce executable
FAIL: gfortran.dg/reshape_zerosize_1.f90 -O2 (test for excess errors)
UNRESOLVED: gfortran.dg/reshape_zerosize_1.f90 -O2 compilation failed to produce executable
FAIL: gfortran.dg/reshape_zerosize_1.f90 -O3 -fomit-frame-pointer (test for excess errors)
UNRESOLVED: gfortran.dg/reshape_zerosize_1.f90 -O3 -fomit-frame-pointer compilation failed to produce executable
FAIL: gfortran.dg/reshape_zerosize_1.f90 -O3 -fomit-frame-pointer -funroll-loops (test for excess errors)
UNRESOLVED: gfortran.dg/reshape_zerosize_1.f90 -O3 -fomit-frame-pointer -funroll-loops compilation failed to produce executable
FAIL: gfortran.dg/reshape_zerosize_1.f90 -O3 -fomit-frame-pointer -funroll-all-loops -finline-functions (test for excess errors)
UNRESOLVED: gfortran.dg/reshape_zerosize_1.f90 -O3 -fomit-frame-pointer -funroll-all-loops -finline-functions compilation failed to produce executable
FAIL: gfortran.dg/reshape_zerosize_1.f90 -O3 -g (test for excess errors)
UNRESOLVED: gfortran.dg/reshape_zerosize_1.f90 -O3 -g compilation failed to produce executable
FAIL: gfortran.dg/reshape_zerosize_1.f90 -Os (test for excess errors)
UNRESOLVED: gfortran.dg/reshape_zerosize_1.f90 -Os compilation failed to produce executable
FAIL: gfortran.dg/result_in_spec_1.f90 -O0 (test for excess errors)
UNRESOLVED: gfortran.dg/result_in_spec_1.f90 -O0 compilation failed to produce executable
FAIL: gfortran.dg/result_in_spec_1.f90 -O1 (test for excess errors)
UNRESOLVED: gfortran.dg/result_in_spec_1.f90 -O1 compilation failed to produce executable
FAIL: gfortran.dg/result_in_spec_1.f90 -O2 (test for excess errors)
UNRESOLVED: gfortran.dg/result_in_spec_1.f90 -O2 compilation failed to produce executable
FAIL: gfortran.dg/result_in_spec_1.f90 -O3 -fomit-frame-pointer (test for excess errors)
UNRESOLVED: gfortran.dg/result_in_spec_1.f90 -O3 -fomit-frame-pointer compilation failed to produce executable
FAIL: gfortran.dg/result_in_spec_1.f90 -O3 -fomit-frame-pointer -funroll-loops (test for excess errors)
UNRESOLVED: gfortran.dg/result_in_spec_1.f90 -O3 -fomit-frame-pointer -funroll-loops compilation failed to produce executable
FAIL: gfortran.dg/result_in_spec_1.f90 -O3 -fomit-frame-pointer -funroll-all-loops -finline-functions (test for excess errors)
UNRESOLVED: gfortran.dg/result_in_spec_1.f90 -O3 -fomit-frame-pointer -funroll-all-loops -finline-functions compilation failed to produce executable
FAIL: gfortran.dg/result_in_spec_1.f90 -O3 -g (test for excess errors)
UNRESOLVED: gfortran.dg/result_in_spec_1.f90 -O3 -g compilation failed to produce executable
FAIL: gfortran.dg/result_in_spec_1.f90 -Os (test for excess errors)
UNRESOLVED: gfortran.dg/result_in_spec_1.f90 -Os compilation failed to produce executable
FAIL: gfortran.dg/ret_array_1.f90 -O0 (test for excess errors)
UNRESOLVED: gfortran.dg/ret_array_1.f90 -O0 compilation failed to produce executable
FAIL: gfortran.dg/save_2.f90 -O0 (test for excess errors)
UNRESOLVED: gfortran.dg/save_2.f90 -O0 compilation failed to produce executable
FAIL: gfortran.dg/save_2.f90 -O1 (test for excess errors)
UNRESOLVED: gfortran.dg/save_2.f90 -O1 compilation failed to produce executable
FAIL: gfortran.dg/save_2.f90 -O2 (test for excess errors)
UNRESOLVED: gfortran.dg/save_2.f90 -O2 compilation failed to produce executable
FAIL: gfortran.dg/save_2.f90 -O3 -fomit-frame-pointer (test for excess errors)
UNRESOLVED: gfortran.dg/save_2.f90 -O3 -fomit-frame-pointer compilation failed to produce executable
FAIL: gfortran.dg/save_2.f90 -O3 -fomit-frame-pointer -funroll-loops (test for excess errors)
UNRESOLVED: gfortran.dg/save_2.f90 -O3 -fomit-frame-pointer -funroll-loops compilation failed to produce executable
FAIL: gfortran.dg/save_2.f90 -O3 -fomit-frame-pointer -funroll-all-loops -finline-functions (test for excess errors)
UNRESOLVED: gfortran.dg/save_2.f90 -O3 -fomit-frame-pointer -funroll-all-loops -finline-functions compilation failed to produce executable
FAIL: gfortran.dg/save_2.f90 -O3 -g (test for excess errors)
UNRESOLVED: gfortran.dg/save_2.f90 -O3 -g compilation failed to produce executable
FAIL: gfortran.dg/save_2.f90 -Os (test for excess errors)
UNRESOLVED: gfortran.dg/save_2.f90 -Os compilation failed to produce executable
FAIL: gfortran.dg/selected_char_kind_1.f90 -O0 (test for excess errors)
UNRESOLVED: gfortran.dg/selected_char_kind_1.f90 -O0 compilation failed to produce executable
FAIL: gfortran.dg/selected_char_kind_1.f90 -O1 (test for excess errors)
UNRESOLVED: gfortran.dg/selected_char_kind_1.f90 -O1 compilation failed to produce executable
FAIL: gfortran.dg/selected_char_kind_1.f90 -O2 (test for excess errors)
UNRESOLVED: gfortran.dg/selected_char_kind_1.f90 -O2 compilation failed to produce executable
FAIL: gfortran.dg/selected_char_kind_1.f90 -O3 -fomit-frame-pointer (test for excess errors)
UNRESOLVED: gfortran.dg/selected_char_kind_1.f90 -O3 -fomit-frame-pointer compilation failed to produce executable
FAIL: gfortran.dg/selected_char_kind_1.f90 -O3 -fomit-frame-pointer -funroll-loops (test for excess errors)
UNRESOLVED: gfortran.dg/selected_char_kind_1.f90 -O3 -fomit-frame-pointer -funroll-loops compilation failed to produce executable
FAIL: gfortran.dg/selected_char_kind_1.f90 -O3 -fomit-frame-pointer -funroll-all-loops -finline-functions (test for excess errors)
UNRESOLVED: gfortran.dg/selected_char_kind_1.f90 -O3 -fomit-frame-pointer -funroll-all-loops -finline-functions compilation failed to produce executable
FAIL: gfortran.dg/selected_char_kind_1.f90 -O3 -g (test for excess errors)
UNRESOLVED: gfortran.dg/selected_char_kind_1.f90 -O3 -g compilation failed to produce executable
FAIL: gfortran.dg/selected_char_kind_1.f90 -Os (test for excess errors)
UNRESOLVED: gfortran.dg/selected_char_kind_1.f90 -Os compilation failed to produce executable
FAIL: gfortran.dg/string_null_compare_1.f -O0 (test for excess errors)
UNRESOLVED: gfortran.dg/string_null_compare_1.f -O0 compilation failed to produce executable
FAIL: gfortran.dg/string_null_compare_1.f -O1 (test for excess errors)
UNRESOLVED: gfortran.dg/string_null_compare_1.f -O1 compilation failed to produce executable
FAIL: gfortran.dg/string_null_compare_1.f -O2 (test for excess errors)
UNRESOLVED: gfortran.dg/string_null_compare_1.f -O2 compilation failed to produce executable
FAIL: gfortran.dg/string_null_compare_1.f -O3 -fomit-frame-pointer (test for excess errors)
UNRESOLVED: gfortran.dg/string_null_compare_1.f -O3 -fomit-frame-pointer compilation failed to produce executable
FAIL: gfortran.dg/string_null_compare_1.f -O3 -fomit-frame-pointer -funroll-loops (test for excess errors)
UNRESOLVED: gfortran.dg/string_null_compare_1.f -O3 -fomit-frame-pointer -funroll-loops compilation failed to produce executable
FAIL: gfortran.dg/string_null_compare_1.f -O3 -fomit-frame-pointer -funroll-all-loops -finline-functions (test for excess errors)
UNRESOLVED: gfortran.dg/string_null_compare_1.f -O3 -fomit-frame-pointer -funroll-all-loops -finline-functions compilation failed to produce executable
FAIL: gfortran.dg/string_null_compare_1.f -O3 -g (test for excess errors)
UNRESOLVED: gfortran.dg/string_null_compare_1.f -O3 -g compilation failed to produce executable
FAIL: gfortran.dg/string_null_compare_1.f -Os (test for excess errors)
UNRESOLVED: gfortran.dg/string_null_compare_1.f -Os compilation failed to produce executable
FAIL: gfortran.dg/use_allocated_1.f90 -O0 (test for excess errors)
UNRESOLVED: gfortran.dg/use_allocated_1.f90 -O0 compilation failed to produce executable
FAIL: gfortran.dg/use_allocated_1.f90 -O1 (test for excess errors)
UNRESOLVED: gfortran.dg/use_allocated_1.f90 -O1 compilation failed to produce executable
FAIL: gfortran.dg/use_allocated_1.f90 -O2 (test for excess errors)
UNRESOLVED: gfortran.dg/use_allocated_1.f90 -O2 compilation failed to produce executable
FAIL: gfortran.dg/use_allocated_1.f90 -O3 -fomit-frame-pointer (test for excess errors)
UNRESOLVED: gfortran.dg/use_allocated_1.f90 -O3 -fomit-frame-pointer compilation failed to produce executable
FAIL: gfortran.dg/use_allocated_1.f90 -O3 -fomit-frame-pointer -funroll-loops (test for excess errors)
UNRESOLVED: gfortran.dg/use_allocated_1.f90 -O3 -fomit-frame-pointer -funroll-loops compilation failed to produce executable
FAIL: gfortran.dg/use_allocated_1.f90 -O3 -fomit-frame-pointer -funroll-all-loops -finline-functions (test for excess errors)
UNRESOLVED: gfortran.dg/use_allocated_1.f90 -O3 -fomit-frame-pointer -funroll-all-loops -finline-functions compilation failed to produce executable
FAIL: gfortran.dg/use_allocated_1.f90 -O3 -g (test for excess errors)
UNRESOLVED: gfortran.dg/use_allocated_1.f90 -O3 -g compilation failed to produce executable
FAIL: gfortran.dg/use_allocated_1.f90 -Os (test for excess errors)
UNRESOLVED: gfortran.dg/use_allocated_1.f90 -Os compilation failed to produce executable
FAIL: gfortran.dg/used_interface_ref.f90 -O0 (test for excess errors)
UNRESOLVED: gfortran.dg/used_interface_ref.f90 -O0 compilation failed to produce executable
FAIL: gfortran.dg/used_interface_ref.f90 -O1 (test for excess errors)
UNRESOLVED: gfortran.dg/used_interface_ref.f90 -O1 compilation failed to produce executable
FAIL: gfortran.dg/used_interface_ref.f90 -O2 (test for excess errors)
UNRESOLVED: gfortran.dg/used_interface_ref.f90 -O2 compilation failed to produce executable
FAIL: gfortran.dg/used_interface_ref.f90 -O3 -fomit-frame-pointer (test for excess errors)
UNRESOLVED: gfortran.dg/used_interface_ref.f90 -O3 -fomit-frame-pointer compilation failed to produce executable
FAIL: gfortran.dg/used_interface_ref.f90 -O3 -fomit-frame-pointer -funroll-loops (test for excess errors)
UNRESOLVED: gfortran.dg/used_interface_ref.f90 -O3 -fomit-frame-pointer -funroll-loops compilation failed to produce executable
FAIL: gfortran.dg/used_interface_ref.f90 -O3 -fomit-frame-pointer -funroll-all-loops -finline-functions (test for excess errors)
UNRESOLVED: gfortran.dg/used_interface_ref.f90 -O3 -fomit-frame-pointer -funroll-all-loops -finline-functions compilation failed to produce executable
FAIL: gfortran.dg/used_interface_ref.f90 -O3 -g (test for excess errors)
UNRESOLVED: gfortran.dg/used_interface_ref.f90 -O3 -g compilation failed to produce executable
FAIL: gfortran.dg/used_interface_ref.f90 -Os (test for excess errors)
UNRESOLVED: gfortran.dg/used_interface_ref.f90 -Os compilation failed to produce executable
FAIL: gfortran.dg/value_test.f90 -O0 (test for excess errors)
UNRESOLVED: gfortran.dg/value_test.f90 -O0 compilation failed to produce executable
FAIL: gfortran.dg/value_test.f90 -O1 (test for excess errors)
UNRESOLVED: gfortran.dg/value_test.f90 -O1 compilation failed to produce executable
FAIL: gfortran.dg/value_test.f90 -O2 (test for excess errors)
UNRESOLVED: gfortran.dg/value_test.f90 -O2 compilation failed to produce executable
FAIL: gfortran.dg/value_test.f90 -O3 -fomit-frame-pointer (test for excess errors)
UNRESOLVED: gfortran.dg/value_test.f90 -O3 -fomit-frame-pointer compilation failed to produce executable
FAIL: gfortran.dg/value_test.f90 -O3 -fomit-frame-pointer -funroll-loops (test for excess errors)
UNRESOLVED: gfortran.dg/value_test.f90 -O3 -fomit-frame-pointer -funroll-loops compilation failed to produce executable
FAIL: gfortran.dg/value_test.f90 -O3 -fomit-frame-pointer -funroll-all-loops -finline-functions (test for excess errors)
UNRESOLVED: gfortran.dg/value_test.f90 -O3 -fomit-frame-pointer -funroll-all-loops -finline-functions compilation failed to produce executable
FAIL: gfortran.dg/value_test.f90 -O3 -g (test for excess errors)
UNRESOLVED: gfortran.dg/value_test.f90 -O3 -g compilation failed to produce executable
FAIL: gfortran.dg/value_test.f90 -Os (test for excess errors)
UNRESOLVED: gfortran.dg/value_test.f90 -Os compilation failed to produce executable
FAIL: gfortran.dg/value_tests_f03.f90 -O0 (test for excess errors)
UNRESOLVED: gfortran.dg/value_tests_f03.f90 -O0 compilation failed to produce executable
FAIL: gfortran.dg/value_tests_f03.f90 -O1 (test for excess errors)
UNRESOLVED: gfortran.dg/value_tests_f03.f90 -O1 compilation failed to produce executable
FAIL: gfortran.dg/value_tests_f03.f90 -O2 (test for excess errors)
UNRESOLVED: gfortran.dg/value_tests_f03.f90 -O2 compilation failed to produce executable
FAIL: gfortran.dg/value_tests_f03.f90 -O3 -fomit-frame-pointer (test for excess errors)
UNRESOLVED: gfortran.dg/value_tests_f03.f90 -O3 -fomit-frame-pointer compilation failed to produce executable
FAIL: gfortran.dg/value_tests_f03.f90 -O3 -fomit-frame-pointer -funroll-loops (test for excess errors)
UNRESOLVED: gfortran.dg/value_tests_f03.f90 -O3 -fomit-frame-pointer -funroll-loops compilation failed to produce executable
FAIL: gfortran.dg/value_tests_f03.f90 -O3 -fomit-frame-pointer -funroll-all-loops -finline-functions (test for excess errors)
UNRESOLVED: gfortran.dg/value_tests_f03.f90 -O3 -fomit-frame-pointer -funroll-all-loops -finline-functions compilation failed to produce executable
FAIL: gfortran.dg/value_tests_f03.f90 -O3 -g (test for excess errors)
UNRESOLVED: gfortran.dg/value_tests_f03.f90 -O3 -g compilation failed to produce executable
FAIL: gfortran.dg/value_tests_f03.f90 -Os (test for excess errors)
UNRESOLVED: gfortran.dg/value_tests_f03.f90 -Os compilation failed to produce executable
FAIL: gfortran.dg/vector_subscript_4.f90 -O scan-tree-dump-times original "A.3\\[3\\]" 1
FAIL: gfortran.dg/where_2.f90 -O0 (test for excess errors)
UNRESOLVED: gfortran.dg/where_2.f90 -O0 compilation failed to produce executable
FAIL: gfortran.dg/where_2.f90 -O1 (test for excess errors)
UNRESOLVED: gfortran.dg/where_2.f90 -O1 compilation failed to produce executable
FAIL: gfortran.dg/where_2.f90 -O2 (test for excess errors)
UNRESOLVED: gfortran.dg/where_2.f90 -O2 compilation failed to produce executable
FAIL: gfortran.dg/where_2.f90 -O3 -fomit-frame-pointer (test for excess errors)
UNRESOLVED: gfortran.dg/where_2.f90 -O3 -fomit-frame-pointer compilation failed to produce executable
FAIL: gfortran.dg/where_2.f90 -O3 -fomit-frame-pointer -funroll-loops (test for excess errors)
UNRESOLVED: gfortran.dg/where_2.f90 -O3 -fomit-frame-pointer -funroll-loops compilation failed to produce executable
FAIL: gfortran.dg/where_2.f90 -O3 -fomit-frame-pointer -funroll-all-loops -finline-functions (test for excess errors)
UNRESOLVED: gfortran.dg/where_2.f90 -O3 -fomit-frame-pointer -funroll-all-loops -finline-functions compilation failed to produce executable
FAIL: gfortran.dg/where_2.f90 -O3 -g (test for excess errors)
UNRESOLVED: gfortran.dg/where_2.f90 -O3 -g compilation failed to produce executable
FAIL: gfortran.dg/where_2.f90 -Os (test for excess errors)
UNRESOLVED: gfortran.dg/where_2.f90 -Os compilation failed to produce executable
FAIL: gfortran.dg/zero_sized_4.f90 -O0 (test for excess errors)
UNRESOLVED: gfortran.dg/zero_sized_4.f90 -O0 compilation failed to produce executable
FAIL: gfortran.dg/zero_sized_4.f90 -O1 (test for excess errors)
UNRESOLVED: gfortran.dg/zero_sized_4.f90 -O1 compilation failed to produce executable
FAIL: gfortran.dg/zero_sized_4.f90 -O2 (test for excess errors)
UNRESOLVED: gfortran.dg/zero_sized_4.f90 -O2 compilation failed to produce executable
FAIL: gfortran.dg/zero_sized_4.f90 -O3 -fomit-frame-pointer (test for excess errors)
UNRESOLVED: gfortran.dg/zero_sized_4.f90 -O3 -fomit-frame-pointer compilation failed to produce executable
FAIL: gfortran.dg/zero_sized_4.f90 -O3 -fomit-frame-pointer -funroll-loops (test for excess errors)
UNRESOLVED: gfortran.dg/zero_sized_4.f90 -O3 -fomit-frame-pointer -funroll-loops compilation failed to produce executable
FAIL: gfortran.dg/zero_sized_4.f90 -O3 -fomit-frame-pointer -funroll-all-loops -finline-functions (test for excess errors)
UNRESOLVED: gfortran.dg/zero_sized_4.f90 -O3 -fomit-frame-pointer -funroll-all-loops -finline-functions compilation failed to produce executable
FAIL: gfortran.dg/zero_sized_4.f90 -O3 -g (test for excess errors)
UNRESOLVED: gfortran.dg/zero_sized_4.f90 -O3 -g compilation failed to produce executable
FAIL: gfortran.dg/zero_sized_4.f90 -Os (test for excess errors)
UNRESOLVED: gfortran.dg/zero_sized_4.f90 -Os compilation failed to produce executable
FAIL: gfortran.dg/g77/19990419-1.f -O0 (test for excess errors)
UNRESOLVED: gfortran.dg/g77/19990419-1.f -O0 compilation failed to produce executable
FAIL: gfortran.dg/g77/19990419-1.f -O1 (test for excess errors)
UNRESOLVED: gfortran.dg/g77/19990419-1.f -O1 compilation failed to produce executable
FAIL: gfortran.dg/g77/19990419-1.f -O2 (test for excess errors)
UNRESOLVED: gfortran.dg/g77/19990419-1.f -O2 compilation failed to produce executable
FAIL: gfortran.dg/g77/19990419-1.f -O3 -fomit-frame-pointer (test for excess errors)
UNRESOLVED: gfortran.dg/g77/19990419-1.f -O3 -fomit-frame-pointer compilation failed to produce executable
FAIL: gfortran.dg/g77/19990419-1.f -O3 -fomit-frame-pointer -funroll-loops (test for excess errors)
UNRESOLVED: gfortran.dg/g77/19990419-1.f -O3 -fomit-frame-pointer -funroll-loops compilation failed to produce executable
FAIL: gfortran.dg/g77/19990419-1.f -O3 -fomit-frame-pointer -funroll-all-loops -finline-functions (test for excess errors)
UNRESOLVED: gfortran.dg/g77/19990419-1.f -O3 -fomit-frame-pointer -funroll-all-loops -finline-functions compilation failed to produce executable
FAIL: gfortran.dg/g77/19990419-1.f -O3 -g (test for excess errors)
UNRESOLVED: gfortran.dg/g77/19990419-1.f -O3 -g compilation failed to produce executable
FAIL: gfortran.dg/g77/19990419-1.f -Os (test for excess errors)
UNRESOLVED: gfortran.dg/g77/19990419-1.f -Os compilation failed to produce executable
FAIL: gfortran.dg/g77/20000503-1.f -O0 (test for excess errors)
UNRESOLVED: gfortran.dg/g77/20000503-1.f -O0 compilation failed to produce executable
FAIL: gfortran.dg/g77/20000503-1.f -O1 (test for excess errors)
UNRESOLVED: gfortran.dg/g77/20000503-1.f -O1 compilation failed to produce executable
FAIL: gfortran.dg/g77/20000503-1.f -O2 (test for excess errors)
UNRESOLVED: gfortran.dg/g77/20000503-1.f -O2 compilation failed to produce executable
FAIL: gfortran.dg/g77/20000503-1.f -O3 -fomit-frame-pointer (test for excess errors)
UNRESOLVED: gfortran.dg/g77/20000503-1.f -O3 -fomit-frame-pointer compilation failed to produce executable
FAIL: gfortran.dg/g77/20000503-1.f -O3 -fomit-frame-pointer -funroll-loops (test for excess errors)
UNRESOLVED: gfortran.dg/g77/20000503-1.f -O3 -fomit-frame-pointer -funroll-loops compilation failed to produce executable
FAIL: gfortran.dg/g77/20000503-1.f -O3 -fomit-frame-pointer -funroll-all-loops -finline-functions (test for excess errors)
UNRESOLVED: gfortran.dg/g77/20000503-1.f -O3 -fomit-frame-pointer -funroll-all-loops -finline-functions compilation failed to produce executable
FAIL: gfortran.dg/g77/20000503-1.f -O3 -g (test for excess errors)
UNRESOLVED: gfortran.dg/g77/20000503-1.f -O3 -g compilation failed to produce executable
FAIL: gfortran.dg/g77/20000503-1.f -Os (test for excess errors)
UNRESOLVED: gfortran.dg/g77/20000503-1.f -Os compilation failed to produce executable
FAIL: gfortran.dg/g77/20010116.f -O0 (test for excess errors)
UNRESOLVED: gfortran.dg/g77/20010116.f -O0 compilation failed to produce executable
FAIL: gfortran.dg/g77/20010116.f -O1 (test for excess errors)
UNRESOLVED: gfortran.dg/g77/20010116.f -O1 compilation failed to produce executable
FAIL: gfortran.dg/g77/20010116.f -O2 (test for excess errors)
UNRESOLVED: gfortran.dg/g77/20010116.f -O2 compilation failed to produce executable
FAIL: gfortran.dg/g77/20010116.f -O3 -fomit-frame-pointer (test for excess errors)
UNRESOLVED: gfortran.dg/g77/20010116.f -O3 -fomit-frame-pointer compilation failed to produce executable
FAIL: gfortran.dg/g77/20010116.f -O3 -fomit-frame-pointer -funroll-loops (test for excess errors)
UNRESOLVED: gfortran.dg/g77/20010116.f -O3 -fomit-frame-pointer -funroll-loops compilation failed to produce executable
FAIL: gfortran.dg/g77/20010116.f -O3 -fomit-frame-pointer -funroll-all-loops -finline-functions (test for excess errors)
UNRESOLVED: gfortran.dg/g77/20010116.f -O3 -fomit-frame-pointer -funroll-all-loops -finline-functions compilation failed to produce executable
FAIL: gfortran.dg/g77/20010116.f -O3 -g (test for excess errors)
UNRESOLVED: gfortran.dg/g77/20010116.f -O3 -g compilation failed to produce executable
FAIL: gfortran.dg/g77/20010116.f -Os (test for excess errors)
UNRESOLVED: gfortran.dg/g77/20010116.f -Os compilation failed to produce executable
FAIL: gfortran.dg/g77/980628-0.f -O0 (test for excess errors)
UNRESOLVED: gfortran.dg/g77/980628-0.f -O0 compilation failed to produce executable
FAIL: gfortran.dg/g77/980628-0.f -O1 (test for excess errors)
UNRESOLVED: gfortran.dg/g77/980628-0.f -O1 compilation failed to produce executable
FAIL: gfortran.dg/g77/980628-0.f -O2 (test for excess errors)
UNRESOLVED: gfortran.dg/g77/980628-0.f -O2 compilation failed to produce executable
FAIL: gfortran.dg/g77/980628-0.f -O3 -fomit-frame-pointer (test for excess errors)
UNRESOLVED: gfortran.dg/g77/980628-0.f -O3 -fomit-frame-pointer compilation failed to produce executable
FAIL: gfortran.dg/g77/980628-0.f -O3 -fomit-frame-pointer -funroll-loops (test for excess errors)
UNRESOLVED: gfortran.dg/g77/980628-0.f -O3 -fomit-frame-pointer -funroll-loops compilation failed to produce executable
FAIL: gfortran.dg/g77/980628-0.f -O3 -fomit-frame-pointer -funroll-all-loops -finline-functions (test for excess errors)
UNRESOLVED: gfortran.dg/g77/980628-0.f -O3 -fomit-frame-pointer -funroll-all-loops -finline-functions compilation failed to produce executable
FAIL: gfortran.dg/g77/980628-0.f -O3 -g (test for excess errors)
UNRESOLVED: gfortran.dg/g77/980628-0.f -O3 -g compilation failed to produce executable
FAIL: gfortran.dg/g77/980628-0.f -Os (test for excess errors)
UNRESOLVED: gfortran.dg/g77/980628-0.f -Os compilation failed to produce executable
FAIL: gfortran.dg/g77/980628-1.f -O0 (test for excess errors)
UNRESOLVED: gfortran.dg/g77/980628-1.f -O0 compilation failed to produce executable
FAIL: gfortran.dg/g77/980628-1.f -O1 (test for excess errors)
UNRESOLVED: gfortran.dg/g77/980628-1.f -O1 compilation failed to produce executable
FAIL: gfortran.dg/g77/980628-1.f -O2 (test for excess errors)
UNRESOLVED: gfortran.dg/g77/980628-1.f -O2 compilation failed to produce executable
FAIL: gfortran.dg/g77/980628-1.f -O3 -fomit-frame-pointer (test for excess errors)
UNRESOLVED: gfortran.dg/g77/980628-1.f -O3 -fomit-frame-pointer compilation failed to produce executable
FAIL: gfortran.dg/g77/980628-1.f -O3 -fomit-frame-pointer -funroll-loops (test for excess errors)
UNRESOLVED: gfortran.dg/g77/980628-1.f -O3 -fomit-frame-pointer -funroll-loops compilation failed to produce executable
FAIL: gfortran.dg/g77/980628-1.f -O3 -fomit-frame-pointer -funroll-all-loops -finline-functions (test for excess errors)
UNRESOLVED: gfortran.dg/g77/980628-1.f -O3 -fomit-frame-pointer -funroll-all-loops -finline-functions compilation failed to produce executable
FAIL: gfortran.dg/g77/980628-1.f -O3 -g (test for excess errors)
UNRESOLVED: gfortran.dg/g77/980628-1.f -O3 -g compilation failed to produce executable
FAIL: gfortran.dg/g77/980628-1.f -Os (test for excess errors)
UNRESOLVED: gfortran.dg/g77/980628-1.f -Os compilation failed to produce executable
FAIL: gfortran.dg/g77/980628-10.f -O0 (test for excess errors)
UNRESOLVED: gfortran.dg/g77/980628-10.f -O0 compilation failed to produce executable
FAIL: gfortran.dg/g77/980628-10.f -O1 (test for excess errors)
UNRESOLVED: gfortran.dg/g77/980628-10.f -O1 compilation failed to produce executable
FAIL: gfortran.dg/g77/980628-10.f -O2 (test for excess errors)
UNRESOLVED: gfortran.dg/g77/980628-10.f -O2 compilation failed to produce executable
FAIL: gfortran.dg/g77/980628-10.f -O3 -fomit-frame-pointer (test for excess errors)
UNRESOLVED: gfortran.dg/g77/980628-10.f -O3 -fomit-frame-pointer compilation failed to produce executable
FAIL: gfortran.dg/g77/980628-10.f -O3 -fomit-frame-pointer -funroll-loops (test for excess errors)
UNRESOLVED: gfortran.dg/g77/980628-10.f -O3 -fomit-frame-pointer -funroll-loops compilation failed to produce executable
FAIL: gfortran.dg/g77/980628-10.f -O3 -fomit-frame-pointer -funroll-all-loops -finline-functions (test for excess errors)
UNRESOLVED: gfortran.dg/g77/980628-10.f -O3 -fomit-frame-pointer -funroll-all-loops -finline-functions compilation failed to produce executable
FAIL: gfortran.dg/g77/980628-10.f -O3 -g (test for excess errors)
UNRESOLVED: gfortran.dg/g77/980628-10.f -O3 -g compilation failed to produce executable
FAIL: gfortran.dg/g77/980628-10.f -Os (test for excess errors)
UNRESOLVED: gfortran.dg/g77/980628-10.f -Os compilation failed to produce executable
FAIL: gfortran.dg/g77/980628-2.f -O0 (test for excess errors)
UNRESOLVED: gfortran.dg/g77/980628-2.f -O0 compilation failed to produce executable
FAIL: gfortran.dg/g77/980628-2.f -O1 (test for excess errors)
UNRESOLVED: gfortran.dg/g77/980628-2.f -O1 compilation failed to produce executable
FAIL: gfortran.dg/g77/980628-2.f -O2 (test for excess errors)
UNRESOLVED: gfortran.dg/g77/980628-2.f -O2 compilation failed to produce executable
FAIL: gfortran.dg/g77/980628-2.f -O3 -fomit-frame-pointer (test for excess errors)
UNRESOLVED: gfortran.dg/g77/980628-2.f -O3 -fomit-frame-pointer compilation failed to produce executable
FAIL: gfortran.dg/g77/980628-2.f -O3 -fomit-frame-pointer -funroll-loops (test for excess errors)
UNRESOLVED: gfortran.dg/g77/980628-2.f -O3 -fomit-frame-pointer -funroll-loops compilation failed to produce executable
FAIL: gfortran.dg/g77/980628-2.f -O3 -fomit-frame-pointer -funroll-all-loops -finline-functions (test for excess errors)
UNRESOLVED: gfortran.dg/g77/980628-2.f -O3 -fomit-frame-pointer -funroll-all-loops -finline-functions compilation failed to produce executable
FAIL: gfortran.dg/g77/980628-2.f -O3 -g (test for excess errors)
UNRESOLVED: gfortran.dg/g77/980628-2.f -O3 -g compilation failed to produce executable
FAIL: gfortran.dg/g77/980628-2.f -Os (test for excess errors)
UNRESOLVED: gfortran.dg/g77/980628-2.f -Os compilation failed to produce executable
FAIL: gfortran.dg/g77/980628-3.f -O0 (test for excess errors)
UNRESOLVED: gfortran.dg/g77/980628-3.f -O0 compilation failed to produce executable
FAIL: gfortran.dg/g77/980628-3.f -O1 (test for excess errors)
UNRESOLVED: gfortran.dg/g77/980628-3.f -O1 compilation failed to produce executable
FAIL: gfortran.dg/g77/980628-3.f -O2 (test for excess errors)
UNRESOLVED: gfortran.dg/g77/980628-3.f -O2 compilation failed to produce executable
FAIL: gfortran.dg/g77/980628-3.f -O3 -fomit-frame-pointer (test for excess errors)
UNRESOLVED: gfortran.dg/g77/980628-3.f -O3 -fomit-frame-pointer compilation failed to produce executable
FAIL: gfortran.dg/g77/980628-3.f -O3 -fomit-frame-pointer -funroll-loops (test for excess errors)
UNRESOLVED: gfortran.dg/g77/980628-3.f -O3 -fomit-frame-pointer -funroll-loops compilation failed to produce executable
FAIL: gfortran.dg/g77/980628-3.f -O3 -fomit-frame-pointer -funroll-all-loops -finline-functions (test for excess errors)
UNRESOLVED: gfortran.dg/g77/980628-3.f -O3 -fomit-frame-pointer -funroll-all-loops -finline-functions compilation failed to produce executable
FAIL: gfortran.dg/g77/980628-3.f -O3 -g (test for excess errors)
UNRESOLVED: gfortran.dg/g77/980628-3.f -O3 -g compilation failed to produce executable
FAIL: gfortran.dg/g77/980628-3.f -Os (test for excess errors)
UNRESOLVED: gfortran.dg/g77/980628-3.f -Os compilation failed to produce executable
FAIL: gfortran.dg/g77/980628-7.f -O0 (test for excess errors)
UNRESOLVED: gfortran.dg/g77/980628-7.f -O0 compilation failed to produce executable
FAIL: gfortran.dg/g77/980628-7.f -O1 (test for excess errors)
UNRESOLVED: gfortran.dg/g77/980628-7.f -O1 compilation failed to produce executable
FAIL: gfortran.dg/g77/980628-7.f -O2 (test for excess errors)
UNRESOLVED: gfortran.dg/g77/980628-7.f -O2 compilation failed to produce executable
FAIL: gfortran.dg/g77/980628-7.f -O3 -fomit-frame-pointer (test for excess errors)
UNRESOLVED: gfortran.dg/g77/980628-7.f -O3 -fomit-frame-pointer compilation failed to produce executable
FAIL: gfortran.dg/g77/980628-7.f -O3 -fomit-frame-pointer -funroll-loops (test for excess errors)
UNRESOLVED: gfortran.dg/g77/980628-7.f -O3 -fomit-frame-pointer -funroll-loops compilation failed to produce executable
FAIL: gfortran.dg/g77/980628-7.f -O3 -fomit-frame-pointer -funroll-all-loops -finline-functions (test for excess errors)
UNRESOLVED: gfortran.dg/g77/980628-7.f -O3 -fomit-frame-pointer -funroll-all-loops -finline-functions compilation failed to produce executable
FAIL: gfortran.dg/g77/980628-7.f -O3 -g (test for excess errors)
UNRESOLVED: gfortran.dg/g77/980628-7.f -O3 -g compilation failed to produce executable
FAIL: gfortran.dg/g77/980628-7.f -Os (test for excess errors)
UNRESOLVED: gfortran.dg/g77/980628-7.f -Os compilation failed to produce executable
FAIL: gfortran.dg/g77/980628-8.f -O0 (test for excess errors)
UNRESOLVED: gfortran.dg/g77/980628-8.f -O0 compilation failed to produce executable
FAIL: gfortran.dg/g77/980628-8.f -O1 (test for excess errors)
UNRESOLVED: gfortran.dg/g77/980628-8.f -O1 compilation failed to produce executable
FAIL: gfortran.dg/g77/980628-8.f -O2 (test for excess errors)
UNRESOLVED: gfortran.dg/g77/980628-8.f -O2 compilation failed to produce executable
FAIL: gfortran.dg/g77/980628-8.f -O3 -fomit-frame-pointer (test for excess errors)
UNRESOLVED: gfortran.dg/g77/980628-8.f -O3 -fomit-frame-pointer compilation failed to produce executable
FAIL: gfortran.dg/g77/980628-8.f -O3 -fomit-frame-pointer -funroll-loops (test for excess errors)
UNRESOLVED: gfortran.dg/g77/980628-8.f -O3 -fomit-frame-pointer -funroll-loops compilation failed to produce executable
FAIL: gfortran.dg/g77/980628-8.f -O3 -fomit-frame-pointer -funroll-all-loops -finline-functions (test for excess errors)
UNRESOLVED: gfortran.dg/g77/980628-8.f -O3 -fomit-frame-pointer -funroll-all-loops -finline-functions compilation failed to produce executable
FAIL: gfortran.dg/g77/980628-8.f -O3 -g (test for excess errors)
UNRESOLVED: gfortran.dg/g77/980628-8.f -O3 -g compilation failed to produce executable
FAIL: gfortran.dg/g77/980628-8.f -Os (test for excess errors)
UNRESOLVED: gfortran.dg/g77/980628-8.f -Os compilation failed to produce executable
FAIL: gfortran.dg/g77/980628-9.f -O0 (test for excess errors)
UNRESOLVED: gfortran.dg/g77/980628-9.f -O0 compilation failed to produce executable
FAIL: gfortran.dg/g77/980628-9.f -O1 (test for excess errors)
UNRESOLVED: gfortran.dg/g77/980628-9.f -O1 compilation failed to produce executable
FAIL: gfortran.dg/g77/980628-9.f -O2 (test for excess errors)
UNRESOLVED: gfortran.dg/g77/980628-9.f -O2 compilation failed to produce executable
FAIL: gfortran.dg/g77/980628-9.f -O3 -fomit-frame-pointer (test for excess errors)
UNRESOLVED: gfortran.dg/g77/980628-9.f -O3 -fomit-frame-pointer compilation failed to produce executable
FAIL: gfortran.dg/g77/980628-9.f -O3 -fomit-frame-pointer -funroll-loops (test for excess errors)
UNRESOLVED: gfortran.dg/g77/980628-9.f -O3 -fomit-frame-pointer -funroll-loops compilation failed to produce executable
FAIL: gfortran.dg/g77/980628-9.f -O3 -fomit-frame-pointer -funroll-all-loops -finline-functions (test for excess errors)
UNRESOLVED: gfortran.dg/g77/980628-9.f -O3 -fomit-frame-pointer -funroll-all-loops -finline-functions compilation failed to produce executable
FAIL: gfortran.dg/g77/980628-9.f -O3 -g (test for excess errors)
UNRESOLVED: gfortran.dg/g77/980628-9.f -O3 -g compilation failed to produce executable
FAIL: gfortran.dg/g77/980628-9.f -Os (test for excess errors)
UNRESOLVED: gfortran.dg/g77/980628-9.f -Os compilation failed to produce executable
FAIL: gfortran.dg/g77/980701-0.f -O0 (test for excess errors)
UNRESOLVED: gfortran.dg/g77/980701-0.f -O0 compilation failed to produce executable
FAIL: gfortran.dg/g77/980701-0.f -O1 (test for excess errors)
UNRESOLVED: gfortran.dg/g77/980701-0.f -O1 compilation failed to produce executable
FAIL: gfortran.dg/g77/980701-0.f -O2 (test for excess errors)
UNRESOLVED: gfortran.dg/g77/980701-0.f -O2 compilation failed to produce executable
FAIL: gfortran.dg/g77/980701-0.f -O3 -fomit-frame-pointer (test for excess errors)
UNRESOLVED: gfortran.dg/g77/980701-0.f -O3 -fomit-frame-pointer compilation failed to produce executable
FAIL: gfortran.dg/g77/980701-0.f -O3 -fomit-frame-pointer -funroll-loops (test for excess errors)
UNRESOLVED: gfortran.dg/g77/980701-0.f -O3 -fomit-frame-pointer -funroll-loops compilation failed to produce executable
FAIL: gfortran.dg/g77/980701-0.f -O3 -fomit-frame-pointer -funroll-all-loops -finline-functions (test for excess errors)
UNRESOLVED: gfortran.dg/g77/980701-0.f -O3 -fomit-frame-pointer -funroll-all-loops -finline-functions compilation failed to produce executable
FAIL: gfortran.dg/g77/980701-0.f -O3 -g (test for excess errors)
UNRESOLVED: gfortran.dg/g77/980701-0.f -O3 -g compilation failed to produce executable
FAIL: gfortran.dg/g77/980701-0.f -Os (test for excess errors)
UNRESOLVED: gfortran.dg/g77/980701-0.f -Os compilation failed to produce executable
FAIL: gfortran.dg/g77/980701-1.f -O0 (test for excess errors)
UNRESOLVED: gfortran.dg/g77/980701-1.f -O0 compilation failed to produce executable
FAIL: gfortran.dg/g77/980701-1.f -O1 (test for excess errors)
UNRESOLVED: gfortran.dg/g77/980701-1.f -O1 compilation failed to produce executable
FAIL: gfortran.dg/g77/980701-1.f -O2 (test for excess errors)
UNRESOLVED: gfortran.dg/g77/980701-1.f -O2 compilation failed to produce executable
FAIL: gfortran.dg/g77/980701-1.f -O3 -fomit-frame-pointer (test for excess errors)
UNRESOLVED: gfortran.dg/g77/980701-1.f -O3 -fomit-frame-pointer compilation failed to produce executable
FAIL: gfortran.dg/g77/980701-1.f -O3 -fomit-frame-pointer -funroll-loops (test for excess errors)
UNRESOLVED: gfortran.dg/g77/980701-1.f -O3 -fomit-frame-pointer -funroll-loops compilation failed to produce executable
FAIL: gfortran.dg/g77/980701-1.f -O3 -fomit-frame-pointer -funroll-all-loops -finline-functions (test for excess errors)
UNRESOLVED: gfortran.dg/g77/980701-1.f -O3 -fomit-frame-pointer -funroll-all-loops -finline-functions compilation failed to produce executable
FAIL: gfortran.dg/g77/980701-1.f -O3 -g (test for excess errors)
UNRESOLVED: gfortran.dg/g77/980701-1.f -O3 -g compilation failed to produce executable
FAIL: gfortran.dg/g77/980701-1.f -Os (test for excess errors)
UNRESOLVED: gfortran.dg/g77/980701-1.f -Os compilation failed to produce executable
FAIL: gfortran.dg/g77/dnrm2.f -O0 (test for excess errors)
UNRESOLVED: gfortran.dg/g77/dnrm2.f -O0 compilation failed to produce executable
FAIL: gfortran.dg/g77/dnrm2.f -O1 (test for excess errors)
UNRESOLVED: gfortran.dg/g77/dnrm2.f -O1 compilation failed to produce executable
FAIL: gfortran.dg/g77/dnrm2.f -O2 (test for excess errors)
UNRESOLVED: gfortran.dg/g77/dnrm2.f -O2 compilation failed to produce executable
FAIL: gfortran.dg/g77/dnrm2.f -O3 -fomit-frame-pointer (test for excess errors)
UNRESOLVED: gfortran.dg/g77/dnrm2.f -O3 -fomit-frame-pointer compilation failed to produce executable
FAIL: gfortran.dg/g77/dnrm2.f -O3 -fomit-frame-pointer -funroll-loops (test for excess errors)
UNRESOLVED: gfortran.dg/g77/dnrm2.f -O3 -fomit-frame-pointer -funroll-loops compilation failed to produce executable
FAIL: gfortran.dg/g77/dnrm2.f -O3 -fomit-frame-pointer -funroll-all-loops -finline-functions (test for excess errors)
UNRESOLVED: gfortran.dg/g77/dnrm2.f -O3 -fomit-frame-pointer -funroll-all-loops -finline-functions compilation failed to produce executable
FAIL: gfortran.dg/g77/dnrm2.f -O3 -g (test for excess errors)
UNRESOLVED: gfortran.dg/g77/dnrm2.f -O3 -g compilation failed to produce executable
FAIL: gfortran.dg/g77/dnrm2.f -Os (test for excess errors)
UNRESOLVED: gfortran.dg/g77/dnrm2.f -Os compilation failed to produce executable
FAIL: gfortran.dg/g77/f90-intrinsic-bit.f -O0 (test for excess errors)
UNRESOLVED: gfortran.dg/g77/f90-intrinsic-bit.f -O0 compilation failed to produce executable
FAIL: gfortran.dg/g77/f90-intrinsic-bit.f -O1 (test for excess errors)
UNRESOLVED: gfortran.dg/g77/f90-intrinsic-bit.f -O1 compilation failed to produce executable
FAIL: gfortran.dg/g77/f90-intrinsic-bit.f -O2 (test for excess errors)
UNRESOLVED: gfortran.dg/g77/f90-intrinsic-bit.f -O2 compilation failed to produce executable
FAIL: gfortran.dg/g77/f90-intrinsic-bit.f -O3 -fomit-frame-pointer (test for excess errors)
UNRESOLVED: gfortran.dg/g77/f90-intrinsic-bit.f -O3 -fomit-frame-pointer compilation failed to produce executable
FAIL: gfortran.dg/g77/f90-intrinsic-bit.f -O3 -fomit-frame-pointer -funroll-loops (test for excess errors)
UNRESOLVED: gfortran.dg/g77/f90-intrinsic-bit.f -O3 -fomit-frame-pointer -funroll-loops compilation failed to produce executable
FAIL: gfortran.dg/g77/f90-intrinsic-bit.f -O3 -fomit-frame-pointer -funroll-all-loops -finline-functions (test for excess errors)
UNRESOLVED: gfortran.dg/g77/f90-intrinsic-bit.f -O3 -fomit-frame-pointer -funroll-all-loops -finline-functions compilation failed to produce executable
FAIL: gfortran.dg/g77/f90-intrinsic-bit.f -O3 -g (test for excess errors)
UNRESOLVED: gfortran.dg/g77/f90-intrinsic-bit.f -O3 -g compilation failed to produce executable
FAIL: gfortran.dg/g77/f90-intrinsic-bit.f -Os (test for excess errors)
UNRESOLVED: gfortran.dg/g77/f90-intrinsic-bit.f -Os compilation failed to produce executable
FAIL: gfortran.dg/g77/f90-intrinsic-mathematical.f -O0 (test for excess errors)
UNRESOLVED: gfortran.dg/g77/f90-intrinsic-mathematical.f -O0 compilation failed to produce executable
FAIL: gfortran.dg/g77/f90-intrinsic-mathematical.f -O1 (test for excess errors)
UNRESOLVED: gfortran.dg/g77/f90-intrinsic-mathematical.f -O1 compilation failed to produce executable
FAIL: gfortran.dg/g77/f90-intrinsic-mathematical.f -O2 (test for excess errors)
UNRESOLVED: gfortran.dg/g77/f90-intrinsic-mathematical.f -O2 compilation failed to produce executable
FAIL: gfortran.dg/g77/f90-intrinsic-mathematical.f -O3 -fomit-frame-pointer (test for excess errors)
UNRESOLVED: gfortran.dg/g77/f90-intrinsic-mathematical.f -O3 -fomit-frame-pointer compilation failed to produce executable
FAIL: gfortran.dg/g77/f90-intrinsic-mathematical.f -O3 -fomit-frame-pointer -funroll-loops (test for excess errors)
UNRESOLVED: gfortran.dg/g77/f90-intrinsic-mathematical.f -O3 -fomit-frame-pointer -funroll-loops compilation failed to produce executable
FAIL: gfortran.dg/g77/f90-intrinsic-mathematical.f -O3 -fomit-frame-pointer -funroll-all-loops -finline-functions (test for excess errors)
UNRESOLVED: gfortran.dg/g77/f90-intrinsic-mathematical.f -O3 -fomit-frame-pointer -funroll-all-loops -finline-functions compilation failed to produce executable
FAIL: gfortran.dg/g77/f90-intrinsic-mathematical.f -O3 -g (test for excess errors)
UNRESOLVED: gfortran.dg/g77/f90-intrinsic-mathematical.f -O3 -g compilation failed to produce executable
FAIL: gfortran.dg/g77/f90-intrinsic-mathematical.f -Os (test for excess errors)
UNRESOLVED: gfortran.dg/g77/f90-intrinsic-mathematical.f -Os compilation failed to produce executable
FAIL: gfortran.dg/g77/f90-intrinsic-numeric.f -O0 (test for excess errors)
UNRESOLVED: gfortran.dg/g77/f90-intrinsic-numeric.f -O0 compilation failed to produce executable
FAIL: gfortran.dg/g77/f90-intrinsic-numeric.f -O1 (test for excess errors)
UNRESOLVED: gfortran.dg/g77/f90-intrinsic-numeric.f -O1 compilation failed to produce executable
FAIL: gfortran.dg/g77/f90-intrinsic-numeric.f -O2 (test for excess errors)
UNRESOLVED: gfortran.dg/g77/f90-intrinsic-numeric.f -O2 compilation failed to produce executable
FAIL: gfortran.dg/g77/f90-intrinsic-numeric.f -O3 -fomit-frame-pointer (test for excess errors)
UNRESOLVED: gfortran.dg/g77/f90-intrinsic-numeric.f -O3 -fomit-frame-pointer compilation failed to produce executable
FAIL: gfortran.dg/g77/f90-intrinsic-numeric.f -O3 -fomit-frame-pointer -funroll-loops (test for excess errors)
UNRESOLVED: gfortran.dg/g77/f90-intrinsic-numeric.f -O3 -fomit-frame-pointer -funroll-loops compilation failed to produce executable
FAIL: gfortran.dg/g77/f90-intrinsic-numeric.f -O3 -fomit-frame-pointer -funroll-all-loops -finline-functions (test for excess errors)
UNRESOLVED: gfortran.dg/g77/f90-intrinsic-numeric.f -O3 -fomit-frame-pointer -funroll-all-loops -finline-functions compilation failed to produce executable
FAIL: gfortran.dg/g77/f90-intrinsic-numeric.f -O3 -g (test for excess errors)
UNRESOLVED: gfortran.dg/g77/f90-intrinsic-numeric.f -O3 -g compilation failed to produce executable
FAIL: gfortran.dg/g77/f90-intrinsic-numeric.f -Os (test for excess errors)
UNRESOLVED: gfortran.dg/g77/f90-intrinsic-numeric.f -Os compilation failed to produce executable
FAIL: gfortran.dg/g77/intrinsic-unix-bessel.f -O0 (test for excess errors)
UNRESOLVED: gfortran.dg/g77/intrinsic-unix-bessel.f -O0 compilation failed to produce executable
FAIL: gfortran.dg/g77/intrinsic-unix-bessel.f -O1 (test for excess errors)
UNRESOLVED: gfortran.dg/g77/intrinsic-unix-bessel.f -O1 compilation failed to produce executable
FAIL: gfortran.dg/g77/intrinsic-unix-bessel.f -O2 (test for excess errors)
UNRESOLVED: gfortran.dg/g77/intrinsic-unix-bessel.f -O2 compilation failed to produce executable
FAIL: gfortran.dg/g77/intrinsic-unix-bessel.f -O3 -fomit-frame-pointer (test for excess errors)
UNRESOLVED: gfortran.dg/g77/intrinsic-unix-bessel.f -O3 -fomit-frame-pointer compilation failed to produce executable
FAIL: gfortran.dg/g77/intrinsic-unix-bessel.f -O3 -fomit-frame-pointer -funroll-loops (test for excess errors)
UNRESOLVED: gfortran.dg/g77/intrinsic-unix-bessel.f -O3 -fomit-frame-pointer -funroll-loops compilation failed to produce executable
FAIL: gfortran.dg/g77/intrinsic-unix-bessel.f -O3 -fomit-frame-pointer -funroll-all-loops -finline-functions (test for excess errors)
UNRESOLVED: gfortran.dg/g77/intrinsic-unix-bessel.f -O3 -fomit-frame-pointer -funroll-all-loops -finline-functions compilation failed to produce executable
FAIL: gfortran.dg/g77/intrinsic-unix-bessel.f -O3 -g (test for excess errors)
UNRESOLVED: gfortran.dg/g77/intrinsic-unix-bessel.f -O3 -g compilation failed to produce executable
FAIL: gfortran.dg/g77/intrinsic-unix-bessel.f -Os (test for excess errors)
UNRESOLVED: gfortran.dg/g77/intrinsic-unix-bessel.f -Os compilation failed to produce executable
FAIL: gfortran.dg/g77/intrinsic-unix-erf.f -O0 (test for excess errors)
UNRESOLVED: gfortran.dg/g77/intrinsic-unix-erf.f -O0 compilation failed to produce executable
FAIL: gfortran.dg/g77/intrinsic-unix-erf.f -O1 (test for excess errors)
UNRESOLVED: gfortran.dg/g77/intrinsic-unix-erf.f -O1 compilation failed to produce executable
FAIL: gfortran.dg/g77/intrinsic-unix-erf.f -O2 (test for excess errors)
UNRESOLVED: gfortran.dg/g77/intrinsic-unix-erf.f -O2 compilation failed to produce executable
FAIL: gfortran.dg/g77/intrinsic-unix-erf.f -O3 -fomit-frame-pointer (test for excess errors)
UNRESOLVED: gfortran.dg/g77/intrinsic-unix-erf.f -O3 -fomit-frame-pointer compilation failed to produce executable
FAIL: gfortran.dg/g77/intrinsic-unix-erf.f -O3 -fomit-frame-pointer -funroll-loops (test for excess errors)
UNRESOLVED: gfortran.dg/g77/intrinsic-unix-erf.f -O3 -fomit-frame-pointer -funroll-loops compilation failed to produce executable
FAIL: gfortran.dg/g77/intrinsic-unix-erf.f -O3 -fomit-frame-pointer -funroll-all-loops -finline-functions (test for excess errors)
UNRESOLVED: gfortran.dg/g77/intrinsic-unix-erf.f -O3 -fomit-frame-pointer -funroll-all-loops -finline-functions compilation failed to produce executable
FAIL: gfortran.dg/g77/intrinsic-unix-erf.f -O3 -g (test for excess errors)
UNRESOLVED: gfortran.dg/g77/intrinsic-unix-erf.f -O3 -g compilation failed to produce executable
FAIL: gfortran.dg/g77/intrinsic-unix-erf.f -Os (test for excess errors)
UNRESOLVED: gfortran.dg/g77/intrinsic-unix-erf.f -Os compilation failed to produce executable
FAIL: gfortran.dg/g77/labug1.f -O0 (test for excess errors)
UNRESOLVED: gfortran.dg/g77/labug1.f -O0 compilation failed to produce executable
FAIL: gfortran.dg/g77/labug1.f -O1 (test for excess errors)
UNRESOLVED: gfortran.dg/g77/labug1.f -O1 compilation failed to produce executable
FAIL: gfortran.dg/g77/labug1.f -O2 (test for excess errors)
UNRESOLVED: gfortran.dg/g77/labug1.f -O2 compilation failed to produce executable
FAIL: gfortran.dg/g77/labug1.f -O3 -fomit-frame-pointer (test for excess errors)
UNRESOLVED: gfortran.dg/g77/labug1.f -O3 -fomit-frame-pointer compilation failed to produce executable
FAIL: gfortran.dg/g77/labug1.f -O3 -fomit-frame-pointer -funroll-loops (test for excess errors)
UNRESOLVED: gfortran.dg/g77/labug1.f -O3 -fomit-frame-pointer -funroll-loops compilation failed to produce executable
FAIL: gfortran.dg/g77/labug1.f -O3 -fomit-frame-pointer -funroll-all-loops -finline-functions (test for excess errors)
UNRESOLVED: gfortran.dg/g77/labug1.f -O3 -fomit-frame-pointer -funroll-all-loops -finline-functions compilation failed to produce executable
FAIL: gfortran.dg/g77/labug1.f -O3 -g (test for excess errors)
UNRESOLVED: gfortran.dg/g77/labug1.f -O3 -g compilation failed to produce executable
FAIL: gfortran.dg/g77/labug1.f -Os (test for excess errors)
UNRESOLVED: gfortran.dg/g77/labug1.f -Os compilation failed to produce executable
FAIL: gfortran.dg/g77/short.f -O0 (test for excess errors)
UNRESOLVED: gfortran.dg/g77/short.f -O0 compilation failed to produce executable
FAIL: gfortran.dg/g77/short.f -O1 (test for excess errors)
UNRESOLVED: gfortran.dg/g77/short.f -O1 compilation failed to produce executable
FAIL: gfortran.dg/g77/short.f -O2 (test for excess errors)
UNRESOLVED: gfortran.dg/g77/short.f -O2 compilation failed to produce executable
FAIL: gfortran.dg/g77/short.f -O3 -fomit-frame-pointer (test for excess errors)
UNRESOLVED: gfortran.dg/g77/short.f -O3 -fomit-frame-pointer compilation failed to produce executable
FAIL: gfortran.dg/g77/short.f -O3 -fomit-frame-pointer -funroll-loops (test for excess errors)
UNRESOLVED: gfortran.dg/g77/short.f -O3 -fomit-frame-pointer -funroll-loops compilation failed to produce executable
FAIL: gfortran.dg/g77/short.f -O3 -fomit-frame-pointer -funroll-all-loops -finline-functions (test for excess errors)
UNRESOLVED: gfortran.dg/g77/short.f -O3 -fomit-frame-pointer -funroll-all-loops -finline-functions compilation failed to produce executable
FAIL: gfortran.dg/g77/short.f -O3 -g (test for excess errors)
UNRESOLVED: gfortran.dg/g77/short.f -O3 -g compilation failed to produce executable
FAIL: gfortran.dg/g77/short.f -Os (test for excess errors)
UNRESOLVED: gfortran.dg/g77/short.f -Os compilation failed to produce executable
FAIL: gfortran.dg/g77/strlen0.f -O0 (test for excess errors)
UNRESOLVED: gfortran.dg/g77/strlen0.f -O0 compilation failed to produce executable
FAIL: gfortran.dg/g77/strlen0.f -O1 (test for excess errors)
UNRESOLVED: gfortran.dg/g77/strlen0.f -O1 compilation failed to produce executable
FAIL: gfortran.dg/g77/strlen0.f -O2 (test for excess errors)
UNRESOLVED: gfortran.dg/g77/strlen0.f -O2 compilation failed to produce executable
FAIL: gfortran.dg/g77/strlen0.f -O3 -fomit-frame-pointer (test for excess errors)
UNRESOLVED: gfortran.dg/g77/strlen0.f -O3 -fomit-frame-pointer compilation failed to produce executable
FAIL: gfortran.dg/g77/strlen0.f -O3 -fomit-frame-pointer -funroll-loops (test for excess errors)
UNRESOLVED: gfortran.dg/g77/strlen0.f -O3 -fomit-frame-pointer -funroll-loops compilation failed to produce executable
FAIL: gfortran.dg/g77/strlen0.f -O3 -fomit-frame-pointer -funroll-all-loops -finline-functions (test for excess errors)
UNRESOLVED: gfortran.dg/g77/strlen0.f -O3 -fomit-frame-pointer -funroll-all-loops -finline-functions compilation failed to produce executable
FAIL: gfortran.dg/g77/strlen0.f -O3 -g (test for excess errors)
UNRESOLVED: gfortran.dg/g77/strlen0.f -O3 -g compilation failed to produce executable
FAIL: gfortran.dg/g77/strlen0.f -Os (test for excess errors)
UNRESOLVED: gfortran.dg/g77/strlen0.f -Os compilation failed to produce executable
FAIL: gfortran.fortran-torture/execute/pr40021.f compilation, -O0
FAIL: gfortran.fortran-torture/execute/pr40021.f compilation, -O1
FAIL: gfortran.fortran-torture/execute/pr40021.f compilation, -O2
FAIL: gfortran.fortran-torture/execute/pr40021.f compilation, -O2 -fomit-frame-pointer -finline-functions
FAIL: gfortran.fortran-torture/execute/pr40021.f compilation, -O2 -fomit-frame-pointer -finline-functions -funroll-loops
FAIL: gfortran.fortran-torture/execute/pr40021.f compilation, -O2 -fbounds-check
FAIL: gfortran.fortran-torture/execute/pr40021.f compilation, -O3 -g
FAIL: gfortran.fortran-torture/execute/pr40021.f compilation, -Os
FAIL: gfortran.fortran-torture/execute/character_passing.f90 compilation, -O0
FAIL: gfortran.fortran-torture/execute/character_passing.f90 compilation, -O1
FAIL: gfortran.fortran-torture/execute/character_passing.f90 compilation, -O2
FAIL: gfortran.fortran-torture/execute/character_passing.f90 compilation, -O2 -fomit-frame-pointer -finline-functions
FAIL: gfortran.fortran-torture/execute/character_passing.f90 compilation, -O2 -fomit-frame-pointer -finline-functions -funroll-loops
FAIL: gfortran.fortran-torture/execute/character_passing.f90 compilation, -O2 -fbounds-check
FAIL: gfortran.fortran-torture/execute/character_passing.f90 compilation, -O3 -g
FAIL: gfortran.fortran-torture/execute/character_passing.f90 compilation, -Os
FAIL: gfortran.fortran-torture/execute/common.f90 compilation, -O0
FAIL: gfortran.fortran-torture/execute/common.f90 compilation, -O1
FAIL: gfortran.fortran-torture/execute/common.f90 compilation, -O2
FAIL: gfortran.fortran-torture/execute/common.f90 compilation, -O2 -fomit-frame-pointer -finline-functions
FAIL: gfortran.fortran-torture/execute/common.f90 compilation, -O2 -fomit-frame-pointer -finline-functions -funroll-loops
FAIL: gfortran.fortran-torture/execute/common.f90 compilation, -O2 -fbounds-check
FAIL: gfortran.fortran-torture/execute/common.f90 compilation, -O3 -g
FAIL: gfortran.fortran-torture/execute/common.f90 compilation, -Os
FAIL: gfortran.fortran-torture/execute/csqrt_1.f90 compilation, -O0
FAIL: gfortran.fortran-torture/execute/csqrt_1.f90 compilation, -O1
FAIL: gfortran.fortran-torture/execute/csqrt_1.f90 compilation, -O2
FAIL: gfortran.fortran-torture/execute/csqrt_1.f90 compilation, -O2 -fomit-frame-pointer -finline-functions
FAIL: gfortran.fortran-torture/execute/csqrt_1.f90 compilation, -O2 -fomit-frame-pointer -finline-functions -funroll-loops
FAIL: gfortran.fortran-torture/execute/csqrt_1.f90 compilation, -O2 -fbounds-check
FAIL: gfortran.fortran-torture/execute/csqrt_1.f90 compilation, -O3 -g
FAIL: gfortran.fortran-torture/execute/csqrt_1.f90 compilation, -Os
FAIL: gfortran.fortran-torture/execute/data.f90 compilation, -O0
FAIL: gfortran.fortran-torture/execute/data.f90 compilation, -O1
FAIL: gfortran.fortran-torture/execute/data.f90 compilation, -O2
FAIL: gfortran.fortran-torture/execute/data.f90 compilation, -O2 -fomit-frame-pointer -finline-functions
FAIL: gfortran.fortran-torture/execute/data.f90 compilation, -O2 -fomit-frame-pointer -finline-functions -funroll-loops
FAIL: gfortran.fortran-torture/execute/data.f90 compilation, -O2 -fbounds-check
FAIL: gfortran.fortran-torture/execute/data.f90 compilation, -O3 -g
FAIL: gfortran.fortran-torture/execute/data.f90 compilation, -Os
FAIL: gfortran.fortran-torture/execute/in-pack.f90 compilation, -O0
FAIL: gfortran.fortran-torture/execute/in-pack.f90 compilation, -O1
FAIL: gfortran.fortran-torture/execute/in-pack.f90 compilation, -O2
FAIL: gfortran.fortran-torture/execute/in-pack.f90 compilation, -O2 -fomit-frame-pointer -finline-functions
FAIL: gfortran.fortran-torture/execute/in-pack.f90 compilation, -O2 -fomit-frame-pointer -finline-functions -funroll-loops
FAIL: gfortran.fortran-torture/execute/in-pack.f90 compilation, -O2 -fbounds-check
FAIL: gfortran.fortran-torture/execute/in-pack.f90 compilation, -O3 -g
FAIL: gfortran.fortran-torture/execute/in-pack.f90 compilation, -Os
FAIL: gfortran.fortran-torture/execute/intrinsic_associated.f90 compilation, -O0
FAIL: gfortran.fortran-torture/execute/intrinsic_associated.f90 compilation, -O1
FAIL: gfortran.fortran-torture/execute/intrinsic_associated.f90 compilation, -O2
FAIL: gfortran.fortran-torture/execute/intrinsic_associated.f90 compilation, -O2 -fomit-frame-pointer -finline-functions
FAIL: gfortran.fortran-torture/execute/intrinsic_associated.f90 compilation, -O2 -fomit-frame-pointer -finline-functions -funroll-loops
FAIL: gfortran.fortran-torture/execute/intrinsic_associated.f90 compilation, -O2 -fbounds-check
FAIL: gfortran.fortran-torture/execute/intrinsic_associated.f90 compilation, -O3 -g
FAIL: gfortran.fortran-torture/execute/intrinsic_associated.f90 compilation, -Os
FAIL: gfortran.fortran-torture/execute/intrinsic_fraction_exponent.f90 compilation, -O0
FAIL: gfortran.fortran-torture/execute/intrinsic_fraction_exponent.f90 compilation, -O1
FAIL: gfortran.fortran-torture/execute/intrinsic_fraction_exponent.f90 compilation, -O2
FAIL: gfortran.fortran-torture/execute/intrinsic_fraction_exponent.f90 compilation, -O2 -fomit-frame-pointer -finline-functions
FAIL: gfortran.fortran-torture/execute/intrinsic_fraction_exponent.f90 compilation, -O2 -fomit-frame-pointer -finline-functions -funroll-loops
FAIL: gfortran.fortran-torture/execute/intrinsic_fraction_exponent.f90 compilation, -O2 -fbounds-check
FAIL: gfortran.fortran-torture/execute/intrinsic_fraction_exponent.f90 compilation, -O3 -g
FAIL: gfortran.fortran-torture/execute/intrinsic_fraction_exponent.f90 compilation, -Os
FAIL: gfortran.fortran-torture/execute/intrinsic_index.f90 compilation, -O0
FAIL: gfortran.fortran-torture/execute/intrinsic_index.f90 compilation, -O1
FAIL: gfortran.fortran-torture/execute/intrinsic_index.f90 compilation, -O2
FAIL: gfortran.fortran-torture/execute/intrinsic_index.f90 compilation, -O2 -fomit-frame-pointer -finline-functions
FAIL: gfortran.fortran-torture/execute/intrinsic_index.f90 compilation, -O2 -fomit-frame-pointer -finline-functions -funroll-loops
FAIL: gfortran.fortran-torture/execute/intrinsic_index.f90 compilation, -O2 -fbounds-check
FAIL: gfortran.fortran-torture/execute/intrinsic_index.f90 compilation, -O3 -g
FAIL: gfortran.fortran-torture/execute/intrinsic_index.f90 compilation, -Os
FAIL: gfortran.fortran-torture/execute/intrinsic_len.f90 compilation, -O0
FAIL: gfortran.fortran-torture/execute/intrinsic_len.f90 compilation, -O1
FAIL: gfortran.fortran-torture/execute/intrinsic_len.f90 compilation, -O2
FAIL: gfortran.fortran-torture/execute/intrinsic_len.f90 compilation, -O2 -fomit-frame-pointer -finline-functions
FAIL: gfortran.fortran-torture/execute/intrinsic_len.f90 compilation, -O2 -fomit-frame-pointer -finline-functions -funroll-loops
FAIL: gfortran.fortran-torture/execute/intrinsic_len.f90 compilation, -O2 -fbounds-check
FAIL: gfortran.fortran-torture/execute/intrinsic_len.f90 compilation, -O3 -g
FAIL: gfortran.fortran-torture/execute/intrinsic_len.f90 compilation, -Os
FAIL: gfortran.fortran-torture/execute/intrinsic_nearest.f90 compilation, -O0
FAIL: gfortran.fortran-torture/execute/intrinsic_nearest.f90 compilation, -O1
FAIL: gfortran.fortran-torture/execute/intrinsic_nearest.f90 compilation, -O2
FAIL: gfortran.fortran-torture/execute/intrinsic_nearest.f90 compilation, -O2 -fomit-frame-pointer -finline-functions
FAIL: gfortran.fortran-torture/execute/intrinsic_nearest.f90 compilation, -O2 -fomit-frame-pointer -finline-functions -funroll-loops
FAIL: gfortran.fortran-torture/execute/intrinsic_nearest.f90 compilation, -O2 -fbounds-check
FAIL: gfortran.fortran-torture/execute/intrinsic_nearest.f90 compilation, -O3 -g
FAIL: gfortran.fortran-torture/execute/intrinsic_nearest.f90 compilation, -Os
FAIL: gfortran.fortran-torture/execute/intrinsic_rrspacing.f90 compilation, -O0
FAIL: gfortran.fortran-torture/execute/intrinsic_rrspacing.f90 compilation, -O1
FAIL: gfortran.fortran-torture/execute/intrinsic_rrspacing.f90 compilation, -O2
FAIL: gfortran.fortran-torture/execute/intrinsic_rrspacing.f90 compilation, -O2 -fomit-frame-pointer -finline-functions
FAIL: gfortran.fortran-torture/execute/intrinsic_rrspacing.f90 compilation, -O2 -fomit-frame-pointer -finline-functions -funroll-loops
FAIL: gfortran.fortran-torture/execute/intrinsic_rrspacing.f90 compilation, -O2 -fbounds-check
FAIL: gfortran.fortran-torture/execute/intrinsic_rrspacing.f90 compilation, -O3 -g
FAIL: gfortran.fortran-torture/execute/intrinsic_rrspacing.f90 compilation, -Os
FAIL: gfortran.fortran-torture/execute/intrinsic_scale.f90 compilation, -O0
FAIL: gfortran.fortran-torture/execute/intrinsic_scale.f90 compilation, -O1
FAIL: gfortran.fortran-torture/execute/intrinsic_scale.f90 compilation, -O2
FAIL: gfortran.fortran-torture/execute/intrinsic_scale.f90 compilation, -O2 -fomit-frame-pointer -finline-functions
FAIL: gfortran.fortran-torture/execute/intrinsic_scale.f90 compilation, -O2 -fomit-frame-pointer -finline-functions -funroll-loops
FAIL: gfortran.fortran-torture/execute/intrinsic_scale.f90 compilation, -O2 -fbounds-check
FAIL: gfortran.fortran-torture/execute/intrinsic_scale.f90 compilation, -O3 -g
FAIL: gfortran.fortran-torture/execute/intrinsic_scale.f90 compilation, -Os
FAIL: gfortran.fortran-torture/execute/intrinsic_set_exponent.f90 compilation, -O0
FAIL: gfortran.fortran-torture/execute/intrinsic_set_exponent.f90 compilation, -O1
FAIL: gfortran.fortran-torture/execute/intrinsic_set_exponent.f90 compilation, -O2
FAIL: gfortran.fortran-torture/execute/intrinsic_set_exponent.f90 compilation, -O2 -fomit-frame-pointer -finline-functions
FAIL: gfortran.fortran-torture/execute/intrinsic_set_exponent.f90 compilation, -O2 -fomit-frame-pointer -finline-functions -funroll-loops
FAIL: gfortran.fortran-torture/execute/intrinsic_set_exponent.f90 compilation, -O2 -fbounds-check
FAIL: gfortran.fortran-torture/execute/intrinsic_set_exponent.f90 compilation, -O3 -g
FAIL: gfortran.fortran-torture/execute/intrinsic_set_exponent.f90 compilation, -Os
FAIL: gfortran.fortran-torture/execute/intrinsic_spacing.f90 compilation, -O0
FAIL: gfortran.fortran-torture/execute/intrinsic_spacing.f90 compilation, -O1
FAIL: gfortran.fortran-torture/execute/intrinsic_spacing.f90 compilation, -O2
FAIL: gfortran.fortran-torture/execute/intrinsic_spacing.f90 compilation, -O2 -fomit-frame-pointer -finline-functions
FAIL: gfortran.fortran-torture/execute/intrinsic_spacing.f90 compilation, -O2 -fomit-frame-pointer -finline-functions -funroll-loops
FAIL: gfortran.fortran-torture/execute/intrinsic_spacing.f90 compilation, -O2 -fbounds-check
FAIL: gfortran.fortran-torture/execute/intrinsic_spacing.f90 compilation, -O3 -g
FAIL: gfortran.fortran-torture/execute/intrinsic_spacing.f90 compilation, -Os
FAIL: gfortran.fortran-torture/execute/intrinsic_trim.f90 compilation, -O0
FAIL: gfortran.fortran-torture/execute/intrinsic_trim.f90 compilation, -O1
FAIL: gfortran.fortran-torture/execute/intrinsic_trim.f90 compilation, -O2
FAIL: gfortran.fortran-torture/execute/intrinsic_trim.f90 compilation, -O2 -fomit-frame-pointer -finline-functions
FAIL: gfortran.fortran-torture/execute/intrinsic_trim.f90 compilation, -O2 -fomit-frame-pointer -finline-functions -funroll-loops
FAIL: gfortran.fortran-torture/execute/intrinsic_trim.f90 compilation, -O2 -fbounds-check
FAIL: gfortran.fortran-torture/execute/intrinsic_trim.f90 compilation, -O3 -g
FAIL: gfortran.fortran-torture/execute/intrinsic_trim.f90 compilation, -Os
FAIL: gfortran.fortran-torture/execute/mainsub.f90 compilation, -O0
FAIL: gfortran.fortran-torture/execute/mainsub.f90 compilation, -O1
FAIL: gfortran.fortran-torture/execute/mainsub.f90 compilation, -O2
FAIL: gfortran.fortran-torture/execute/mainsub.f90 compilation, -O2 -fomit-frame-pointer -finline-functions
FAIL: gfortran.fortran-torture/execute/mainsub.f90 compilation, -O2 -fomit-frame-pointer -finline-functions -funroll-loops
FAIL: gfortran.fortran-torture/execute/mainsub.f90 compilation, -O2 -fbounds-check
FAIL: gfortran.fortran-torture/execute/mainsub.f90 compilation, -O3 -g
FAIL: gfortran.fortran-torture/execute/mainsub.f90 compilation, -Os
FAIL: gfortran.fortran-torture/execute/save_2.f90 compilation, -O0
FAIL: gfortran.fortran-torture/execute/save_2.f90 compilation, -O1
FAIL: gfortran.fortran-torture/execute/save_2.f90 compilation, -O2
FAIL: gfortran.fortran-torture/execute/save_2.f90 compilation, -O2 -fomit-frame-pointer -finline-functions
FAIL: gfortran.fortran-torture/execute/save_2.f90 compilation, -O2 -fomit-frame-pointer -finline-functions -funroll-loops
FAIL: gfortran.fortran-torture/execute/save_2.f90 compilation, -O2 -fbounds-check
FAIL: gfortran.fortran-torture/execute/save_2.f90 compilation, -O3 -g
FAIL: gfortran.fortran-torture/execute/save_2.f90 compilation, -Os
FAIL: gfortran.fortran-torture/execute/spec_abs.f90 compilation, -O0
FAIL: gfortran.fortran-torture/execute/spec_abs.f90 compilation, -O1
FAIL: gfortran.fortran-torture/execute/spec_abs.f90 compilation, -O2
FAIL: gfortran.fortran-torture/execute/spec_abs.f90 compilation, -O2 -fomit-frame-pointer -finline-functions
FAIL: gfortran.fortran-torture/execute/spec_abs.f90 compilation, -O2 -fomit-frame-pointer -finline-functions -funroll-loops
FAIL: gfortran.fortran-torture/execute/spec_abs.f90 compilation, -O2 -fbounds-check
FAIL: gfortran.fortran-torture/execute/spec_abs.f90 compilation, -O3 -g
FAIL: gfortran.fortran-torture/execute/spec_abs.f90 compilation, -Os
FAIL: gfortran.fortran-torture/execute/st_function.f90 compilation, -O0
FAIL: gfortran.fortran-torture/execute/st_function.f90 compilation, -O1
FAIL: gfortran.fortran-torture/execute/st_function.f90 compilation, -O2
FAIL: gfortran.fortran-torture/execute/st_function.f90 compilation, -O2 -fomit-frame-pointer -finline-functions
FAIL: gfortran.fortran-torture/execute/st_function.f90 compilation, -O2 -fomit-frame-pointer -finline-functions -funroll-loops
FAIL: gfortran.fortran-torture/execute/st_function.f90 compilation, -O2 -fbounds-check
FAIL: gfortran.fortran-torture/execute/st_function.f90 compilation, -O3 -g
FAIL: gfortran.fortran-torture/execute/st_function.f90 compilation, -Os
=== gfortran Summary ===
# of expected passes 27920
# of unexpected failures 950
# of expected failures 11
# of unresolved testcases 713
# of untested testcases 160
# of unsupported tests 255
/home/dave/gnu/gcc-4.5/objdir/gcc/testsuite/gfortran/../../gfortran version 4.5.0 20090527 (experimental) [trunk revision 147889] (GCC)
=== gnat tests ===
Running target unix
=== gnat Summary ===
# of expected passes 639
# of expected failures 6
=== obj-c++ tests ===
Running target unix
UNRESOLVED: obj-c++.dg/lookup-2.mm compilation failed to produce executable
UNRESOLVED: obj-c++.dg/try-catch-2.mm compilation failed to produce executable
UNRESOLVED: obj-c++.dg/try-catch-9.mm compilation failed to produce executable
=== obj-c++ Summary ===
# of expected passes 438
# of expected failures 10
# of unresolved testcases 3
# of unsupported tests 13
/home/dave/gnu/gcc-4.5/objdir/gcc/testsuite/obj-c++/../../g++ version 4.5.0 20090527 (experimental) [trunk revision 147889] (GCC)
=== objc tests ===
Running target unix
=== objc Summary ===
# of expected passes 1865
# of expected failures 15
# of unsupported tests 24
/home/dave/gnu/gcc-4.5/objdir/gcc/xgcc version 4.5.0 20090527 (experimental) [trunk revision 147889] (GCC)
=== libffi tests ===
Running target unix
=== libffi Summary ===
# of expected passes 1389
# of unsupported tests 10
=== libgomp tests ===
Running target unix
FAIL: libgomp.c++/task-4.C -O (internal compiler error)
FAIL: libgomp.c++/task-4.C -O (test for excess errors)
UNRESOLVED: libgomp.c++/task-4.C -O compilation failed to produce executable
FAIL: libgomp.fortran/jacobi.f -O0 (test for excess errors)
UNRESOLVED: libgomp.fortran/jacobi.f -O0 compilation failed to produce executable
FAIL: libgomp.fortran/jacobi.f -O1 (test for excess errors)
UNRESOLVED: libgomp.fortran/jacobi.f -O1 compilation failed to produce executable
FAIL: libgomp.fortran/jacobi.f -O2 (test for excess errors)
UNRESOLVED: libgomp.fortran/jacobi.f -O2 compilation failed to produce executable
FAIL: libgomp.fortran/jacobi.f -O3 -fomit-frame-pointer (test for excess errors)
UNRESOLVED: libgomp.fortran/jacobi.f -O3 -fomit-frame-pointer compilation failed to produce executable
FAIL: libgomp.fortran/jacobi.f -O3 -fomit-frame-pointer -funroll-loops (test for excess errors)
UNRESOLVED: libgomp.fortran/jacobi.f -O3 -fomit-frame-pointer -funroll-loops compilation failed to produce executable
FAIL: libgomp.fortran/jacobi.f -O3 -fomit-frame-pointer -funroll-all-loops -finline-functions (test for excess errors)
UNRESOLVED: libgomp.fortran/jacobi.f -O3 -fomit-frame-pointer -funroll-all-loops -finline-functions compilation failed to produce executable
FAIL: libgomp.fortran/jacobi.f -O3 -g (test for excess errors)
UNRESOLVED: libgomp.fortran/jacobi.f -O3 -g compilation failed to produce executable
FAIL: libgomp.fortran/jacobi.f -Os (test for excess errors)
UNRESOLVED: libgomp.fortran/jacobi.f -Os compilation failed to produce executable
FAIL: libgomp.fortran/nestedfn2.f90 -O0 (internal compiler error)
FAIL: libgomp.fortran/nestedfn2.f90 -O0 (test for excess errors)
UNRESOLVED: libgomp.fortran/nestedfn2.f90 -O0 compilation failed to produce executable
FAIL: libgomp.fortran/nestedfn2.f90 -O1 (internal compiler error)
FAIL: libgomp.fortran/nestedfn2.f90 -O1 (test for excess errors)
UNRESOLVED: libgomp.fortran/nestedfn2.f90 -O1 compilation failed to produce executable
FAIL: libgomp.fortran/nestedfn2.f90 -O2 (internal compiler error)
FAIL: libgomp.fortran/nestedfn2.f90 -O2 (test for excess errors)
UNRESOLVED: libgomp.fortran/nestedfn2.f90 -O2 compilation failed to produce executable
FAIL: libgomp.fortran/nestedfn2.f90 -O3 -fomit-frame-pointer (internal compiler error)
FAIL: libgomp.fortran/nestedfn2.f90 -O3 -fomit-frame-pointer (test for excess errors)
UNRESOLVED: libgomp.fortran/nestedfn2.f90 -O3 -fomit-frame-pointer compilation failed to produce executable
FAIL: libgomp.fortran/nestedfn2.f90 -O3 -fomit-frame-pointer -funroll-loops (internal compiler error)
FAIL: libgomp.fortran/nestedfn2.f90 -O3 -fomit-frame-pointer -funroll-loops (test for excess errors)
UNRESOLVED: libgomp.fortran/nestedfn2.f90 -O3 -fomit-frame-pointer -funroll-loops compilation failed to produce executable
FAIL: libgomp.fortran/nestedfn2.f90 -O3 -fomit-frame-pointer -funroll-all-loops -finline-functions (internal compiler error)
FAIL: libgomp.fortran/nestedfn2.f90 -O3 -fomit-frame-pointer -funroll-all-loops -finline-functions (test for excess errors)
UNRESOLVED: libgomp.fortran/nestedfn2.f90 -O3 -fomit-frame-pointer -funroll-all-loops -finline-functions compilation failed to produce executable
FAIL: libgomp.fortran/nestedfn2.f90 -O3 -g (internal compiler error)
FAIL: libgomp.fortran/nestedfn2.f90 -O3 -g (test for excess errors)
UNRESOLVED: libgomp.fortran/nestedfn2.f90 -O3 -g compilation failed to produce executable
FAIL: libgomp.fortran/nestedfn2.f90 -Os (internal compiler error)
FAIL: libgomp.fortran/nestedfn2.f90 -Os (test for excess errors)
UNRESOLVED: libgomp.fortran/nestedfn2.f90 -Os compilation failed to produce executable
FAIL: libgomp.fortran/omp_orphan.f -O (test for excess errors)
UNRESOLVED: libgomp.fortran/omp_orphan.f -O compilation failed to produce executable
FAIL: libgomp.fortran/pr25162.f -O0 (test for excess errors)
UNRESOLVED: libgomp.fortran/pr25162.f -O0 compilation failed to produce executable
FAIL: libgomp.fortran/pr25162.f -O1 (test for excess errors)
UNRESOLVED: libgomp.fortran/pr25162.f -O1 compilation failed to produce executable
FAIL: libgomp.fortran/pr25162.f -O2 (test for excess errors)
UNRESOLVED: libgomp.fortran/pr25162.f -O2 compilation failed to produce executable
FAIL: libgomp.fortran/pr25162.f -O3 -fomit-frame-pointer (test for excess errors)
UNRESOLVED: libgomp.fortran/pr25162.f -O3 -fomit-frame-pointer compilation failed to produce executable
FAIL: libgomp.fortran/pr25162.f -O3 -fomit-frame-pointer -funroll-loops (test for excess errors)
UNRESOLVED: libgomp.fortran/pr25162.f -O3 -fomit-frame-pointer -funroll-loops compilation failed to produce executable
FAIL: libgomp.fortran/pr25162.f -O3 -fomit-frame-pointer -funroll-all-loops -finline-functions (test for excess errors)
UNRESOLVED: libgomp.fortran/pr25162.f -O3 -fomit-frame-pointer -funroll-all-loops -finline-functions compilation failed to produce executable
FAIL: libgomp.fortran/pr25162.f -O3 -g (test for excess errors)
UNRESOLVED: libgomp.fortran/pr25162.f -O3 -g compilation failed to produce executable
FAIL: libgomp.fortran/pr25162.f -Os (test for excess errors)
UNRESOLVED: libgomp.fortran/pr25162.f -Os compilation failed to produce executable
FAIL: libgomp.fortran/pr27395-1.f90 -O0 (test for excess errors)
UNRESOLVED: libgomp.fortran/pr27395-1.f90 -O0 compilation failed to produce executable
FAIL: libgomp.fortran/pr27395-1.f90 -O1 (test for excess errors)
UNRESOLVED: libgomp.fortran/pr27395-1.f90 -O1 compilation failed to produce executable
FAIL: libgomp.fortran/pr27395-1.f90 -O2 (test for excess errors)
UNRESOLVED: libgomp.fortran/pr27395-1.f90 -O2 compilation failed to produce executable
FAIL: libgomp.fortran/pr27395-1.f90 -O3 -fomit-frame-pointer (test for excess errors)
UNRESOLVED: libgomp.fortran/pr27395-1.f90 -O3 -fomit-frame-pointer compilation failed to produce executable
FAIL: libgomp.fortran/pr27395-1.f90 -O3 -fomit-frame-pointer -funroll-loops (test for excess errors)
UNRESOLVED: libgomp.fortran/pr27395-1.f90 -O3 -fomit-frame-pointer -funroll-loops compilation failed to produce executable
FAIL: libgomp.fortran/pr27395-1.f90 -O3 -fomit-frame-pointer -funroll-all-loops -finline-functions (test for excess errors)
UNRESOLVED: libgomp.fortran/pr27395-1.f90 -O3 -fomit-frame-pointer -funroll-all-loops -finline-functions compilation failed to produce executable
FAIL: libgomp.fortran/pr27395-1.f90 -O3 -g (test for excess errors)
UNRESOLVED: libgomp.fortran/pr27395-1.f90 -O3 -g compilation failed to produce executable
FAIL: libgomp.fortran/pr27395-1.f90 -Os (test for excess errors)
UNRESOLVED: libgomp.fortran/pr27395-1.f90 -Os compilation failed to produce executable
FAIL: libgomp.fortran/pr27395-2.f90 -O0 (test for excess errors)
UNRESOLVED: libgomp.fortran/pr27395-2.f90 -O0 compilation failed to produce executable
FAIL: libgomp.fortran/pr27395-2.f90 -O1 (test for excess errors)
UNRESOLVED: libgomp.fortran/pr27395-2.f90 -O1 compilation failed to produce executable
FAIL: libgomp.fortran/pr27395-2.f90 -O2 (test for excess errors)
UNRESOLVED: libgomp.fortran/pr27395-2.f90 -O2 compilation failed to produce executable
FAIL: libgomp.fortran/pr27395-2.f90 -O3 -fomit-frame-pointer (test for excess errors)
UNRESOLVED: libgomp.fortran/pr27395-2.f90 -O3 -fomit-frame-pointer compilation failed to produce executable
FAIL: libgomp.fortran/pr27395-2.f90 -O3 -fomit-frame-pointer -funroll-loops (test for excess errors)
UNRESOLVED: libgomp.fortran/pr27395-2.f90 -O3 -fomit-frame-pointer -funroll-loops compilation failed to produce executable
FAIL: libgomp.fortran/pr27395-2.f90 -O3 -fomit-frame-pointer -funroll-all-loops -finline-functions (test for excess errors)
UNRESOLVED: libgomp.fortran/pr27395-2.f90 -O3 -fomit-frame-pointer -funroll-all-loops -finline-functions compilation failed to produce executable
FAIL: libgomp.fortran/pr27395-2.f90 -O3 -g (test for excess errors)
UNRESOLVED: libgomp.fortran/pr27395-2.f90 -O3 -g compilation failed to produce executable
FAIL: libgomp.fortran/pr27395-2.f90 -Os (test for excess errors)
UNRESOLVED: libgomp.fortran/pr27395-2.f90 -Os compilation failed to produce executable
FAIL: libgomp.fortran/pr27416-1.f90 -O0 (test for excess errors)
UNRESOLVED: libgomp.fortran/pr27416-1.f90 -O0 compilation failed to produce executable
FAIL: libgomp.fortran/pr27416-1.f90 -O1 (test for excess errors)
UNRESOLVED: libgomp.fortran/pr27416-1.f90 -O1 compilation failed to produce executable
FAIL: libgomp.fortran/pr27416-1.f90 -O2 (test for excess errors)
UNRESOLVED: libgomp.fortran/pr27416-1.f90 -O2 compilation failed to produce executable
FAIL: libgomp.fortran/pr27416-1.f90 -O3 -fomit-frame-pointer (test for excess errors)
UNRESOLVED: libgomp.fortran/pr27416-1.f90 -O3 -fomit-frame-pointer compilation failed to produce executable
FAIL: libgomp.fortran/pr27416-1.f90 -O3 -fomit-frame-pointer -funroll-loops (test for excess errors)
UNRESOLVED: libgomp.fortran/pr27416-1.f90 -O3 -fomit-frame-pointer -funroll-loops compilation failed to produce executable
FAIL: libgomp.fortran/pr27416-1.f90 -O3 -fomit-frame-pointer -funroll-all-loops -finline-functions (test for excess errors)
UNRESOLVED: libgomp.fortran/pr27416-1.f90 -O3 -fomit-frame-pointer -funroll-all-loops -finline-functions compilation failed to produce executable
FAIL: libgomp.fortran/pr27416-1.f90 -O3 -g (test for excess errors)
UNRESOLVED: libgomp.fortran/pr27416-1.f90 -O3 -g compilation failed to produce executable
FAIL: libgomp.fortran/pr27416-1.f90 -Os (test for excess errors)
UNRESOLVED: libgomp.fortran/pr27416-1.f90 -Os compilation failed to produce executable
FAIL: libgomp.fortran/stack.f90 -O0 (test for excess errors)
UNRESOLVED: libgomp.fortran/stack.f90 -O0 compilation failed to produce executable
FAIL: libgomp.fortran/stack.f90 -O1 (test for excess errors)
UNRESOLVED: libgomp.fortran/stack.f90 -O1 compilation failed to produce executable
FAIL: libgomp.fortran/stack.f90 -O2 (test for excess errors)
UNRESOLVED: libgomp.fortran/stack.f90 -O2 compilation failed to produce executable
FAIL: libgomp.fortran/stack.f90 -O3 -fomit-frame-pointer (test for excess errors)
UNRESOLVED: libgomp.fortran/stack.f90 -O3 -fomit-frame-pointer compilation failed to produce executable
FAIL: libgomp.fortran/stack.f90 -O3 -fomit-frame-pointer -funroll-loops (test for excess errors)
UNRESOLVED: libgomp.fortran/stack.f90 -O3 -fomit-frame-pointer -funroll-loops compilation failed to produce executable
FAIL: libgomp.fortran/stack.f90 -O3 -fomit-frame-pointer -funroll-all-loops -finline-functions (test for excess errors)
UNRESOLVED: libgomp.fortran/stack.f90 -O3 -fomit-frame-pointer -funroll-all-loops -finline-functions compilation failed to produce executable
FAIL: libgomp.fortran/stack.f90 -O3 -g (test for excess errors)
UNRESOLVED: libgomp.fortran/stack.f90 -O3 -g compilation failed to produce executable
FAIL: libgomp.fortran/stack.f90 -Os (test for excess errors)
UNRESOLVED: libgomp.fortran/stack.f90 -Os compilation failed to produce executable
FAIL: libgomp.fortran/vla7.f90 -O0 (test for excess errors)
UNRESOLVED: libgomp.fortran/vla7.f90 -O0 compilation failed to produce executable
FAIL: libgomp.fortran/vla7.f90 -O1 (test for excess errors)
UNRESOLVED: libgomp.fortran/vla7.f90 -O1 compilation failed to produce executable
FAIL: libgomp.fortran/vla7.f90 -O2 (test for excess errors)
UNRESOLVED: libgomp.fortran/vla7.f90 -O2 compilation failed to produce executable
FAIL: libgomp.fortran/vla7.f90 -O3 -fomit-frame-pointer (test for excess errors)
UNRESOLVED: libgomp.fortran/vla7.f90 -O3 -fomit-frame-pointer compilation failed to produce executable
FAIL: libgomp.fortran/vla7.f90 -O3 -fomit-frame-pointer -funroll-loops (test for excess errors)
UNRESOLVED: libgomp.fortran/vla7.f90 -O3 -fomit-frame-pointer -funroll-loops compilation failed to produce executable
FAIL: libgomp.fortran/vla7.f90 -O3 -fomit-frame-pointer -funroll-all-loops -finline-functions (test for excess errors)
UNRESOLVED: libgomp.fortran/vla7.f90 -O3 -fomit-frame-pointer -funroll-all-loops -finline-functions compilation failed to produce executable
FAIL: libgomp.fortran/vla7.f90 -O3 -g (test for excess errors)
UNRESOLVED: libgomp.fortran/vla7.f90 -O3 -g compilation failed to produce executable
FAIL: libgomp.fortran/vla7.f90 -Os (test for excess errors)
UNRESOLVED: libgomp.fortran/vla7.f90 -Os compilation failed to produce executable
=== libgomp Summary ===
# of expected passes 2262
# of unexpected failures 75
# of unresolved testcases 66
# of unsupported tests 7
=== libjava tests ===
Running target unix
=== libjava Summary ===
# of expected passes 2574
=== libmudflap tests ===
Running target unix
FAIL: libmudflap.c++/fail24-frag.cxx (test for excess errors)
WARNING: libmudflap.c++/fail24-frag.cxx compilation failed to produce executable
FAIL: libmudflap.c++/pass27-frag.cxx (test for excess errors)
WARNING: libmudflap.c++/pass27-frag.cxx compilation failed to produce executable
FAIL: libmudflap.c++/pass28-frag.cxx (test for excess errors)
WARNING: libmudflap.c++/pass28-frag.cxx compilation failed to produce executable
FAIL: libmudflap.c++/pass31-frag.cxx (test for excess errors)
WARNING: libmudflap.c++/pass31-frag.cxx compilation failed to produce executable
FAIL: libmudflap.c++/pass41-frag.cxx (test for excess errors)
WARNING: libmudflap.c++/pass41-frag.cxx compilation failed to produce executable
FAIL: libmudflap.c++/pass55-frag.cxx (test for excess errors)
WARNING: libmudflap.c++/pass55-frag.cxx compilation failed to produce executable
FAIL: libmudflap.c++/pass57-frag.cxx (test for excess errors)
WARNING: libmudflap.c++/pass57-frag.cxx compilation failed to produce executable
FAIL: libmudflap.c++/pass58-frag.cxx (test for excess errors)
WARNING: libmudflap.c++/pass58-frag.cxx compilation failed to produce executable
FAIL: libmudflap.c++/pass60-frag.cxx (test for excess errors)
WARNING: libmudflap.c++/pass60-frag.cxx compilation failed to produce executable
FAIL: libmudflap.c++/pass61-frag.cxx (test for excess errors)
FAIL: libmudflap.c++/pass66-frag.cxx (test for excess errors)
FAIL: libmudflap.c++/fail24-frag.cxx ( -O) (test for excess errors)
WARNING: libmudflap.c++/fail24-frag.cxx ( -O) compilation failed to produce executable
FAIL: libmudflap.c++/pass27-frag.cxx ( -O) (test for excess errors)
WARNING: libmudflap.c++/pass27-frag.cxx ( -O) compilation failed to produce executable
FAIL: libmudflap.c++/pass28-frag.cxx ( -O) (test for excess errors)
WARNING: libmudflap.c++/pass28-frag.cxx ( -O) compilation failed to produce executable
FAIL: libmudflap.c++/pass31-frag.cxx ( -O) (test for excess errors)
WARNING: libmudflap.c++/pass31-frag.cxx ( -O) compilation failed to produce executable
FAIL: libmudflap.c++/pass41-frag.cxx ( -O) (test for excess errors)
WARNING: libmudflap.c++/pass41-frag.cxx ( -O) compilation failed to produce executable
FAIL: libmudflap.c++/pass55-frag.cxx ( -O) (test for excess errors)
WARNING: libmudflap.c++/pass55-frag.cxx ( -O) compilation failed to produce executable
FAIL: libmudflap.c++/pass57-frag.cxx ( -O) (test for excess errors)
WARNING: libmudflap.c++/pass57-frag.cxx ( -O) compilation failed to produce executable
FAIL: libmudflap.c++/pass58-frag.cxx ( -O) (test for excess errors)
WARNING: libmudflap.c++/pass58-frag.cxx ( -O) compilation failed to produce executable
FAIL: libmudflap.c++/pass60-frag.cxx ( -O) (test for excess errors)
WARNING: libmudflap.c++/pass60-frag.cxx ( -O) compilation failed to produce executable
FAIL: libmudflap.c++/pass61-frag.cxx ( -O) (test for excess errors)
FAIL: libmudflap.c++/pass66-frag.cxx ( -O) (test for excess errors)
FAIL: libmudflap.c++/fail24-frag.cxx (-O2) (test for excess errors)
WARNING: libmudflap.c++/fail24-frag.cxx (-O2) compilation failed to produce executable
FAIL: libmudflap.c++/pass27-frag.cxx (-O2) (test for excess errors)
WARNING: libmudflap.c++/pass27-frag.cxx (-O2) compilation failed to produce executable
FAIL: libmudflap.c++/pass28-frag.cxx (-O2) (test for excess errors)
WARNING: libmudflap.c++/pass28-frag.cxx (-O2) compilation failed to produce executable
FAIL: libmudflap.c++/pass31-frag.cxx (-O2) (test for excess errors)
WARNING: libmudflap.c++/pass31-frag.cxx (-O2) compilation failed to produce executable
FAIL: libmudflap.c++/pass41-frag.cxx (-O2) (test for excess errors)
WARNING: libmudflap.c++/pass41-frag.cxx (-O2) compilation failed to produce executable
FAIL: libmudflap.c++/pass55-frag.cxx (-O2) (test for excess errors)
WARNING: libmudflap.c++/pass55-frag.cxx (-O2) compilation failed to produce executable
FAIL: libmudflap.c++/pass57-frag.cxx (-O2) (test for excess errors)
WARNING: libmudflap.c++/pass57-frag.cxx (-O2) compilation failed to produce executable
FAIL: libmudflap.c++/pass58-frag.cxx (-O2) (test for excess errors)
WARNING: libmudflap.c++/pass58-frag.cxx (-O2) compilation failed to produce executable
FAIL: libmudflap.c++/pass60-frag.cxx (-O2) (test for excess errors)
WARNING: libmudflap.c++/pass60-frag.cxx (-O2) compilation failed to produce executable
FAIL: libmudflap.c++/pass61-frag.cxx (-O2) (test for excess errors)
FAIL: libmudflap.c++/pass66-frag.cxx (-O2) (test for excess errors)
FAIL: libmudflap.c++/fail24-frag.cxx (-O3) (test for excess errors)
WARNING: libmudflap.c++/fail24-frag.cxx (-O3) compilation failed to produce executable
FAIL: libmudflap.c++/pass27-frag.cxx (-O3) (test for excess errors)
WARNING: libmudflap.c++/pass27-frag.cxx (-O3) compilation failed to produce executable
FAIL: libmudflap.c++/pass28-frag.cxx (-O3) (test for excess errors)
WARNING: libmudflap.c++/pass28-frag.cxx (-O3) compilation failed to produce executable
FAIL: libmudflap.c++/pass31-frag.cxx (-O3) (test for excess errors)
WARNING: libmudflap.c++/pass31-frag.cxx (-O3) compilation failed to produce executable
FAIL: libmudflap.c++/pass41-frag.cxx (-O3) (test for excess errors)
WARNING: libmudflap.c++/pass41-frag.cxx (-O3) compilation failed to produce executable
FAIL: libmudflap.c++/pass55-frag.cxx (-O3) (test for excess errors)
WARNING: libmudflap.c++/pass55-frag.cxx (-O3) compilation failed to produce executable
FAIL: libmudflap.c++/pass57-frag.cxx (-O3) (test for excess errors)
WARNING: libmudflap.c++/pass57-frag.cxx (-O3) compilation failed to produce executable
FAIL: libmudflap.c++/pass58-frag.cxx (-O3) (test for excess errors)
WARNING: libmudflap.c++/pass58-frag.cxx (-O3) compilation failed to produce executable
FAIL: libmudflap.c++/pass60-frag.cxx (-O3) (test for excess errors)
WARNING: libmudflap.c++/pass60-frag.cxx (-O3) compilation failed to produce executable
FAIL: libmudflap.c++/pass61-frag.cxx (-O3) (test for excess errors)
FAIL: libmudflap.c++/pass66-frag.cxx (-O3) (test for excess errors)
FAIL: ctors-12 linkage
FAIL: ctors-21 linkage
WARNING: program timed out.
FAIL: ctors-12 execution
WARNING: program timed out.
FAIL: ctors-21 execution
FAIL: ctors-12 linkage -O2
FAIL: ctors-21 linkage -O2
WARNING: program timed out.
FAIL: ctors-12 execution -O2
WARNING: program timed out.
FAIL: ctors-21 execution -O2
FAIL: ctors-12 linkage -O3
FAIL: ctors-21 linkage -O3
WARNING: program timed out.
FAIL: ctors-12 execution -O3
WARNING: program timed out.
FAIL: ctors-21 execution -O3
=== libmudflap Summary ===
# of expected passes 1766
# of unexpected failures 56
=== libstdc++ tests ===
Running target unix
FAIL: 22_locale/time_get/get_date/wchar_t/4.cc execution test
FAIL: 26_numerics/complex/13450.cc (test for excess errors)
UNRESOLVED: 26_numerics/complex/13450.cc compilation failed to produce executable
XPASS: 26_numerics/headers/cmath/c99_classification_macros_c.cc (test for excess errors)
FAIL: tr1/8_c_compatibility/complex/overloads_float.cc (test for excess errors)
FAIL: tr1/8_c_compatibility/complex/overloads_int.cc (test for excess errors)
UNRESOLVED: tr1/8_c_compatibility/complex/overloads_int.cc compilation failed to produce executable
=== libstdc++ Summary ===
# of expected passes 6721
# of unexpected failures 4
# of unexpected successes 1
# of expected failures 82
# of unresolved testcases 2
# of unsupported tests 23
Compiler version: 4.5.0 20090527 (experimental) [trunk revision 147889] (GCC)
Platform: hppa-unknown-linux-gnu
configure flags: --with-gnu-as --with-gnu-ld --enable-shared --prefix=/home/dave/opt/gnu/gcc/gcc-4.4.0 --with-local-prefix=/home/dave/opt/gnu --enable-threads=posix --enable-__cxa_atexit --build=hppa-linux --enable-clocale=gnu --enable-java-gc=boehm --enable-java-awt=xlib --enable-languages=c,c++,objc,fortran,obj-c++,java,ada
More information about the Gcc-testresults
mailing list