Results for 4.5.0 20090525 (experimental) [trunk revision 147853] (GCC) testsuite on hppa-unknown-linux-gnu
John David Anglin
dave@hiauly6.hia.nrc.ca
Tue May 26 20:06:00 GMT 2009
LAST_UPDATED: Mon May 25 22:42:54 UTC 2009 (revision 147853)
=== acats tests ===
=== acats Summary ===
# of expected passes 2315
# of unexpected failures 0
Native configuration is hppa-unknown-linux-gnu
=== g++ tests ===
Running target unix
=== g++ Summary ===
# of expected passes 19396
# of expected failures 138
# of unsupported tests 159
/home/dave/gnu/gcc-4.5/objdir/gcc/testsuite/g++/../../g++ version 4.5.0 20090525 (experimental) [trunk revision 147853] (GCC)
=== gcc tests ===
Running target unix
FAIL: gcc.c-torture/execute/20061031-1.c execution, -Os
XPASS: gcc.dg/Warray-bounds.c (test for warnings, line 59)
XPASS: gcc.dg/Warray-bounds.c (test for warnings, line 65)
FAIL: gcc.dg/pr34989-1.c (internal compiler error)
FAIL: gcc.dg/pr34989-1.c (test for excess errors)
XPASS: gcc.dg/struct/wo_prof_array_through_pointer.c scan-ipa-dump ipa_struct_reorg "Number of structures to transform is 1"
FAIL: gcc.dg/struct/wo_prof_double_malloc.c (internal compiler error)
FAIL: gcc.dg/struct/wo_prof_double_malloc.c (test for excess errors)
UNRESOLVED: gcc.dg/struct/wo_prof_double_malloc.c compilation failed to produce executable
FAIL: gcc.dg/struct/wo_prof_escape_substr_pointer.c scan-ipa-dump ipa_struct_reorg "is a field in the structure"
XPASS: gcc.dg/tree-ssa/loop-1.c scan-assembler-times foo 5
=== gcc Summary ===
# of expected passes 49999
# of unexpected failures 6
# of unexpected successes 4
# of expected failures 79
# of unresolved testcases 1
# of unsupported tests 526
/home/dave/gnu/gcc-4.5/objdir/gcc/xgcc version 4.5.0 20090525 (experimental) [trunk revision 147853] (GCC)
=== gfortran tests ===
Running target unix
=== gfortran Summary ===
# of expected passes 29708
# of expected failures 11
# of unsupported tests 255
/home/dave/gnu/gcc-4.5/objdir/gcc/testsuite/gfortran/../../gfortran version 4.5.0 20090525 (experimental) [trunk revision 147853] (GCC)
=== gnat tests ===
Running target unix
=== gnat Summary ===
# of expected passes 639
# of expected failures 6
=== obj-c++ tests ===
Running target unix
UNRESOLVED: obj-c++.dg/lookup-2.mm compilation failed to produce executable
UNRESOLVED: obj-c++.dg/try-catch-2.mm compilation failed to produce executable
UNRESOLVED: obj-c++.dg/try-catch-9.mm compilation failed to produce executable
=== obj-c++ Summary ===
# of expected passes 438
# of expected failures 10
# of unresolved testcases 3
# of unsupported tests 13
/home/dave/gnu/gcc-4.5/objdir/gcc/testsuite/obj-c++/../../g++ version 4.5.0 20090525 (experimental) [trunk revision 147853] (GCC)
=== objc tests ===
Running target unix
=== objc Summary ===
# of expected passes 1865
# of expected failures 15
# of unsupported tests 24
/home/dave/gnu/gcc-4.5/objdir/gcc/xgcc version 4.5.0 20090525 (experimental) [trunk revision 147853] (GCC)
=== libffi tests ===
Running target unix
=== libffi Summary ===
# of expected passes 1389
# of unsupported tests 10
=== libgomp tests ===
Running target unix
FAIL: libgomp.c++/task-4.C -O (internal compiler error)
FAIL: libgomp.c++/task-4.C -O (test for excess errors)
UNRESOLVED: libgomp.c++/task-4.C -O compilation failed to produce executable
=== libgomp Summary ===
# of expected passes 2392
# of unexpected failures 2
# of unresolved testcases 1
# of unsupported tests 7
=== libjava tests ===
Running target unix
=== libjava Summary ===
# of expected passes 2574
=== libmudflap tests ===
Running target unix
FAIL: libmudflap.c++/fail24-frag.cxx (test for excess errors)
WARNING: libmudflap.c++/fail24-frag.cxx compilation failed to produce executable
FAIL: libmudflap.c++/pass27-frag.cxx (test for excess errors)
WARNING: libmudflap.c++/pass27-frag.cxx compilation failed to produce executable
FAIL: libmudflap.c++/pass28-frag.cxx (test for excess errors)
WARNING: libmudflap.c++/pass28-frag.cxx compilation failed to produce executable
FAIL: libmudflap.c++/pass31-frag.cxx (test for excess errors)
WARNING: libmudflap.c++/pass31-frag.cxx compilation failed to produce executable
FAIL: libmudflap.c++/pass41-frag.cxx (test for excess errors)
WARNING: libmudflap.c++/pass41-frag.cxx compilation failed to produce executable
FAIL: libmudflap.c++/pass55-frag.cxx (test for excess errors)
WARNING: libmudflap.c++/pass55-frag.cxx compilation failed to produce executable
FAIL: libmudflap.c++/pass57-frag.cxx (test for excess errors)
WARNING: libmudflap.c++/pass57-frag.cxx compilation failed to produce executable
FAIL: libmudflap.c++/pass58-frag.cxx (test for excess errors)
WARNING: libmudflap.c++/pass58-frag.cxx compilation failed to produce executable
FAIL: libmudflap.c++/pass60-frag.cxx (test for excess errors)
WARNING: libmudflap.c++/pass60-frag.cxx compilation failed to produce executable
FAIL: libmudflap.c++/pass61-frag.cxx (test for excess errors)
FAIL: libmudflap.c++/pass66-frag.cxx (test for excess errors)
FAIL: libmudflap.c++/fail24-frag.cxx ( -O) (test for excess errors)
WARNING: libmudflap.c++/fail24-frag.cxx ( -O) compilation failed to produce executable
FAIL: libmudflap.c++/pass27-frag.cxx ( -O) (test for excess errors)
WARNING: libmudflap.c++/pass27-frag.cxx ( -O) compilation failed to produce executable
FAIL: libmudflap.c++/pass28-frag.cxx ( -O) (test for excess errors)
WARNING: libmudflap.c++/pass28-frag.cxx ( -O) compilation failed to produce executable
FAIL: libmudflap.c++/pass31-frag.cxx ( -O) (test for excess errors)
WARNING: libmudflap.c++/pass31-frag.cxx ( -O) compilation failed to produce executable
FAIL: libmudflap.c++/pass41-frag.cxx ( -O) (test for excess errors)
WARNING: libmudflap.c++/pass41-frag.cxx ( -O) compilation failed to produce executable
FAIL: libmudflap.c++/pass55-frag.cxx ( -O) (test for excess errors)
WARNING: libmudflap.c++/pass55-frag.cxx ( -O) compilation failed to produce executable
FAIL: libmudflap.c++/pass57-frag.cxx ( -O) (test for excess errors)
WARNING: libmudflap.c++/pass57-frag.cxx ( -O) compilation failed to produce executable
FAIL: libmudflap.c++/pass58-frag.cxx ( -O) (test for excess errors)
WARNING: libmudflap.c++/pass58-frag.cxx ( -O) compilation failed to produce executable
FAIL: libmudflap.c++/pass60-frag.cxx ( -O) (test for excess errors)
WARNING: libmudflap.c++/pass60-frag.cxx ( -O) compilation failed to produce executable
FAIL: libmudflap.c++/pass61-frag.cxx ( -O) (test for excess errors)
FAIL: libmudflap.c++/pass66-frag.cxx ( -O) (test for excess errors)
FAIL: libmudflap.c++/fail24-frag.cxx (-O2) (test for excess errors)
WARNING: libmudflap.c++/fail24-frag.cxx (-O2) compilation failed to produce executable
FAIL: libmudflap.c++/pass27-frag.cxx (-O2) (test for excess errors)
WARNING: libmudflap.c++/pass27-frag.cxx (-O2) compilation failed to produce executable
FAIL: libmudflap.c++/pass28-frag.cxx (-O2) (test for excess errors)
WARNING: libmudflap.c++/pass28-frag.cxx (-O2) compilation failed to produce executable
FAIL: libmudflap.c++/pass31-frag.cxx (-O2) (test for excess errors)
WARNING: libmudflap.c++/pass31-frag.cxx (-O2) compilation failed to produce executable
FAIL: libmudflap.c++/pass41-frag.cxx (-O2) (test for excess errors)
WARNING: libmudflap.c++/pass41-frag.cxx (-O2) compilation failed to produce executable
FAIL: libmudflap.c++/pass55-frag.cxx (-O2) (test for excess errors)
WARNING: libmudflap.c++/pass55-frag.cxx (-O2) compilation failed to produce executable
FAIL: libmudflap.c++/pass57-frag.cxx (-O2) (test for excess errors)
WARNING: libmudflap.c++/pass57-frag.cxx (-O2) compilation failed to produce executable
FAIL: libmudflap.c++/pass58-frag.cxx (-O2) (test for excess errors)
WARNING: libmudflap.c++/pass58-frag.cxx (-O2) compilation failed to produce executable
FAIL: libmudflap.c++/pass60-frag.cxx (-O2) (test for excess errors)
WARNING: libmudflap.c++/pass60-frag.cxx (-O2) compilation failed to produce executable
FAIL: libmudflap.c++/pass61-frag.cxx (-O2) (test for excess errors)
FAIL: libmudflap.c++/pass66-frag.cxx (-O2) (test for excess errors)
FAIL: libmudflap.c++/fail24-frag.cxx (-O3) (test for excess errors)
WARNING: libmudflap.c++/fail24-frag.cxx (-O3) compilation failed to produce executable
FAIL: libmudflap.c++/pass27-frag.cxx (-O3) (test for excess errors)
WARNING: libmudflap.c++/pass27-frag.cxx (-O3) compilation failed to produce executable
FAIL: libmudflap.c++/pass28-frag.cxx (-O3) (test for excess errors)
WARNING: libmudflap.c++/pass28-frag.cxx (-O3) compilation failed to produce executable
FAIL: libmudflap.c++/pass31-frag.cxx (-O3) (test for excess errors)
WARNING: libmudflap.c++/pass31-frag.cxx (-O3) compilation failed to produce executable
FAIL: libmudflap.c++/pass41-frag.cxx (-O3) (test for excess errors)
WARNING: libmudflap.c++/pass41-frag.cxx (-O3) compilation failed to produce executable
FAIL: libmudflap.c++/pass55-frag.cxx (-O3) (test for excess errors)
WARNING: libmudflap.c++/pass55-frag.cxx (-O3) compilation failed to produce executable
FAIL: libmudflap.c++/pass57-frag.cxx (-O3) (test for excess errors)
WARNING: libmudflap.c++/pass57-frag.cxx (-O3) compilation failed to produce executable
FAIL: libmudflap.c++/pass58-frag.cxx (-O3) (test for excess errors)
WARNING: libmudflap.c++/pass58-frag.cxx (-O3) compilation failed to produce executable
FAIL: libmudflap.c++/pass60-frag.cxx (-O3) (test for excess errors)
WARNING: libmudflap.c++/pass60-frag.cxx (-O3) compilation failed to produce executable
FAIL: libmudflap.c++/pass61-frag.cxx (-O3) (test for excess errors)
FAIL: libmudflap.c++/pass66-frag.cxx (-O3) (test for excess errors)
FAIL: ctors-12 linkage
FAIL: ctors-21 linkage
WARNING: program timed out.
FAIL: ctors-12 execution
WARNING: program timed out.
FAIL: ctors-21 execution
FAIL: ctors-12 linkage -O2
FAIL: ctors-21 linkage -O2
WARNING: program timed out.
FAIL: ctors-12 execution -O2
WARNING: program timed out.
FAIL: ctors-21 execution -O2
FAIL: ctors-12 linkage -O3
FAIL: ctors-21 linkage -O3
WARNING: program timed out.
FAIL: ctors-12 execution -O3
WARNING: program timed out.
FAIL: ctors-21 execution -O3
=== libmudflap Summary ===
# of expected passes 1766
# of unexpected failures 56
=== libstdc++ tests ===
Running target unix
FAIL: 22_locale/time_get/get_date/wchar_t/4.cc execution test
FAIL: 26_numerics/complex/13450.cc (test for excess errors)
UNRESOLVED: 26_numerics/complex/13450.cc compilation failed to produce executable
XPASS: 26_numerics/headers/cmath/c99_classification_macros_c.cc (test for excess errors)
FAIL: 29_atomics/atomic/cons/assign_neg.cc (test for errors, line 491)
FAIL: 29_atomics/atomic/cons/copy_neg.cc (test for errors, line 490)
FAIL: tr1/8_c_compatibility/complex/overloads_float.cc (test for excess errors)
FAIL: tr1/8_c_compatibility/complex/overloads_int.cc (test for excess errors)
UNRESOLVED: tr1/8_c_compatibility/complex/overloads_int.cc compilation failed to produce executable
=== libstdc++ Summary ===
# of expected passes 6719
# of unexpected failures 6
# of unexpected successes 1
# of expected failures 82
# of unresolved testcases 2
# of unsupported tests 23
Compiler version: 4.5.0 20090525 (experimental) [trunk revision 147853] (GCC)
Platform: hppa-unknown-linux-gnu
configure flags: --with-gnu-as --with-gnu-ld --enable-shared --prefix=/home/dave/opt/gnu/gcc/gcc-4.4.0 --with-local-prefix=/home/dave/opt/gnu --enable-threads=posix --enable-__cxa_atexit --build=hppa-linux --enable-clocale=gnu --enable-java-gc=boehm --enable-java-awt=xlib --enable-languages=c,c++,objc,fortran,obj-c++,java,ada
More information about the Gcc-testresults
mailing list