Results for 4.5.0 20090524 (experimental) [trunk revision 147827] (GCC) testsuite on powerpc64-unknown-linux-gnu
Janis Johnson
janis187@us.ibm.com
Sun May 24 15:20:00 GMT 2009
Linux 2.6.16.46-0.4-ppc64 ppc64
GNU C Library development release version 2.4 (20070330)
GNU ld (GNU Binutils) 2.19
GNU assembler (GNU Binutils) 2.19
GNU Make 3.80
DejaGnu:
Expect version is 5.43.0
Tcl version is 8.4
Framework version is 1.4.4
32-bit biarch default32
LAST_UPDATED: Sun May 24 02:35:20 UTC 2009 (revision 147827)
Native configuration is powerpc64-unknown-linux-gnu
=== gcc tests ===
Running target unix/-m32
FAIL: gcc.c-torture/compile/limits-exprparen.c -O0 (test for excess errors)
FAIL: gcc.c-torture/compile/limits-exprparen.c -O1 (test for excess errors)
FAIL: gcc.c-torture/compile/limits-exprparen.c -O2 (test for excess errors)
FAIL: gcc.c-torture/compile/limits-exprparen.c -O3 -fomit-frame-pointer (test for excess errors)
FAIL: gcc.c-torture/compile/limits-exprparen.c -O3 -g (test for excess errors)
FAIL: gcc.c-torture/compile/limits-exprparen.c -Os (test for excess errors)
XPASS: gcc.dg/Warray-bounds.c (test for warnings, line 59)
XPASS: gcc.dg/Warray-bounds.c (test for warnings, line 65)
FAIL: gcc.dg/and-1.c scan-assembler-not nand
FAIL: gcc.dg/pr34989-1.c (internal compiler error)
FAIL: gcc.dg/pr34989-1.c (test for excess errors)
FAIL: gcc.dg/sms-6.c scan-rtl-dump-times sms "SMS succeeded" 3
FAIL: gcc.dg/sms-7.c scan-rtl-dump-times sms "SMS succeeded" 3
FAIL: gcc.dg/sms-8.c scan-rtl-dump-times sms "SMS succeeded" 1
XPASS: gcc.dg/struct/wo_prof_array_through_pointer.c scan-ipa-dump ipa_struct_reorg "Number of structures to transform is 1"
FAIL: gcc.dg/struct/wo_prof_double_malloc.c (internal compiler error)
FAIL: gcc.dg/struct/wo_prof_double_malloc.c (test for excess errors)
WARNING: gcc.dg/struct/wo_prof_double_malloc.c compilation failed to produce executable
FAIL: gcc.dg/tree-ssa/vrp47.c scan-tree-dump-times vrp1 "[xy][^ ]* !=" 0
FAIL: gcc.dg/tree-ssa/vrp47.c scan-tree-dump-times dom1 "x[^ ]* & y" 1
FAIL: gcc.dg/vect/costmodel/ppc/costmodel-vect-31d.c scan-tree-dump-times vect "vectorization not profitable" 1
FAIL: gcc.dg/vect/costmodel/ppc/costmodel-vect-68d.c scan-tree-dump-times vect "vectorization not profitable" 1
FAIL: gcc.dg/vect/costmodel/ppc/costmodel-vect-76a.c scan-tree-dump-times vect "vectorized 1 loops" 1
FAIL: gcc.dg/vect/costmodel/ppc/costmodel-vect-76b.c scan-tree-dump-times vect "vectorization not profitable" 1
FAIL: gcc.dg/vect/pr35821-altivec.c scan-tree-dump-times vect "vectorized 1 loops" 1
FAIL: gcc.dg/vect/vect-reduc-dot-u8b.c (internal compiler error)
FAIL: gcc.dg/vect/vect-reduc-dot-u8b.c (test for excess errors)
WARNING: gcc.dg/vect/vect-reduc-dot-u8b.c compilation failed to produce executable
FAIL: gcc.dg/vect/slp-perm-1.c (internal compiler error)
FAIL: gcc.dg/vect/slp-perm-1.c (test for excess errors)
WARNING: gcc.dg/vect/slp-perm-1.c compilation failed to produce executable
FAIL: gcc.dg/vect/slp-perm-2.c (internal compiler error)
FAIL: gcc.dg/vect/slp-perm-2.c (test for excess errors)
WARNING: gcc.dg/vect/slp-perm-2.c compilation failed to produce executable
FAIL: gcc.dg/vect/slp-perm-3.c (internal compiler error)
FAIL: gcc.dg/vect/slp-perm-3.c (test for excess errors)
WARNING: gcc.dg/vect/slp-perm-3.c compilation failed to produce executable
FAIL: gcc.dg/vect/slp-perm-8.c (internal compiler error)
FAIL: gcc.dg/vect/slp-perm-8.c (test for excess errors)
WARNING: gcc.dg/vect/slp-perm-8.c compilation failed to produce executable
FAIL: gcc.dg/vect/slp-perm-8.c scan-tree-dump-times vect "vectorized 1 loops" 2
FAIL: gcc.dg/vect/no-scevccp-outer-13.c (internal compiler error)
FAIL: gcc.dg/vect/no-scevccp-outer-13.c (test for excess errors)
WARNING: gcc.dg/vect/no-scevccp-outer-13.c compilation failed to produce executable
FAIL: gcc.dg/vect/no-scevccp-outer-7.c (internal compiler error)
FAIL: gcc.dg/vect/no-scevccp-outer-7.c (test for excess errors)
WARNING: gcc.dg/vect/no-scevccp-outer-7.c compilation failed to produce executable
FAIL: gcc.target/powerpc/405-dlmzb-strlen-1.c scan-assembler dlmzb\\\\.
FAIL: gcc.target/powerpc/440-dlmzb-strlen-1.c scan-assembler dlmzb\\\\.
=== gcc Summary for unix/-m32 ===
# of expected passes 54067
# of unexpected successes 3
# of unexpected failures 38
# of expected failures 148
# of unsupported tests 561
Running target unix/-m64
FAIL: gcc.c-torture/compile/limits-exprparen.c -O0 (test for excess errors)
FAIL: gcc.c-torture/compile/limits-exprparen.c -O1 (test for excess errors)
FAIL: gcc.c-torture/compile/limits-exprparen.c -O2 (test for excess errors)
FAIL: gcc.c-torture/compile/limits-exprparen.c -O3 -fomit-frame-pointer (test for excess errors)
FAIL: gcc.c-torture/compile/limits-exprparen.c -O3 -g (test for excess errors)
FAIL: gcc.c-torture/compile/limits-exprparen.c -Os (test for excess errors)
FAIL: gcc.c-torture/compile/pr34688.c -O2 (internal compiler error)
FAIL: gcc.c-torture/compile/pr34688.c -O2 (test for excess errors)
FAIL: gcc.c-torture/compile/pr34688.c -O3 -fomit-frame-pointer (internal compiler error)
FAIL: gcc.c-torture/compile/pr34688.c -O3 -fomit-frame-pointer (test for excess errors)
FAIL: gcc.c-torture/compile/pr34688.c -O3 -fomit-frame-pointer -funroll-loops (internal compiler error)
FAIL: gcc.c-torture/compile/pr34688.c -O3 -fomit-frame-pointer -funroll-loops (test for excess errors)
FAIL: gcc.c-torture/compile/pr34688.c -O3 -fomit-frame-pointer -funroll-all-loops -finline-functions (internal compiler error)
FAIL: gcc.c-torture/compile/pr34688.c -O3 -fomit-frame-pointer -funroll-all-loops -finline-functions (test for excess errors)
FAIL: gcc.c-torture/compile/pr34688.c -O3 -g (internal compiler error)
FAIL: gcc.c-torture/compile/pr34688.c -O3 -g (test for excess errors)
FAIL: gcc.c-torture/execute/va-arg-trap-1.c compilation, -O2 (internal compiler error)
UNRESOLVED: gcc.c-torture/execute/va-arg-trap-1.c execution, -O2
FAIL: gcc.c-torture/execute/va-arg-trap-1.c compilation, -Os (internal compiler error)
UNRESOLVED: gcc.c-torture/execute/va-arg-trap-1.c execution, -Os
XPASS: gcc.dg/Warray-bounds.c (test for warnings, line 59)
XPASS: gcc.dg/Warray-bounds.c (test for warnings, line 65)
FAIL: gcc.dg/and-1.c scan-assembler-not nand
FAIL: gcc.dg/pr34989-1.c (internal compiler error)
FAIL: gcc.dg/pr34989-1.c (test for excess errors)
FAIL: gcc.dg/sms-6.c scan-rtl-dump-times sms "SMS succeeded" 3
FAIL: gcc.dg/sms-7.c scan-rtl-dump-times sms "SMS succeeded" 3
XPASS: gcc.dg/struct/wo_prof_array_through_pointer.c scan-ipa-dump ipa_struct_reorg "Number of structures to transform is 1"
FAIL: gcc.dg/struct/wo_prof_double_malloc.c (internal compiler error)
FAIL: gcc.dg/struct/wo_prof_double_malloc.c (test for excess errors)
WARNING: gcc.dg/struct/wo_prof_double_malloc.c compilation failed to produce executable
FAIL: gcc.dg/tree-ssa/vrp47.c scan-tree-dump-times vrp1 "[xy][^ ]* !=" 0
FAIL: gcc.dg/tree-ssa/vrp47.c scan-tree-dump-times dom1 "x[^ ]* & y" 1
FAIL: gcc.dg/vect/costmodel/ppc/costmodel-vect-31d.c scan-tree-dump-times vect "vectorization not profitable" 1
FAIL: gcc.dg/vect/costmodel/ppc/costmodel-vect-68d.c scan-tree-dump-times vect "vectorization not profitable" 1
FAIL: gcc.dg/vect/costmodel/ppc/costmodel-vect-76a.c scan-tree-dump-times vect "vectorized 1 loops" 1
FAIL: gcc.dg/vect/costmodel/ppc/costmodel-vect-76b.c scan-tree-dump-times vect "vectorization not profitable" 1
FAIL: gcc.dg/vect/pr35821-altivec.c scan-tree-dump-times vect "vectorized 1 loops" 1
FAIL: gcc.dg/vect/vect-reduc-dot-u8b.c (internal compiler error)
FAIL: gcc.dg/vect/vect-reduc-dot-u8b.c (test for excess errors)
WARNING: gcc.dg/vect/vect-reduc-dot-u8b.c compilation failed to produce executable
FAIL: gcc.dg/vect/slp-perm-1.c (internal compiler error)
FAIL: gcc.dg/vect/slp-perm-1.c (test for excess errors)
WARNING: gcc.dg/vect/slp-perm-1.c compilation failed to produce executable
FAIL: gcc.dg/vect/slp-perm-2.c (internal compiler error)
FAIL: gcc.dg/vect/slp-perm-2.c (test for excess errors)
WARNING: gcc.dg/vect/slp-perm-2.c compilation failed to produce executable
FAIL: gcc.dg/vect/slp-perm-3.c (internal compiler error)
FAIL: gcc.dg/vect/slp-perm-3.c (test for excess errors)
WARNING: gcc.dg/vect/slp-perm-3.c compilation failed to produce executable
FAIL: gcc.dg/vect/slp-perm-8.c (internal compiler error)
FAIL: gcc.dg/vect/slp-perm-8.c (test for excess errors)
WARNING: gcc.dg/vect/slp-perm-8.c compilation failed to produce executable
FAIL: gcc.dg/vect/slp-perm-8.c scan-tree-dump-times vect "vectorized 1 loops" 2
FAIL: gcc.dg/vect/no-scevccp-outer-13.c (internal compiler error)
FAIL: gcc.dg/vect/no-scevccp-outer-13.c (test for excess errors)
WARNING: gcc.dg/vect/no-scevccp-outer-13.c compilation failed to produce executable
FAIL: gcc.dg/vect/no-scevccp-outer-7.c (internal compiler error)
FAIL: gcc.dg/vect/no-scevccp-outer-7.c (test for excess errors)
WARNING: gcc.dg/vect/no-scevccp-outer-7.c compilation failed to produce executable
FAIL: gcc.target/powerpc/ppc64-double-1.c scan-assembler-not stfd
=== gcc Summary for unix/-m64 ===
# of expected passes 53907
# of unexpected successes 3
# of unexpected failures 48
# of expected failures 151
# of unresolved testcases 2
# of unsupported tests 624
=== gcc Summary ===
# of expected passes 107974
# of unexpected failures 86
# of unexpected successes 6
# of expected failures 299
# of unresolved testcases 2
# of unsupported tests 1185
/home/gccbuild/build/nightly/build-gcc-trunk/gcc/xgcc version 4.5.0 20090524 (experimental) [trunk revision 147827] (GCC)
=== gfortran tests ===
Running target unix/-m32
XPASS: gfortran.dg/default_format_denormal_2.f90 -O0 execution test
XPASS: gfortran.dg/default_format_denormal_2.f90 -O1 execution test
XPASS: gfortran.dg/default_format_denormal_2.f90 -O2 execution test
XPASS: gfortran.dg/default_format_denormal_2.f90 -O3 -fomit-frame-pointer execution test
XPASS: gfortran.dg/default_format_denormal_2.f90 -O3 -fomit-frame-pointer -funroll-loops execution test
XPASS: gfortran.dg/default_format_denormal_2.f90 -O3 -fomit-frame-pointer -funroll-all-loops -finline-functions execution test
XPASS: gfortran.dg/default_format_denormal_2.f90 -O3 -g execution test
XPASS: gfortran.dg/default_format_denormal_2.f90 -Os execution test
=== gfortran Summary for unix/-m32 ===
# of expected passes 30411
# of unexpected successes 8
# of expected failures 28
# of unsupported tests 119
Running target unix/-m64
XPASS: gfortran.dg/default_format_denormal_2.f90 -O0 execution test
XPASS: gfortran.dg/default_format_denormal_2.f90 -O1 execution test
XPASS: gfortran.dg/default_format_denormal_2.f90 -O2 execution test
XPASS: gfortran.dg/default_format_denormal_2.f90 -O3 -fomit-frame-pointer execution test
XPASS: gfortran.dg/default_format_denormal_2.f90 -O3 -fomit-frame-pointer -funroll-loops execution test
XPASS: gfortran.dg/default_format_denormal_2.f90 -O3 -fomit-frame-pointer -funroll-all-loops -finline-functions execution test
XPASS: gfortran.dg/default_format_denormal_2.f90 -O3 -g execution test
XPASS: gfortran.dg/default_format_denormal_2.f90 -Os execution test
=== gfortran Summary for unix/-m64 ===
# of expected passes 30562
# of unexpected successes 8
# of expected failures 28
# of unsupported tests 46
=== gfortran Summary ===
# of expected passes 60973
# of unexpected successes 16
# of expected failures 56
# of unsupported tests 165
/home/gccbuild/build/nightly/build-gcc-trunk/gcc/testsuite/gfortran/../../gfortran version 4.5.0 20090524 (experimental) [trunk revision 147827] (GCC)
=== g++ tests ===
Running target unix/-m32
=== g++ Summary for unix/-m32 ===
# of expected passes 19536
# of expected failures 138
# of unsupported tests 133
Running target unix/-m64
=== g++ Summary for unix/-m64 ===
# of expected passes 19496
# of expected failures 138
# of unsupported tests 135
=== g++ Summary ===
# of expected passes 39032
# of expected failures 276
# of unsupported tests 268
/home/gccbuild/build/nightly/build-gcc-trunk/gcc/testsuite/g++/../../g++ version 4.5.0 20090524 (experimental) [trunk revision 147827] (GCC)
=== obj-c++ tests ===
Running target unix/-m32
WARNING: obj-c++.dg/lookup-2.mm compilation failed to produce executable
WARNING: obj-c++.dg/try-catch-2.mm compilation failed to produce executable
WARNING: obj-c++.dg/try-catch-9.mm compilation failed to produce executable
=== obj-c++ Summary for unix/-m32 ===
# of expected passes 438
# of expected failures 10
# of unsupported tests 13
Running target unix/-m64
WARNING: obj-c++.dg/lookup-2.mm compilation failed to produce executable
WARNING: obj-c++.dg/try-catch-2.mm compilation failed to produce executable
WARNING: obj-c++.dg/try-catch-9.mm compilation failed to produce executable
=== obj-c++ Summary for unix/-m64 ===
# of expected passes 427
# of expected failures 21
# of unsupported tests 13
=== obj-c++ Summary ===
# of expected passes 865
# of expected failures 31
# of unsupported tests 26
/home/gccbuild/build/nightly/build-gcc-trunk/gcc/testsuite/obj-c++/../../g++ version 4.5.0 20090524 (experimental) [trunk revision 147827] (GCC)
=== objc tests ===
Running target unix/-m32
=== objc Summary for unix/-m32 ===
# of expected passes 1865
# of expected failures 15
# of unsupported tests 24
Running target unix/-m64
=== objc Summary for unix/-m64 ===
# of expected passes 1865
# of expected failures 15
# of unsupported tests 24
=== objc Summary ===
# of expected passes 3730
# of expected failures 30
# of unsupported tests 48
/home/gccbuild/build/nightly/build-gcc-trunk/gcc/xgcc version 4.5.0 20090524 (experimental) [trunk revision 147827] (GCC)
=== libffi tests ===
Running target unix/-m32
=== libffi Summary for unix/-m32 ===
# of expected passes 1389
# of unsupported tests 10
Running target unix/-m64
=== libffi Summary for unix/-m64 ===
# of expected passes 1389
# of unsupported tests 10
=== libffi Summary ===
# of expected passes 2778
# of unsupported tests 20
=== libgomp tests ===
Running target unix/-m32
FAIL: libgomp.c++/task-4.C -O (internal compiler error)
FAIL: libgomp.c++/task-4.C -O (test for excess errors)
WARNING: libgomp.c++/task-4.C -O compilation failed to produce executable
=== libgomp Summary for unix/-m32 ===
# of expected passes 2406
# of unexpected failures 2
Running target unix/-m64
FAIL: libgomp.c++/task-4.C -O (internal compiler error)
FAIL: libgomp.c++/task-4.C -O (test for excess errors)
WARNING: libgomp.c++/task-4.C -O compilation failed to produce executable
=== libgomp Summary for unix/-m64 ===
# of expected passes 2406
# of unexpected failures 2
=== libgomp Summary ===
# of expected passes 4812
# of unexpected failures 4
=== libjava tests ===
Running target unix/-m32
=== libjava Summary for unix/-m32 ===
# of expected passes 2574
Running target unix/-m64
FAIL: getlocalvartable output
=== libjava Summary for unix/-m64 ===
# of expected passes 2573
# of unexpected failures 1
=== libjava Summary ===
# of expected passes 5147
# of unexpected failures 1
=== libmudflap tests ===
Running target unix/-m32
FAIL: libmudflap.c/pass54-frag.c execution test
FAIL: libmudflap.c/pass54-frag.c execution test
FAIL: libmudflap.c/pass54-frag.c (-static) execution test
FAIL: libmudflap.c/pass54-frag.c (-static) execution test
FAIL: libmudflap.c++/pass41-frag.cxx execution test
FAIL: libmudflap.c++/pass41-frag.cxx (-static) execution test
FAIL: libmudflap.c++/pass41-frag.cxx ( -O) execution test
FAIL: libmudflap.c++/pass41-frag.cxx (-O2) execution test
FAIL: libmudflap.c++/pass41-frag.cxx (-O3) execution test
=== libmudflap Summary for unix/-m32 ===
# of expected passes 1885
# of unexpected failures 9
Running target unix/-m64
FAIL: libmudflap.c/pass54-frag.c execution test
FAIL: libmudflap.c/pass54-frag.c execution test
FAIL: libmudflap.c/pass54-frag.c (-static) execution test
FAIL: libmudflap.c/pass54-frag.c (-static) execution test
FAIL: libmudflap.c++/pass41-frag.cxx execution test
FAIL: libmudflap.c++/pass41-frag.cxx (-static) execution test
FAIL: libmudflap.c++/pass41-frag.cxx ( -O) execution test
FAIL: libmudflap.c++/pass41-frag.cxx (-O2) execution test
FAIL: libmudflap.c++/pass41-frag.cxx (-O3) execution test
=== libmudflap Summary for unix/-m64 ===
# of expected passes 1885
# of unexpected failures 9
=== libmudflap Summary ===
# of expected passes 3770
# of unexpected failures 18
=== libstdc++ tests ===
Running target unix/-m32
FAIL: abi_check
XPASS: 26_numerics/headers/cmath/c99_classification_macros_c.cc (test for excess errors)
=== libstdc++ Summary for unix/-m32 ===
# of expected passes 6742
# of unexpected successes 1
# of unexpected failures 1
# of expected failures 82
# of unsupported tests 15
Running target unix/-m64
XPASS: 26_numerics/complex/13450.cc execution test
XPASS: 26_numerics/complex/complex_value.cc execution test
XPASS: 26_numerics/complex/pow.cc execution test
XPASS: 26_numerics/headers/cmath/c99_classification_macros_c.cc (test for excess errors)
=== libstdc++ Summary for unix/-m64 ===
# of expected passes 6740
# of unexpected successes 4
# of expected failures 82
# of unsupported tests 15
=== libstdc++ Summary ===
# of expected passes 13482
# of unexpected failures 1
# of unexpected successes 5
# of expected failures 164
# of unsupported tests 30
Compiler version: 4.5.0 20090524 (experimental) [trunk revision 147827] (GCC)
Platform: powerpc64-unknown-linux-gnu
configure flags: --prefix=/opt/gcc-nightly/trunk-20090524 --build=powerpc64-linux --host=powerpc64-linux --target=powerpc64-linux --with-cpu=default32 --with-as=/opt/gcc-nightly/binutils-2.19/bin/as --with-ld=/opt/gcc-nightly/binutils-2.19/bin/ld --enable-threads=posix --enable-shared --enable-__cxa_atexit --enable-languages=c,c++,fortran,objc,obj-c++,java --with-long-double-128 --enable-secureplt --enable-checking --disable-alsa --with-gmp=/opt/gcc-nightly/gmp-mpfr --with-mpfr=/opt/gcc-nightly/gmp-mpfr
=== Test Framework Summary ===
# of expected passes 2531
More information about the Gcc-testresults
mailing list