Results for 4.5.0 20090516 (experimental) [trunk revision 147610] (Debian 20090516-1) testsuite on ia64-unknown-linux-gnu
Matthias Klose
doko@debian.org
Mon May 18 17:54:00 GMT 2009
LAST_UPDATED: Sat May 16 10:54:24 UTC 2009 (revision 147610)
Target: ia64-linux-gnu
gcc version 4.5.0 20090516 (experimental) [trunk revision 147610] (Debian 20090516-1)
Native configuration is ia64-unknown-linux-gnu
=== g++ tests ===
Running target unix
=== g++ Summary ===
# of expected passes 18604
# of expected failures 136
# of unsupported tests 154
/build/buildd/gcc-snapshot-20090516/build/gcc/testsuite/g++/../../g++ version 4.5.0 20090516 (experimental) [trunk revision 147610] (Debian 20090516-1)
=== gcc tests ===
Running target unix
XPASS: gcc.dg/Warray-bounds.c (test for warnings, line 59)
XPASS: gcc.dg/Warray-bounds.c (test for warnings, line 65)
FAIL: gcc.dg/builtin-apply4.c execution test
FAIL: gcc.dg/pr34989-1.c (internal compiler error)
FAIL: gcc.dg/pr34989-1.c (test for excess errors)
FAIL: gcc.dg/pr37106-1.c (internal compiler error)
FAIL: gcc.dg/pr37106-1.c (test for excess errors)
XPASS: gcc.dg/struct/wo_prof_array_through_pointer.c scan-ipa-dump ipa_struct_reorg "Number of structures to transform is 1"
FAIL: gcc.dg/struct/wo_prof_double_malloc.c (internal compiler error)
FAIL: gcc.dg/struct/wo_prof_double_malloc.c (test for excess errors)
UNRESOLVED: gcc.dg/struct/wo_prof_double_malloc.c compilation failed to produce executable
XPASS: gcc.dg/tree-ssa/loop-1.c scan-assembler-times foo 5
FAIL: gcc.dg/tree-ssa/loop-31.c scan-tree-dump-times optimized " \\+ 2" 1
=== gcc Summary ===
# of expected passes 50373
# of unexpected failures 8
# of unexpected successes 4
# of expected failures 203
# of unresolved testcases 1
# of unsupported tests 498
/build/buildd/gcc-snapshot-20090516/build/gcc/xgcc version 4.5.0 20090516 (experimental) [trunk revision 147610] (Debian 20090516-1)
=== gfortran tests ===
Running target unix
WARNING: program timed out.
FAIL: gfortran.dg/vect/fast-math-pr38968.f90 execution test
=== gfortran Summary ===
# of expected passes 30512
# of unexpected failures 1
# of expected failures 20
# of unsupported tests 29
/build/buildd/gcc-snapshot-20090516/build/gcc/testsuite/gfortran/../../gfortran version 4.5.0 20090516 (experimental) [trunk revision 147610] (Debian 20090516-1)
=== obj-c++ tests ===
Running target unix
UNRESOLVED: obj-c++.dg/lookup-2.mm compilation failed to produce executable
UNRESOLVED: obj-c++.dg/try-catch-2.mm compilation failed to produce executable
UNRESOLVED: obj-c++.dg/try-catch-9.mm compilation failed to produce executable
=== obj-c++ Summary ===
# of expected passes 427
# of expected failures 21
# of unresolved testcases 3
# of unsupported tests 13
/build/buildd/gcc-snapshot-20090516/build/gcc/testsuite/obj-c++/../../g++ version 4.5.0 20090516 (experimental) [trunk revision 147610] (Debian 20090516-1)
=== objc tests ===
Running target unix
=== objc Summary ===
# of expected passes 1863
# of expected failures 15
# of unsupported tests 25
/build/buildd/gcc-snapshot-20090516/build/gcc/xgcc version 4.5.0 20090516 (experimental) [trunk revision 147610] (Debian 20090516-1)
=== libffi tests ===
Running target unix
=== libffi Summary ===
# of expected passes 1389
# of unsupported tests 10
=== libgomp tests ===
Running target unix
FAIL: libgomp.c++/task-4.C -O (internal compiler error)
FAIL: libgomp.c++/task-4.C -O (test for excess errors)
UNRESOLVED: libgomp.c++/task-4.C -O compilation failed to produce executable
=== libgomp Summary ===
# of expected passes 2406
# of unexpected failures 2
# of unresolved testcases 1
=== libjava tests ===
Running target unix
FAIL: TestClosureGC run
FAIL: getlocalvartable output
FAIL: Array_3 execution - source compiled test
FAIL: Array_3 -findirect-dispatch execution - source compiled test
FAIL: Array_3 -O3 execution - source compiled test
FAIL: Array_3 -O3 -findirect-dispatch execution - source compiled test
FAIL: Invoke_1 execution - source compiled test
FAIL: Invoke_1 -findirect-dispatch execution - source compiled test
FAIL: Invoke_1 -O3 execution - source compiled test
FAIL: Invoke_1 -O3 -findirect-dispatch execution - source compiled test
FAIL: Throw_3 -O3 output - source compiled test
FAIL: Throw_3 -O3 -findirect-dispatch output - source compiled test
FAIL: pr83 -findirect-dispatch execution - source compiled test
FAIL: pr83 -O3 -findirect-dispatch execution - source compiled test
FAIL: /build/buildd/gcc-snapshot-20090516/build/ia64-linux-gnu/libjava/testsuite/TestLeak.exe execution - /build/buildd/gcc-snapshot-20090516/build/ia64-linux-gnu/libjava/testsuite/TestLeak.exe
=== libjava Summary ===
# of expected passes 2548
# of unexpected failures 15
# of untested testcases 12
=== libmudflap tests ===
Running target unix
FAIL: libmudflap.c/pass54-frag.c execution test
FAIL: libmudflap.c/pass54-frag.c execution test
FAIL: libmudflap.c/pass54-frag.c (-static) execution test
FAIL: libmudflap.c/pass54-frag.c (-static) execution test
FAIL: libmudflap.c++/pass41-frag.cxx execution test
FAIL: libmudflap.c++/pass41-frag.cxx (-static) execution test
FAIL: libmudflap.c++/pass41-frag.cxx ( -O) execution test
FAIL: libmudflap.c++/pass41-frag.cxx (-O2) execution test
FAIL: libmudflap.c++/pass41-frag.cxx (-O3) execution test
=== libmudflap Summary ===
# of expected passes 1885
# of unexpected failures 9
=== libstdc++ tests ===
Running target unix
XPASS: 26_numerics/headers/cmath/c99_classification_macros_c.cc (test for excess errors)
=== libstdc++ Summary ===
# of expected passes 6107
# of unexpected successes 1
# of expected failures 82
# of unsupported tests 333
Compiler version: 4.5.0 20090516 (experimental) [trunk revision 147610] (Debian 20090516-1)
Platform: ia64-unknown-linux-gnu
configure flags: -v --with-pkgversion='Debian 20090516-1' --with-bugurl=file:///usr/share/doc/gcc-snapshot/README.Bugs --enable-languages=c,c++,java,fortran,objc,obj-c++ --prefix=/usr/lib/gcc-snapshot --enable-shared --enable-multiarch --with-system-zlib --disable-nls --enable-clocale=gnu --enable-libstdcxx-debug --disable-libssp --enable-mpfr --enable-java-awt=gtk --enable-gtk-cairo --disable-plugin --with-java-home=/usr/lib/gcc-snapshot/java-1.5.0-gcj-4.5/jre --enable-java-home --with-jvm-root-dir=/usr/lib/gcc-snapshot/java-1.5.0-gcj-4.5 --with-arch-directory=ia64 --with-ecj-jar=/usr/share/java/eclipse-ecj.jar --enable-objc-gc --with-system-libunwind --disable-werror --build=ia64-linux-gnu --host=ia64-linux-gnu --target=ia64-linux-gnu
BOOT_CFLAGS=
Build Dependencies:
Desired=Unknown/Install/Remove/Purge/Hold
| Status=Not/Inst/Cfg-files/Unpacked/Failed-cfg/Half-inst/trig-aWait/Trig-pend
|/ Err?=(none)/Hold/Reinst-required/X=both-problems (Status,Err: uppercase=bad)
||/ Name Version Description
+++-=======================================-===================-==============================================
ii binutils 2.19.1-1 The GNU assembler, linker and binary utilities
ii libc6.1 2.9-6 GNU C Library: Shared libraries
gcc-ice-hack:
Retry the build on an ice, save the calling options and preprocessed
source when the ice is reproducible.
gcc-ice-apport:
Report an ICE to apport (if apport is available
and the environment variable GCC_NOAPPORT is not set)
libjava-disable-static:
Disable building the static libjava.
libjava-fixed-symlinks:
Remove unneed '..' elements from symlinks in JAVA_HOME
pr39491:
Proposed patch for PR libstdc++/39491.
arm-unbreak-eabi-armv4t:
Fix armv4t build on ARM
Counting all warnings,
there are 0 warnings in stage3 of this bootstrap.
Number of warnings per file:
Number of warning types:
More information about the Gcc-testresults
mailing list