Results for 4.5.0 20090516 (experimental) [trunk revision 147612] (GCC) testsuite on sparc64-unknown-linux-gnu
Laurent GUERBY gcc62
guerby@grobluk.esiee.fr
Sun May 17 08:27:00 GMT 2009
LAST_UPDATED: Sat May 16 12:26:24 UTC 2009 (revision 147612)
=== acats tests ===
FAIL: c97307a
=== acats Summary ===
# of expected passes 2314
# of unexpected failures 1
Native configuration is sparc64-unknown-linux-gnu
=== gcc tests ===
Running target unix/-m32
FAIL: gcc.c-torture/execute/pr38819.c execution, -O2
FAIL: gcc.c-torture/execute/pr38819.c execution, -O3 -fomit-frame-pointer
FAIL: gcc.c-torture/execute/pr38819.c execution, -O3 -fomit-frame-pointer -funroll-loops
FAIL: gcc.c-torture/execute/pr38819.c execution, -O3 -fomit-frame-pointer -funroll-all-loops -finline-functions
FAIL: gcc.c-torture/execute/pr38819.c execution, -O3 -g
FAIL: gcc.dg/20061124-1.c (test for excess errors)
UNRESOLVED: gcc.dg/20061124-1.c compilation failed to produce executable
XPASS: gcc.dg/Warray-bounds.c (test for warnings, line 59)
XPASS: gcc.dg/Warray-bounds.c (test for warnings, line 65)
FAIL: gcc.dg/pr34989-1.c (internal compiler error)
FAIL: gcc.dg/pr34989-1.c (test for excess errors)
XPASS: gcc.dg/struct/wo_prof_array_through_pointer.c scan-ipa-dump ipa_struct_reorg "Number of structures to transform is 1"
FAIL: gcc.dg/struct/wo_prof_double_malloc.c (internal compiler error)
FAIL: gcc.dg/struct/wo_prof_double_malloc.c (test for excess errors)
UNRESOLVED: gcc.dg/struct/wo_prof_double_malloc.c compilation failed to produce executable
FAIL: gcc.dg/torture/pr26565.c -O1 execution test
FAIL: gcc.dg/torture/pr26565.c -O2 execution test
FAIL: gcc.dg/torture/pr26565.c -O3 -fomit-frame-pointer execution test
FAIL: gcc.dg/torture/pr26565.c -O3 -g execution test
FAIL: gcc.dg/torture/pr26565.c -Os execution test
FAIL: gcc.dg/vect/vect-multitypes-12.c scan-tree-dump-times vect "vectorized 1 loops" 1
FAIL: gcc.dg/vect/vect-multitypes-5.c scan-tree-dump-times vect "vectorized 1 loops" 1
FAIL: gcc.dg/vect/vect-multitypes-6.c scan-tree-dump-times vect "vectorized 1 loops" 1
FAIL: gcc.dg/vect/slp-multitypes-2.c execution test
FAIL: gcc.dg/vect/slp-multitypes-3.c scan-tree-dump-times vect "vectorized 1 loops" 1
FAIL: gcc.dg/vect/slp-multitypes-3.c scan-tree-dump-times vect "vectorizing stmts using SLP" 2
=== gcc Summary for unix/-m32 ===
# of expected passes 51019
# of unexpected successes 3
# of unexpected failures 21
# of expected failures 179
# of unresolved testcases 2
# of unsupported tests 644
Running target unix/-m64
XPASS: gcc.dg/Warray-bounds.c (test for warnings, line 59)
XPASS: gcc.dg/Warray-bounds.c (test for warnings, line 65)
FAIL: gcc.dg/pr34989-1.c (internal compiler error)
FAIL: gcc.dg/pr34989-1.c (test for excess errors)
XPASS: gcc.dg/struct/wo_prof_array_through_pointer.c scan-ipa-dump ipa_struct_reorg "Number of structures to transform is 1"
FAIL: gcc.dg/struct/wo_prof_double_malloc.c (internal compiler error)
FAIL: gcc.dg/struct/wo_prof_double_malloc.c (test for excess errors)
UNRESOLVED: gcc.dg/struct/wo_prof_double_malloc.c compilation failed to produce executable
FAIL: gcc.dg/torture/pr26565.c -O1 execution test
FAIL: gcc.dg/torture/pr26565.c -O2 execution test
FAIL: gcc.dg/torture/pr26565.c -O3 -fomit-frame-pointer execution test
FAIL: gcc.dg/torture/pr26565.c -O3 -g execution test
FAIL: gcc.dg/torture/pr26565.c -Os execution test
FAIL: gcc.dg/tree-ssa/gen-vect-11c.c scan-tree-dump-times vect "vectorized 0 loops" 1
FAIL: gcc.misc-tests/linkage.c link
=== gcc Summary for unix/-m64 ===
# of expected passes 51028
# of unexpected successes 3
# of unexpected failures 11
# of expected failures 180
# of unresolved testcases 1
# of unsupported tests 643
=== gcc Summary ===
# of expected passes 102047
# of unexpected failures 32
# of unexpected successes 6
# of expected failures 359
# of unresolved testcases 3
# of unsupported tests 1287
/home/guerby/build/gcc/xgcc version 4.5.0 20090516 (experimental) [trunk revision 147612] (GCC)
=== gnat tests ===
Running target unix/-m32
=== gnat Summary for unix/-m32 ===
# of expected passes 635
# of expected failures 6
Running target unix/-m64
WARNING: program timed out.
FAIL: gnat.dg/curr_task.adb execution test
WARNING: program timed out.
FAIL: gnat.dg/interface2.adb execution test
WARNING: program timed out.
FAIL: gnat.dg/requeue1.adb execution test
WARNING: program timed out.
FAIL: gnat.dg/task_stack_align.adb execution test
WARNING: program timed out.
FAIL: gnat.dg/test_image.adb execution test
WARNING: program timed out.
FAIL: gnat.dg/test_prio.adb execution test
=== gnat Summary for unix/-m64 ===
# of expected passes 629
# of unexpected failures 6
# of expected failures 6
=== gnat Summary ===
# of expected passes 1264
# of unexpected failures 6
# of expected failures 12
=== libgomp tests ===
Running target unix/-m32
=== libgomp Summary for unix/-m32 ===
# of expected passes 260
Running target unix/-m64
=== libgomp Summary for unix/-m64 ===
# of expected passes 260
=== libgomp Summary ===
# of expected passes 520
=== libmudflap tests ===
Running target unix/-m32
FAIL: libmudflap.c/pass54-frag.c execution test
FAIL: libmudflap.c/pass54-frag.c execution test
WARNING: program timed out.
FAIL: libmudflap.cth/pass39-frag.c (rerun 8) execution test
FAIL: libmudflap.cth/pass39-frag.c (rerun 8) output pattern test
=== libmudflap Summary for unix/-m32 ===
# of expected passes 1736
# of unexpected failures 4
# of unsupported tests 2
Running target unix/-m64
FAIL: libmudflap.c/pass54-frag.c execution test
FAIL: libmudflap.c/pass54-frag.c execution test
=== libmudflap Summary for unix/-m64 ===
# of expected passes 1738
# of unexpected failures 2
# of unsupported tests 2
=== libmudflap Summary ===
# of expected passes 3474
# of unexpected failures 6
# of unsupported tests 4
Compiler version: 4.5.0 20090516 (experimental) [trunk revision 147612] (GCC)
Platform: sparc64-unknown-linux-gnu
configure flags: --enable-languages=c,ada -prefix=/n/62/guerby/install-trunk-147608 --enable-__cxa_atexit --enable-threads=posix --disable-nls --with-mpfr=/opt/cfarm/mpfr-2.4.1 --with-gmp=/opt/cfarm/gmp-4.2.4 --disable-werror --with-cpu=v8
More information about the Gcc-testresults
mailing list