Results for 4.5.0 20090504 (experimental) [lto revision 147604] (lto merged with rev 147098) testsuite on i686-pc-linux-gnu
H.J. Lu ia32
hjl@gnu-3.sc.intel.com
Sat May 16 05:42:00 GMT 2009
LAST_UPDATED: Sat May 16 03:12:01 UTC 2009 (revision 147604)
Native configuration is i686-pc-linux-gnu
=== g++ tests ===
Running target unix
FAIL: g++.dg/inherit/thunk1.C (test for excess errors)
WARNING: g++.dg/inherit/thunk1.C compilation failed to produce executable
FAIL: g++.dg/lto/20081109 cp_lto_20081109_0.o-cp_lto_20081109_1.o execute -O0 -fwhopr
FAIL: g++.dg/lto/20081109 cp_lto_20081109_0.o-cp_lto_20081109_1.o execute -O2 -fwhopr
FAIL: g++.dg/pch/array-1.C -O2 -flto assembly comparison
FAIL: g++.dg/pch/empty.C -O2 -flto assembly comparison
FAIL: g++.dg/pch/local-1.C -O2 -flto assembly comparison
FAIL: g++.dg/pch/pch.C -O2 -flto assembly comparison
FAIL: g++.dg/pch/static-1.C -O2 -flto assembly comparison
FAIL: g++.dg/pch/system-1.C -O2 -flto assembly comparison
FAIL: g++.dg/pch/system-2.C -O2 -flto assembly comparison
FAIL: g++.dg/pch/template-1.C -O2 -flto assembly comparison
FAIL: g++.dg/pch/uninst.C -O2 -flto assembly comparison
FAIL: g++.dg/torture/stackalign/eh-vararg-2.C -O1 -flto execution test
FAIL: g++.dg/torture/stackalign/eh-vararg-2.C -O2 -flto execution test
FAIL: g++.dg/torture/stackalign/eh-vararg-2.C -O2 -fwhopr execution test
FAIL: g++.dg/torture/stackalign/eh-vararg-2.C -O3 -flto -fomit-frame-pointer execution test
FAIL: g++.dg/torture/stackalign/eh-vararg-2.C -Os -flto execution test
FAIL: g++.dg/torture/stackalign/throw-1.C -O1 -flto execution test
FAIL: g++.dg/torture/stackalign/throw-1.C -O2 -flto execution test
FAIL: g++.dg/torture/stackalign/throw-1.C -O2 -fwhopr execution test
FAIL: g++.dg/torture/stackalign/throw-1.C -Os -flto execution test
FAIL: g++.dg/torture/stackalign/unwind-3.C -O1 -flto execution test
FAIL: g++.dg/torture/stackalign/unwind-3.C -O2 -flto execution test
FAIL: g++.dg/torture/stackalign/unwind-3.C -O2 -fwhopr execution test
FAIL: g++.dg/torture/stackalign/unwind-3.C -Os -flto execution test
FAIL: g++.dg/torture/stackalign/unwind-5.C -O1 -flto execution test
FAIL: g++.dg/torture/stackalign/unwind-5.C -O2 -flto execution test
FAIL: g++.dg/torture/stackalign/unwind-5.C -O2 -fwhopr execution test
FAIL: g++.dg/torture/stackalign/unwind-5.C -O3 -flto -fomit-frame-pointer execution test
FAIL: g++.dg/torture/stackalign/unwind-5.C -Os -flto execution test
FAIL: g++.dg/torture/stackalign/unwind-6.C -O1 -flto execution test
FAIL: g++.dg/torture/stackalign/unwind-6.C -O2 -flto execution test
FAIL: g++.dg/torture/stackalign/unwind-6.C -O2 -fwhopr execution test
FAIL: g++.dg/torture/stackalign/unwind-6.C -O3 -flto -fomit-frame-pointer execution test
FAIL: g++.dg/torture/stackalign/unwind-6.C -Os -flto execution test
FAIL: g++.old-deja/g++.jason/thunk3.C (test for excess errors)
WARNING: g++.old-deja/g++.jason/thunk3.C compilation failed to produce executable
=== g++ Summary ===
# of expected passes 20876
# of unexpected failures 36
# of expected failures 140
# of unsupported tests 101
/export/gnu/import/svn/gcc-test/bld/gcc/testsuite/g++/../../g++ version 4.5.0 20090504 (experimental) [lto revision 147604] (lto merged with rev 147098)
=== gcc tests ===
Running target unix
FAIL: gcc.c-torture/execute/builtins/memops-asm.c execution, -O0 -flto
FAIL: gcc.c-torture/execute/builtins/memops-asm.c execution, -O0 -fwhopr
FAIL: gcc.c-torture/execute/builtins/memops-asm.c execution, -O1 -flto
FAIL: gcc.c-torture/execute/builtins/memops-asm.c execution, -O2 -flto
FAIL: gcc.c-torture/execute/builtins/memops-asm.c execution, -O2 -fwhopr
FAIL: gcc.c-torture/execute/builtins/memops-asm.c execution, -O3 -flto -fomit-frame-pointer
FAIL: gcc.c-torture/execute/builtins/mempcpy.c execution, -O3 -flto -fomit-frame-pointer
FAIL: gcc.c-torture/execute/builtins/strcat.c execution, -O3 -flto -fomit-frame-pointer
FAIL: gcc.c-torture/execute/builtins/strcat.c execution, -O3 -flto -fomit-frame-pointer -funroll-loops
FAIL: gcc.c-torture/execute/builtins/strcat.c execution, -O3 -flto -fomit-frame-pointer -funroll-all-loops -finline-functions
FAIL: gcc.c-torture/execute/builtins/strcpy-2.c execution, -O3 -flto -fomit-frame-pointer
FAIL: gcc.c-torture/execute/builtins/strcpy-2.c execution, -O3 -flto -fomit-frame-pointer -funroll-loops
FAIL: gcc.c-torture/execute/builtins/strcpy-2.c execution, -O3 -flto -fomit-frame-pointer -funroll-all-loops -finline-functions
FAIL: gcc.c-torture/execute/builtins/strlen-2.c execution, -O3 -flto -fomit-frame-pointer
FAIL: gcc.c-torture/execute/builtins/strlen-3.c execution, -O3 -flto -fomit-frame-pointer
FAIL: gcc.c-torture/execute/builtins/strlen-3.c execution, -O3 -flto -fomit-frame-pointer -funroll-loops
FAIL: gcc.c-torture/execute/builtins/strlen-3.c execution, -O3 -flto -fomit-frame-pointer -funroll-all-loops -finline-functions
FAIL: gcc.c-torture/execute/builtins/strncpy.c execution, -O3 -flto -fomit-frame-pointer
FAIL: gcc.c-torture/execute/builtins/strpcpy.c execution, -O3 -flto -fomit-frame-pointer
FAIL: gcc.c-torture/execute/builtins/strstr-asm.c execution, -O0 -flto
FAIL: gcc.c-torture/execute/builtins/strstr-asm.c execution, -O0 -fwhopr
FAIL: gcc.c-torture/execute/20020412-1.c execution, -O0 -flto
FAIL: gcc.c-torture/execute/20020412-1.c execution, -O0 -fwhopr
FAIL: gcc.c-torture/execute/20020412-1.c execution, -O1 -flto
FAIL: gcc.c-torture/execute/20020412-1.c execution, -O2 -flto
FAIL: gcc.c-torture/execute/20020412-1.c execution, -O2 -fwhopr
FAIL: gcc.c-torture/execute/20020412-1.c execution, -O3 -flto -fomit-frame-pointer
FAIL: gcc.c-torture/execute/20020412-1.c execution, -O3 -flto -fomit-frame-pointer -funroll-loops
FAIL: gcc.c-torture/execute/20020412-1.c execution, -O3 -flto -fomit-frame-pointer -funroll-all-loops -finline-functions
FAIL: gcc.c-torture/execute/20020412-1.c execution, -Os -flto
FAIL: gcc.c-torture/execute/20041214-1.c compilation, -O1 -flto (internal compiler error)
UNRESOLVED: gcc.c-torture/execute/20041214-1.c execution, -O1 -flto
FAIL: gcc.c-torture/execute/20041214-1.c compilation, -O2 -flto (internal compiler error)
UNRESOLVED: gcc.c-torture/execute/20041214-1.c execution, -O2 -flto
FAIL: gcc.c-torture/execute/20041214-1.c compilation, -O2 -fwhopr (internal compiler error)
UNRESOLVED: gcc.c-torture/execute/20041214-1.c execution, -O2 -fwhopr
FAIL: gcc.c-torture/execute/20041214-1.c compilation, -O3 -flto -fomit-frame-pointer (internal compiler error)
UNRESOLVED: gcc.c-torture/execute/20041214-1.c execution, -O3 -flto -fomit-frame-pointer
FAIL: gcc.c-torture/execute/20041214-1.c compilation, -O3 -flto -fomit-frame-pointer -funroll-loops (internal compiler error)
UNRESOLVED: gcc.c-torture/execute/20041214-1.c execution, -O3 -flto -fomit-frame-pointer -funroll-loops
FAIL: gcc.c-torture/execute/20041214-1.c compilation, -O3 -flto -fomit-frame-pointer -funroll-all-loops -finline-functions (internal compiler error)
UNRESOLVED: gcc.c-torture/execute/20041214-1.c execution, -O3 -flto -fomit-frame-pointer -funroll-all-loops -finline-functions
FAIL: gcc.c-torture/execute/20041214-1.c compilation, -Os -flto (internal compiler error)
UNRESOLVED: gcc.c-torture/execute/20041214-1.c execution, -Os -flto
FAIL: gcc.c-torture/execute/pr22061-4.c compilation, -O0 -flto (internal compiler error)
UNRESOLVED: gcc.c-torture/execute/pr22061-4.c execution, -O0 -flto
FAIL: gcc.c-torture/execute/pr22061-4.c compilation, -O0 -fwhopr (internal compiler error)
UNRESOLVED: gcc.c-torture/execute/pr22061-4.c execution, -O0 -fwhopr
FAIL: gcc.c-torture/execute/pr22061-4.c compilation, -O1 -flto (internal compiler error)
UNRESOLVED: gcc.c-torture/execute/pr22061-4.c execution, -O1 -flto
FAIL: gcc.dg/autopar/parallelization-1.c scan-tree-dump-times optimized "loopfn" 5
FAIL: gcc.dg/debug/pr35154.c scan-assembler .stabs.*i_inner:V
FAIL: gcc.dg/debug/pr39412.c -gdwarf-21 -flto (internal compiler error)
FAIL: gcc.dg/debug/pr39412.c -gdwarf-21 -flto (test for excess errors)
FAIL: gcc.dg/debug/pr39412.c -gdwarf-2 -flto (internal compiler error)
FAIL: gcc.dg/debug/pr39412.c -gdwarf-2 -flto (test for excess errors)
FAIL: gcc.dg/debug/pr39412.c -gdwarf-23 -flto (internal compiler error)
FAIL: gcc.dg/debug/pr39412.c -gdwarf-23 -flto (test for excess errors)
FAIL: gcc.dg/debug/pr39412.c -gstabs1 -flto (internal compiler error)
FAIL: gcc.dg/debug/pr39412.c -gstabs1 -flto (test for excess errors)
FAIL: gcc.dg/debug/pr39412.c -gstabs -flto (internal compiler error)
FAIL: gcc.dg/debug/pr39412.c -gstabs -flto (test for excess errors)
FAIL: gcc.dg/debug/pr39412.c -gstabs3 -flto (internal compiler error)
FAIL: gcc.dg/debug/pr39412.c -gstabs3 -flto (test for excess errors)
FAIL: gcc.dg/debug/pr39412.c -gstabs+1 -flto (internal compiler error)
FAIL: gcc.dg/debug/pr39412.c -gstabs+1 -flto (test for excess errors)
FAIL: gcc.dg/debug/pr39412.c -gstabs+ -flto (internal compiler error)
FAIL: gcc.dg/debug/pr39412.c -gstabs+ -flto (test for excess errors)
FAIL: gcc.dg/debug/pr39412.c -gstabs+3 -flto (internal compiler error)
FAIL: gcc.dg/debug/pr39412.c -gstabs+3 -flto (test for excess errors)
XPASS: gcc.dg/Warray-bounds.c (test for warnings, line 59)
XPASS: gcc.dg/Warray-bounds.c (test for warnings, line 65)
FAIL: gcc.dg/pr34989-1.c (internal compiler error)
FAIL: gcc.dg/pr34989-1.c (test for excess errors)
FAIL: gcc.dg/visibility-7.c (test for warnings, line 8)
FAIL: gcc.dg/visibility-7.c (test for excess errors)
FAIL: gcc.dg/lto/20090116 c_lto_20090116_0.o-c_lto_20090116_0.o link, (internal compiler error)
UNRESOLVED: gcc.dg/lto/20090116 c_lto_20090116_0.o-c_lto_20090116_0.o execute -O1 -fwhopr -fPIC
FAIL: gcc.dg/lto/20090120 c_lto_20090120_0.o-c_lto_20090120_0.o link, (internal compiler error)
UNRESOLVED: gcc.dg/lto/20090120 c_lto_20090120_0.o-c_lto_20090120_0.o execute -flto -funsigned-char
FAIL: gcc.dg/matrix/matrix-1.c scan-ipa-dump-times matrix-reorg "Flattened 3 dimensions" 1: dump file does not exist
FAIL: gcc.dg/matrix/matrix-2.c scan-ipa-dump-times matrix-reorg "Flattened 2 dimensions" 1: dump file does not exist
FAIL: gcc.dg/matrix/matrix-5.c scan-ipa-dump-times matrix-reorg "Flattened" 0: dump file does not exist
FAIL: gcc.dg/matrix/matrix-6.c scan-ipa-dump-times matrix-reorg "Flattened 2 dimensions" 1: dump file does not exist
FAIL: gcc.dg/pch/counter-1.c -O0 -flto assembly comparison
FAIL: gcc.dg/pch/counter-1.c -O0 -fwhopr assembly comparison
FAIL: gcc.dg/pch/counter-1.c -O1 -flto assembly comparison
FAIL: gcc.dg/pch/counter-1.c -O2 -flto assembly comparison
FAIL: gcc.dg/pch/counter-1.c -O2 -fwhopr assembly comparison
FAIL: gcc.dg/pch/counter-1.c -O3 -flto -fomit-frame-pointer assembly comparison
FAIL: gcc.dg/pch/counter-1.c -Os -flto assembly comparison
FAIL: gcc.dg/pch/counter-3.c -O0 -flto assembly comparison
FAIL: gcc.dg/pch/counter-3.c -O0 -fwhopr assembly comparison
FAIL: gcc.dg/pch/counter-3.c -O1 -flto assembly comparison
FAIL: gcc.dg/pch/counter-3.c -O2 -flto assembly comparison
FAIL: gcc.dg/pch/counter-3.c -O2 -fwhopr assembly comparison
FAIL: gcc.dg/pch/counter-3.c -O3 -flto -fomit-frame-pointer assembly comparison
FAIL: gcc.dg/pch/counter-3.c -Os -flto assembly comparison
FAIL: gcc.dg/pch/cpp-3.c -O0 -flto assembly comparison
FAIL: gcc.dg/pch/cpp-3.c -O0 -fwhopr assembly comparison
FAIL: gcc.dg/pch/cpp-3.c -O1 -flto assembly comparison
FAIL: gcc.dg/pch/cpp-3.c -O2 -flto assembly comparison
FAIL: gcc.dg/pch/cpp-3.c -O2 -fwhopr assembly comparison
FAIL: gcc.dg/pch/cpp-3.c -O3 -flto -fomit-frame-pointer assembly comparison
FAIL: gcc.dg/pch/cpp-3.c -Os -flto assembly comparison
FAIL: gcc.dg/pch/decl-1.c -O0 -flto assembly comparison
FAIL: gcc.dg/pch/decl-1.c -O0 -fwhopr assembly comparison
FAIL: gcc.dg/pch/decl-1.c -O1 -flto assembly comparison
FAIL: gcc.dg/pch/decl-1.c -O2 -flto assembly comparison
FAIL: gcc.dg/pch/decl-1.c -O2 -fwhopr assembly comparison
FAIL: gcc.dg/pch/decl-1.c -O3 -flto -fomit-frame-pointer assembly comparison
FAIL: gcc.dg/pch/decl-1.c -Os -flto assembly comparison
FAIL: gcc.dg/pch/decl-2.c -O0 -flto assembly comparison
FAIL: gcc.dg/pch/decl-2.c -O0 -fwhopr assembly comparison
FAIL: gcc.dg/pch/decl-2.c -O1 -flto assembly comparison
FAIL: gcc.dg/pch/decl-2.c -O2 -flto assembly comparison
FAIL: gcc.dg/pch/decl-2.c -O2 -fwhopr assembly comparison
FAIL: gcc.dg/pch/decl-2.c -O3 -flto -fomit-frame-pointer assembly comparison
FAIL: gcc.dg/pch/decl-2.c -Os -flto assembly comparison
FAIL: gcc.dg/pch/decl-3.c -O0 -flto assembly comparison
FAIL: gcc.dg/pch/decl-3.c -O0 -fwhopr assembly comparison
FAIL: gcc.dg/pch/decl-3.c -O1 -flto assembly comparison
FAIL: gcc.dg/pch/decl-3.c -O2 -flto assembly comparison
FAIL: gcc.dg/pch/decl-3.c -O2 -fwhopr assembly comparison
FAIL: gcc.dg/pch/decl-3.c -O3 -flto -fomit-frame-pointer assembly comparison
FAIL: gcc.dg/pch/decl-3.c -Os -flto assembly comparison
FAIL: gcc.dg/pch/decl-4.c -O0 -flto assembly comparison
FAIL: gcc.dg/pch/decl-4.c -O0 -fwhopr assembly comparison
FAIL: gcc.dg/pch/decl-4.c -O1 -flto assembly comparison
FAIL: gcc.dg/pch/decl-4.c -O2 -flto assembly comparison
FAIL: gcc.dg/pch/decl-4.c -O2 -fwhopr assembly comparison
FAIL: gcc.dg/pch/decl-4.c -O3 -flto -fomit-frame-pointer assembly comparison
FAIL: gcc.dg/pch/decl-4.c -Os -flto assembly comparison
FAIL: gcc.dg/pch/empty.c -O0 -flto assembly comparison
FAIL: gcc.dg/pch/empty.c -O0 -fwhopr assembly comparison
FAIL: gcc.dg/pch/empty.c -O1 -flto assembly comparison
FAIL: gcc.dg/pch/empty.c -O2 -flto assembly comparison
FAIL: gcc.dg/pch/empty.c -O2 -fwhopr assembly comparison
FAIL: gcc.dg/pch/empty.c -O3 -flto -fomit-frame-pointer assembly comparison
FAIL: gcc.dg/pch/empty.c -Os -flto assembly comparison
FAIL: gcc.dg/pch/except-1.c -O0 -flto assembly comparison
FAIL: gcc.dg/pch/except-1.c -O0 -fwhopr assembly comparison
FAIL: gcc.dg/pch/except-1.c -O1 -flto assembly comparison
FAIL: gcc.dg/pch/except-1.c -O2 -flto assembly comparison
FAIL: gcc.dg/pch/except-1.c -O2 -fwhopr assembly comparison
FAIL: gcc.dg/pch/except-1.c -O3 -flto -fomit-frame-pointer assembly comparison
FAIL: gcc.dg/pch/except-1.c -Os -flto assembly comparison
FAIL: gcc.dg/pch/import-2.c -O0 -flto assembly comparison
FAIL: gcc.dg/pch/import-2.c -O0 -fwhopr assembly comparison
FAIL: gcc.dg/pch/import-2.c -O1 -flto assembly comparison
FAIL: gcc.dg/pch/import-2.c -O2 -flto assembly comparison
FAIL: gcc.dg/pch/import-2.c -O2 -fwhopr assembly comparison
FAIL: gcc.dg/pch/import-2.c -O3 -flto -fomit-frame-pointer assembly comparison
FAIL: gcc.dg/pch/import-2.c -Os -flto assembly comparison
FAIL: gcc.dg/pch/inline-1.c -O0 -flto assembly comparison
FAIL: gcc.dg/pch/inline-1.c -O0 -fwhopr assembly comparison
FAIL: gcc.dg/pch/inline-1.c -O1 -flto assembly comparison
FAIL: gcc.dg/pch/inline-1.c -O2 -flto assembly comparison
FAIL: gcc.dg/pch/inline-1.c -O2 -fwhopr assembly comparison
FAIL: gcc.dg/pch/inline-1.c -O3 -flto -fomit-frame-pointer assembly comparison
FAIL: gcc.dg/pch/inline-1.c -Os -flto assembly comparison
FAIL: gcc.dg/pch/inline-3.c -O0 -flto assembly comparison
FAIL: gcc.dg/pch/inline-3.c -O0 -fwhopr assembly comparison
FAIL: gcc.dg/pch/inline-3.c -O1 -flto assembly comparison
FAIL: gcc.dg/pch/inline-3.c -O2 -flto assembly comparison
FAIL: gcc.dg/pch/inline-3.c -O2 -fwhopr assembly comparison
FAIL: gcc.dg/pch/inline-3.c -O3 -flto -fomit-frame-pointer assembly comparison
FAIL: gcc.dg/pch/inline-3.c -Os -flto assembly comparison
FAIL: gcc.dg/pch/inline-4.c -O0 -flto assembly comparison
FAIL: gcc.dg/pch/inline-4.c -O0 -fwhopr assembly comparison
FAIL: gcc.dg/pch/inline-4.c -O1 -flto assembly comparison
FAIL: gcc.dg/pch/inline-4.c -O2 -flto assembly comparison
FAIL: gcc.dg/pch/inline-4.c -O2 -fwhopr assembly comparison
FAIL: gcc.dg/pch/inline-4.c -O3 -flto -fomit-frame-pointer assembly comparison
FAIL: gcc.dg/pch/inline-4.c -Os -flto assembly comparison
FAIL: gcc.dg/pch/macro-1.c -O0 -flto assembly comparison
FAIL: gcc.dg/pch/macro-1.c -O0 -fwhopr assembly comparison
FAIL: gcc.dg/pch/macro-1.c -O1 -flto assembly comparison
FAIL: gcc.dg/pch/macro-1.c -O2 -flto assembly comparison
FAIL: gcc.dg/pch/macro-1.c -O2 -fwhopr assembly comparison
FAIL: gcc.dg/pch/macro-1.c -O3 -flto -fomit-frame-pointer assembly comparison
FAIL: gcc.dg/pch/macro-1.c -Os -flto assembly comparison
FAIL: gcc.dg/pch/macro-2.c -O0 -flto assembly comparison
FAIL: gcc.dg/pch/macro-2.c -O0 -fwhopr assembly comparison
FAIL: gcc.dg/pch/macro-2.c -O1 -flto assembly comparison
FAIL: gcc.dg/pch/macro-2.c -O2 -flto assembly comparison
FAIL: gcc.dg/pch/macro-2.c -O2 -fwhopr assembly comparison
FAIL: gcc.dg/pch/macro-2.c -O3 -flto -fomit-frame-pointer assembly comparison
FAIL: gcc.dg/pch/macro-2.c -Os -flto assembly comparison
FAIL: gcc.dg/pch/macro-3.c -O0 -flto assembly comparison
FAIL: gcc.dg/pch/macro-3.c -O0 -fwhopr assembly comparison
FAIL: gcc.dg/pch/macro-3.c -O1 -flto assembly comparison
FAIL: gcc.dg/pch/macro-3.c -O2 -flto assembly comparison
FAIL: gcc.dg/pch/macro-3.c -O2 -fwhopr assembly comparison
FAIL: gcc.dg/pch/macro-3.c -O3 -flto -fomit-frame-pointer assembly comparison
FAIL: gcc.dg/pch/macro-3.c -Os -flto assembly comparison
FAIL: gcc.dg/pch/macro-4.c -O0 -flto assembly comparison
FAIL: gcc.dg/pch/macro-4.c -O0 -fwhopr assembly comparison
FAIL: gcc.dg/pch/macro-4.c -O1 -flto assembly comparison
FAIL: gcc.dg/pch/macro-4.c -O2 -flto assembly comparison
FAIL: gcc.dg/pch/macro-4.c -O2 -fwhopr assembly comparison
FAIL: gcc.dg/pch/macro-4.c -O3 -flto -fomit-frame-pointer assembly comparison
FAIL: gcc.dg/pch/macro-4.c -Os -flto assembly comparison
FAIL: gcc.dg/pch/save-temps-1.c -O0 -flto assembly comparison
FAIL: gcc.dg/pch/save-temps-1.c -O0 -fwhopr assembly comparison
FAIL: gcc.dg/pch/save-temps-1.c -O1 -flto assembly comparison
FAIL: gcc.dg/pch/save-temps-1.c -O2 -flto assembly comparison
FAIL: gcc.dg/pch/save-temps-1.c -O2 -fwhopr assembly comparison
FAIL: gcc.dg/pch/save-temps-1.c -O3 -flto -fomit-frame-pointer assembly comparison
FAIL: gcc.dg/pch/save-temps-1.c -Os -flto assembly comparison
FAIL: gcc.dg/pch/static-1.c -O0 -flto assembly comparison
FAIL: gcc.dg/pch/static-1.c -O0 -fwhopr assembly comparison
FAIL: gcc.dg/pch/static-2.c -O0 -flto assembly comparison
FAIL: gcc.dg/pch/static-2.c -O0 -fwhopr assembly comparison
FAIL: gcc.dg/pch/static-2.c -O1 -flto assembly comparison
FAIL: gcc.dg/pch/static-2.c -O2 -flto assembly comparison
FAIL: gcc.dg/pch/static-2.c -O2 -fwhopr assembly comparison
FAIL: gcc.dg/pch/static-2.c -O3 -flto -fomit-frame-pointer assembly comparison
FAIL: gcc.dg/pch/static-2.c -Os -flto assembly comparison
FAIL: gcc.dg/pch/static-3.c -O0 -flto assembly comparison
FAIL: gcc.dg/pch/static-3.c -O0 -fwhopr assembly comparison
FAIL: gcc.dg/pch/static-3.c -O1 -flto assembly comparison
FAIL: gcc.dg/pch/static-3.c -O2 -flto assembly comparison
FAIL: gcc.dg/pch/static-3.c -O2 -fwhopr assembly comparison
FAIL: gcc.dg/pch/static-3.c -O3 -flto -fomit-frame-pointer assembly comparison
FAIL: gcc.dg/pch/static-3.c -Os -flto assembly comparison
FAIL: gcc.dg/pch/struct-1.c -O0 -flto assembly comparison
FAIL: gcc.dg/pch/struct-1.c -O0 -fwhopr assembly comparison
FAIL: gcc.dg/pch/struct-1.c -O1 -flto assembly comparison
FAIL: gcc.dg/pch/struct-1.c -O2 -flto assembly comparison
FAIL: gcc.dg/pch/struct-1.c -O2 -fwhopr assembly comparison
FAIL: gcc.dg/pch/struct-1.c -O3 -flto -fomit-frame-pointer assembly comparison
FAIL: gcc.dg/pch/struct-1.c -Os -flto assembly comparison
FAIL: gcc.dg/pch/system-1.c -O0 -flto assembly comparison
FAIL: gcc.dg/pch/system-1.c -O0 -fwhopr assembly comparison
FAIL: gcc.dg/pch/system-1.c -O1 -flto assembly comparison
FAIL: gcc.dg/pch/system-1.c -O2 -flto assembly comparison
FAIL: gcc.dg/pch/system-1.c -O2 -fwhopr assembly comparison
FAIL: gcc.dg/pch/system-1.c -O3 -flto -fomit-frame-pointer assembly comparison
FAIL: gcc.dg/pch/system-1.c -Os -flto assembly comparison
FAIL: gcc.dg/pch/valid-1b.c -O0 -flto assembly comparison
FAIL: gcc.dg/pch/valid-1b.c -O0 -fwhopr assembly comparison
FAIL: gcc.dg/pch/valid-1b.c -O1 -flto assembly comparison
FAIL: gcc.dg/pch/valid-1b.c -O2 -flto assembly comparison
FAIL: gcc.dg/pch/valid-1b.c -O2 -fwhopr assembly comparison
FAIL: gcc.dg/pch/valid-1b.c -O3 -flto -fomit-frame-pointer assembly comparison
FAIL: gcc.dg/pch/valid-1b.c -Os -flto assembly comparison
FAIL: gcc.dg/struct/wo_prof_array_field.c scan-ipa-dump ipa_struct_reorg "Number of structures to transform is 1": dump file does not exist
FAIL: gcc.dg/struct/wo_prof_double_malloc.c (internal compiler error)
FAIL: gcc.dg/struct/wo_prof_double_malloc.c (test for excess errors)
WARNING: gcc.dg/struct/wo_prof_double_malloc.c compilation failed to produce executable
FAIL: gcc.dg/struct/wo_prof_double_malloc.c scan-ipa-dump ipa_struct_reorg "Number of structures to transform is 1": dump file does not exist
FAIL: gcc.dg/struct/wo_prof_escape_str_init.c scan-ipa-dump ipa_struct_reorg "is initialized...Excluded": dump file does not exist
FAIL: gcc.dg/struct/wo_prof_escape_substr_array.c scan-ipa-dump ipa_struct_reorg "is a field in the structure": dump file does not exist
FAIL: gcc.dg/struct/wo_prof_escape_substr_pointer.c scan-ipa-dump ipa_struct_reorg "is a field in the structure": dump file does not exist
FAIL: gcc.dg/struct/wo_prof_escape_substr_value.c scan-ipa-dump ipa_struct_reorg "is a field in the structure": dump file does not exist
FAIL: gcc.dg/struct/wo_prof_global_array.c scan-ipa-dump ipa_struct_reorg "Number of structures to transform is 1": dump file does not exist
FAIL: gcc.dg/struct/wo_prof_global_var.c scan-ipa-dump ipa_struct_reorg "Number of structures to transform is 1": dump file does not exist
FAIL: gcc.dg/struct/wo_prof_local_array.c scan-ipa-dump ipa_struct_reorg "Number of structures to transform is 1": dump file does not exist
FAIL: gcc.dg/struct/wo_prof_local_var.c scan-ipa-dump ipa_struct_reorg "Number of structures to transform is 1": dump file does not exist
FAIL: gcc.dg/struct/wo_prof_malloc_size_var.c scan-ipa-dump ipa_struct_reorg "Number of structures to transform is 1": dump file does not exist
FAIL: gcc.dg/struct/wo_prof_single_str_global.c scan-ipa-dump ipa_struct_reorg "Number of structures to transform is 1": dump file does not exist
FAIL: gcc.dg/struct/wo_prof_single_str_local.c scan-ipa-dump ipa_struct_reorg "No structures to transform": dump file does not exist
FAIL: gcc.dg/struct/wo_prof_two_strs.c scan-ipa-dump ipa_struct_reorg "Number of structures to transform is 2": dump file does not exist
FAIL: gcc.dg/torture/ssa-pta-fn-1.c -O3 -flto -fomit-frame-pointer execution test
FAIL: gcc.dg/torture/stackalign/comp-goto-1.c -O0 -flto execution test
FAIL: gcc.dg/torture/stackalign/comp-goto-1.c -O0 -fwhopr execution test
FAIL: gcc.dg/torture/stackalign/nested-3.c -O0 -flto execution test
FAIL: gcc.dg/torture/stackalign/nested-3.c -O0 -fwhopr execution test
FAIL: gcc.dg/torture/stackalign/non-local-goto-4.c -O0 -flto execution test
FAIL: gcc.dg/torture/stackalign/non-local-goto-4.c -O0 -fwhopr execution test
FAIL: gcc.dg/torture/stackalign/regparm-1.c -Os -flto execution test
FAIL: gcc.dg/torture/stackalign/comp-goto-1.c -O0 -flto execution test
FAIL: gcc.dg/torture/stackalign/comp-goto-1.c -O0 -fwhopr execution test
FAIL: gcc.dg/torture/stackalign/comp-goto-1.c -O1 -flto execution test
FAIL: gcc.dg/torture/stackalign/nested-3.c -O0 -flto execution test
FAIL: gcc.dg/torture/stackalign/nested-3.c -O0 -fwhopr execution test
FAIL: gcc.dg/torture/stackalign/nested-3.c -O1 -flto execution test
FAIL: gcc.dg/torture/stackalign/nested-3.c -O2 -flto execution test
FAIL: gcc.dg/torture/stackalign/nested-3.c -O2 -fwhopr execution test
FAIL: gcc.dg/torture/stackalign/nested-3.c -O3 -flto -fomit-frame-pointer execution test
FAIL: gcc.dg/torture/stackalign/non-local-goto-4.c -O0 -flto execution test
FAIL: gcc.dg/torture/stackalign/non-local-goto-4.c -O0 -fwhopr execution test
FAIL: gcc.dg/torture/stackalign/non-local-goto-4.c -O1 -flto execution test
FAIL: gcc.dg/torture/stackalign/regparm-1.c -Os -flto execution test
FAIL: gcc.dg/torture/stackalign/comp-goto-1.c -O0 -flto execution test
FAIL: gcc.dg/torture/stackalign/comp-goto-1.c -O0 -fwhopr execution test
FAIL: gcc.dg/torture/stackalign/nested-1.c -O0 -flto execution test
FAIL: gcc.dg/torture/stackalign/nested-1.c -O0 -fwhopr execution test
FAIL: gcc.dg/torture/stackalign/nested-2.c -O0 -flto execution test
FAIL: gcc.dg/torture/stackalign/nested-2.c -O0 -fwhopr execution test
FAIL: gcc.dg/torture/stackalign/nested-3.c -O0 -flto execution test
FAIL: gcc.dg/torture/stackalign/nested-3.c -O0 -fwhopr execution test
FAIL: gcc.dg/torture/stackalign/non-local-goto-4.c -O0 -flto execution test
FAIL: gcc.dg/torture/stackalign/non-local-goto-4.c -O0 -fwhopr execution test
FAIL: gcc.dg/torture/stackalign/regparm-1.c -O0 -flto execution test
FAIL: gcc.dg/torture/stackalign/regparm-1.c -O0 -fwhopr execution test
FAIL: gcc.dg/torture/stackalign/regparm-1.c -O1 -flto execution test
FAIL: gcc.dg/torture/stackalign/regparm-1.c -O2 -flto execution test
FAIL: gcc.dg/torture/stackalign/regparm-1.c -O2 -fwhopr execution test
FAIL: gcc.dg/torture/stackalign/regparm-1.c -Os -flto execution test
FAIL: gcc.dg/torture/stackalign/comp-goto-1.c -O0 -flto execution test
FAIL: gcc.dg/torture/stackalign/comp-goto-1.c -O0 -fwhopr execution test
FAIL: gcc.dg/torture/stackalign/comp-goto-1.c -O1 -flto execution test
FAIL: gcc.dg/torture/stackalign/nested-1.c -O0 -flto execution test
FAIL: gcc.dg/torture/stackalign/nested-1.c -O0 -fwhopr execution test
FAIL: gcc.dg/torture/stackalign/nested-2.c -O0 -flto execution test
FAIL: gcc.dg/torture/stackalign/nested-2.c -O0 -fwhopr execution test
FAIL: gcc.dg/torture/stackalign/nested-2.c -O1 -flto execution test
FAIL: gcc.dg/torture/stackalign/nested-2.c -O2 -flto execution test
FAIL: gcc.dg/torture/stackalign/nested-2.c -O2 -fwhopr execution test
FAIL: gcc.dg/torture/stackalign/nested-2.c -O3 -flto -fomit-frame-pointer execution test
FAIL: gcc.dg/torture/stackalign/nested-3.c -O0 -flto execution test
FAIL: gcc.dg/torture/stackalign/nested-3.c -O0 -fwhopr execution test
FAIL: gcc.dg/torture/stackalign/nested-3.c -O1 -flto execution test
FAIL: gcc.dg/torture/stackalign/nested-3.c -O2 -flto execution test
FAIL: gcc.dg/torture/stackalign/nested-3.c -O2 -fwhopr execution test
FAIL: gcc.dg/torture/stackalign/nested-3.c -O3 -flto -fomit-frame-pointer execution test
FAIL: gcc.dg/torture/stackalign/non-local-goto-4.c -O0 -flto execution test
FAIL: gcc.dg/torture/stackalign/non-local-goto-4.c -O0 -fwhopr execution test
FAIL: gcc.dg/torture/stackalign/non-local-goto-4.c -O1 -flto execution test
FAIL: gcc.dg/torture/stackalign/regparm-1.c -O0 -flto execution test
FAIL: gcc.dg/torture/stackalign/regparm-1.c -O0 -fwhopr execution test
FAIL: gcc.dg/torture/stackalign/regparm-1.c -O1 -flto execution test
FAIL: gcc.dg/torture/stackalign/regparm-1.c -O2 -flto execution test
FAIL: gcc.dg/torture/stackalign/regparm-1.c -O2 -fwhopr execution test
FAIL: gcc.dg/torture/stackalign/regparm-1.c -O3 -flto -fomit-frame-pointer execution test
FAIL: gcc.dg/torture/stackalign/regparm-1.c -Os -flto execution test
FAIL: gcc.dg/tree-ssa/pr27236.c scan-tree-dump-times optimized "foo_read" 5
FAIL: gcc.dg/tree-ssa/tailrecursion-5.c scan-tree-dump-times optimized "\\msum\\M" 4
FAIL: gcc.dg/tree-ssa/tailrecursion-5.c scan-tree-dump-times optimized "\\mfac\\M" 4
FAIL: gcc.dg/tree-ssa/tailrecursion-5.c scan-tree-dump-times optimized "\\msq_sum\\M" 4
FAIL: gcc.dg/tree-ssa/tailrecursion-5.c scan-tree-dump-times optimized "\\mpow2m1\\M" 4
FAIL: gcc.dg/tree-ssa/tailrecursion-5.c scan-tree-dump-times optimized "\\mfib\\M" 5
=== gcc Summary ===
# of expected passes 68104
# of unexpected failures 319
# of unexpected successes 2
# of expected failures 146
# of unresolved testcases 12
# of unsupported tests 487
/export/gnu/import/svn/gcc-test/bld/gcc/xgcc version 4.5.0 20090504 (experimental) [lto revision 147604] (lto merged with rev 147098)
=== libgomp tests ===
Running target unix
FAIL: libgomp.c++/task-4.C -O (internal compiler error)
FAIL: libgomp.c++/task-4.C -O (test for excess errors)
WARNING: libgomp.c++/task-4.C -O compilation failed to produce executable
=== libgomp Summary ===
# of expected passes 1181
# of unexpected failures 2
=== libmudflap tests ===
Running target unix
FAIL: libmudflap.c++/fail24-frag.cxx (test for excess errors)
WARNING: libmudflap.c++/fail24-frag.cxx compilation failed to produce executable
FAIL: libmudflap.c++/pass27-frag.cxx (test for excess errors)
WARNING: libmudflap.c++/pass27-frag.cxx compilation failed to produce executable
FAIL: libmudflap.c++/pass28-frag.cxx (test for excess errors)
WARNING: libmudflap.c++/pass28-frag.cxx compilation failed to produce executable
FAIL: libmudflap.c++/pass31-frag.cxx (test for excess errors)
WARNING: libmudflap.c++/pass31-frag.cxx compilation failed to produce executable
FAIL: libmudflap.c++/pass41-frag.cxx (test for excess errors)
WARNING: libmudflap.c++/pass41-frag.cxx compilation failed to produce executable
FAIL: libmudflap.c++/pass55-frag.cxx (test for excess errors)
WARNING: libmudflap.c++/pass55-frag.cxx compilation failed to produce executable
FAIL: libmudflap.c++/pass57-frag.cxx (test for excess errors)
WARNING: libmudflap.c++/pass57-frag.cxx compilation failed to produce executable
FAIL: libmudflap.c++/pass58-frag.cxx (test for excess errors)
WARNING: libmudflap.c++/pass58-frag.cxx compilation failed to produce executable
FAIL: libmudflap.c++/pass60-frag.cxx (test for excess errors)
WARNING: libmudflap.c++/pass60-frag.cxx compilation failed to produce executable
FAIL: libmudflap.c++/fail24-frag.cxx ( -O) (test for excess errors)
WARNING: libmudflap.c++/fail24-frag.cxx ( -O) compilation failed to produce executable
FAIL: libmudflap.c++/pass27-frag.cxx ( -O) (test for excess errors)
WARNING: libmudflap.c++/pass27-frag.cxx ( -O) compilation failed to produce executable
FAIL: libmudflap.c++/pass28-frag.cxx ( -O) (test for excess errors)
WARNING: libmudflap.c++/pass28-frag.cxx ( -O) compilation failed to produce executable
FAIL: libmudflap.c++/pass31-frag.cxx ( -O) (test for excess errors)
WARNING: libmudflap.c++/pass31-frag.cxx ( -O) compilation failed to produce executable
FAIL: libmudflap.c++/pass41-frag.cxx ( -O) (test for excess errors)
WARNING: libmudflap.c++/pass41-frag.cxx ( -O) compilation failed to produce executable
FAIL: libmudflap.c++/pass55-frag.cxx ( -O) (test for excess errors)
WARNING: libmudflap.c++/pass55-frag.cxx ( -O) compilation failed to produce executable
FAIL: libmudflap.c++/pass57-frag.cxx ( -O) (test for excess errors)
WARNING: libmudflap.c++/pass57-frag.cxx ( -O) compilation failed to produce executable
FAIL: libmudflap.c++/pass58-frag.cxx ( -O) (test for excess errors)
WARNING: libmudflap.c++/pass58-frag.cxx ( -O) compilation failed to produce executable
FAIL: libmudflap.c++/pass60-frag.cxx ( -O) (test for excess errors)
WARNING: libmudflap.c++/pass60-frag.cxx ( -O) compilation failed to produce executable
FAIL: libmudflap.c++/fail24-frag.cxx (-O2) (test for excess errors)
WARNING: libmudflap.c++/fail24-frag.cxx (-O2) compilation failed to produce executable
FAIL: libmudflap.c++/pass27-frag.cxx (-O2) (test for excess errors)
WARNING: libmudflap.c++/pass27-frag.cxx (-O2) compilation failed to produce executable
FAIL: libmudflap.c++/pass28-frag.cxx (-O2) (test for excess errors)
WARNING: libmudflap.c++/pass28-frag.cxx (-O2) compilation failed to produce executable
FAIL: libmudflap.c++/pass31-frag.cxx (-O2) (test for excess errors)
WARNING: libmudflap.c++/pass31-frag.cxx (-O2) compilation failed to produce executable
FAIL: libmudflap.c++/pass41-frag.cxx (-O2) (test for excess errors)
WARNING: libmudflap.c++/pass41-frag.cxx (-O2) compilation failed to produce executable
FAIL: libmudflap.c++/pass55-frag.cxx (-O2) (test for excess errors)
WARNING: libmudflap.c++/pass55-frag.cxx (-O2) compilation failed to produce executable
FAIL: libmudflap.c++/pass57-frag.cxx (-O2) (test for excess errors)
WARNING: libmudflap.c++/pass57-frag.cxx (-O2) compilation failed to produce executable
FAIL: libmudflap.c++/pass58-frag.cxx (-O2) (test for excess errors)
WARNING: libmudflap.c++/pass58-frag.cxx (-O2) compilation failed to produce executable
FAIL: libmudflap.c++/pass60-frag.cxx (-O2) (test for excess errors)
WARNING: libmudflap.c++/pass60-frag.cxx (-O2) compilation failed to produce executable
FAIL: libmudflap.c++/fail24-frag.cxx (-O3) (test for excess errors)
WARNING: libmudflap.c++/fail24-frag.cxx (-O3) compilation failed to produce executable
FAIL: libmudflap.c++/pass27-frag.cxx (-O3) (test for excess errors)
WARNING: libmudflap.c++/pass27-frag.cxx (-O3) compilation failed to produce executable
FAIL: libmudflap.c++/pass28-frag.cxx (-O3) (test for excess errors)
WARNING: libmudflap.c++/pass28-frag.cxx (-O3) compilation failed to produce executable
FAIL: libmudflap.c++/pass31-frag.cxx (-O3) (test for excess errors)
WARNING: libmudflap.c++/pass31-frag.cxx (-O3) compilation failed to produce executable
FAIL: libmudflap.c++/pass41-frag.cxx (-O3) (test for excess errors)
WARNING: libmudflap.c++/pass41-frag.cxx (-O3) compilation failed to produce executable
FAIL: libmudflap.c++/pass55-frag.cxx (-O3) (test for excess errors)
WARNING: libmudflap.c++/pass55-frag.cxx (-O3) compilation failed to produce executable
FAIL: libmudflap.c++/pass57-frag.cxx (-O3) (test for excess errors)
WARNING: libmudflap.c++/pass57-frag.cxx (-O3) compilation failed to produce executable
FAIL: libmudflap.c++/pass58-frag.cxx (-O3) (test for excess errors)
WARNING: libmudflap.c++/pass58-frag.cxx (-O3) compilation failed to produce executable
FAIL: libmudflap.c++/pass60-frag.cxx (-O3) (test for excess errors)
WARNING: libmudflap.c++/pass60-frag.cxx (-O3) compilation failed to produce executable
FAIL: ctors-12 linkage
FAIL: ctors-21 linkage
WARNING: program timed out.
FAIL: ctors-12 execution
WARNING: program timed out.
FAIL: ctors-21 execution
FAIL: ctors-12 linkage -O2
FAIL: ctors-21 linkage -O2
WARNING: program timed out.
FAIL: ctors-12 execution -O2
WARNING: program timed out.
FAIL: ctors-21 execution -O2
FAIL: ctors-12 linkage -O3
FAIL: ctors-21 linkage -O3
WARNING: program timed out.
FAIL: ctors-12 execution -O3
WARNING: program timed out.
FAIL: ctors-21 execution -O3
FAIL: libmudflap.cth/pass39-frag.c (rerun 11) execution test
FAIL: libmudflap.cth/pass39-frag.c (rerun 11) output pattern test
=== libmudflap Summary ===
# of expected passes 1772
# of unexpected failures 50
=== libstdc++ tests ===
Running target unix
FAIL: 20_util/make_signed/requirements/typedefs-2.cc (test for excess errors)
WARNING: 20_util/make_signed/requirements/typedefs-2.cc compilation failed to produce executable
FAIL: 20_util/make_unsigned/requirements/typedefs-2.cc (test for excess errors)
WARNING: 20_util/make_unsigned/requirements/typedefs-2.cc compilation failed to produce executable
FAIL: 21_strings/basic_string/numeric_conversions/char/stod.cc execution test
FAIL: 21_strings/basic_string/numeric_conversions/char/stof.cc execution test
FAIL: 21_strings/basic_string/numeric_conversions/char/stold.cc execution test
FAIL: 22_locale/locale/cons/12352.cc execution test
FAIL: 22_locale/money_put/put/char/4.cc (test for excess errors)
WARNING: 22_locale/money_put/put/char/4.cc compilation failed to produce executable
FAIL: 22_locale/money_put/put/wchar_t/4.cc (test for excess errors)
WARNING: 22_locale/money_put/put/wchar_t/4.cc compilation failed to produce executable
FAIL: 22_locale/num_put/put/char/4.cc (test for excess errors)
WARNING: 22_locale/num_put/put/char/4.cc compilation failed to produce executable
FAIL: 22_locale/num_put/put/char/wrapped_env.cc (test for excess errors)
WARNING: 22_locale/num_put/put/char/wrapped_env.cc compilation failed to produce executable
FAIL: 22_locale/num_put/put/char/wrapped_locale.cc (test for excess errors)
WARNING: 22_locale/num_put/put/char/wrapped_locale.cc compilation failed to produce executable
FAIL: 22_locale/num_put/put/wchar_t/4.cc (test for excess errors)
WARNING: 22_locale/num_put/put/wchar_t/4.cc compilation failed to produce executable
FAIL: 22_locale/num_put/put/wchar_t/wrapped_env.cc (test for excess errors)
WARNING: 22_locale/num_put/put/wchar_t/wrapped_env.cc compilation failed to produce executable
FAIL: 22_locale/num_put/put/wchar_t/wrapped_locale.cc (test for excess errors)
WARNING: 22_locale/num_put/put/wchar_t/wrapped_locale.cc compilation failed to produce executable
FAIL: 23_containers/deque/capacity/29134-2.cc execution test
FAIL: 23_containers/vector/bool/modifiers/insert/31370.cc execution test
FAIL: 23_containers/vector/cons/4.cc execution test
FAIL: 23_containers/vector/ext_pointer/modifiers/insert.cc execution test
XPASS: 26_numerics/headers/cmath/c99_classification_macros_c.cc (test for excess errors)
FAIL: 27_io/basic_filebuf/overflow/char/13858.cc execution test
FAIL: 27_io/basic_filebuf/overflow/wchar_t/13858.cc execution test
FAIL: 27_io/basic_filebuf/sync/char/9182-1.cc execution test
FAIL: 27_io/basic_ios/exceptions/char/2.cc execution test
FAIL: 27_io/basic_istream/exceptions/char/9561.cc execution test
FAIL: ext/enc_filebuf/char/13189.cc execution test
FAIL: ext/enc_filebuf/wchar_t/13189.cc execution test
FAIL: ext/pb_ds/regression/hash_data_map_rand.cc execution test
FAIL: ext/pb_ds/regression/hash_no_data_map_rand.cc execution test
FAIL: ext/pb_ds/regression/priority_queue_rand.cc execution test
FAIL: ext/pb_ds/regression/tree_data_map_rand.cc execution test
FAIL: ext/pb_ds/regression/tree_no_data_map_rand.cc execution test
FAIL: ext/pb_ds/regression/trie_data_map_rand.cc execution test
FAIL: ext/pb_ds/regression/trie_no_data_map_rand.cc execution test
FAIL: ext/throw_allocator/check_deallocate_null.cc execution test
=== libstdc++ Summary ===
# of expected passes 6679
# of unexpected failures 33
# of unexpected successes 1
# of expected failures 82
# of unsupported tests 18
Compiler version: 4.5.0 20090504 (experimental) [lto revision 147604] (lto merged with rev 147098)
Platform: i686-pc-linux-gnu
configure flags: --enable-clocale=gnu --with-system-zlib --enable-shared --with-demangler-in-ld --enable-languages=c,c++,lto
More information about the Gcc-testresults
mailing list