Results for 4.5.0 20090505 (experimental) [trunk revision 147115] (GCC) testsuite on hppa2.0w-hp-hpux11.11
John David Anglin
dave@hiauly3.hia.nrc.ca
Wed May 6 02:32:00 GMT 2009
LAST_UPDATED: Tue May 5 02:42:16 UTC 2009 (revision 147115)
=== acats tests ===
FAIL: c954a01
FAIL: c9a011b
=== acats Summary ===
# of expected passes 2313
# of unexpected failures 2
Native configuration is hppa2.0w-hp-hpux11.11
=== g++ tests ===
Running target unix
=== g++ Summary ===
# of expected passes 18107
# of expected failures 142
# of unsupported tests 247
/test/gnu/gcc/objdir/gcc/testsuite/g++/../../g++ version 4.5.0 20090505 (experimental) [trunk revision 147115] (GCC)
=== gcc tests ===
Running target unix
XPASS: gcc.dg/Warray-bounds.c (test for warnings, line 59)
XPASS: gcc.dg/Warray-bounds.c (test for warnings, line 65)
FAIL: gcc.dg/pr34989-1.c (internal compiler error)
FAIL: gcc.dg/pr34989-1.c (test for excess errors)
FAIL: gcc.dg/ucnid-11.c (test for excess errors)
FAIL: gcc.dg/ucnid-12.c (test for excess errors)
XPASS: gcc.dg/struct/wo_prof_array_through_pointer.c scan-ipa-dump ipa_struct_reorg "Number of structures to transform is 1"
FAIL: gcc.dg/struct/wo_prof_double_malloc.c (internal compiler error)
FAIL: gcc.dg/struct/wo_prof_double_malloc.c (test for excess errors)
WARNING: gcc.dg/struct/wo_prof_double_malloc.c compilation failed to produce executable
FAIL: gcc.dg/torture/pr26565.c -O1 execution test
FAIL: gcc.dg/torture/pr26565.c -O2 execution test
FAIL: gcc.dg/torture/pr26565.c -O3 -fomit-frame-pointer execution test
FAIL: gcc.dg/torture/pr26565.c -O3 -g execution test
FAIL: gcc.dg/torture/pr26565.c -Os execution test
ERROR: tcl error sourcing /test/gnu/gcc/gcc/gcc/testsuite/gcc.misc-tests/help.exp.
ERROR: syntax error in expression "\$pattern ne """
=== gcc Summary ===
# of expected passes 49437
# of unexpected failures 11
# of unexpected successes 3
# of expected failures 72
# of unsupported tests 641
/test/gnu/gcc/objdir/gcc/xgcc version 4.5.0 20090505 (experimental) [trunk revision 147115] (GCC)
=== gfortran tests ===
Running target unix
=== gfortran Summary ===
# of expected passes 29257
# of expected failures 11
# of unsupported tests 262
/test/gnu/gcc/objdir/gcc/testsuite/gfortran/../../gfortran version 4.5.0 20090505 (experimental) [trunk revision 147115] (GCC)
=== gnat tests ===
Running target unix
=== gnat Summary ===
# of expected passes 635
# of expected failures 6
=== obj-c++ tests ===
Running target unix
WARNING: obj-c++.dg/lookup-2.mm compilation failed to produce executable
WARNING: obj-c++.dg/try-catch-2.mm compilation failed to produce executable
WARNING: obj-c++.dg/try-catch-9.mm compilation failed to produce executable
=== obj-c++ Summary ===
# of expected passes 436
# of expected failures 10
# of unsupported tests 14
/test/gnu/gcc/objdir/gcc/testsuite/obj-c++/../../g++ version 4.5.0 20090505 (experimental) [trunk revision 147115] (GCC)
=== objc tests ===
Running target unix
=== objc Summary ===
# of expected passes 1859
# of expected failures 15
# of unsupported tests 27
/test/gnu/gcc/objdir/gcc/xgcc version 4.5.0 20090505 (experimental) [trunk revision 147115] (GCC)
=== libffi tests ===
Running target unix
=== libffi Summary ===
# of expected passes 1389
# of unsupported tests 10
=== libgomp tests ===
Running target unix
FAIL: libgomp.c++/task-4.C -O (internal compiler error)
FAIL: libgomp.c++/task-4.C -O (test for excess errors)
WARNING: libgomp.c++/task-4.C -O compilation failed to produce executable
=== libgomp Summary ===
# of expected passes 2388
# of unexpected failures 2
# of unsupported tests 9
=== libjava tests ===
Running target unix
FAIL: LargeFile execution - source compiled test
FAIL: LargeFile -findirect-dispatch execution - source compiled test
FAIL: LargeFile -O3 execution - source compiled test
FAIL: LargeFile -O3 -findirect-dispatch execution - source compiled test
=== libjava Summary ===
# of expected passes 2566
# of unexpected failures 4
# of untested testcases 4
=== libstdc++ tests ===
Running target unix
=== libstdc++ Summary ===
# of expected passes 5784
# of expected failures 80
# of unsupported tests 490
Compiler version: 4.5.0 20090505 (experimental) [trunk revision 147115] (GCC)
Platform: hppa2.0w-hp-hpux11.11
configure flags: --with-gnu-as --with-as=/opt/gnu/bin/as --enable-shared --with-local-prefix=/opt/gnu --prefix=/opt/gnu/gcc/gcc-4.5.0 --with-gmp=/opt/gnu/gcc/gcc-4.5.0 --enable-threads=posix --enable-debug=no --disable-nls --without-cloog --without-ppl --enable-languages=c,c++,objc,fortran,java,ada,obj-c++
More information about the Gcc-testresults
mailing list