Results for 4.5.0 20090423 (experimental) (lto merged with rev 146652) testsuite on i686-pc-linux-gnu
Diego Novillo
dnovillo@google.com
Fri May 1 12:11:00 GMT 2009
LAST_UPDATED:
Native configuration is i686-pc-linux-gnu
=== g++ tests ===
Running target unix
FAIL: g++.dg/inherit/thunk1.C (test for excess errors)
WARNING: g++.dg/inherit/thunk1.C compilation failed to produce executable
FAIL: g++.dg/pch/array-1.C -O2 -flto assembly comparison
FAIL: g++.dg/pch/empty.C -O2 -flto assembly comparison
FAIL: g++.dg/pch/local-1.C -O2 -flto assembly comparison
FAIL: g++.dg/pch/pch.C -O2 -flto assembly comparison
FAIL: g++.dg/pch/static-1.C -O2 -flto assembly comparison
FAIL: g++.dg/pch/system-1.C -O2 -flto assembly comparison
FAIL: g++.dg/pch/system-2.C -O2 -flto assembly comparison
FAIL: g++.dg/pch/template-1.C -O2 -flto assembly comparison
FAIL: g++.dg/pch/uninst.C -O2 -flto assembly comparison
FAIL: g++.dg/torture/stackalign/eh-vararg-2.C -O1 -flto execution test
FAIL: g++.dg/torture/stackalign/eh-vararg-2.C -O2 -flto execution test
FAIL: g++.dg/torture/stackalign/eh-vararg-2.C -O2 -fwhopr execution test
FAIL: g++.dg/torture/stackalign/eh-vararg-2.C -O3 -flto -fomit-frame-pointer execution test
FAIL: g++.dg/torture/stackalign/eh-vararg-2.C -Os -flto execution test
FAIL: g++.dg/torture/stackalign/throw-1.C -O1 -flto execution test
FAIL: g++.dg/torture/stackalign/throw-1.C -O2 -flto execution test
FAIL: g++.dg/torture/stackalign/throw-1.C -O2 -fwhopr execution test
FAIL: g++.dg/torture/stackalign/throw-1.C -Os -flto execution test
FAIL: g++.dg/torture/stackalign/unwind-3.C -O1 -flto execution test
FAIL: g++.dg/torture/stackalign/unwind-3.C -O2 -flto execution test
FAIL: g++.dg/torture/stackalign/unwind-3.C -O2 -fwhopr execution test
FAIL: g++.dg/torture/stackalign/unwind-3.C -Os -flto execution test
FAIL: g++.dg/torture/stackalign/unwind-5.C -O1 -flto execution test
FAIL: g++.dg/torture/stackalign/unwind-5.C -O2 -flto execution test
FAIL: g++.dg/torture/stackalign/unwind-5.C -O2 -fwhopr execution test
FAIL: g++.dg/torture/stackalign/unwind-5.C -O3 -flto -fomit-frame-pointer execution test
FAIL: g++.dg/torture/stackalign/unwind-5.C -Os -flto execution test
FAIL: g++.dg/torture/stackalign/unwind-6.C -O1 -flto execution test
FAIL: g++.dg/torture/stackalign/unwind-6.C -O2 -flto execution test
FAIL: g++.dg/torture/stackalign/unwind-6.C -O2 -fwhopr execution test
FAIL: g++.dg/torture/stackalign/unwind-6.C -O3 -flto -fomit-frame-pointer execution test
FAIL: g++.dg/torture/stackalign/unwind-6.C -Os -flto execution test
FAIL: g++.old-deja/g++.jason/thunk3.C (test for excess errors)
WARNING: g++.old-deja/g++.jason/thunk3.C compilation failed to produce executable
=== g++ Summary ===
# of expected passes 20862
# of unexpected failures 34
# of expected failures 140
# of unsupported tests 102
/usr/local/google/dnovillo/perf/sbox/lto/local.x86_64/bld/gcc/testsuite/g++/../../g++ version 4.5.0 20090423 (experimental) (lto merged with rev 146652)
=== gcc tests ===
Running target unix
FAIL: gcc.c-torture/compile/920428-4.c -O0 -flto (internal compiler error)
FAIL: gcc.c-torture/compile/920428-4.c -O0 -flto (test for excess errors)
FAIL: gcc.c-torture/compile/920428-4.c -O0 -fwhopr (internal compiler error)
FAIL: gcc.c-torture/compile/920428-4.c -O0 -fwhopr (test for excess errors)
FAIL: gcc.c-torture/execute/builtins/memcpy-chk.c execution, -O3 -flto -fomit-frame-pointer
FAIL: gcc.c-torture/execute/builtins/memcpy-chk.c execution, -O3 -flto -fomit-frame-pointer -funroll-loops
FAIL: gcc.c-torture/execute/builtins/memcpy-chk.c execution, -O3 -flto -fomit-frame-pointer -funroll-all-loops -finline-functions
FAIL: gcc.c-torture/execute/builtins/memmove-chk.c execution, -O3 -flto -fomit-frame-pointer
FAIL: gcc.c-torture/execute/builtins/memmove-chk.c execution, -O3 -flto -fomit-frame-pointer -funroll-loops
FAIL: gcc.c-torture/execute/builtins/memmove-chk.c execution, -O3 -flto -fomit-frame-pointer -funroll-all-loops -finline-functions
FAIL: gcc.c-torture/execute/builtins/memops-asm.c execution, -O1 -flto
FAIL: gcc.c-torture/execute/builtins/memops-asm.c execution, -O2 -flto
FAIL: gcc.c-torture/execute/builtins/memops-asm.c execution, -O2 -fwhopr
FAIL: gcc.c-torture/execute/builtins/memops-asm.c execution, -O3 -flto -fomit-frame-pointer
FAIL: gcc.c-torture/execute/builtins/mempcpy-chk.c execution, -O3 -flto -fomit-frame-pointer
FAIL: gcc.c-torture/execute/builtins/mempcpy-chk.c execution, -O3 -flto -fomit-frame-pointer -funroll-loops
FAIL: gcc.c-torture/execute/builtins/mempcpy-chk.c execution, -O3 -flto -fomit-frame-pointer -funroll-all-loops -finline-functions
FAIL: gcc.c-torture/execute/builtins/mempcpy.c execution, -O3 -flto -fomit-frame-pointer
FAIL: gcc.c-torture/execute/builtins/memset-chk.c execution, -O3 -flto -fomit-frame-pointer
FAIL: gcc.c-torture/execute/builtins/memset-chk.c execution, -O3 -flto -fomit-frame-pointer -funroll-loops
FAIL: gcc.c-torture/execute/builtins/memset-chk.c execution, -O3 -flto -fomit-frame-pointer -funroll-all-loops -finline-functions
FAIL: gcc.c-torture/execute/builtins/pr23484-chk.c execution, -O3 -flto -fomit-frame-pointer
FAIL: gcc.c-torture/execute/builtins/snprintf-chk.c execution, -O3 -flto -fomit-frame-pointer
FAIL: gcc.c-torture/execute/builtins/snprintf-chk.c execution, -O3 -flto -fomit-frame-pointer -funroll-loops
FAIL: gcc.c-torture/execute/builtins/snprintf-chk.c execution, -O3 -flto -fomit-frame-pointer -funroll-all-loops -finline-functions
FAIL: gcc.c-torture/execute/builtins/stpcpy-chk.c execution, -O3 -flto -fomit-frame-pointer
FAIL: gcc.c-torture/execute/builtins/stpcpy-chk.c execution, -O3 -flto -fomit-frame-pointer -funroll-loops
FAIL: gcc.c-torture/execute/builtins/stpcpy-chk.c execution, -O3 -flto -fomit-frame-pointer -funroll-all-loops -finline-functions
FAIL: gcc.c-torture/execute/builtins/strcat-chk.c execution, -O3 -flto -fomit-frame-pointer
FAIL: gcc.c-torture/execute/builtins/strcat-chk.c execution, -O3 -flto -fomit-frame-pointer -funroll-loops
FAIL: gcc.c-torture/execute/builtins/strcat-chk.c execution, -O3 -flto -fomit-frame-pointer -funroll-all-loops -finline-functions
FAIL: gcc.c-torture/execute/builtins/strcat.c execution, -O3 -flto -fomit-frame-pointer
FAIL: gcc.c-torture/execute/builtins/strcat.c execution, -O3 -flto -fomit-frame-pointer -funroll-loops
FAIL: gcc.c-torture/execute/builtins/strcat.c execution, -O3 -flto -fomit-frame-pointer -funroll-all-loops -finline-functions
FAIL: gcc.c-torture/execute/builtins/strcpy-2.c execution, -O3 -flto -fomit-frame-pointer
FAIL: gcc.c-torture/execute/builtins/strcpy-2.c execution, -O3 -flto -fomit-frame-pointer -funroll-loops
FAIL: gcc.c-torture/execute/builtins/strcpy-2.c execution, -O3 -flto -fomit-frame-pointer -funroll-all-loops -finline-functions
FAIL: gcc.c-torture/execute/builtins/strcpy-chk.c execution, -O3 -flto -fomit-frame-pointer
FAIL: gcc.c-torture/execute/builtins/strcpy-chk.c execution, -O3 -flto -fomit-frame-pointer -funroll-loops
FAIL: gcc.c-torture/execute/builtins/strcpy-chk.c execution, -O3 -flto -fomit-frame-pointer -funroll-all-loops -finline-functions
FAIL: gcc.c-torture/execute/builtins/strlen-2.c execution, -O3 -flto -fomit-frame-pointer
FAIL: gcc.c-torture/execute/builtins/strlen-3.c execution, -O3 -flto -fomit-frame-pointer
FAIL: gcc.c-torture/execute/builtins/strlen-3.c execution, -O3 -flto -fomit-frame-pointer -funroll-loops
FAIL: gcc.c-torture/execute/builtins/strlen-3.c execution, -O3 -flto -fomit-frame-pointer -funroll-all-loops -finline-functions
FAIL: gcc.c-torture/execute/builtins/strncat-chk.c execution, -O3 -flto -fomit-frame-pointer
FAIL: gcc.c-torture/execute/builtins/strncat-chk.c execution, -O3 -flto -fomit-frame-pointer -funroll-loops
FAIL: gcc.c-torture/execute/builtins/strncat-chk.c execution, -O3 -flto -fomit-frame-pointer -funroll-all-loops -finline-functions
FAIL: gcc.c-torture/execute/builtins/strncpy-chk.c execution, -O3 -flto -fomit-frame-pointer
FAIL: gcc.c-torture/execute/builtins/strncpy-chk.c execution, -O3 -flto -fomit-frame-pointer -funroll-loops
FAIL: gcc.c-torture/execute/builtins/strncpy-chk.c execution, -O3 -flto -fomit-frame-pointer -funroll-all-loops -finline-functions
FAIL: gcc.c-torture/execute/builtins/strncpy.c execution, -O3 -flto -fomit-frame-pointer
FAIL: gcc.c-torture/execute/builtins/strpcpy.c execution, -O3 -flto -fomit-frame-pointer
FAIL: gcc.c-torture/execute/builtins/vsnprintf-chk.c execution, -O3 -flto -fomit-frame-pointer
FAIL: gcc.c-torture/execute/builtins/vsnprintf-chk.c execution, -O3 -flto -fomit-frame-pointer -funroll-loops
FAIL: gcc.c-torture/execute/builtins/vsnprintf-chk.c execution, -O3 -flto -fomit-frame-pointer -funroll-all-loops -finline-functions
FAIL: gcc.c-torture/execute/builtins/vsprintf-chk.c execution, -O3 -flto -fomit-frame-pointer
FAIL: gcc.c-torture/execute/builtins/vsprintf-chk.c execution, -O3 -flto -fomit-frame-pointer -funroll-loops
FAIL: gcc.c-torture/execute/builtins/vsprintf-chk.c execution, -O3 -flto -fomit-frame-pointer -funroll-all-loops -finline-functions
FAIL: gcc.c-torture/execute/20000822-1.c compilation, -O0 -flto (internal compiler error)
UNRESOLVED: gcc.c-torture/execute/20000822-1.c execution, -O0 -flto
FAIL: gcc.c-torture/execute/20000822-1.c compilation, -O0 -fwhopr (internal compiler error)
UNRESOLVED: gcc.c-torture/execute/20000822-1.c execution, -O0 -fwhopr
FAIL: gcc.c-torture/execute/20000822-1.c compilation, -O1 -flto (internal compiler error)
UNRESOLVED: gcc.c-torture/execute/20000822-1.c execution, -O1 -flto
FAIL: gcc.c-torture/execute/20000822-1.c compilation, -O2 -flto (internal compiler error)
UNRESOLVED: gcc.c-torture/execute/20000822-1.c execution, -O2 -flto
FAIL: gcc.c-torture/execute/20000822-1.c compilation, -O2 -fwhopr (internal compiler error)
UNRESOLVED: gcc.c-torture/execute/20000822-1.c execution, -O2 -fwhopr
FAIL: gcc.c-torture/execute/20000822-1.c compilation, -O3 -flto -fomit-frame-pointer (internal compiler error)
UNRESOLVED: gcc.c-torture/execute/20000822-1.c execution, -O3 -flto -fomit-frame-pointer
FAIL: gcc.c-torture/execute/20000822-1.c compilation, -Os -flto (internal compiler error)
UNRESOLVED: gcc.c-torture/execute/20000822-1.c execution, -Os -flto
FAIL: gcc.c-torture/execute/20020412-1.c execution, -O0 -flto
FAIL: gcc.c-torture/execute/20020412-1.c execution, -O0 -fwhopr
FAIL: gcc.c-torture/execute/20020412-1.c execution, -O1 -flto
FAIL: gcc.c-torture/execute/20020412-1.c execution, -O2 -flto
FAIL: gcc.c-torture/execute/20020412-1.c execution, -O2 -fwhopr
FAIL: gcc.c-torture/execute/20020412-1.c execution, -O3 -flto -fomit-frame-pointer
FAIL: gcc.c-torture/execute/20020412-1.c execution, -O3 -flto -fomit-frame-pointer -funroll-loops
FAIL: gcc.c-torture/execute/20020412-1.c execution, -O3 -flto -fomit-frame-pointer -funroll-all-loops -finline-functions
FAIL: gcc.c-torture/execute/20020412-1.c execution, -Os -flto
FAIL: gcc.c-torture/execute/20020619-1.c execution, -O2 -flto
FAIL: gcc.c-torture/execute/20020619-1.c execution, -O2 -fwhopr
FAIL: gcc.c-torture/execute/20020619-1.c execution, -O3 -flto -fomit-frame-pointer
FAIL: gcc.c-torture/execute/20020619-1.c execution, -Os -flto
FAIL: gcc.c-torture/execute/20030501-1.c compilation, -O0 -flto (internal compiler error)
UNRESOLVED: gcc.c-torture/execute/20030501-1.c execution, -O0 -flto
FAIL: gcc.c-torture/execute/20030501-1.c compilation, -O0 -fwhopr (internal compiler error)
UNRESOLVED: gcc.c-torture/execute/20030501-1.c execution, -O0 -fwhopr
FAIL: gcc.c-torture/execute/20030501-1.c compilation, -O1 -flto (internal compiler error)
UNRESOLVED: gcc.c-torture/execute/20030501-1.c execution, -O1 -flto
FAIL: gcc.c-torture/execute/20040308-1.c compilation, -O0 -flto (internal compiler error)
UNRESOLVED: gcc.c-torture/execute/20040308-1.c execution, -O0 -flto
FAIL: gcc.c-torture/execute/20040308-1.c compilation, -O0 -fwhopr (internal compiler error)
UNRESOLVED: gcc.c-torture/execute/20040308-1.c execution, -O0 -fwhopr
FAIL: gcc.c-torture/execute/20040308-1.c compilation, -O1 -flto (internal compiler error)
UNRESOLVED: gcc.c-torture/execute/20040308-1.c execution, -O1 -flto
FAIL: gcc.c-torture/execute/20040308-1.c compilation, -O2 -flto (internal compiler error)
UNRESOLVED: gcc.c-torture/execute/20040308-1.c execution, -O2 -flto
FAIL: gcc.c-torture/execute/20040308-1.c compilation, -O2 -fwhopr (internal compiler error)
UNRESOLVED: gcc.c-torture/execute/20040308-1.c execution, -O2 -fwhopr
FAIL: gcc.c-torture/execute/20040308-1.c compilation, -O3 -flto -fomit-frame-pointer (internal compiler error)
UNRESOLVED: gcc.c-torture/execute/20040308-1.c execution, -O3 -flto -fomit-frame-pointer
FAIL: gcc.c-torture/execute/20040308-1.c compilation, -Os -flto (internal compiler error)
UNRESOLVED: gcc.c-torture/execute/20040308-1.c execution, -Os -flto
FAIL: gcc.c-torture/execute/20040520-1.c compilation, -O0 -flto (internal compiler error)
UNRESOLVED: gcc.c-torture/execute/20040520-1.c execution, -O0 -flto
FAIL: gcc.c-torture/execute/20040520-1.c compilation, -O0 -fwhopr (internal compiler error)
UNRESOLVED: gcc.c-torture/execute/20040520-1.c execution, -O0 -fwhopr
FAIL: gcc.c-torture/execute/20040520-1.c execution, -O1 -flto
FAIL: gcc.c-torture/execute/20040709-1.c execution, -O3 -flto -fomit-frame-pointer
FAIL: gcc.c-torture/execute/20040709-1.c execution, -O3 -flto -fomit-frame-pointer -funroll-loops
FAIL: gcc.c-torture/execute/20040709-1.c execution, -O3 -flto -fomit-frame-pointer -funroll-all-loops -finline-functions
FAIL: gcc.c-torture/execute/20040709-2.c execution, -O3 -flto -fomit-frame-pointer
FAIL: gcc.c-torture/execute/20061220-1.c compilation, -O0 -flto (internal compiler error)
UNRESOLVED: gcc.c-torture/execute/20061220-1.c execution, -O0 -flto
FAIL: gcc.c-torture/execute/20061220-1.c compilation, -O0 -fwhopr (internal compiler error)
UNRESOLVED: gcc.c-torture/execute/20061220-1.c execution, -O0 -fwhopr
FAIL: gcc.c-torture/execute/20061220-1.c compilation, -O1 -flto (internal compiler error)
UNRESOLVED: gcc.c-torture/execute/20061220-1.c execution, -O1 -flto
FAIL: gcc.c-torture/execute/20081112-1.c execution, -O2 -flto
FAIL: gcc.c-torture/execute/20081112-1.c execution, -O2 -fwhopr
FAIL: gcc.c-torture/execute/20081112-1.c execution, -O3 -flto -fomit-frame-pointer
FAIL: gcc.c-torture/execute/20081112-1.c execution, -Os -flto
FAIL: gcc.c-torture/execute/20090219-1.c compilation, -O0 -flto (internal compiler error)
UNRESOLVED: gcc.c-torture/execute/20090219-1.c execution, -O0 -flto
FAIL: gcc.c-torture/execute/20090219-1.c compilation, -O0 -fwhopr (internal compiler error)
UNRESOLVED: gcc.c-torture/execute/20090219-1.c execution, -O0 -fwhopr
FAIL: gcc.c-torture/execute/920411-1.c execution, -O2 -flto
FAIL: gcc.c-torture/execute/920411-1.c execution, -O2 -fwhopr
FAIL: gcc.c-torture/execute/920411-1.c execution, -O3 -flto -fomit-frame-pointer
FAIL: gcc.c-torture/execute/920411-1.c execution, -O3 -flto -fomit-frame-pointer -funroll-loops
FAIL: gcc.c-torture/execute/920411-1.c execution, -O3 -flto -fomit-frame-pointer -funroll-all-loops -finline-functions
FAIL: gcc.c-torture/execute/920411-1.c execution, -Os -flto
FAIL: gcc.c-torture/execute/920415-1.c compilation, -O0 -flto
UNRESOLVED: gcc.c-torture/execute/920415-1.c execution, -O0 -flto
FAIL: gcc.c-torture/execute/920415-1.c compilation, -O0 -fwhopr
UNRESOLVED: gcc.c-torture/execute/920415-1.c execution, -O0 -fwhopr
FAIL: gcc.c-torture/execute/920415-1.c compilation, -O1 -flto (internal compiler error)
UNRESOLVED: gcc.c-torture/execute/920415-1.c execution, -O1 -flto
FAIL: gcc.c-torture/execute/920428-2.c compilation, -O0 -flto (internal compiler error)
UNRESOLVED: gcc.c-torture/execute/920428-2.c execution, -O0 -flto
FAIL: gcc.c-torture/execute/920428-2.c compilation, -O0 -fwhopr (internal compiler error)
UNRESOLVED: gcc.c-torture/execute/920428-2.c execution, -O0 -fwhopr
FAIL: gcc.c-torture/execute/920428-2.c compilation, -O1 -flto (internal compiler error)
UNRESOLVED: gcc.c-torture/execute/920428-2.c execution, -O1 -flto
FAIL: gcc.c-torture/execute/920428-2.c compilation, -O2 -flto (internal compiler error)
UNRESOLVED: gcc.c-torture/execute/920428-2.c execution, -O2 -flto
FAIL: gcc.c-torture/execute/920428-2.c compilation, -O2 -fwhopr (internal compiler error)
UNRESOLVED: gcc.c-torture/execute/920428-2.c execution, -O2 -fwhopr
FAIL: gcc.c-torture/execute/920428-2.c compilation, -O3 -flto -fomit-frame-pointer (internal compiler error)
UNRESOLVED: gcc.c-torture/execute/920428-2.c execution, -O3 -flto -fomit-frame-pointer
FAIL: gcc.c-torture/execute/920428-2.c compilation, -Os -flto (internal compiler error)
UNRESOLVED: gcc.c-torture/execute/920428-2.c execution, -Os -flto
FAIL: gcc.c-torture/execute/920501-7.c compilation, -O0 -flto (internal compiler error)
UNRESOLVED: gcc.c-torture/execute/920501-7.c execution, -O0 -flto
FAIL: gcc.c-torture/execute/920501-7.c compilation, -O0 -fwhopr (internal compiler error)
UNRESOLVED: gcc.c-torture/execute/920501-7.c execution, -O0 -fwhopr
FAIL: gcc.c-torture/execute/920501-7.c compilation, -O1 -flto (internal compiler error)
UNRESOLVED: gcc.c-torture/execute/920501-7.c execution, -O1 -flto
FAIL: gcc.c-torture/execute/920501-7.c compilation, -O2 -flto (internal compiler error)
UNRESOLVED: gcc.c-torture/execute/920501-7.c execution, -O2 -flto
FAIL: gcc.c-torture/execute/920501-7.c compilation, -O2 -fwhopr (internal compiler error)
UNRESOLVED: gcc.c-torture/execute/920501-7.c execution, -O2 -fwhopr
FAIL: gcc.c-torture/execute/920501-7.c compilation, -O3 -flto -fomit-frame-pointer (internal compiler error)
UNRESOLVED: gcc.c-torture/execute/920501-7.c execution, -O3 -flto -fomit-frame-pointer
FAIL: gcc.c-torture/execute/920501-7.c compilation, -Os -flto (internal compiler error)
UNRESOLVED: gcc.c-torture/execute/920501-7.c execution, -Os -flto
FAIL: gcc.c-torture/execute/920612-2.c compilation, -O0 -flto (internal compiler error)
UNRESOLVED: gcc.c-torture/execute/920612-2.c execution, -O0 -flto
FAIL: gcc.c-torture/execute/920612-2.c compilation, -O0 -fwhopr (internal compiler error)
UNRESOLVED: gcc.c-torture/execute/920612-2.c execution, -O0 -fwhopr
FAIL: gcc.c-torture/execute/920612-2.c compilation, -O1 -flto (internal compiler error)
UNRESOLVED: gcc.c-torture/execute/920612-2.c execution, -O1 -flto
FAIL: gcc.c-torture/execute/920721-4.c execution, -O0 -flto
FAIL: gcc.c-torture/execute/920721-4.c execution, -O0 -fwhopr
FAIL: gcc.c-torture/execute/920721-4.c compilation, -O1 -flto
UNRESOLVED: gcc.c-torture/execute/920721-4.c execution, -O1 -flto
FAIL: gcc.c-torture/execute/920721-4.c compilation, -O2 -flto
UNRESOLVED: gcc.c-torture/execute/920721-4.c execution, -O2 -flto
FAIL: gcc.c-torture/execute/920721-4.c compilation, -O2 -fwhopr
UNRESOLVED: gcc.c-torture/execute/920721-4.c execution, -O2 -fwhopr
FAIL: gcc.c-torture/execute/920721-4.c compilation, -O3 -flto -fomit-frame-pointer
UNRESOLVED: gcc.c-torture/execute/920721-4.c execution, -O3 -flto -fomit-frame-pointer
FAIL: gcc.c-torture/execute/920721-4.c compilation, -O3 -flto -fomit-frame-pointer -funroll-loops
UNRESOLVED: gcc.c-torture/execute/920721-4.c execution, -O3 -flto -fomit-frame-pointer -funroll-loops
FAIL: gcc.c-torture/execute/920721-4.c compilation, -O3 -flto -fomit-frame-pointer -funroll-all-loops -finline-functions
UNRESOLVED: gcc.c-torture/execute/920721-4.c execution, -O3 -flto -fomit-frame-pointer -funroll-all-loops -finline-functions
FAIL: gcc.c-torture/execute/920721-4.c compilation, -Os -flto
UNRESOLVED: gcc.c-torture/execute/920721-4.c execution, -Os -flto
FAIL: gcc.c-torture/execute/921017-1.c compilation, -O0 -flto (internal compiler error)
UNRESOLVED: gcc.c-torture/execute/921017-1.c execution, -O0 -flto
FAIL: gcc.c-torture/execute/921017-1.c compilation, -O0 -fwhopr (internal compiler error)
UNRESOLVED: gcc.c-torture/execute/921017-1.c execution, -O0 -fwhopr
FAIL: gcc.c-torture/execute/921017-1.c compilation, -O1 -flto (internal compiler error)
UNRESOLVED: gcc.c-torture/execute/921017-1.c execution, -O1 -flto
FAIL: gcc.c-torture/execute/cbrt.c execution, -O2 -flto
FAIL: gcc.c-torture/execute/cbrt.c execution, -O2 -fwhopr
FAIL: gcc.c-torture/execute/cbrt.c execution, -O3 -flto -fomit-frame-pointer
FAIL: gcc.c-torture/execute/cbrt.c execution, -Os -flto
FAIL: gcc.c-torture/execute/comp-goto-2.c compilation, -O0 -flto (internal compiler error)
UNRESOLVED: gcc.c-torture/execute/comp-goto-2.c execution, -O0 -flto
FAIL: gcc.c-torture/execute/comp-goto-2.c compilation, -O0 -fwhopr (internal compiler error)
UNRESOLVED: gcc.c-torture/execute/comp-goto-2.c execution, -O0 -fwhopr
FAIL: gcc.c-torture/execute/comp-goto-2.c compilation, -O1 -flto (internal compiler error)
UNRESOLVED: gcc.c-torture/execute/comp-goto-2.c execution, -O1 -flto
FAIL: gcc.c-torture/execute/comp-goto-2.c compilation, -O2 -flto (internal compiler error)
UNRESOLVED: gcc.c-torture/execute/comp-goto-2.c execution, -O2 -flto
FAIL: gcc.c-torture/execute/comp-goto-2.c compilation, -O2 -fwhopr (internal compiler error)
UNRESOLVED: gcc.c-torture/execute/comp-goto-2.c execution, -O2 -fwhopr
FAIL: gcc.c-torture/execute/comp-goto-2.c compilation, -O3 -flto -fomit-frame-pointer (internal compiler error)
UNRESOLVED: gcc.c-torture/execute/comp-goto-2.c execution, -O3 -flto -fomit-frame-pointer
FAIL: gcc.c-torture/execute/comp-goto-2.c compilation, -Os -flto (internal compiler error)
UNRESOLVED: gcc.c-torture/execute/comp-goto-2.c execution, -Os -flto
FAIL: gcc.c-torture/execute/nest-align-1.c compilation, -O0 -flto (internal compiler error)
UNRESOLVED: gcc.c-torture/execute/nest-align-1.c execution, -O0 -flto
FAIL: gcc.c-torture/execute/nest-align-1.c compilation, -O0 -fwhopr (internal compiler error)
UNRESOLVED: gcc.c-torture/execute/nest-align-1.c execution, -O0 -fwhopr
FAIL: gcc.c-torture/execute/nest-align-1.c compilation, -O1 -flto (internal compiler error)
UNRESOLVED: gcc.c-torture/execute/nest-align-1.c execution, -O1 -flto
FAIL: gcc.c-torture/execute/nestfunc-3.c compilation, -O0 -flto (internal compiler error)
UNRESOLVED: gcc.c-torture/execute/nestfunc-3.c execution, -O0 -flto
FAIL: gcc.c-torture/execute/nestfunc-3.c compilation, -O0 -fwhopr (internal compiler error)
UNRESOLVED: gcc.c-torture/execute/nestfunc-3.c execution, -O0 -fwhopr
FAIL: gcc.c-torture/execute/nestfunc-3.c compilation, -O1 -flto (internal compiler error)
UNRESOLVED: gcc.c-torture/execute/nestfunc-3.c execution, -O1 -flto
FAIL: gcc.c-torture/execute/nestfunc-3.c compilation, -O2 -flto (internal compiler error)
UNRESOLVED: gcc.c-torture/execute/nestfunc-3.c execution, -O2 -flto
FAIL: gcc.c-torture/execute/nestfunc-3.c compilation, -O2 -fwhopr (internal compiler error)
UNRESOLVED: gcc.c-torture/execute/nestfunc-3.c execution, -O2 -fwhopr
FAIL: gcc.c-torture/execute/nestfunc-3.c compilation, -O3 -flto -fomit-frame-pointer (internal compiler error)
UNRESOLVED: gcc.c-torture/execute/nestfunc-3.c execution, -O3 -flto -fomit-frame-pointer
FAIL: gcc.c-torture/execute/nestfunc-3.c compilation, -O3 -flto -fomit-frame-pointer -funroll-loops (internal compiler error)
UNRESOLVED: gcc.c-torture/execute/nestfunc-3.c execution, -O3 -flto -fomit-frame-pointer -funroll-loops
FAIL: gcc.c-torture/execute/nestfunc-3.c compilation, -O3 -flto -fomit-frame-pointer -funroll-all-loops -finline-functions (internal compiler error)
UNRESOLVED: gcc.c-torture/execute/nestfunc-3.c execution, -O3 -flto -fomit-frame-pointer -funroll-all-loops -finline-functions
FAIL: gcc.c-torture/execute/nestfunc-3.c compilation, -Os -flto (internal compiler error)
UNRESOLVED: gcc.c-torture/execute/nestfunc-3.c execution, -Os -flto
FAIL: gcc.c-torture/execute/nestfunc-5.c compilation, -O0 -flto (internal compiler error)
UNRESOLVED: gcc.c-torture/execute/nestfunc-5.c execution, -O0 -flto
FAIL: gcc.c-torture/execute/nestfunc-5.c compilation, -O0 -fwhopr (internal compiler error)
UNRESOLVED: gcc.c-torture/execute/nestfunc-5.c execution, -O0 -fwhopr
FAIL: gcc.c-torture/execute/nestfunc-5.c compilation, -O1 -flto (internal compiler error)
UNRESOLVED: gcc.c-torture/execute/nestfunc-5.c execution, -O1 -flto
FAIL: gcc.c-torture/execute/nestfunc-5.c compilation, -O2 -flto (internal compiler error)
UNRESOLVED: gcc.c-torture/execute/nestfunc-5.c execution, -O2 -flto
FAIL: gcc.c-torture/execute/nestfunc-5.c compilation, -O2 -fwhopr (internal compiler error)
UNRESOLVED: gcc.c-torture/execute/nestfunc-5.c execution, -O2 -fwhopr
FAIL: gcc.c-torture/execute/nestfunc-5.c compilation, -O3 -flto -fomit-frame-pointer (internal compiler error)
UNRESOLVED: gcc.c-torture/execute/nestfunc-5.c execution, -O3 -flto -fomit-frame-pointer
FAIL: gcc.c-torture/execute/nestfunc-5.c compilation, -Os -flto (internal compiler error)
UNRESOLVED: gcc.c-torture/execute/nestfunc-5.c execution, -Os -flto
FAIL: gcc.c-torture/execute/nestfunc-6.c compilation, -O0 -flto (internal compiler error)
UNRESOLVED: gcc.c-torture/execute/nestfunc-6.c execution, -O0 -flto
FAIL: gcc.c-torture/execute/nestfunc-6.c compilation, -O0 -fwhopr (internal compiler error)
UNRESOLVED: gcc.c-torture/execute/nestfunc-6.c execution, -O0 -fwhopr
FAIL: gcc.c-torture/execute/nestfunc-6.c compilation, -O1 -flto (internal compiler error)
UNRESOLVED: gcc.c-torture/execute/nestfunc-6.c execution, -O1 -flto
FAIL: gcc.c-torture/execute/nestfunc-6.c compilation, -O2 -flto (internal compiler error)
UNRESOLVED: gcc.c-torture/execute/nestfunc-6.c execution, -O2 -flto
FAIL: gcc.c-torture/execute/nestfunc-6.c compilation, -O2 -fwhopr (internal compiler error)
UNRESOLVED: gcc.c-torture/execute/nestfunc-6.c execution, -O2 -fwhopr
FAIL: gcc.c-torture/execute/nestfunc-6.c compilation, -O3 -flto -fomit-frame-pointer (internal compiler error)
UNRESOLVED: gcc.c-torture/execute/nestfunc-6.c execution, -O3 -flto -fomit-frame-pointer
FAIL: gcc.c-torture/execute/nestfunc-6.c compilation, -Os -flto (internal compiler error)
UNRESOLVED: gcc.c-torture/execute/nestfunc-6.c execution, -Os -flto
FAIL: gcc.c-torture/execute/nestfunc-7.c compilation, -O0 -flto (internal compiler error)
UNRESOLVED: gcc.c-torture/execute/nestfunc-7.c execution, -O0 -flto
FAIL: gcc.c-torture/execute/nestfunc-7.c compilation, -O0 -fwhopr (internal compiler error)
UNRESOLVED: gcc.c-torture/execute/nestfunc-7.c execution, -O0 -fwhopr
FAIL: gcc.c-torture/execute/nestfunc-7.c compilation, -O1 -flto (internal compiler error)
UNRESOLVED: gcc.c-torture/execute/nestfunc-7.c execution, -O1 -flto
FAIL: gcc.c-torture/execute/pr17252.c execution, -O2 -flto
FAIL: gcc.c-torture/execute/pr17252.c execution, -O2 -fwhopr
FAIL: gcc.c-torture/execute/pr17252.c execution, -O3 -flto -fomit-frame-pointer
FAIL: gcc.c-torture/execute/pr17252.c execution, -Os -flto
FAIL: gcc.c-torture/execute/pr22061-3.c compilation, -O0 -flto (internal compiler error)
UNRESOLVED: gcc.c-torture/execute/pr22061-3.c execution, -O0 -flto
FAIL: gcc.c-torture/execute/pr22061-3.c compilation, -O0 -fwhopr (internal compiler error)
UNRESOLVED: gcc.c-torture/execute/pr22061-3.c execution, -O0 -fwhopr
FAIL: gcc.c-torture/execute/pr22061-3.c compilation, -O1 -flto (internal compiler error)
UNRESOLVED: gcc.c-torture/execute/pr22061-3.c execution, -O1 -flto
FAIL: gcc.c-torture/execute/pr22061-4.c compilation, -O0 -flto (internal compiler error)
UNRESOLVED: gcc.c-torture/execute/pr22061-4.c execution, -O0 -flto
FAIL: gcc.c-torture/execute/pr22061-4.c compilation, -O0 -fwhopr (internal compiler error)
UNRESOLVED: gcc.c-torture/execute/pr22061-4.c execution, -O0 -fwhopr
FAIL: gcc.c-torture/execute/pr22061-4.c compilation, -O1 -flto (internal compiler error)
UNRESOLVED: gcc.c-torture/execute/pr22061-4.c execution, -O1 -flto
FAIL: gcc.c-torture/execute/pr24135.c compilation, -O0 -flto (internal compiler error)
UNRESOLVED: gcc.c-torture/execute/pr24135.c execution, -O0 -flto
FAIL: gcc.c-torture/execute/pr24135.c compilation, -O0 -fwhopr (internal compiler error)
UNRESOLVED: gcc.c-torture/execute/pr24135.c execution, -O0 -fwhopr
FAIL: gcc.c-torture/execute/pr24135.c compilation, -O1 -flto (internal compiler error)
UNRESOLVED: gcc.c-torture/execute/pr24135.c execution, -O1 -flto
FAIL: gcc.c-torture/execute/pr24135.c compilation, -O2 -flto (internal compiler error)
UNRESOLVED: gcc.c-torture/execute/pr24135.c execution, -O2 -flto
FAIL: gcc.c-torture/execute/pr24135.c compilation, -O2 -fwhopr (internal compiler error)
UNRESOLVED: gcc.c-torture/execute/pr24135.c execution, -O2 -fwhopr
FAIL: gcc.c-torture/execute/pr24135.c compilation, -O3 -flto -fomit-frame-pointer (internal compiler error)
UNRESOLVED: gcc.c-torture/execute/pr24135.c execution, -O3 -flto -fomit-frame-pointer
FAIL: gcc.c-torture/execute/pr24135.c compilation, -O3 -flto -fomit-frame-pointer -funroll-loops (internal compiler error)
UNRESOLVED: gcc.c-torture/execute/pr24135.c execution, -O3 -flto -fomit-frame-pointer -funroll-loops
FAIL: gcc.c-torture/execute/pr24135.c compilation, -O3 -flto -fomit-frame-pointer -funroll-all-loops -finline-functions (internal compiler error)
UNRESOLVED: gcc.c-torture/execute/pr24135.c execution, -O3 -flto -fomit-frame-pointer -funroll-all-loops -finline-functions
FAIL: gcc.c-torture/execute/pr24135.c compilation, -Os -flto (internal compiler error)
UNRESOLVED: gcc.c-torture/execute/pr24135.c execution, -Os -flto
FAIL: gcc.c-torture/execute/pr38051.c execution, -O2 -flto
FAIL: gcc.c-torture/execute/pr38051.c execution, -O2 -fwhopr
FAIL: gcc.c-torture/execute/pr38051.c execution, -O3 -flto -fomit-frame-pointer
FAIL: gcc.c-torture/execute/pr38051.c execution, -O3 -flto -fomit-frame-pointer -funroll-loops
FAIL: gcc.c-torture/execute/pr38051.c execution, -O3 -flto -fomit-frame-pointer -funroll-all-loops -finline-functions
FAIL: gcc.c-torture/execute/pr38051.c execution, -Os -flto
FAIL: gcc.dg/autopar/parallelization-1.c scan-tree-dump-times final_cleanup "loopfn" 5
FAIL: gcc.dg/debug/pr35154.c scan-assembler .stabs.*i_inner:V
FAIL: gcc.dg/debug/pr39412.c -gdwarf-21 -flto (internal compiler error)
FAIL: gcc.dg/debug/pr39412.c -gdwarf-21 -flto (test for excess errors)
FAIL: gcc.dg/debug/pr39412.c -gdwarf-2 -flto (internal compiler error)
FAIL: gcc.dg/debug/pr39412.c -gdwarf-2 -flto (test for excess errors)
FAIL: gcc.dg/debug/pr39412.c -gdwarf-23 -flto (internal compiler error)
FAIL: gcc.dg/debug/pr39412.c -gdwarf-23 -flto (test for excess errors)
FAIL: gcc.dg/debug/pr39412.c -gstabs1 -flto (internal compiler error)
FAIL: gcc.dg/debug/pr39412.c -gstabs1 -flto (test for excess errors)
FAIL: gcc.dg/debug/pr39412.c -gstabs -flto (internal compiler error)
FAIL: gcc.dg/debug/pr39412.c -gstabs -flto (test for excess errors)
FAIL: gcc.dg/debug/pr39412.c -gstabs3 -flto (internal compiler error)
FAIL: gcc.dg/debug/pr39412.c -gstabs3 -flto (test for excess errors)
FAIL: gcc.dg/debug/pr39412.c -gstabs+1 -flto (internal compiler error)
FAIL: gcc.dg/debug/pr39412.c -gstabs+1 -flto (test for excess errors)
FAIL: gcc.dg/debug/pr39412.c -gstabs+ -flto (internal compiler error)
FAIL: gcc.dg/debug/pr39412.c -gstabs+ -flto (test for excess errors)
FAIL: gcc.dg/debug/pr39412.c -gstabs+3 -flto (internal compiler error)
FAIL: gcc.dg/debug/pr39412.c -gstabs+3 -flto (test for excess errors)
XPASS: gcc.dg/Warray-bounds.c (test for warnings, line 59)
XPASS: gcc.dg/Warray-bounds.c (test for warnings, line 65)
FAIL: gcc.dg/c99-stdint-1.c (test for excess errors)
FAIL: gcc.dg/visibility-7.c (test for warnings, line 8)
FAIL: gcc.dg/visibility-7.c (test for excess errors)
FAIL: gcc.dg/matrix/matrix-1.c scan-ipa-dump-times matrix-reorg "Flattened 3 dimensions" 1: dump file does not exist
FAIL: gcc.dg/matrix/matrix-2.c scan-ipa-dump-times matrix-reorg "Flattened 2 dimensions" 1: dump file does not exist
FAIL: gcc.dg/matrix/matrix-5.c scan-ipa-dump-times matrix-reorg "Flattened" 0: dump file does not exist
FAIL: gcc.dg/matrix/matrix-6.c scan-ipa-dump-times matrix-reorg "Flattened 2 dimensions" 1: dump file does not exist
FAIL: gcc.dg/pch/counter-1.c -O0 -flto assembly comparison
FAIL: gcc.dg/pch/counter-1.c -O0 -fwhopr assembly comparison
FAIL: gcc.dg/pch/counter-1.c -O1 -flto assembly comparison
FAIL: gcc.dg/pch/counter-1.c -O2 -flto assembly comparison
FAIL: gcc.dg/pch/counter-1.c -O2 -fwhopr assembly comparison
FAIL: gcc.dg/pch/counter-1.c -O3 -flto -fomit-frame-pointer assembly comparison
FAIL: gcc.dg/pch/counter-1.c -Os -flto assembly comparison
FAIL: gcc.dg/pch/counter-3.c -O0 -flto assembly comparison
FAIL: gcc.dg/pch/counter-3.c -O0 -fwhopr assembly comparison
FAIL: gcc.dg/pch/counter-3.c -O1 -flto assembly comparison
FAIL: gcc.dg/pch/counter-3.c -O2 -flto assembly comparison
FAIL: gcc.dg/pch/counter-3.c -O2 -fwhopr assembly comparison
FAIL: gcc.dg/pch/counter-3.c -O3 -flto -fomit-frame-pointer assembly comparison
FAIL: gcc.dg/pch/counter-3.c -Os -flto assembly comparison
FAIL: gcc.dg/pch/cpp-3.c -O0 -flto assembly comparison
FAIL: gcc.dg/pch/cpp-3.c -O0 -fwhopr assembly comparison
FAIL: gcc.dg/pch/cpp-3.c -O1 -flto assembly comparison
FAIL: gcc.dg/pch/cpp-3.c -O2 -flto assembly comparison
FAIL: gcc.dg/pch/cpp-3.c -O2 -fwhopr assembly comparison
FAIL: gcc.dg/pch/cpp-3.c -O3 -flto -fomit-frame-pointer assembly comparison
FAIL: gcc.dg/pch/cpp-3.c -Os -flto assembly comparison
FAIL: gcc.dg/pch/decl-1.c -O0 -flto assembly comparison
FAIL: gcc.dg/pch/decl-1.c -O0 -fwhopr assembly comparison
FAIL: gcc.dg/pch/decl-1.c -O1 -flto assembly comparison
FAIL: gcc.dg/pch/decl-1.c -O2 -flto assembly comparison
FAIL: gcc.dg/pch/decl-1.c -O2 -fwhopr assembly comparison
FAIL: gcc.dg/pch/decl-1.c -O3 -flto -fomit-frame-pointer assembly comparison
FAIL: gcc.dg/pch/decl-1.c -Os -flto assembly comparison
FAIL: gcc.dg/pch/decl-2.c -O0 -flto assembly comparison
FAIL: gcc.dg/pch/decl-2.c -O0 -fwhopr assembly comparison
FAIL: gcc.dg/pch/decl-2.c -O1 -flto assembly comparison
FAIL: gcc.dg/pch/decl-2.c -O2 -flto assembly comparison
FAIL: gcc.dg/pch/decl-2.c -O2 -fwhopr assembly comparison
FAIL: gcc.dg/pch/decl-2.c -O3 -flto -fomit-frame-pointer assembly comparison
FAIL: gcc.dg/pch/decl-2.c -Os -flto assembly comparison
FAIL: gcc.dg/pch/decl-3.c -O0 -flto assembly comparison
FAIL: gcc.dg/pch/decl-3.c -O0 -fwhopr assembly comparison
FAIL: gcc.dg/pch/decl-3.c -O1 -flto assembly comparison
FAIL: gcc.dg/pch/decl-3.c -O2 -flto assembly comparison
FAIL: gcc.dg/pch/decl-3.c -O2 -fwhopr assembly comparison
FAIL: gcc.dg/pch/decl-3.c -O3 -flto -fomit-frame-pointer assembly comparison
FAIL: gcc.dg/pch/decl-3.c -Os -flto assembly comparison
FAIL: gcc.dg/pch/decl-4.c -O0 -flto assembly comparison
FAIL: gcc.dg/pch/decl-4.c -O0 -fwhopr assembly comparison
FAIL: gcc.dg/pch/decl-4.c -O1 -flto assembly comparison
FAIL: gcc.dg/pch/decl-4.c -O2 -flto assembly comparison
FAIL: gcc.dg/pch/decl-4.c -O2 -fwhopr assembly comparison
FAIL: gcc.dg/pch/decl-4.c -O3 -flto -fomit-frame-pointer assembly comparison
FAIL: gcc.dg/pch/decl-4.c -Os -flto assembly comparison
FAIL: gcc.dg/pch/empty.c -O0 -flto assembly comparison
FAIL: gcc.dg/pch/empty.c -O0 -fwhopr assembly comparison
FAIL: gcc.dg/pch/empty.c -O1 -flto assembly comparison
FAIL: gcc.dg/pch/empty.c -O2 -flto assembly comparison
FAIL: gcc.dg/pch/empty.c -O2 -fwhopr assembly comparison
FAIL: gcc.dg/pch/empty.c -O3 -flto -fomit-frame-pointer assembly comparison
FAIL: gcc.dg/pch/empty.c -Os -flto assembly comparison
FAIL: gcc.dg/pch/except-1.c -O0 -flto assembly comparison
FAIL: gcc.dg/pch/except-1.c -O0 -fwhopr assembly comparison
FAIL: gcc.dg/pch/except-1.c -O1 -flto assembly comparison
FAIL: gcc.dg/pch/except-1.c -O2 -flto assembly comparison
FAIL: gcc.dg/pch/except-1.c -O2 -fwhopr assembly comparison
FAIL: gcc.dg/pch/except-1.c -O3 -flto -fomit-frame-pointer assembly comparison
FAIL: gcc.dg/pch/except-1.c -Os -flto assembly comparison
FAIL: gcc.dg/pch/import-2.c -O0 -flto assembly comparison
FAIL: gcc.dg/pch/import-2.c -O0 -fwhopr assembly comparison
FAIL: gcc.dg/pch/import-2.c -O1 -flto assembly comparison
FAIL: gcc.dg/pch/import-2.c -O2 -flto assembly comparison
FAIL: gcc.dg/pch/import-2.c -O2 -fwhopr assembly comparison
FAIL: gcc.dg/pch/import-2.c -O3 -flto -fomit-frame-pointer assembly comparison
FAIL: gcc.dg/pch/import-2.c -Os -flto assembly comparison
FAIL: gcc.dg/pch/inline-1.c -O0 -flto assembly comparison
FAIL: gcc.dg/pch/inline-1.c -O0 -fwhopr assembly comparison
FAIL: gcc.dg/pch/inline-1.c -O1 -flto assembly comparison
FAIL: gcc.dg/pch/inline-1.c -O2 -flto assembly comparison
FAIL: gcc.dg/pch/inline-1.c -O2 -fwhopr assembly comparison
FAIL: gcc.dg/pch/inline-1.c -O3 -flto -fomit-frame-pointer assembly comparison
FAIL: gcc.dg/pch/inline-1.c -Os -flto assembly comparison
FAIL: gcc.dg/pch/inline-3.c -O0 -flto assembly comparison
FAIL: gcc.dg/pch/inline-3.c -O0 -fwhopr assembly comparison
FAIL: gcc.dg/pch/inline-3.c -O1 -flto assembly comparison
FAIL: gcc.dg/pch/inline-3.c -O2 -flto assembly comparison
FAIL: gcc.dg/pch/inline-3.c -O2 -fwhopr assembly comparison
FAIL: gcc.dg/pch/inline-3.c -O3 -flto -fomit-frame-pointer assembly comparison
FAIL: gcc.dg/pch/inline-3.c -Os -flto assembly comparison
FAIL: gcc.dg/pch/inline-4.c -O0 -flto assembly comparison
FAIL: gcc.dg/pch/inline-4.c -O0 -fwhopr assembly comparison
FAIL: gcc.dg/pch/inline-4.c -O1 -flto assembly comparison
FAIL: gcc.dg/pch/inline-4.c -O2 -flto assembly comparison
FAIL: gcc.dg/pch/inline-4.c -O2 -fwhopr assembly comparison
FAIL: gcc.dg/pch/inline-4.c -O3 -flto -fomit-frame-pointer assembly comparison
FAIL: gcc.dg/pch/inline-4.c -Os -flto assembly comparison
FAIL: gcc.dg/pch/macro-1.c -O0 -flto assembly comparison
FAIL: gcc.dg/pch/macro-1.c -O0 -fwhopr assembly comparison
FAIL: gcc.dg/pch/macro-1.c -O1 -flto assembly comparison
FAIL: gcc.dg/pch/macro-1.c -O2 -flto assembly comparison
FAIL: gcc.dg/pch/macro-1.c -O2 -fwhopr assembly comparison
FAIL: gcc.dg/pch/macro-1.c -O3 -flto -fomit-frame-pointer assembly comparison
FAIL: gcc.dg/pch/macro-1.c -Os -flto assembly comparison
FAIL: gcc.dg/pch/macro-2.c -O0 -flto assembly comparison
FAIL: gcc.dg/pch/macro-2.c -O0 -fwhopr assembly comparison
FAIL: gcc.dg/pch/macro-2.c -O1 -flto assembly comparison
FAIL: gcc.dg/pch/macro-2.c -O2 -flto assembly comparison
FAIL: gcc.dg/pch/macro-2.c -O2 -fwhopr assembly comparison
FAIL: gcc.dg/pch/macro-2.c -O3 -flto -fomit-frame-pointer assembly comparison
FAIL: gcc.dg/pch/macro-2.c -Os -flto assembly comparison
FAIL: gcc.dg/pch/macro-3.c -O0 -flto assembly comparison
FAIL: gcc.dg/pch/macro-3.c -O0 -fwhopr assembly comparison
FAIL: gcc.dg/pch/macro-3.c -O1 -flto assembly comparison
FAIL: gcc.dg/pch/macro-3.c -O2 -flto assembly comparison
FAIL: gcc.dg/pch/macro-3.c -O2 -fwhopr assembly comparison
FAIL: gcc.dg/pch/macro-3.c -O3 -flto -fomit-frame-pointer assembly comparison
FAIL: gcc.dg/pch/macro-3.c -Os -flto assembly comparison
FAIL: gcc.dg/pch/macro-4.c -O0 -flto assembly comparison
FAIL: gcc.dg/pch/macro-4.c -O0 -fwhopr assembly comparison
FAIL: gcc.dg/pch/macro-4.c -O1 -flto assembly comparison
FAIL: gcc.dg/pch/macro-4.c -O2 -flto assembly comparison
FAIL: gcc.dg/pch/macro-4.c -O2 -fwhopr assembly comparison
FAIL: gcc.dg/pch/macro-4.c -O3 -flto -fomit-frame-pointer assembly comparison
FAIL: gcc.dg/pch/macro-4.c -Os -flto assembly comparison
FAIL: gcc.dg/pch/save-temps-1.c -O0 -flto assembly comparison
FAIL: gcc.dg/pch/save-temps-1.c -O0 -fwhopr assembly comparison
FAIL: gcc.dg/pch/save-temps-1.c -O1 -flto assembly comparison
FAIL: gcc.dg/pch/save-temps-1.c -O2 -flto assembly comparison
FAIL: gcc.dg/pch/save-temps-1.c -O2 -fwhopr assembly comparison
FAIL: gcc.dg/pch/save-temps-1.c -O3 -flto -fomit-frame-pointer assembly comparison
FAIL: gcc.dg/pch/save-temps-1.c -Os -flto assembly comparison
FAIL: gcc.dg/pch/static-1.c -O0 -flto assembly comparison
FAIL: gcc.dg/pch/static-1.c -O0 -fwhopr assembly comparison
FAIL: gcc.dg/pch/static-2.c -O0 -flto assembly comparison
FAIL: gcc.dg/pch/static-2.c -O0 -fwhopr assembly comparison
FAIL: gcc.dg/pch/static-2.c -O1 -flto assembly comparison
FAIL: gcc.dg/pch/static-2.c -O2 -flto assembly comparison
FAIL: gcc.dg/pch/static-2.c -O2 -fwhopr assembly comparison
FAIL: gcc.dg/pch/static-2.c -O3 -flto -fomit-frame-pointer assembly comparison
FAIL: gcc.dg/pch/static-2.c -Os -flto assembly comparison
FAIL: gcc.dg/pch/static-3.c -O0 -flto assembly comparison
FAIL: gcc.dg/pch/static-3.c -O0 -fwhopr assembly comparison
FAIL: gcc.dg/pch/static-3.c -O1 -flto assembly comparison
FAIL: gcc.dg/pch/static-3.c -O2 -flto assembly comparison
FAIL: gcc.dg/pch/static-3.c -O2 -fwhopr assembly comparison
FAIL: gcc.dg/pch/static-3.c -O3 -flto -fomit-frame-pointer assembly comparison
FAIL: gcc.dg/pch/static-3.c -Os -flto assembly comparison
FAIL: gcc.dg/pch/struct-1.c -O0 -flto assembly comparison
FAIL: gcc.dg/pch/struct-1.c -O0 -fwhopr assembly comparison
FAIL: gcc.dg/pch/struct-1.c -O1 -flto assembly comparison
FAIL: gcc.dg/pch/struct-1.c -O2 -flto assembly comparison
FAIL: gcc.dg/pch/struct-1.c -O2 -fwhopr assembly comparison
FAIL: gcc.dg/pch/struct-1.c -O3 -flto -fomit-frame-pointer assembly comparison
FAIL: gcc.dg/pch/struct-1.c -Os -flto assembly comparison
FAIL: gcc.dg/pch/system-1.c -O0 -flto assembly comparison
FAIL: gcc.dg/pch/system-1.c -O0 -fwhopr assembly comparison
FAIL: gcc.dg/pch/system-1.c -O1 -flto assembly comparison
FAIL: gcc.dg/pch/system-1.c -O2 -flto assembly comparison
FAIL: gcc.dg/pch/system-1.c -O2 -fwhopr assembly comparison
FAIL: gcc.dg/pch/system-1.c -O3 -flto -fomit-frame-pointer assembly comparison
FAIL: gcc.dg/pch/system-1.c -Os -flto assembly comparison
FAIL: gcc.dg/pch/valid-1b.c -O0 -flto assembly comparison
FAIL: gcc.dg/pch/valid-1b.c -O0 -fwhopr assembly comparison
FAIL: gcc.dg/pch/valid-1b.c -O1 -flto assembly comparison
FAIL: gcc.dg/pch/valid-1b.c -O2 -flto assembly comparison
FAIL: gcc.dg/pch/valid-1b.c -O2 -fwhopr assembly comparison
FAIL: gcc.dg/pch/valid-1b.c -O3 -flto -fomit-frame-pointer assembly comparison
FAIL: gcc.dg/pch/valid-1b.c -Os -flto assembly comparison
FAIL: gcc.dg/struct/wo_prof_array_field.c scan-ipa-dump ipa_struct_reorg "Number of structures to transform is 1": dump file does not exist
FAIL: gcc.dg/struct/wo_prof_double_malloc.c scan-ipa-dump ipa_struct_reorg "Number of structures to transform is 1": dump file does not exist
FAIL: gcc.dg/struct/wo_prof_escape_str_init.c scan-ipa-dump ipa_struct_reorg "is initialized...Excluded": dump file does not exist
FAIL: gcc.dg/struct/wo_prof_escape_substr_array.c scan-ipa-dump ipa_struct_reorg "is a field in the structure": dump file does not exist
FAIL: gcc.dg/struct/wo_prof_escape_substr_pointer.c scan-ipa-dump ipa_struct_reorg "is a field in the structure": dump file does not exist
FAIL: gcc.dg/struct/wo_prof_escape_substr_value.c scan-ipa-dump ipa_struct_reorg "is a field in the structure": dump file does not exist
FAIL: gcc.dg/struct/wo_prof_global_array.c scan-ipa-dump ipa_struct_reorg "Number of structures to transform is 1": dump file does not exist
FAIL: gcc.dg/struct/wo_prof_global_var.c scan-ipa-dump ipa_struct_reorg "Number of structures to transform is 1": dump file does not exist
FAIL: gcc.dg/struct/wo_prof_local_array.c scan-ipa-dump ipa_struct_reorg "Number of structures to transform is 1": dump file does not exist
FAIL: gcc.dg/struct/wo_prof_local_var.c scan-ipa-dump ipa_struct_reorg "Number of structures to transform is 1": dump file does not exist
FAIL: gcc.dg/struct/wo_prof_malloc_size_var.c scan-ipa-dump ipa_struct_reorg "Number of structures to transform is 1": dump file does not exist
FAIL: gcc.dg/struct/wo_prof_single_str_global.c scan-ipa-dump ipa_struct_reorg "Number of structures to transform is 1": dump file does not exist
FAIL: gcc.dg/struct/wo_prof_single_str_local.c scan-ipa-dump ipa_struct_reorg "No structures to transform": dump file does not exist
FAIL: gcc.dg/struct/wo_prof_two_strs.c scan-ipa-dump ipa_struct_reorg "Number of structures to transform is 2": dump file does not exist
FAIL: gcc.dg/torture/ssa-pta-fn-1.c -O3 -flto -fomit-frame-pointer execution test
FAIL: gcc.dg/torture/stackalign/comp-goto-1.c -O0 -flto (internal compiler error)
FAIL: gcc.dg/torture/stackalign/comp-goto-1.c -O0 -flto (test for excess errors)
WARNING: gcc.dg/torture/stackalign/comp-goto-1.c -O0 -flto compilation failed to produce executable
FAIL: gcc.dg/torture/stackalign/comp-goto-1.c -O0 -fwhopr (internal compiler error)
FAIL: gcc.dg/torture/stackalign/comp-goto-1.c -O0 -fwhopr (test for excess errors)
WARNING: gcc.dg/torture/stackalign/comp-goto-1.c -O0 -fwhopr compilation failed to produce executable
FAIL: gcc.dg/torture/stackalign/comp-goto-1.c -O1 -flto (internal compiler error)
FAIL: gcc.dg/torture/stackalign/comp-goto-1.c -O1 -flto (test for excess errors)
WARNING: gcc.dg/torture/stackalign/comp-goto-1.c -O1 -flto compilation failed to produce executable
FAIL: gcc.dg/torture/stackalign/comp-goto-1.c -O2 -flto (internal compiler error)
FAIL: gcc.dg/torture/stackalign/comp-goto-1.c -O2 -flto (test for excess errors)
WARNING: gcc.dg/torture/stackalign/comp-goto-1.c -O2 -flto compilation failed to produce executable
FAIL: gcc.dg/torture/stackalign/comp-goto-1.c -O2 -fwhopr (internal compiler error)
FAIL: gcc.dg/torture/stackalign/comp-goto-1.c -O2 -fwhopr (test for excess errors)
WARNING: gcc.dg/torture/stackalign/comp-goto-1.c -O2 -fwhopr compilation failed to produce executable
FAIL: gcc.dg/torture/stackalign/comp-goto-1.c -O3 -flto -fomit-frame-pointer (internal compiler error)
FAIL: gcc.dg/torture/stackalign/comp-goto-1.c -O3 -flto -fomit-frame-pointer (test for excess errors)
WARNING: gcc.dg/torture/stackalign/comp-goto-1.c -O3 -flto -fomit-frame-pointer compilation failed to produce executable
FAIL: gcc.dg/torture/stackalign/comp-goto-1.c -Os -flto (internal compiler error)
FAIL: gcc.dg/torture/stackalign/comp-goto-1.c -Os -flto (test for excess errors)
WARNING: gcc.dg/torture/stackalign/comp-goto-1.c -Os -flto compilation failed to produce executable
FAIL: gcc.dg/torture/stackalign/nested-1.c -O0 -flto (internal compiler error)
FAIL: gcc.dg/torture/stackalign/nested-1.c -O0 -flto (test for excess errors)
WARNING: gcc.dg/torture/stackalign/nested-1.c -O0 -flto compilation failed to produce executable
FAIL: gcc.dg/torture/stackalign/nested-1.c -O0 -fwhopr (internal compiler error)
FAIL: gcc.dg/torture/stackalign/nested-1.c -O0 -fwhopr (test for excess errors)
WARNING: gcc.dg/torture/stackalign/nested-1.c -O0 -fwhopr compilation failed to produce executable
FAIL: gcc.dg/torture/stackalign/nested-1.c -O1 -flto (internal compiler error)
FAIL: gcc.dg/torture/stackalign/nested-1.c -O1 -flto (test for excess errors)
WARNING: gcc.dg/torture/stackalign/nested-1.c -O1 -flto compilation failed to produce executable
FAIL: gcc.dg/torture/stackalign/nested-2.c -O0 -flto (internal compiler error)
FAIL: gcc.dg/torture/stackalign/nested-2.c -O0 -flto (test for excess errors)
WARNING: gcc.dg/torture/stackalign/nested-2.c -O0 -flto compilation failed to produce executable
FAIL: gcc.dg/torture/stackalign/nested-2.c -O0 -fwhopr (internal compiler error)
FAIL: gcc.dg/torture/stackalign/nested-2.c -O0 -fwhopr (test for excess errors)
WARNING: gcc.dg/torture/stackalign/nested-2.c -O0 -fwhopr compilation failed to produce executable
FAIL: gcc.dg/torture/stackalign/nested-2.c -O1 -flto (internal compiler error)
FAIL: gcc.dg/torture/stackalign/nested-2.c -O1 -flto (test for excess errors)
WARNING: gcc.dg/torture/stackalign/nested-2.c -O1 -flto compilation failed to produce executable
FAIL: gcc.dg/torture/stackalign/nested-2.c -O2 -flto (internal compiler error)
FAIL: gcc.dg/torture/stackalign/nested-2.c -O2 -flto (test for excess errors)
WARNING: gcc.dg/torture/stackalign/nested-2.c -O2 -flto compilation failed to produce executable
FAIL: gcc.dg/torture/stackalign/nested-2.c -O2 -fwhopr (internal compiler error)
FAIL: gcc.dg/torture/stackalign/nested-2.c -O2 -fwhopr (test for excess errors)
WARNING: gcc.dg/torture/stackalign/nested-2.c -O2 -fwhopr compilation failed to produce executable
FAIL: gcc.dg/torture/stackalign/nested-2.c -O3 -flto -fomit-frame-pointer (internal compiler error)
FAIL: gcc.dg/torture/stackalign/nested-2.c -O3 -flto -fomit-frame-pointer (test for excess errors)
WARNING: gcc.dg/torture/stackalign/nested-2.c -O3 -flto -fomit-frame-pointer compilation failed to produce executable
FAIL: gcc.dg/torture/stackalign/nested-2.c -Os -flto (internal compiler error)
FAIL: gcc.dg/torture/stackalign/nested-2.c -Os -flto (test for excess errors)
WARNING: gcc.dg/torture/stackalign/nested-2.c -Os -flto compilation failed to produce executable
FAIL: gcc.dg/torture/stackalign/nested-3.c -O0 -flto (internal compiler error)
FAIL: gcc.dg/torture/stackalign/nested-3.c -O0 -flto (test for excess errors)
WARNING: gcc.dg/torture/stackalign/nested-3.c -O0 -flto compilation failed to produce executable
FAIL: gcc.dg/torture/stackalign/nested-3.c -O0 -fwhopr (internal compiler error)
FAIL: gcc.dg/torture/stackalign/nested-3.c -O0 -fwhopr (test for excess errors)
WARNING: gcc.dg/torture/stackalign/nested-3.c -O0 -fwhopr compilation failed to produce executable
FAIL: gcc.dg/torture/stackalign/nested-3.c -O1 -flto (internal compiler error)
FAIL: gcc.dg/torture/stackalign/nested-3.c -O1 -flto (test for excess errors)
WARNING: gcc.dg/torture/stackalign/nested-3.c -O1 -flto compilation failed to produce executable
FAIL: gcc.dg/torture/stackalign/nested-3.c -O2 -flto (internal compiler error)
FAIL: gcc.dg/torture/stackalign/nested-3.c -O2 -flto (test for excess errors)
WARNING: gcc.dg/torture/stackalign/nested-3.c -O2 -flto compilation failed to produce executable
FAIL: gcc.dg/torture/stackalign/nested-3.c -O2 -fwhopr (internal compiler error)
FAIL: gcc.dg/torture/stackalign/nested-3.c -O2 -fwhopr (test for excess errors)
WARNING: gcc.dg/torture/stackalign/nested-3.c -O2 -fwhopr compilation failed to produce executable
FAIL: gcc.dg/torture/stackalign/nested-3.c -O3 -flto -fomit-frame-pointer (internal compiler error)
FAIL: gcc.dg/torture/stackalign/nested-3.c -O3 -flto -fomit-frame-pointer (test for excess errors)
WARNING: gcc.dg/torture/stackalign/nested-3.c -O3 -flto -fomit-frame-pointer compilation failed to produce executable
FAIL: gcc.dg/torture/stackalign/nested-3.c -Os -flto (internal compiler error)
FAIL: gcc.dg/torture/stackalign/nested-3.c -Os -flto (test for excess errors)
WARNING: gcc.dg/torture/stackalign/nested-3.c -Os -flto compilation failed to produce executable
FAIL: gcc.dg/torture/stackalign/nested-4.c -O0 -flto (internal compiler error)
FAIL: gcc.dg/torture/stackalign/nested-4.c -O0 -flto (test for excess errors)
WARNING: gcc.dg/torture/stackalign/nested-4.c -O0 -flto compilation failed to produce executable
FAIL: gcc.dg/torture/stackalign/nested-4.c -O0 -fwhopr (internal compiler error)
FAIL: gcc.dg/torture/stackalign/nested-4.c -O0 -fwhopr (test for excess errors)
WARNING: gcc.dg/torture/stackalign/nested-4.c -O0 -fwhopr compilation failed to produce executable
FAIL: gcc.dg/torture/stackalign/nested-4.c -O1 -flto (internal compiler error)
FAIL: gcc.dg/torture/stackalign/nested-4.c -O1 -flto (test for excess errors)
WARNING: gcc.dg/torture/stackalign/nested-4.c -O1 -flto compilation failed to produce executable
FAIL: gcc.dg/torture/stackalign/nested-4.c -O2 -flto (internal compiler error)
FAIL: gcc.dg/torture/stackalign/nested-4.c -O2 -flto (test for excess errors)
WARNING: gcc.dg/torture/stackalign/nested-4.c -O2 -flto compilation failed to produce executable
FAIL: gcc.dg/torture/stackalign/nested-4.c -O2 -fwhopr (internal compiler error)
FAIL: gcc.dg/torture/stackalign/nested-4.c -O2 -fwhopr (test for excess errors)
WARNING: gcc.dg/torture/stackalign/nested-4.c -O2 -fwhopr compilation failed to produce executable
FAIL: gcc.dg/torture/stackalign/nested-4.c -O3 -flto -fomit-frame-pointer (internal compiler error)
FAIL: gcc.dg/torture/stackalign/nested-4.c -O3 -flto -fomit-frame-pointer (test for excess errors)
WARNING: gcc.dg/torture/stackalign/nested-4.c -O3 -flto -fomit-frame-pointer compilation failed to produce executable
FAIL: gcc.dg/torture/stackalign/nested-4.c -Os -flto (internal compiler error)
FAIL: gcc.dg/torture/stackalign/nested-4.c -Os -flto (test for excess errors)
WARNING: gcc.dg/torture/stackalign/nested-4.c -Os -flto compilation failed to produce executable
FAIL: gcc.dg/torture/stackalign/nested-5.c -O0 -flto (internal compiler error)
FAIL: gcc.dg/torture/stackalign/nested-5.c -O0 -flto (test for excess errors)
WARNING: gcc.dg/torture/stackalign/nested-5.c -O0 -flto compilation failed to produce executable
FAIL: gcc.dg/torture/stackalign/nested-5.c -O0 -fwhopr (internal compiler error)
FAIL: gcc.dg/torture/stackalign/nested-5.c -O0 -fwhopr (test for excess errors)
WARNING: gcc.dg/torture/stackalign/nested-5.c -O0 -fwhopr compilation failed to produce executable
FAIL: gcc.dg/torture/stackalign/nested-5.c -O1 -flto (internal compiler error)
FAIL: gcc.dg/torture/stackalign/nested-5.c -O1 -flto (test for excess errors)
WARNING: gcc.dg/torture/stackalign/nested-5.c -O1 -flto compilation failed to produce executable
FAIL: gcc.dg/torture/stackalign/nested-5.c -O2 -flto (internal compiler error)
FAIL: gcc.dg/torture/stackalign/nested-5.c -O2 -flto (test for excess errors)
WARNING: gcc.dg/torture/stackalign/nested-5.c -O2 -flto compilation failed to produce executable
FAIL: gcc.dg/torture/stackalign/nested-5.c -O2 -fwhopr (internal compiler error)
FAIL: gcc.dg/torture/stackalign/nested-5.c -O2 -fwhopr (test for excess errors)
WARNING: gcc.dg/torture/stackalign/nested-5.c -O2 -fwhopr compilation failed to produce executable
FAIL: gcc.dg/torture/stackalign/nested-5.c -O3 -flto -fomit-frame-pointer (internal compiler error)
FAIL: gcc.dg/torture/stackalign/nested-5.c -O3 -flto -fomit-frame-pointer (test for excess errors)
WARNING: gcc.dg/torture/stackalign/nested-5.c -O3 -flto -fomit-frame-pointer compilation failed to produce executable
FAIL: gcc.dg/torture/stackalign/nested-5.c -Os -flto (internal compiler error)
FAIL: gcc.dg/torture/stackalign/nested-5.c -Os -flto (test for excess errors)
WARNING: gcc.dg/torture/stackalign/nested-5.c -Os -flto compilation failed to produce executable
FAIL: gcc.dg/torture/stackalign/nested-6.c -O0 -flto (internal compiler error)
FAIL: gcc.dg/torture/stackalign/nested-6.c -O0 -flto (test for excess errors)
WARNING: gcc.dg/torture/stackalign/nested-6.c -O0 -flto compilation failed to produce executable
FAIL: gcc.dg/torture/stackalign/nested-6.c -O0 -fwhopr (internal compiler error)
FAIL: gcc.dg/torture/stackalign/nested-6.c -O0 -fwhopr (test for excess errors)
WARNING: gcc.dg/torture/stackalign/nested-6.c -O0 -fwhopr compilation failed to produce executable
FAIL: gcc.dg/torture/stackalign/nested-6.c -O1 -flto (internal compiler error)
FAIL: gcc.dg/torture/stackalign/nested-6.c -O1 -flto (test for excess errors)
WARNING: gcc.dg/torture/stackalign/nested-6.c -O1 -flto compilation failed to produce executable
FAIL: gcc.dg/torture/stackalign/nested-6.c -O2 -flto (internal compiler error)
FAIL: gcc.dg/torture/stackalign/nested-6.c -O2 -flto (test for excess errors)
WARNING: gcc.dg/torture/stackalign/nested-6.c -O2 -flto compilation failed to produce executable
FAIL: gcc.dg/torture/stackalign/nested-6.c -O2 -fwhopr (internal compiler error)
FAIL: gcc.dg/torture/stackalign/nested-6.c -O2 -fwhopr (test for excess errors)
WARNING: gcc.dg/torture/stackalign/nested-6.c -O2 -fwhopr compilation failed to produce executable
FAIL: gcc.dg/torture/stackalign/nested-6.c -O3 -flto -fomit-frame-pointer (internal compiler error)
FAIL: gcc.dg/torture/stackalign/nested-6.c -O3 -flto -fomit-frame-pointer (test for excess errors)
WARNING: gcc.dg/torture/stackalign/nested-6.c -O3 -flto -fomit-frame-pointer compilation failed to produce executable
FAIL: gcc.dg/torture/stackalign/nested-6.c -Os -flto (internal compiler error)
FAIL: gcc.dg/torture/stackalign/nested-6.c -Os -flto (test for excess errors)
WARNING: gcc.dg/torture/stackalign/nested-6.c -Os -flto compilation failed to produce executable
FAIL: gcc.dg/torture/stackalign/non-local-goto-1.c -O0 -flto (internal compiler error)
FAIL: gcc.dg/torture/stackalign/non-local-goto-1.c -O0 -flto (test for excess errors)
WARNING: gcc.dg/torture/stackalign/non-local-goto-1.c -O0 -flto compilation failed to produce executable
FAIL: gcc.dg/torture/stackalign/non-local-goto-1.c -O0 -fwhopr (internal compiler error)
FAIL: gcc.dg/torture/stackalign/non-local-goto-1.c -O0 -fwhopr (test for excess errors)
WARNING: gcc.dg/torture/stackalign/non-local-goto-1.c -O0 -fwhopr compilation failed to produce executable
FAIL: gcc.dg/torture/stackalign/non-local-goto-1.c -O1 -flto (internal compiler error)
FAIL: gcc.dg/torture/stackalign/non-local-goto-1.c -O1 -flto (test for excess errors)
WARNING: gcc.dg/torture/stackalign/non-local-goto-1.c -O1 -flto compilation failed to produce executable
FAIL: gcc.dg/torture/stackalign/non-local-goto-1.c -O2 -flto (internal compiler error)
FAIL: gcc.dg/torture/stackalign/non-local-goto-1.c -O2 -flto (test for excess errors)
WARNING: gcc.dg/torture/stackalign/non-local-goto-1.c -O2 -flto compilation failed to produce executable
FAIL: gcc.dg/torture/stackalign/non-local-goto-1.c -O2 -fwhopr (internal compiler error)
FAIL: gcc.dg/torture/stackalign/non-local-goto-1.c -O2 -fwhopr (test for excess errors)
WARNING: gcc.dg/torture/stackalign/non-local-goto-1.c -O2 -fwhopr compilation failed to produce executable
FAIL: gcc.dg/torture/stackalign/non-local-goto-1.c -O3 -flto -fomit-frame-pointer (internal compiler error)
FAIL: gcc.dg/torture/stackalign/non-local-goto-1.c -O3 -flto -fomit-frame-pointer (test for excess errors)
WARNING: gcc.dg/torture/stackalign/non-local-goto-1.c -O3 -flto -fomit-frame-pointer compilation failed to produce executable
FAIL: gcc.dg/torture/stackalign/non-local-goto-1.c -O3 -flto -fomit-frame-pointer -funroll-loops (internal compiler error)
FAIL: gcc.dg/torture/stackalign/non-local-goto-1.c -O3 -flto -fomit-frame-pointer -funroll-loops (test for excess errors)
WARNING: gcc.dg/torture/stackalign/non-local-goto-1.c -O3 -flto -fomit-frame-pointer -funroll-loops compilation failed to produce executable
FAIL: gcc.dg/torture/stackalign/non-local-goto-1.c -O3 -flto -fomit-frame-pointer -funroll-all-loops -finline-functions (internal compiler error)
FAIL: gcc.dg/torture/stackalign/non-local-goto-1.c -O3 -flto -fomit-frame-pointer -funroll-all-loops -finline-functions (test for excess errors)
WARNING: gcc.dg/torture/stackalign/non-local-goto-1.c -O3 -flto -fomit-frame-pointer -funroll-all-loops -finline-functions compilation failed to produce executable
FAIL: gcc.dg/torture/stackalign/non-local-goto-1.c -Os -flto (internal compiler error)
FAIL: gcc.dg/torture/stackalign/non-local-goto-1.c -Os -flto (test for excess errors)
WARNING: gcc.dg/torture/stackalign/non-local-goto-1.c -Os -flto compilation failed to produce executable
FAIL: gcc.dg/torture/stackalign/non-local-goto-2.c -O0 -flto (internal compiler error)
FAIL: gcc.dg/torture/stackalign/non-local-goto-2.c -O0 -flto (test for excess errors)
WARNING: gcc.dg/torture/stackalign/non-local-goto-2.c -O0 -flto compilation failed to produce executable
FAIL: gcc.dg/torture/stackalign/non-local-goto-2.c -O0 -fwhopr (internal compiler error)
FAIL: gcc.dg/torture/stackalign/non-local-goto-2.c -O0 -fwhopr (test for excess errors)
WARNING: gcc.dg/torture/stackalign/non-local-goto-2.c -O0 -fwhopr compilation failed to produce executable
FAIL: gcc.dg/torture/stackalign/non-local-goto-2.c -O1 -flto (internal compiler error)
FAIL: gcc.dg/torture/stackalign/non-local-goto-2.c -O1 -flto (test for excess errors)
WARNING: gcc.dg/torture/stackalign/non-local-goto-2.c -O1 -flto compilation failed to produce executable
FAIL: gcc.dg/torture/stackalign/non-local-goto-2.c -O2 -flto (internal compiler error)
FAIL: gcc.dg/torture/stackalign/non-local-goto-2.c -O2 -flto (test for excess errors)
WARNING: gcc.dg/torture/stackalign/non-local-goto-2.c -O2 -flto compilation failed to produce executable
FAIL: gcc.dg/torture/stackalign/non-local-goto-2.c -O2 -fwhopr (internal compiler error)
FAIL: gcc.dg/torture/stackalign/non-local-goto-2.c -O2 -fwhopr (test for excess errors)
WARNING: gcc.dg/torture/stackalign/non-local-goto-2.c -O2 -fwhopr compilation failed to produce executable
FAIL: gcc.dg/torture/stackalign/non-local-goto-2.c -O3 -flto -fomit-frame-pointer (internal compiler error)
FAIL: gcc.dg/torture/stackalign/non-local-goto-2.c -O3 -flto -fomit-frame-pointer (test for excess errors)
WARNING: gcc.dg/torture/stackalign/non-local-goto-2.c -O3 -flto -fomit-frame-pointer compilation failed to produce executable
FAIL: gcc.dg/torture/stackalign/non-local-goto-2.c -O3 -flto -fomit-frame-pointer -funroll-loops (internal compiler error)
FAIL: gcc.dg/torture/stackalign/non-local-goto-2.c -O3 -flto -fomit-frame-pointer -funroll-loops (test for excess errors)
WARNING: gcc.dg/torture/stackalign/non-local-goto-2.c -O3 -flto -fomit-frame-pointer -funroll-loops compilation failed to produce executable
FAIL: gcc.dg/torture/stackalign/non-local-goto-2.c -O3 -flto -fomit-frame-pointer -funroll-all-loops -finline-functions (internal compiler error)
FAIL: gcc.dg/torture/stackalign/non-local-goto-2.c -O3 -flto -fomit-frame-pointer -funroll-all-loops -finline-functions (test for excess errors)
WARNING: gcc.dg/torture/stackalign/non-local-goto-2.c -O3 -flto -fomit-frame-pointer -funroll-all-loops -finline-functions compilation failed to produce executable
FAIL: gcc.dg/torture/stackalign/non-local-goto-2.c -Os -flto (internal compiler error)
FAIL: gcc.dg/torture/stackalign/non-local-goto-2.c -Os -flto (test for excess errors)
WARNING: gcc.dg/torture/stackalign/non-local-goto-2.c -Os -flto compilation failed to produce executable
FAIL: gcc.dg/torture/stackalign/non-local-goto-3.c -O0 -flto (internal compiler error)
FAIL: gcc.dg/torture/stackalign/non-local-goto-3.c -O0 -flto (test for excess errors)
WARNING: gcc.dg/torture/stackalign/non-local-goto-3.c -O0 -flto compilation failed to produce executable
FAIL: gcc.dg/torture/stackalign/non-local-goto-3.c -O0 -fwhopr (internal compiler error)
FAIL: gcc.dg/torture/stackalign/non-local-goto-3.c -O0 -fwhopr (test for excess errors)
WARNING: gcc.dg/torture/stackalign/non-local-goto-3.c -O0 -fwhopr compilation failed to produce executable
FAIL: gcc.dg/torture/stackalign/non-local-goto-3.c -O1 -flto (internal compiler error)
FAIL: gcc.dg/torture/stackalign/non-local-goto-3.c -O1 -flto (test for excess errors)
WARNING: gcc.dg/torture/stackalign/non-local-goto-3.c -O1 -flto compilation failed to produce executable
FAIL: gcc.dg/torture/stackalign/non-local-goto-3.c -O2 -flto (internal compiler error)
FAIL: gcc.dg/torture/stackalign/non-local-goto-3.c -O2 -flto (test for excess errors)
WARNING: gcc.dg/torture/stackalign/non-local-goto-3.c -O2 -flto compilation failed to produce executable
FAIL: gcc.dg/torture/stackalign/non-local-goto-3.c -O2 -fwhopr (internal compiler error)
FAIL: gcc.dg/torture/stackalign/non-local-goto-3.c -O2 -fwhopr (test for excess errors)
WARNING: gcc.dg/torture/stackalign/non-local-goto-3.c -O2 -fwhopr compilation failed to produce executable
FAIL: gcc.dg/torture/stackalign/non-local-goto-3.c -O3 -flto -fomit-frame-pointer (internal compiler error)
FAIL: gcc.dg/torture/stackalign/non-local-goto-3.c -O3 -flto -fomit-frame-pointer (test for excess errors)
WARNING: gcc.dg/torture/stackalign/non-local-goto-3.c -O3 -flto -fomit-frame-pointer compilation failed to produce executable
FAIL: gcc.dg/torture/stackalign/non-local-goto-3.c -O3 -flto -fomit-frame-pointer -funroll-loops (internal compiler error)
FAIL: gcc.dg/torture/stackalign/non-local-goto-3.c -O3 -flto -fomit-frame-pointer -funroll-loops (test for excess errors)
WARNING: gcc.dg/torture/stackalign/non-local-goto-3.c -O3 -flto -fomit-frame-pointer -funroll-loops compilation failed to produce executable
FAIL: gcc.dg/torture/stackalign/non-local-goto-3.c -O3 -flto -fomit-frame-pointer -funroll-all-loops -finline-functions (internal compiler error)
FAIL: gcc.dg/torture/stackalign/non-local-goto-3.c -O3 -flto -fomit-frame-pointer -funroll-all-loops -finline-functions (test for excess errors)
WARNING: gcc.dg/torture/stackalign/non-local-goto-3.c -O3 -flto -fomit-frame-pointer -funroll-all-loops -finline-functions compilation failed to produce executable
FAIL: gcc.dg/torture/stackalign/non-local-goto-3.c -Os -flto (internal compiler error)
FAIL: gcc.dg/torture/stackalign/non-local-goto-3.c -Os -flto (test for excess errors)
WARNING: gcc.dg/torture/stackalign/non-local-goto-3.c -Os -flto compilation failed to produce executable
FAIL: gcc.dg/torture/stackalign/non-local-goto-4.c -O0 -flto (internal compiler error)
FAIL: gcc.dg/torture/stackalign/non-local-goto-4.c -O0 -flto (test for excess errors)
WARNING: gcc.dg/torture/stackalign/non-local-goto-4.c -O0 -flto compilation failed to produce executable
FAIL: gcc.dg/torture/stackalign/non-local-goto-4.c -O0 -fwhopr (internal compiler error)
FAIL: gcc.dg/torture/stackalign/non-local-goto-4.c -O0 -fwhopr (test for excess errors)
WARNING: gcc.dg/torture/stackalign/non-local-goto-4.c -O0 -fwhopr compilation failed to produce executable
FAIL: gcc.dg/torture/stackalign/non-local-goto-4.c -O1 -flto (internal compiler error)
FAIL: gcc.dg/torture/stackalign/non-local-goto-4.c -O1 -flto (test for excess errors)
WARNING: gcc.dg/torture/stackalign/non-local-goto-4.c -O1 -flto compilation failed to produce executable
FAIL: gcc.dg/torture/stackalign/non-local-goto-4.c -O2 -flto (internal compiler error)
FAIL: gcc.dg/torture/stackalign/non-local-goto-4.c -O2 -flto (test for excess errors)
WARNING: gcc.dg/torture/stackalign/non-local-goto-4.c -O2 -flto compilation failed to produce executable
FAIL: gcc.dg/torture/stackalign/non-local-goto-4.c -O2 -fwhopr (internal compiler error)
FAIL: gcc.dg/torture/stackalign/non-local-goto-4.c -O2 -fwhopr (test for excess errors)
WARNING: gcc.dg/torture/stackalign/non-local-goto-4.c -O2 -fwhopr compilation failed to produce executable
FAIL: gcc.dg/torture/stackalign/non-local-goto-4.c -O3 -flto -fomit-frame-pointer (internal compiler error)
FAIL: gcc.dg/torture/stackalign/non-local-goto-4.c -O3 -flto -fomit-frame-pointer (test for excess errors)
WARNING: gcc.dg/torture/stackalign/non-local-goto-4.c -O3 -flto -fomit-frame-pointer compilation failed to produce executable
FAIL: gcc.dg/torture/stackalign/non-local-goto-4.c -Os -flto (internal compiler error)
FAIL: gcc.dg/torture/stackalign/non-local-goto-4.c -Os -flto (test for excess errors)
WARNING: gcc.dg/torture/stackalign/non-local-goto-4.c -Os -flto compilation failed to produce executable
FAIL: gcc.dg/torture/stackalign/non-local-goto-5.c -O0 -flto (internal compiler error)
FAIL: gcc.dg/torture/stackalign/non-local-goto-5.c -O0 -flto (test for excess errors)
WARNING: gcc.dg/torture/stackalign/non-local-goto-5.c -O0 -flto compilation failed to produce executable
FAIL: gcc.dg/torture/stackalign/non-local-goto-5.c -O0 -fwhopr (internal compiler error)
FAIL: gcc.dg/torture/stackalign/non-local-goto-5.c -O0 -fwhopr (test for excess errors)
WARNING: gcc.dg/torture/stackalign/non-local-goto-5.c -O0 -fwhopr compilation failed to produce executable
FAIL: gcc.dg/torture/stackalign/non-local-goto-5.c -O1 -flto (internal compiler error)
FAIL: gcc.dg/torture/stackalign/non-local-goto-5.c -O1 -flto (test for excess errors)
WARNING: gcc.dg/torture/stackalign/non-local-goto-5.c -O1 -flto compilation failed to produce executable
FAIL: gcc.dg/torture/stackalign/non-local-goto-5.c -O2 -flto (internal compiler error)
FAIL: gcc.dg/torture/stackalign/non-local-goto-5.c -O2 -flto (test for excess errors)
WARNING: gcc.dg/torture/stackalign/non-local-goto-5.c -O2 -flto compilation failed to produce executable
FAIL: gcc.dg/torture/stackalign/non-local-goto-5.c -O2 -fwhopr (internal compiler error)
FAIL: gcc.dg/torture/stackalign/non-local-goto-5.c -O2 -fwhopr (test for excess errors)
WARNING: gcc.dg/torture/stackalign/non-local-goto-5.c -O2 -fwhopr compilation failed to produce executable
FAIL: gcc.dg/torture/stackalign/non-local-goto-5.c -O3 -flto -fomit-frame-pointer (internal compiler error)
FAIL: gcc.dg/torture/stackalign/non-local-goto-5.c -O3 -flto -fomit-frame-pointer (test for excess errors)
WARNING: gcc.dg/torture/stackalign/non-local-goto-5.c -O3 -flto -fomit-frame-pointer compilation failed to produce executable
FAIL: gcc.dg/torture/stackalign/non-local-goto-5.c -Os -flto (internal compiler error)
FAIL: gcc.dg/torture/stackalign/non-local-goto-5.c -Os -flto (test for excess errors)
WARNING: gcc.dg/torture/stackalign/non-local-goto-5.c -Os -flto compilation failed to produce executable
FAIL: gcc.dg/torture/stackalign/regparm-1.c -O0 -flto (internal compiler error)
FAIL: gcc.dg/torture/stackalign/regparm-1.c -O0 -flto (test for excess errors)
WARNING: gcc.dg/torture/stackalign/regparm-1.c -O0 -flto compilation failed to produce executable
FAIL: gcc.dg/torture/stackalign/regparm-1.c -O0 -fwhopr (internal compiler error)
FAIL: gcc.dg/torture/stackalign/regparm-1.c -O0 -fwhopr (test for excess errors)
WARNING: gcc.dg/torture/stackalign/regparm-1.c -O0 -fwhopr compilation failed to produce executable
FAIL: gcc.dg/torture/stackalign/regparm-1.c -O1 -flto (internal compiler error)
FAIL: gcc.dg/torture/stackalign/regparm-1.c -O1 -flto (test for excess errors)
WARNING: gcc.dg/torture/stackalign/regparm-1.c -O1 -flto compilation failed to produce executable
FAIL: gcc.dg/torture/stackalign/regparm-1.c -O2 -flto (internal compiler error)
FAIL: gcc.dg/torture/stackalign/regparm-1.c -O2 -flto (test for excess errors)
WARNING: gcc.dg/torture/stackalign/regparm-1.c -O2 -flto compilation failed to produce executable
FAIL: gcc.dg/torture/stackalign/regparm-1.c -O2 -fwhopr (internal compiler error)
FAIL: gcc.dg/torture/stackalign/regparm-1.c -O2 -fwhopr (test for excess errors)
WARNING: gcc.dg/torture/stackalign/regparm-1.c -O2 -fwhopr compilation failed to produce executable
FAIL: gcc.dg/torture/stackalign/regparm-1.c -O3 -flto -fomit-frame-pointer (internal compiler error)
FAIL: gcc.dg/torture/stackalign/regparm-1.c -O3 -flto -fomit-frame-pointer (test for excess errors)
WARNING: gcc.dg/torture/stackalign/regparm-1.c -O3 -flto -fomit-frame-pointer compilation failed to produce executable
FAIL: gcc.dg/torture/stackalign/regparm-1.c -Os -flto (internal compiler error)
FAIL: gcc.dg/torture/stackalign/regparm-1.c -Os -flto (test for excess errors)
WARNING: gcc.dg/torture/stackalign/regparm-1.c -Os -flto compilation failed to produce executable
FAIL: gcc.dg/torture/stackalign/comp-goto-1.c -O0 -flto (internal compiler error)
FAIL: gcc.dg/torture/stackalign/comp-goto-1.c -O0 -flto (test for excess errors)
WARNING: gcc.dg/torture/stackalign/comp-goto-1.c -O0 -flto compilation failed to produce executable
FAIL: gcc.dg/torture/stackalign/comp-goto-1.c -O0 -fwhopr (internal compiler error)
FAIL: gcc.dg/torture/stackalign/comp-goto-1.c -O0 -fwhopr (test for excess errors)
WARNING: gcc.dg/torture/stackalign/comp-goto-1.c -O0 -fwhopr compilation failed to produce executable
FAIL: gcc.dg/torture/stackalign/comp-goto-1.c -O1 -flto (internal compiler error)
FAIL: gcc.dg/torture/stackalign/comp-goto-1.c -O1 -flto (test for excess errors)
WARNING: gcc.dg/torture/stackalign/comp-goto-1.c -O1 -flto compilation failed to produce executable
FAIL: gcc.dg/torture/stackalign/comp-goto-1.c -O2 -flto (internal compiler error)
FAIL: gcc.dg/torture/stackalign/comp-goto-1.c -O2 -flto (test for excess errors)
WARNING: gcc.dg/torture/stackalign/comp-goto-1.c -O2 -flto compilation failed to produce executable
FAIL: gcc.dg/torture/stackalign/comp-goto-1.c -O2 -fwhopr (internal compiler error)
FAIL: gcc.dg/torture/stackalign/comp-goto-1.c -O2 -fwhopr (test for excess errors)
WARNING: gcc.dg/torture/stackalign/comp-goto-1.c -O2 -fwhopr compilation failed to produce executable
FAIL: gcc.dg/torture/stackalign/comp-goto-1.c -O3 -flto -fomit-frame-pointer (internal compiler error)
FAIL: gcc.dg/torture/stackalign/comp-goto-1.c -O3 -flto -fomit-frame-pointer (test for excess errors)
WARNING: gcc.dg/torture/stackalign/comp-goto-1.c -O3 -flto -fomit-frame-pointer compilation failed to produce executable
FAIL: gcc.dg/torture/stackalign/comp-goto-1.c -Os -flto (internal compiler error)
FAIL: gcc.dg/torture/stackalign/comp-goto-1.c -Os -flto (test for excess errors)
WARNING: gcc.dg/torture/stackalign/comp-goto-1.c -Os -flto compilation failed to produce executable
FAIL: gcc.dg/torture/stackalign/nested-1.c -O0 -flto (internal compiler error)
FAIL: gcc.dg/torture/stackalign/nested-1.c -O0 -flto (test for excess errors)
WARNING: gcc.dg/torture/stackalign/nested-1.c -O0 -flto compilation failed to produce executable
FAIL: gcc.dg/torture/stackalign/nested-1.c -O0 -fwhopr (internal compiler error)
FAIL: gcc.dg/torture/stackalign/nested-1.c -O0 -fwhopr (test for excess errors)
WARNING: gcc.dg/torture/stackalign/nested-1.c -O0 -fwhopr compilation failed to produce executable
FAIL: gcc.dg/torture/stackalign/nested-1.c -O1 -flto (internal compiler error)
FAIL: gcc.dg/torture/stackalign/nested-1.c -O1 -flto (test for excess errors)
WARNING: gcc.dg/torture/stackalign/nested-1.c -O1 -flto compilation failed to produce executable
FAIL: gcc.dg/torture/stackalign/nested-2.c -O0 -flto (internal compiler error)
FAIL: gcc.dg/torture/stackalign/nested-2.c -O0 -flto (test for excess errors)
WARNING: gcc.dg/torture/stackalign/nested-2.c -O0 -flto compilation failed to produce executable
FAIL: gcc.dg/torture/stackalign/nested-2.c -O0 -fwhopr (internal compiler error)
FAIL: gcc.dg/torture/stackalign/nested-2.c -O0 -fwhopr (test for excess errors)
WARNING: gcc.dg/torture/stackalign/nested-2.c -O0 -fwhopr compilation failed to produce executable
FAIL: gcc.dg/torture/stackalign/nested-2.c -O1 -flto (internal compiler error)
FAIL: gcc.dg/torture/stackalign/nested-2.c -O1 -flto (test for excess errors)
WARNING: gcc.dg/torture/stackalign/nested-2.c -O1 -flto compilation failed to produce executable
FAIL: gcc.dg/torture/stackalign/nested-2.c -O2 -flto (internal compiler error)
FAIL: gcc.dg/torture/stackalign/nested-2.c -O2 -flto (test for excess errors)
WARNING: gcc.dg/torture/stackalign/nested-2.c -O2 -flto compilation failed to produce executable
FAIL: gcc.dg/torture/stackalign/nested-2.c -O2 -fwhopr (internal compiler error)
FAIL: gcc.dg/torture/stackalign/nested-2.c -O2 -fwhopr (test for excess errors)
WARNING: gcc.dg/torture/stackalign/nested-2.c -O2 -fwhopr compilation failed to produce executable
FAIL: gcc.dg/torture/stackalign/nested-2.c -O3 -flto -fomit-frame-pointer (internal compiler error)
FAIL: gcc.dg/torture/stackalign/nested-2.c -O3 -flto -fomit-frame-pointer (test for excess errors)
WARNING: gcc.dg/torture/stackalign/nested-2.c -O3 -flto -fomit-frame-pointer compilation failed to produce executable
FAIL: gcc.dg/torture/stackalign/nested-2.c -Os -flto (internal compiler error)
FAIL: gcc.dg/torture/stackalign/nested-2.c -Os -flto (test for excess errors)
WARNING: gcc.dg/torture/stackalign/nested-2.c -Os -flto compilation failed to produce executable
FAIL: gcc.dg/torture/stackalign/nested-3.c -O0 -flto (internal compiler error)
FAIL: gcc.dg/torture/stackalign/nested-3.c -O0 -flto (test for excess errors)
WARNING: gcc.dg/torture/stackalign/nested-3.c -O0 -flto compilation failed to produce executable
FAIL: gcc.dg/torture/stackalign/nested-3.c -O0 -fwhopr (internal compiler error)
FAIL: gcc.dg/torture/stackalign/nested-3.c -O0 -fwhopr (test for excess errors)
WARNING: gcc.dg/torture/stackalign/nested-3.c -O0 -fwhopr compilation failed to produce executable
FAIL: gcc.dg/torture/stackalign/nested-3.c -O1 -flto (internal compiler error)
FAIL: gcc.dg/torture/stackalign/nested-3.c -O1 -flto (test for excess errors)
WARNING: gcc.dg/torture/stackalign/nested-3.c -O1 -flto compilation failed to produce executable
FAIL: gcc.dg/torture/stackalign/nested-3.c -O2 -flto (internal compiler error)
FAIL: gcc.dg/torture/stackalign/nested-3.c -O2 -flto (test for excess errors)
WARNING: gcc.dg/torture/stackalign/nested-3.c -O2 -flto compilation failed to produce executable
FAIL: gcc.dg/torture/stackalign/nested-3.c -O2 -fwhopr (internal compiler error)
FAIL: gcc.dg/torture/stackalign/nested-3.c -O2 -fwhopr (test for excess errors)
WARNING: gcc.dg/torture/stackalign/nested-3.c -O2 -fwhopr compilation failed to produce executable
FAIL: gcc.dg/torture/stackalign/nested-3.c -O3 -flto -fomit-frame-pointer (internal compiler error)
FAIL: gcc.dg/torture/stackalign/nested-3.c -O3 -flto -fomit-frame-pointer (test for excess errors)
WARNING: gcc.dg/torture/stackalign/nested-3.c -O3 -flto -fomit-frame-pointer compilation failed to produce executable
FAIL: gcc.dg/torture/stackalign/nested-3.c -Os -flto (internal compiler error)
FAIL: gcc.dg/torture/stackalign/nested-3.c -Os -flto (test for excess errors)
WARNING: gcc.dg/torture/stackalign/nested-3.c -Os -flto compilation failed to produce executable
FAIL: gcc.dg/torture/stackalign/nested-4.c -O0 -flto (internal compiler error)
FAIL: gcc.dg/torture/stackalign/nested-4.c -O0 -flto (test for excess errors)
WARNING: gcc.dg/torture/stackalign/nested-4.c -O0 -flto compilation failed to produce executable
FAIL: gcc.dg/torture/stackalign/nested-4.c -O0 -fwhopr (internal compiler error)
FAIL: gcc.dg/torture/stackalign/nested-4.c -O0 -fwhopr (test for excess errors)
WARNING: gcc.dg/torture/stackalign/nested-4.c -O0 -fwhopr compilation failed to produce executable
FAIL: gcc.dg/torture/stackalign/nested-4.c -O1 -flto (internal compiler error)
FAIL: gcc.dg/torture/stackalign/nested-4.c -O1 -flto (test for excess errors)
WARNING: gcc.dg/torture/stackalign/nested-4.c -O1 -flto compilation failed to produce executable
FAIL: gcc.dg/torture/stackalign/nested-4.c -O2 -flto (internal compiler error)
FAIL: gcc.dg/torture/stackalign/nested-4.c -O2 -flto (test for excess errors)
WARNING: gcc.dg/torture/stackalign/nested-4.c -O2 -flto compilation failed to produce executable
FAIL: gcc.dg/torture/stackalign/nested-4.c -O2 -fwhopr (internal compiler error)
FAIL: gcc.dg/torture/stackalign/nested-4.c -O2 -fwhopr (test for excess errors)
WARNING: gcc.dg/torture/stackalign/nested-4.c -O2 -fwhopr compilation failed to produce executable
FAIL: gcc.dg/torture/stackalign/nested-4.c -O3 -flto -fomit-frame-pointer (internal compiler error)
FAIL: gcc.dg/torture/stackalign/nested-4.c -O3 -flto -fomit-frame-pointer (test for excess errors)
WARNING: gcc.dg/torture/stackalign/nested-4.c -O3 -flto -fomit-frame-pointer compilation failed to produce executable
FAIL: gcc.dg/torture/stackalign/nested-4.c -Os -flto (internal compiler error)
FAIL: gcc.dg/torture/stackalign/nested-4.c -Os -flto (test for excess errors)
WARNING: gcc.dg/torture/stackalign/nested-4.c -Os -flto compilation failed to produce executable
FAIL: gcc.dg/torture/stackalign/nested-5.c -O0 -flto (internal compiler error)
FAIL: gcc.dg/torture/stackalign/nested-5.c -O0 -flto (test for excess errors)
WARNING: gcc.dg/torture/stackalign/nested-5.c -O0 -flto compilation failed to produce executable
FAIL: gcc.dg/torture/stackalign/nested-5.c -O0 -fwhopr (internal compiler error)
FAIL: gcc.dg/torture/stackalign/nested-5.c -O0 -fwhopr (test for excess errors)
WARNING: gcc.dg/torture/stackalign/nested-5.c -O0 -fwhopr compilation failed to produce executable
FAIL: gcc.dg/torture/stackalign/nested-5.c -O1 -flto (internal compiler error)
FAIL: gcc.dg/torture/stackalign/nested-5.c -O1 -flto (test for excess errors)
WARNING: gcc.dg/torture/stackalign/nested-5.c -O1 -flto compilation failed to produce executable
FAIL: gcc.dg/torture/stackalign/nested-5.c -O2 -flto (internal compiler error)
FAIL: gcc.dg/torture/stackalign/nested-5.c -O2 -flto (test for excess errors)
WARNING: gcc.dg/torture/stackalign/nested-5.c -O2 -flto compilation failed to produce executable
FAIL: gcc.dg/torture/stackalign/nested-5.c -O2 -fwhopr (internal compiler error)
FAIL: gcc.dg/torture/stackalign/nested-5.c -O2 -fwhopr (test for excess errors)
WARNING: gcc.dg/torture/stackalign/nested-5.c -O2 -fwhopr compilation failed to produce executable
FAIL: gcc.dg/torture/stackalign/nested-5.c -O3 -flto -fomit-frame-pointer (internal compiler error)
FAIL: gcc.dg/torture/stackalign/nested-5.c -O3 -flto -fomit-frame-pointer (test for excess errors)
WARNING: gcc.dg/torture/stackalign/nested-5.c -O3 -flto -fomit-frame-pointer compilation failed to produce executable
FAIL: gcc.dg/torture/stackalign/nested-5.c -Os -flto (internal compiler error)
FAIL: gcc.dg/torture/stackalign/nested-5.c -Os -flto (test for excess errors)
WARNING: gcc.dg/torture/stackalign/nested-5.c -Os -flto compilation failed to produce executable
FAIL: gcc.dg/torture/stackalign/nested-6.c -O0 -flto (internal compiler error)
FAIL: gcc.dg/torture/stackalign/nested-6.c -O0 -flto (test for excess errors)
WARNING: gcc.dg/torture/stackalign/nested-6.c -O0 -flto compilation failed to produce executable
FAIL: gcc.dg/torture/stackalign/nested-6.c -O0 -fwhopr (internal compiler error)
FAIL: gcc.dg/torture/stackalign/nested-6.c -O0 -fwhopr (test for excess errors)
WARNING: gcc.dg/torture/stackalign/nested-6.c -O0 -fwhopr compilation failed to produce executable
FAIL: gcc.dg/torture/stackalign/nested-6.c -O1 -flto (internal compiler error)
FAIL: gcc.dg/torture/stackalign/nested-6.c -O1 -flto (test for excess errors)
WARNING: gcc.dg/torture/stackalign/nested-6.c -O1 -flto compilation failed to produce executable
FAIL: gcc.dg/torture/stackalign/nested-6.c -O2 -flto (internal compiler error)
FAIL: gcc.dg/torture/stackalign/nested-6.c -O2 -flto (test for excess errors)
WARNING: gcc.dg/torture/stackalign/nested-6.c -O2 -flto compilation failed to produce executable
FAIL: gcc.dg/torture/stackalign/nested-6.c -O2 -fwhopr (internal compiler error)
FAIL: gcc.dg/torture/stackalign/nested-6.c -O2 -fwhopr (test for excess errors)
WARNING: gcc.dg/torture/stackalign/nested-6.c -O2 -fwhopr compilation failed to produce executable
FAIL: gcc.dg/torture/stackalign/nested-6.c -O3 -flto -fomit-frame-pointer (internal compiler error)
FAIL: gcc.dg/torture/stackalign/nested-6.c -O3 -flto -fomit-frame-pointer (test for excess errors)
WARNING: gcc.dg/torture/stackalign/nested-6.c -O3 -flto -fomit-frame-pointer compilation failed to produce executable
FAIL: gcc.dg/torture/stackalign/nested-6.c -Os -flto (internal compiler error)
FAIL: gcc.dg/torture/stackalign/nested-6.c -Os -flto (test for excess errors)
WARNING: gcc.dg/torture/stackalign/nested-6.c -Os -flto compilation failed to produce executable
FAIL: gcc.dg/torture/stackalign/non-local-goto-1.c -O0 -flto (internal compiler error)
FAIL: gcc.dg/torture/stackalign/non-local-goto-1.c -O0 -flto (test for excess errors)
WARNING: gcc.dg/torture/stackalign/non-local-goto-1.c -O0 -flto compilation failed to produce executable
FAIL: gcc.dg/torture/stackalign/non-local-goto-1.c -O0 -fwhopr (internal compiler error)
FAIL: gcc.dg/torture/stackalign/non-local-goto-1.c -O0 -fwhopr (test for excess errors)
WARNING: gcc.dg/torture/stackalign/non-local-goto-1.c -O0 -fwhopr compilation failed to produce executable
FAIL: gcc.dg/torture/stackalign/non-local-goto-1.c -O1 -flto (internal compiler error)
FAIL: gcc.dg/torture/stackalign/non-local-goto-1.c -O1 -flto (test for excess errors)
WARNING: gcc.dg/torture/stackalign/non-local-goto-1.c -O1 -flto compilation failed to produce executable
FAIL: gcc.dg/torture/stackalign/non-local-goto-1.c -O2 -flto (internal compiler error)
FAIL: gcc.dg/torture/stackalign/non-local-goto-1.c -O2 -flto (test for excess errors)
WARNING: gcc.dg/torture/stackalign/non-local-goto-1.c -O2 -flto compilation failed to produce executable
FAIL: gcc.dg/torture/stackalign/non-local-goto-1.c -O2 -fwhopr (internal compiler error)
FAIL: gcc.dg/torture/stackalign/non-local-goto-1.c -O2 -fwhopr (test for excess errors)
WARNING: gcc.dg/torture/stackalign/non-local-goto-1.c -O2 -fwhopr compilation failed to produce executable
FAIL: gcc.dg/torture/stackalign/non-local-goto-1.c -O3 -flto -fomit-frame-pointer (internal compiler error)
FAIL: gcc.dg/torture/stackalign/non-local-goto-1.c -O3 -flto -fomit-frame-pointer (test for excess errors)
WARNING: gcc.dg/torture/stackalign/non-local-goto-1.c -O3 -flto -fomit-frame-pointer compilation failed to produce executable
FAIL: gcc.dg/torture/stackalign/non-local-goto-1.c -O3 -flto -fomit-frame-pointer -funroll-loops (internal compiler error)
FAIL: gcc.dg/torture/stackalign/non-local-goto-1.c -O3 -flto -fomit-frame-pointer -funroll-loops (test for excess errors)
WARNING: gcc.dg/torture/stackalign/non-local-goto-1.c -O3 -flto -fomit-frame-pointer -funroll-loops compilation failed to produce executable
FAIL: gcc.dg/torture/stackalign/non-local-goto-1.c -O3 -flto -fomit-frame-pointer -funroll-all-loops -finline-functions (internal compiler error)
FAIL: gcc.dg/torture/stackalign/non-local-goto-1.c -O3 -flto -fomit-frame-pointer -funroll-all-loops -finline-functions (test for excess errors)
WARNING: gcc.dg/torture/stackalign/non-local-goto-1.c -O3 -flto -fomit-frame-pointer -funroll-all-loops -finline-functions compilation failed to produce executable
FAIL: gcc.dg/torture/stackalign/non-local-goto-1.c -Os -flto (internal compiler error)
FAIL: gcc.dg/torture/stackalign/non-local-goto-1.c -Os -flto (test for excess errors)
WARNING: gcc.dg/torture/stackalign/non-local-goto-1.c -Os -flto compilation failed to produce executable
FAIL: gcc.dg/torture/stackalign/non-local-goto-2.c -O0 -flto (internal compiler error)
FAIL: gcc.dg/torture/stackalign/non-local-goto-2.c -O0 -flto (test for excess errors)
WARNING: gcc.dg/torture/stackalign/non-local-goto-2.c -O0 -flto compilation failed to produce executable
FAIL: gcc.dg/torture/stackalign/non-local-goto-2.c -O0 -fwhopr (internal compiler error)
FAIL: gcc.dg/torture/stackalign/non-local-goto-2.c -O0 -fwhopr (test for excess errors)
WARNING: gcc.dg/torture/stackalign/non-local-goto-2.c -O0 -fwhopr compilation failed to produce executable
FAIL: gcc.dg/torture/stackalign/non-local-goto-2.c -O1 -flto (internal compiler error)
FAIL: gcc.dg/torture/stackalign/non-local-goto-2.c -O1 -flto (test for excess errors)
WARNING: gcc.dg/torture/stackalign/non-local-goto-2.c -O1 -flto compilation failed to produce executable
FAIL: gcc.dg/torture/stackalign/non-local-goto-2.c -O2 -flto (internal compiler error)
FAIL: gcc.dg/torture/stackalign/non-local-goto-2.c -O2 -flto (test for excess errors)
WARNING: gcc.dg/torture/stackalign/non-local-goto-2.c -O2 -flto compilation failed to produce executable
FAIL: gcc.dg/torture/stackalign/non-local-goto-2.c -O2 -fwhopr (internal compiler error)
FAIL: gcc.dg/torture/stackalign/non-local-goto-2.c -O2 -fwhopr (test for excess errors)
WARNING: gcc.dg/torture/stackalign/non-local-goto-2.c -O2 -fwhopr compilation failed to produce executable
FAIL: gcc.dg/torture/stackalign/non-local-goto-2.c -O3 -flto -fomit-frame-pointer (internal compiler error)
FAIL: gcc.dg/torture/stackalign/non-local-goto-2.c -O3 -flto -fomit-frame-pointer (test for excess errors)
WARNING: gcc.dg/torture/stackalign/non-local-goto-2.c -O3 -flto -fomit-frame-pointer compilation failed to produce executable
FAIL: gcc.dg/torture/stackalign/non-local-goto-2.c -O3 -flto -fomit-frame-pointer -funroll-loops (internal compiler error)
FAIL: gcc.dg/torture/stackalign/non-local-goto-2.c -O3 -flto -fomit-frame-pointer -funroll-loops (test for excess errors)
WARNING: gcc.dg/torture/stackalign/non-local-goto-2.c -O3 -flto -fomit-frame-pointer -funroll-loops compilation failed to produce executable
FAIL: gcc.dg/torture/stackalign/non-local-goto-2.c -O3 -flto -fomit-frame-pointer -funroll-all-loops -finline-functions (internal compiler error)
FAIL: gcc.dg/torture/stackalign/non-local-goto-2.c -O3 -flto -fomit-frame-pointer -funroll-all-loops -finline-functions (test for excess errors)
WARNING: gcc.dg/torture/stackalign/non-local-goto-2.c -O3 -flto -fomit-frame-pointer -funroll-all-loops -finline-functions compilation failed to produce executable
FAIL: gcc.dg/torture/stackalign/non-local-goto-2.c -Os -flto (internal compiler error)
FAIL: gcc.dg/torture/stackalign/non-local-goto-2.c -Os -flto (test for excess errors)
WARNING: gcc.dg/torture/stackalign/non-local-goto-2.c -Os -flto compilation failed to produce executable
FAIL: gcc.dg/torture/stackalign/non-local-goto-3.c -O0 -flto (internal compiler error)
FAIL: gcc.dg/torture/stackalign/non-local-goto-3.c -O0 -flto (test for excess errors)
WARNING: gcc.dg/torture/stackalign/non-local-goto-3.c -O0 -flto compilation failed to produce executable
FAIL: gcc.dg/torture/stackalign/non-local-goto-3.c -O0 -fwhopr (internal compiler error)
FAIL: gcc.dg/torture/stackalign/non-local-goto-3.c -O0 -fwhopr (test for excess errors)
WARNING: gcc.dg/torture/stackalign/non-local-goto-3.c -O0 -fwhopr compilation failed to produce executable
FAIL: gcc.dg/torture/stackalign/non-local-goto-3.c -O1 -flto (internal compiler error)
FAIL: gcc.dg/torture/stackalign/non-local-goto-3.c -O1 -flto (test for excess errors)
WARNING: gcc.dg/torture/stackalign/non-local-goto-3.c -O1 -flto compilation failed to produce executable
FAIL: gcc.dg/torture/stackalign/non-local-goto-3.c -O2 -flto (internal compiler error)
FAIL: gcc.dg/torture/stackalign/non-local-goto-3.c -O2 -flto (test for excess errors)
WARNING: gcc.dg/torture/stackalign/non-local-goto-3.c -O2 -flto compilation failed to produce executable
FAIL: gcc.dg/torture/stackalign/non-local-goto-3.c -O2 -fwhopr (internal compiler error)
FAIL: gcc.dg/torture/stackalign/non-local-goto-3.c -O2 -fwhopr (test for excess errors)
WARNING: gcc.dg/torture/stackalign/non-local-goto-3.c -O2 -fwhopr compilation failed to produce executable
FAIL: gcc.dg/torture/stackalign/non-local-goto-3.c -O3 -flto -fomit-frame-pointer (internal compiler error)
FAIL: gcc.dg/torture/stackalign/non-local-goto-3.c -O3 -flto -fomit-frame-pointer (test for excess errors)
WARNING: gcc.dg/torture/stackalign/non-local-goto-3.c -O3 -flto -fomit-frame-pointer compilation failed to produce executable
FAIL: gcc.dg/torture/stackalign/non-local-goto-3.c -O3 -flto -fomit-frame-pointer -funroll-loops (internal compiler error)
FAIL: gcc.dg/torture/stackalign/non-local-goto-3.c -O3 -flto -fomit-frame-pointer -funroll-loops (test for excess errors)
WARNING: gcc.dg/torture/stackalign/non-local-goto-3.c -O3 -flto -fomit-frame-pointer -funroll-loops compilation failed to produce executable
FAIL: gcc.dg/torture/stackalign/non-local-goto-3.c -O3 -flto -fomit-frame-pointer -funroll-all-loops -finline-functions (internal compiler error)
FAIL: gcc.dg/torture/stackalign/non-local-goto-3.c -O3 -flto -fomit-frame-pointer -funroll-all-loops -finline-functions (test for excess errors)
WARNING: gcc.dg/torture/stackalign/non-local-goto-3.c -O3 -flto -fomit-frame-pointer -funroll-all-loops -finline-functions compilation failed to produce executable
FAIL: gcc.dg/torture/stackalign/non-local-goto-3.c -Os -flto (internal compiler error)
FAIL: gcc.dg/torture/stackalign/non-local-goto-3.c -Os -flto (test for excess errors)
WARNING: gcc.dg/torture/stackalign/non-local-goto-3.c -Os -flto compilation failed to produce executable
FAIL: gcc.dg/torture/stackalign/non-local-goto-4.c -O0 -flto (internal compiler error)
FAIL: gcc.dg/torture/stackalign/non-local-goto-4.c -O0 -flto (test for excess errors)
WARNING: gcc.dg/torture/stackalign/non-local-goto-4.c -O0 -flto compilation failed to produce executable
FAIL: gcc.dg/torture/stackalign/non-local-goto-4.c -O0 -fwhopr (internal compiler error)
FAIL: gcc.dg/torture/stackalign/non-local-goto-4.c -O0 -fwhopr (test for excess errors)
WARNING: gcc.dg/torture/stackalign/non-local-goto-4.c -O0 -fwhopr compilation failed to produce executable
FAIL: gcc.dg/torture/stackalign/non-local-goto-4.c -O1 -flto (internal compiler error)
FAIL: gcc.dg/torture/stackalign/non-local-goto-4.c -O1 -flto (test for excess errors)
WARNING: gcc.dg/torture/stackalign/non-local-goto-4.c -O1 -flto compilation failed to produce executable
FAIL: gcc.dg/torture/stackalign/non-local-goto-4.c -O2 -flto (internal compiler error)
FAIL: gcc.dg/torture/stackalign/non-local-goto-4.c -O2 -flto (test for excess errors)
WARNING: gcc.dg/torture/stackalign/non-local-goto-4.c -O2 -flto compilation failed to produce executable
FAIL: gcc.dg/torture/stackalign/non-local-goto-4.c -O2 -fwhopr (internal compiler error)
FAIL: gcc.dg/torture/stackalign/non-local-goto-4.c -O2 -fwhopr (test for excess errors)
WARNING: gcc.dg/torture/stackalign/non-local-goto-4.c -O2 -fwhopr compilation failed to produce executable
FAIL: gcc.dg/torture/stackalign/non-local-goto-4.c -O3 -flto -fomit-frame-pointer (internal compiler error)
FAIL: gcc.dg/torture/stackalign/non-local-goto-4.c -O3 -flto -fomit-frame-pointer (test for excess errors)
WARNING: gcc.dg/torture/stackalign/non-local-goto-4.c -O3 -flto -fomit-frame-pointer compilation failed to produce executable
FAIL: gcc.dg/torture/stackalign/non-local-goto-4.c -Os -flto (internal compiler error)
FAIL: gcc.dg/torture/stackalign/non-local-goto-4.c -Os -flto (test for excess errors)
WARNING: gcc.dg/torture/stackalign/non-local-goto-4.c -Os -flto compilation failed to produce executable
FAIL: gcc.dg/torture/stackalign/non-local-goto-5.c -O0 -flto (internal compiler error)
FAIL: gcc.dg/torture/stackalign/non-local-goto-5.c -O0 -flto (test for excess errors)
WARNING: gcc.dg/torture/stackalign/non-local-goto-5.c -O0 -flto compilation failed to produce executable
FAIL: gcc.dg/torture/stackalign/non-local-goto-5.c -O0 -fwhopr (internal compiler error)
FAIL: gcc.dg/torture/stackalign/non-local-goto-5.c -O0 -fwhopr (test for excess errors)
WARNING: gcc.dg/torture/stackalign/non-local-goto-5.c -O0 -fwhopr compilation failed to produce executable
FAIL: gcc.dg/torture/stackalign/non-local-goto-5.c -O1 -flto (internal compiler error)
FAIL: gcc.dg/torture/stackalign/non-local-goto-5.c -O1 -flto (test for excess errors)
WARNING: gcc.dg/torture/stackalign/non-local-goto-5.c -O1 -flto compilation failed to produce executable
FAIL: gcc.dg/torture/stackalign/non-local-goto-5.c -O2 -flto (internal compiler error)
FAIL: gcc.dg/torture/stackalign/non-local-goto-5.c -O2 -flto (test for excess errors)
WARNING: gcc.dg/torture/stackalign/non-local-goto-5.c -O2 -flto compilation failed to produce executable
FAIL: gcc.dg/torture/stackalign/non-local-goto-5.c -O2 -fwhopr (internal compiler error)
FAIL: gcc.dg/torture/stackalign/non-local-goto-5.c -O2 -fwhopr (test for excess errors)
WARNING: gcc.dg/torture/stackalign/non-local-goto-5.c -O2 -fwhopr compilation failed to produce executable
FAIL: gcc.dg/torture/stackalign/non-local-goto-5.c -O3 -flto -fomit-frame-pointer (internal compiler error)
FAIL: gcc.dg/torture/stackalign/non-local-goto-5.c -O3 -flto -fomit-frame-pointer (test for excess errors)
WARNING: gcc.dg/torture/stackalign/non-local-goto-5.c -O3 -flto -fomit-frame-pointer compilation failed to produce executable
FAIL: gcc.dg/torture/stackalign/non-local-goto-5.c -Os -flto (internal compiler error)
FAIL: gcc.dg/torture/stackalign/non-local-goto-5.c -Os -flto (test for excess errors)
WARNING: gcc.dg/torture/stackalign/non-local-goto-5.c -Os -flto compilation failed to produce executable
FAIL: gcc.dg/torture/stackalign/regparm-1.c -O0 -flto (internal compiler error)
FAIL: gcc.dg/torture/stackalign/regparm-1.c -O0 -flto (test for excess errors)
WARNING: gcc.dg/torture/stackalign/regparm-1.c -O0 -flto compilation failed to produce executable
FAIL: gcc.dg/torture/stackalign/regparm-1.c -O0 -fwhopr (internal compiler error)
FAIL: gcc.dg/torture/stackalign/regparm-1.c -O0 -fwhopr (test for excess errors)
WARNING: gcc.dg/torture/stackalign/regparm-1.c -O0 -fwhopr compilation failed to produce executable
FAIL: gcc.dg/torture/stackalign/regparm-1.c -O1 -flto (internal compiler error)
FAIL: gcc.dg/torture/stackalign/regparm-1.c -O1 -flto (test for excess errors)
WARNING: gcc.dg/torture/stackalign/regparm-1.c -O1 -flto compilation failed to produce executable
FAIL: gcc.dg/torture/stackalign/regparm-1.c -O2 -flto (internal compiler error)
FAIL: gcc.dg/torture/stackalign/regparm-1.c -O2 -flto (test for excess errors)
WARNING: gcc.dg/torture/stackalign/regparm-1.c -O2 -flto compilation failed to produce executable
FAIL: gcc.dg/torture/stackalign/regparm-1.c -O2 -fwhopr (internal compiler error)
FAIL: gcc.dg/torture/stackalign/regparm-1.c -O2 -fwhopr (test for excess errors)
WARNING: gcc.dg/torture/stackalign/regparm-1.c -O2 -fwhopr compilation failed to produce executable
FAIL: gcc.dg/torture/stackalign/regparm-1.c -O3 -flto -fomit-frame-pointer (internal compiler error)
FAIL: gcc.dg/torture/stackalign/regparm-1.c -O3 -flto -fomit-frame-pointer (test for excess errors)
WARNING: gcc.dg/torture/stackalign/regparm-1.c -O3 -flto -fomit-frame-pointer compilation failed to produce executable
FAIL: gcc.dg/torture/stackalign/regparm-1.c -Os -flto (internal compiler error)
FAIL: gcc.dg/torture/stackalign/regparm-1.c -Os -flto (test for excess errors)
WARNING: gcc.dg/torture/stackalign/regparm-1.c -Os -flto compilation failed to produce executable
FAIL: gcc.dg/torture/stackalign/comp-goto-1.c -O0 -flto (internal compiler error)
FAIL: gcc.dg/torture/stackalign/comp-goto-1.c -O0 -flto (test for excess errors)
WARNING: gcc.dg/torture/stackalign/comp-goto-1.c -O0 -flto compilation failed to produce executable
FAIL: gcc.dg/torture/stackalign/comp-goto-1.c -O0 -fwhopr (internal compiler error)
FAIL: gcc.dg/torture/stackalign/comp-goto-1.c -O0 -fwhopr (test for excess errors)
WARNING: gcc.dg/torture/stackalign/comp-goto-1.c -O0 -fwhopr compilation failed to produce executable
FAIL: gcc.dg/torture/stackalign/comp-goto-1.c -O1 -flto (internal compiler error)
FAIL: gcc.dg/torture/stackalign/comp-goto-1.c -O1 -flto (test for excess errors)
WARNING: gcc.dg/torture/stackalign/comp-goto-1.c -O1 -flto compilation failed to produce executable
FAIL: gcc.dg/torture/stackalign/comp-goto-1.c -O2 -flto (internal compiler error)
FAIL: gcc.dg/torture/stackalign/comp-goto-1.c -O2 -flto (test for excess errors)
WARNING: gcc.dg/torture/stackalign/comp-goto-1.c -O2 -flto compilation failed to produce executable
FAIL: gcc.dg/torture/stackalign/comp-goto-1.c -O2 -fwhopr (internal compiler error)
FAIL: gcc.dg/torture/stackalign/comp-goto-1.c -O2 -fwhopr (test for excess errors)
WARNING: gcc.dg/torture/stackalign/comp-goto-1.c -O2 -fwhopr compilation failed to produce executable
FAIL: gcc.dg/torture/stackalign/comp-goto-1.c -O3 -flto -fomit-frame-pointer (internal compiler error)
FAIL: gcc.dg/torture/stackalign/comp-goto-1.c -O3 -flto -fomit-frame-pointer (test for excess errors)
WARNING: gcc.dg/torture/stackalign/comp-goto-1.c -O3 -flto -fomit-frame-pointer compilation failed to produce executable
FAIL: gcc.dg/torture/stackalign/comp-goto-1.c -Os -flto (internal compiler error)
FAIL: gcc.dg/torture/stackalign/comp-goto-1.c -Os -flto (test for excess errors)
WARNING: gcc.dg/torture/stackalign/comp-goto-1.c -Os -flto compilation failed to produce executable
FAIL: gcc.dg/torture/stackalign/nested-1.c -O0 -flto (internal compiler error)
FAIL: gcc.dg/torture/stackalign/nested-1.c -O0 -flto (test for excess errors)
WARNING: gcc.dg/torture/stackalign/nested-1.c -O0 -flto compilation failed to produce executable
FAIL: gcc.dg/torture/stackalign/nested-1.c -O0 -fwhopr (internal compiler error)
FAIL: gcc.dg/torture/stackalign/nested-1.c -O0 -fwhopr (test for excess errors)
WARNING: gcc.dg/torture/stackalign/nested-1.c -O0 -fwhopr compilation failed to produce executable
FAIL: gcc.dg/torture/stackalign/nested-1.c -O1 -flto (internal compiler error)
FAIL: gcc.dg/torture/stackalign/nested-1.c -O1 -flto (test for excess errors)
WARNING: gcc.dg/torture/stackalign/nested-1.c -O1 -flto compilation failed to produce executable
FAIL: gcc.dg/torture/stackalign/nested-2.c -O0 -flto (internal compiler error)
FAIL: gcc.dg/torture/stackalign/nested-2.c -O0 -flto (test for excess errors)
WARNING: gcc.dg/torture/stackalign/nested-2.c -O0 -flto compilation failed to produce executable
FAIL: gcc.dg/torture/stackalign/nested-2.c -O0 -fwhopr (internal compiler error)
FAIL: gcc.dg/torture/stackalign/nested-2.c -O0 -fwhopr (test for excess errors)
WARNING: gcc.dg/torture/stackalign/nested-2.c -O0 -fwhopr compilation failed to produce executable
FAIL: gcc.dg/torture/stackalign/nested-2.c -O1 -flto (internal compiler error)
FAIL: gcc.dg/torture/stackalign/nested-2.c -O1 -flto (test for excess errors)
WARNING: gcc.dg/torture/stackalign/nested-2.c -O1 -flto compilation failed to produce executable
FAIL: gcc.dg/torture/stackalign/nested-2.c -O2 -flto (internal compiler error)
FAIL: gcc.dg/torture/stackalign/nested-2.c -O2 -flto (test for excess errors)
WARNING: gcc.dg/torture/stackalign/nested-2.c -O2 -flto compilation failed to produce executable
FAIL: gcc.dg/torture/stackalign/nested-2.c -O2 -fwhopr (internal compiler error)
FAIL: gcc.dg/torture/stackalign/nested-2.c -O2 -fwhopr (test for excess errors)
WARNING: gcc.dg/torture/stackalign/nested-2.c -O2 -fwhopr compilation failed to produce executable
FAIL: gcc.dg/torture/stackalign/nested-2.c -O3 -flto -fomit-frame-pointer (internal compiler error)
FAIL: gcc.dg/torture/stackalign/nested-2.c -O3 -flto -fomit-frame-pointer (test for excess errors)
WARNING: gcc.dg/torture/stackalign/nested-2.c -O3 -flto -fomit-frame-pointer compilation failed to produce executable
FAIL: gcc.dg/torture/stackalign/nested-2.c -Os -flto (internal compiler error)
FAIL: gcc.dg/torture/stackalign/nested-2.c -Os -flto (test for excess errors)
WARNING: gcc.dg/torture/stackalign/nested-2.c -Os -flto compilation failed to produce executable
FAIL: gcc.dg/torture/stackalign/nested-3.c -O0 -flto (internal compiler error)
FAIL: gcc.dg/torture/stackalign/nested-3.c -O0 -flto (test for excess errors)
WARNING: gcc.dg/torture/stackalign/nested-3.c -O0 -flto compilation failed to produce executable
FAIL: gcc.dg/torture/stackalign/nested-3.c -O0 -fwhopr (internal compiler error)
FAIL: gcc.dg/torture/stackalign/nested-3.c -O0 -fwhopr (test for excess errors)
WARNING: gcc.dg/torture/stackalign/nested-3.c -O0 -fwhopr compilation failed to produce executable
FAIL: gcc.dg/torture/stackalign/nested-3.c -O1 -flto (internal compiler error)
FAIL: gcc.dg/torture/stackalign/nested-3.c -O1 -flto (test for excess errors)
WARNING: gcc.dg/torture/stackalign/nested-3.c -O1 -flto compilation failed to produce executable
FAIL: gcc.dg/torture/stackalign/nested-3.c -O2 -flto (internal compiler error)
FAIL: gcc.dg/torture/stackalign/nested-3.c -O2 -flto (test for excess errors)
WARNING: gcc.dg/torture/stackalign/nested-3.c -O2 -flto compilation failed to produce executable
FAIL: gcc.dg/torture/stackalign/nested-3.c -O2 -fwhopr (internal compiler error)
FAIL: gcc.dg/torture/stackalign/nested-3.c -O2 -fwhopr (test for excess errors)
WARNING: gcc.dg/torture/stackalign/nested-3.c -O2 -fwhopr compilation failed to produce executable
FAIL: gcc.dg/torture/stackalign/nested-3.c -O3 -flto -fomit-frame-pointer (internal compiler error)
FAIL: gcc.dg/torture/stackalign/nested-3.c -O3 -flto -fomit-frame-pointer (test for excess errors)
WARNING: gcc.dg/torture/stackalign/nested-3.c -O3 -flto -fomit-frame-pointer compilation failed to produce executable
FAIL: gcc.dg/torture/stackalign/nested-3.c -Os -flto (internal compiler error)
FAIL: gcc.dg/torture/stackalign/nested-3.c -Os -flto (test for excess errors)
WARNING: gcc.dg/torture/stackalign/nested-3.c -Os -flto compilation failed to produce executable
FAIL: gcc.dg/torture/stackalign/nested-4.c -O0 -flto (internal compiler error)
FAIL: gcc.dg/torture/stackalign/nested-4.c -O0 -flto (test for excess errors)
WARNING: gcc.dg/torture/stackalign/nested-4.c -O0 -flto compilation failed to produce executable
FAIL: gcc.dg/torture/stackalign/nested-4.c -O0 -fwhopr (internal compiler error)
FAIL: gcc.dg/torture/stackalign/nested-4.c -O0 -fwhopr (test for excess errors)
WARNING: gcc.dg/torture/stackalign/nested-4.c -O0 -fwhopr compilation failed to produce executable
FAIL: gcc.dg/torture/stackalign/nested-4.c -O1 -flto (internal compiler error)
FAIL: gcc.dg/torture/stackalign/nested-4.c -O1 -flto (test for excess errors)
WARNING: gcc.dg/torture/stackalign/nested-4.c -O1 -flto compilation failed to produce executable
FAIL: gcc.dg/torture/stackalign/nested-4.c -O2 -flto (internal compiler error)
FAIL: gcc.dg/torture/stackalign/nested-4.c -O2 -flto (test for excess errors)
WARNING: gcc.dg/torture/stackalign/nested-4.c -O2 -flto compilation failed to produce executable
FAIL: gcc.dg/torture/stackalign/nested-4.c -O2 -fwhopr (internal compiler error)
FAIL: gcc.dg/torture/stackalign/nested-4.c -O2 -fwhopr (test for excess errors)
WARNING: gcc.dg/torture/stackalign/nested-4.c -O2 -fwhopr compilation failed to produce executable
FAIL: gcc.dg/torture/stackalign/nested-4.c -O3 -flto -fomit-frame-pointer (internal compiler error)
FAIL: gcc.dg/torture/stackalign/nested-4.c -O3 -flto -fomit-frame-pointer (test for excess errors)
WARNING: gcc.dg/torture/stackalign/nested-4.c -O3 -flto -fomit-frame-pointer compilation failed to produce executable
FAIL: gcc.dg/torture/stackalign/nested-4.c -Os -flto (internal compiler error)
FAIL: gcc.dg/torture/stackalign/nested-4.c -Os -flto (test for excess errors)
WARNING: gcc.dg/torture/stackalign/nested-4.c -Os -flto compilation failed to produce executable
FAIL: gcc.dg/torture/stackalign/nested-5.c -O0 -flto (internal compiler error)
FAIL: gcc.dg/torture/stackalign/nested-5.c -O0 -flto (test for excess errors)
WARNING: gcc.dg/torture/stackalign/nested-5.c -O0 -flto compilation failed to produce executable
FAIL: gcc.dg/torture/stackalign/nested-5.c -O0 -fwhopr (internal compiler error)
FAIL: gcc.dg/torture/stackalign/nested-5.c -O0 -fwhopr (test for excess errors)
WARNING: gcc.dg/torture/stackalign/nested-5.c -O0 -fwhopr compilation failed to produce executable
FAIL: gcc.dg/torture/stackalign/nested-5.c -O1 -flto (internal compiler error)
FAIL: gcc.dg/torture/stackalign/nested-5.c -O1 -flto (test for excess errors)
WARNING: gcc.dg/torture/stackalign/nested-5.c -O1 -flto compilation failed to produce executable
FAIL: gcc.dg/torture/stackalign/nested-5.c -O2 -flto (internal compiler error)
FAIL: gcc.dg/torture/stackalign/nested-5.c -O2 -flto (test for excess errors)
WARNING: gcc.dg/torture/stackalign/nested-5.c -O2 -flto compilation failed to produce executable
FAIL: gcc.dg/torture/stackalign/nested-5.c -O2 -fwhopr (internal compiler error)
FAIL: gcc.dg/torture/stackalign/nested-5.c -O2 -fwhopr (test for excess errors)
WARNING: gcc.dg/torture/stackalign/nested-5.c -O2 -fwhopr compilation failed to produce executable
FAIL: gcc.dg/torture/stackalign/nested-5.c -O3 -flto -fomit-frame-pointer (internal compiler error)
FAIL: gcc.dg/torture/stackalign/nested-5.c -O3 -flto -fomit-frame-pointer (test for excess errors)
WARNING: gcc.dg/torture/stackalign/nested-5.c -O3 -flto -fomit-frame-pointer compilation failed to produce executable
FAIL: gcc.dg/torture/stackalign/nested-5.c -Os -flto (internal compiler error)
FAIL: gcc.dg/torture/stackalign/nested-5.c -Os -flto (test for excess errors)
WARNING: gcc.dg/torture/stackalign/nested-5.c -Os -flto compilation failed to produce executable
FAIL: gcc.dg/torture/stackalign/nested-6.c -O0 -flto (internal compiler error)
FAIL: gcc.dg/torture/stackalign/nested-6.c -O0 -flto (test for excess errors)
WARNING: gcc.dg/torture/stackalign/nested-6.c -O0 -flto compilation failed to produce executable
FAIL: gcc.dg/torture/stackalign/nested-6.c -O0 -fwhopr (internal compiler error)
FAIL: gcc.dg/torture/stackalign/nested-6.c -O0 -fwhopr (test for excess errors)
WARNING: gcc.dg/torture/stackalign/nested-6.c -O0 -fwhopr compilation failed to produce executable
FAIL: gcc.dg/torture/stackalign/nested-6.c -O1 -flto (internal compiler error)
FAIL: gcc.dg/torture/stackalign/nested-6.c -O1 -flto (test for excess errors)
WARNING: gcc.dg/torture/stackalign/nested-6.c -O1 -flto compilation failed to produce executable
FAIL: gcc.dg/torture/stackalign/nested-6.c -O2 -flto (internal compiler error)
FAIL: gcc.dg/torture/stackalign/nested-6.c -O2 -flto (test for excess errors)
WARNING: gcc.dg/torture/stackalign/nested-6.c -O2 -flto compilation failed to produce executable
FAIL: gcc.dg/torture/stackalign/nested-6.c -O2 -fwhopr (internal compiler error)
FAIL: gcc.dg/torture/stackalign/nested-6.c -O2 -fwhopr (test for excess errors)
WARNING: gcc.dg/torture/stackalign/nested-6.c -O2 -fwhopr compilation failed to produce executable
FAIL: gcc.dg/torture/stackalign/nested-6.c -O3 -flto -fomit-frame-pointer (internal compiler error)
FAIL: gcc.dg/torture/stackalign/nested-6.c -O3 -flto -fomit-frame-pointer (test for excess errors)
WARNING: gcc.dg/torture/stackalign/nested-6.c -O3 -flto -fomit-frame-pointer compilation failed to produce executable
FAIL: gcc.dg/torture/stackalign/nested-6.c -Os -flto (internal compiler error)
FAIL: gcc.dg/torture/stackalign/nested-6.c -Os -flto (test for excess errors)
WARNING: gcc.dg/torture/stackalign/nested-6.c -Os -flto compilation failed to produce executable
FAIL: gcc.dg/torture/stackalign/non-local-goto-1.c -O0 -flto (internal compiler error)
FAIL: gcc.dg/torture/stackalign/non-local-goto-1.c -O0 -flto (test for excess errors)
WARNING: gcc.dg/torture/stackalign/non-local-goto-1.c -O0 -flto compilation failed to produce executable
FAIL: gcc.dg/torture/stackalign/non-local-goto-1.c -O0 -fwhopr (internal compiler error)
FAIL: gcc.dg/torture/stackalign/non-local-goto-1.c -O0 -fwhopr (test for excess errors)
WARNING: gcc.dg/torture/stackalign/non-local-goto-1.c -O0 -fwhopr compilation failed to produce executable
FAIL: gcc.dg/torture/stackalign/non-local-goto-1.c -O1 -flto (internal compiler error)
FAIL: gcc.dg/torture/stackalign/non-local-goto-1.c -O1 -flto (test for excess errors)
WARNING: gcc.dg/torture/stackalign/non-local-goto-1.c -O1 -flto compilation failed to produce executable
FAIL: gcc.dg/torture/stackalign/non-local-goto-1.c -O2 -flto (internal compiler error)
FAIL: gcc.dg/torture/stackalign/non-local-goto-1.c -O2 -flto (test for excess errors)
WARNING: gcc.dg/torture/stackalign/non-local-goto-1.c -O2 -flto compilation failed to produce executable
FAIL: gcc.dg/torture/stackalign/non-local-goto-1.c -O2 -fwhopr (internal compiler error)
FAIL: gcc.dg/torture/stackalign/non-local-goto-1.c -O2 -fwhopr (test for excess errors)
WARNING: gcc.dg/torture/stackalign/non-local-goto-1.c -O2 -fwhopr compilation failed to produce executable
FAIL: gcc.dg/torture/stackalign/non-local-goto-1.c -O3 -flto -fomit-frame-pointer (internal compiler error)
FAIL: gcc.dg/torture/stackalign/non-local-goto-1.c -O3 -flto -fomit-frame-pointer (test for excess errors)
WARNING: gcc.dg/torture/stackalign/non-local-goto-1.c -O3 -flto -fomit-frame-pointer compilation failed to produce executable
FAIL: gcc.dg/torture/stackalign/non-local-goto-1.c -O3 -flto -fomit-frame-pointer -funroll-loops (internal compiler error)
FAIL: gcc.dg/torture/stackalign/non-local-goto-1.c -O3 -flto -fomit-frame-pointer -funroll-loops (test for excess errors)
WARNING: gcc.dg/torture/stackalign/non-local-goto-1.c -O3 -flto -fomit-frame-pointer -funroll-loops compilation failed to produce executable
FAIL: gcc.dg/torture/stackalign/non-local-goto-1.c -O3 -flto -fomit-frame-pointer -funroll-all-loops -finline-functions (internal compiler error)
FAIL: gcc.dg/torture/stackalign/non-local-goto-1.c -O3 -flto -fomit-frame-pointer -funroll-all-loops -finline-functions (test for excess errors)
WARNING: gcc.dg/torture/stackalign/non-local-goto-1.c -O3 -flto -fomit-frame-pointer -funroll-all-loops -finline-functions compilation failed to produce executable
FAIL: gcc.dg/torture/stackalign/non-local-goto-1.c -Os -flto (internal compiler error)
FAIL: gcc.dg/torture/stackalign/non-local-goto-1.c -Os -flto (test for excess errors)
WARNING: gcc.dg/torture/stackalign/non-local-goto-1.c -Os -flto compilation failed to produce executable
FAIL: gcc.dg/torture/stackalign/non-local-goto-2.c -O0 -flto (internal compiler error)
FAIL: gcc.dg/torture/stackalign/non-local-goto-2.c -O0 -flto (test for excess errors)
WARNING: gcc.dg/torture/stackalign/non-local-goto-2.c -O0 -flto compilation failed to produce executable
FAIL: gcc.dg/torture/stackalign/non-local-goto-2.c -O0 -fwhopr (internal compiler error)
FAIL: gcc.dg/torture/stackalign/non-local-goto-2.c -O0 -fwhopr (test for excess errors)
WARNING: gcc.dg/torture/stackalign/non-local-goto-2.c -O0 -fwhopr compilation failed to produce executable
FAIL: gcc.dg/torture/stackalign/non-local-goto-2.c -O1 -flto (internal compiler error)
FAIL: gcc.dg/torture/stackalign/non-local-goto-2.c -O1 -flto (test for excess errors)
WARNING: gcc.dg/torture/stackalign/non-local-goto-2.c -O1 -flto compilation failed to produce executable
FAIL: gcc.dg/torture/stackalign/non-local-goto-2.c -O2 -flto (internal compiler error)
FAIL: gcc.dg/torture/stackalign/non-local-goto-2.c -O2 -flto (test for excess errors)
WARNING: gcc.dg/torture/stackalign/non-local-goto-2.c -O2 -flto compilation failed to produce executable
FAIL: gcc.dg/torture/stackalign/non-local-goto-2.c -O2 -fwhopr (internal compiler error)
FAIL: gcc.dg/torture/stackalign/non-local-goto-2.c -O2 -fwhopr (test for excess errors)
WARNING: gcc.dg/torture/stackalign/non-local-goto-2.c -O2 -fwhopr compilation failed to produce executable
FAIL: gcc.dg/torture/stackalign/non-local-goto-2.c -O3 -flto -fomit-frame-pointer (internal compiler error)
FAIL: gcc.dg/torture/stackalign/non-local-goto-2.c -O3 -flto -fomit-frame-pointer (test for excess errors)
WARNING: gcc.dg/torture/stackalign/non-local-goto-2.c -O3 -flto -fomit-frame-pointer compilation failed to produce executable
FAIL: gcc.dg/torture/stackalign/non-local-goto-2.c -O3 -flto -fomit-frame-pointer -funroll-loops (internal compiler error)
FAIL: gcc.dg/torture/stackalign/non-local-goto-2.c -O3 -flto -fomit-frame-pointer -funroll-loops (test for excess errors)
WARNING: gcc.dg/torture/stackalign/non-local-goto-2.c -O3 -flto -fomit-frame-pointer -funroll-loops compilation failed to produce executable
FAIL: gcc.dg/torture/stackalign/non-local-goto-2.c -O3 -flto -fomit-frame-pointer -funroll-all-loops -finline-functions (internal compiler error)
FAIL: gcc.dg/torture/stackalign/non-local-goto-2.c -O3 -flto -fomit-frame-pointer -funroll-all-loops -finline-functions (test for excess errors)
WARNING: gcc.dg/torture/stackalign/non-local-goto-2.c -O3 -flto -fomit-frame-pointer -funroll-all-loops -finline-functions compilation failed to produce executable
FAIL: gcc.dg/torture/stackalign/non-local-goto-2.c -Os -flto (internal compiler error)
FAIL: gcc.dg/torture/stackalign/non-local-goto-2.c -Os -flto (test for excess errors)
WARNING: gcc.dg/torture/stackalign/non-local-goto-2.c -Os -flto compilation failed to produce executable
FAIL: gcc.dg/torture/stackalign/non-local-goto-3.c -O0 -flto (internal compiler error)
FAIL: gcc.dg/torture/stackalign/non-local-goto-3.c -O0 -flto (test for excess errors)
WARNING: gcc.dg/torture/stackalign/non-local-goto-3.c -O0 -flto compilation failed to produce executable
FAIL: gcc.dg/torture/stackalign/non-local-goto-3.c -O0 -fwhopr (internal compiler error)
FAIL: gcc.dg/torture/stackalign/non-local-goto-3.c -O0 -fwhopr (test for excess errors)
WARNING: gcc.dg/torture/stackalign/non-local-goto-3.c -O0 -fwhopr compilation failed to produce executable
FAIL: gcc.dg/torture/stackalign/non-local-goto-3.c -O1 -flto (internal compiler error)
FAIL: gcc.dg/torture/stackalign/non-local-goto-3.c -O1 -flto (test for excess errors)
WARNING: gcc.dg/torture/stackalign/non-local-goto-3.c -O1 -flto compilation failed to produce executable
FAIL: gcc.dg/torture/stackalign/non-local-goto-3.c -O2 -flto (internal compiler error)
FAIL: gcc.dg/torture/stackalign/non-local-goto-3.c -O2 -flto (test for excess errors)
WARNING: gcc.dg/torture/stackalign/non-local-goto-3.c -O2 -flto compilation failed to produce executable
FAIL: gcc.dg/torture/stackalign/non-local-goto-3.c -O2 -fwhopr (internal compiler error)
FAIL: gcc.dg/torture/stackalign/non-local-goto-3.c -O2 -fwhopr (test for excess errors)
WARNING: gcc.dg/torture/stackalign/non-local-goto-3.c -O2 -fwhopr compilation failed to produce executable
FAIL: gcc.dg/torture/stackalign/non-local-goto-3.c -O3 -flto -fomit-frame-pointer (internal compiler error)
FAIL: gcc.dg/torture/stackalign/non-local-goto-3.c -O3 -flto -fomit-frame-pointer (test for excess errors)
WARNING: gcc.dg/torture/stackalign/non-local-goto-3.c -O3 -flto -fomit-frame-pointer compilation failed to produce executable
FAIL: gcc.dg/torture/stackalign/non-local-goto-3.c -O3 -flto -fomit-frame-pointer -funroll-loops (internal compiler error)
FAIL: gcc.dg/torture/stackalign/non-local-goto-3.c -O3 -flto -fomit-frame-pointer -funroll-loops (test for excess errors)
WARNING: gcc.dg/torture/stackalign/non-local-goto-3.c -O3 -flto -fomit-frame-pointer -funroll-loops compilation failed to produce executable
FAIL: gcc.dg/torture/stackalign/non-local-goto-3.c -O3 -flto -fomit-frame-pointer -funroll-all-loops -finline-functions (internal compiler error)
FAIL: gcc.dg/torture/stackalign/non-local-goto-3.c -O3 -flto -fomit-frame-pointer -funroll-all-loops -finline-functions (test for excess errors)
WARNING: gcc.dg/torture/stackalign/non-local-goto-3.c -O3 -flto -fomit-frame-pointer -funroll-all-loops -finline-functions compilation failed to produce executable
FAIL: gcc.dg/torture/stackalign/non-local-goto-3.c -Os -flto (internal compiler error)
FAIL: gcc.dg/torture/stackalign/non-local-goto-3.c -Os -flto (test for excess errors)
WARNING: gcc.dg/torture/stackalign/non-local-goto-3.c -Os -flto compilation failed to produce executable
FAIL: gcc.dg/torture/stackalign/non-local-goto-4.c -O0 -flto (internal compiler error)
FAIL: gcc.dg/torture/stackalign/non-local-goto-4.c -O0 -flto (test for excess errors)
WARNING: gcc.dg/torture/stackalign/non-local-goto-4.c -O0 -flto compilation failed to produce executable
FAIL: gcc.dg/torture/stackalign/non-local-goto-4.c -O0 -fwhopr (internal compiler error)
FAIL: gcc.dg/torture/stackalign/non-local-goto-4.c -O0 -fwhopr (test for excess errors)
WARNING: gcc.dg/torture/stackalign/non-local-goto-4.c -O0 -fwhopr compilation failed to produce executable
FAIL: gcc.dg/torture/stackalign/non-local-goto-4.c -O1 -flto (internal compiler error)
FAIL: gcc.dg/torture/stackalign/non-local-goto-4.c -O1 -flto (test for excess errors)
WARNING: gcc.dg/torture/stackalign/non-local-goto-4.c -O1 -flto compilation failed to produce executable
FAIL: gcc.dg/torture/stackalign/non-local-goto-4.c -O2 -flto (internal compiler error)
FAIL: gcc.dg/torture/stackalign/non-local-goto-4.c -O2 -flto (test for excess errors)
WARNING: gcc.dg/torture/stackalign/non-local-goto-4.c -O2 -flto compilation failed to produce executable
FAIL: gcc.dg/torture/stackalign/non-local-goto-4.c -O2 -fwhopr (internal compiler error)
FAIL: gcc.dg/torture/stackalign/non-local-goto-4.c -O2 -fwhopr (test for excess errors)
WARNING: gcc.dg/torture/stackalign/non-local-goto-4.c -O2 -fwhopr compilation failed to produce executable
FAIL: gcc.dg/torture/stackalign/non-local-goto-4.c -O3 -flto -fomit-frame-pointer (internal compiler error)
FAIL: gcc.dg/torture/stackalign/non-local-goto-4.c -O3 -flto -fomit-frame-pointer (test for excess errors)
WARNING: gcc.dg/torture/stackalign/non-local-goto-4.c -O3 -flto -fomit-frame-pointer compilation failed to produce executable
FAIL: gcc.dg/torture/stackalign/non-local-goto-4.c -Os -flto (internal compiler error)
FAIL: gcc.dg/torture/stackalign/non-local-goto-4.c -Os -flto (test for excess errors)
WARNING: gcc.dg/torture/stackalign/non-local-goto-4.c -Os -flto compilation failed to produce executable
FAIL: gcc.dg/torture/stackalign/non-local-goto-5.c -O0 -flto (internal compiler error)
FAIL: gcc.dg/torture/stackalign/non-local-goto-5.c -O0 -flto (test for excess errors)
WARNING: gcc.dg/torture/stackalign/non-local-goto-5.c -O0 -flto compilation failed to produce executable
FAIL: gcc.dg/torture/stackalign/non-local-goto-5.c -O0 -fwhopr (internal compiler error)
FAIL: gcc.dg/torture/stackalign/non-local-goto-5.c -O0 -fwhopr (test for excess errors)
WARNING: gcc.dg/torture/stackalign/non-local-goto-5.c -O0 -fwhopr compilation failed to produce executable
FAIL: gcc.dg/torture/stackalign/non-local-goto-5.c -O1 -flto (internal compiler error)
FAIL: gcc.dg/torture/stackalign/non-local-goto-5.c -O1 -flto (test for excess errors)
WARNING: gcc.dg/torture/stackalign/non-local-goto-5.c -O1 -flto compilation failed to produce executable
FAIL: gcc.dg/torture/stackalign/non-local-goto-5.c -O2 -flto (internal compiler error)
FAIL: gcc.dg/torture/stackalign/non-local-goto-5.c -O2 -flto (test for excess errors)
WARNING: gcc.dg/torture/stackalign/non-local-goto-5.c -O2 -flto compilation failed to produce executable
FAIL: gcc.dg/torture/stackalign/non-local-goto-5.c -O2 -fwhopr (internal compiler error)
FAIL: gcc.dg/torture/stackalign/non-local-goto-5.c -O2 -fwhopr (test for excess errors)
WARNING: gcc.dg/torture/stackalign/non-local-goto-5.c -O2 -fwhopr compilation failed to produce executable
FAIL: gcc.dg/torture/stackalign/non-local-goto-5.c -O3 -flto -fomit-frame-pointer (internal compiler error)
FAIL: gcc.dg/torture/stackalign/non-local-goto-5.c -O3 -flto -fomit-frame-pointer (test for excess errors)
WARNING: gcc.dg/torture/stackalign/non-local-goto-5.c -O3 -flto -fomit-frame-pointer compilation failed to produce executable
FAIL: gcc.dg/torture/stackalign/non-local-goto-5.c -Os -flto (internal compiler error)
FAIL: gcc.dg/torture/stackalign/non-local-goto-5.c -Os -flto (test for excess errors)
WARNING: gcc.dg/torture/stackalign/non-local-goto-5.c -Os -flto compilation failed to produce executable
FAIL: gcc.dg/torture/stackalign/regparm-1.c -O0 -flto (internal compiler error)
FAIL: gcc.dg/torture/stackalign/regparm-1.c -O0 -flto (test for excess errors)
WARNING: gcc.dg/torture/stackalign/regparm-1.c -O0 -flto compilation failed to produce executable
FAIL: gcc.dg/torture/stackalign/regparm-1.c -O0 -fwhopr (internal compiler error)
FAIL: gcc.dg/torture/stackalign/regparm-1.c -O0 -fwhopr (test for excess errors)
WARNING: gcc.dg/torture/stackalign/regparm-1.c -O0 -fwhopr compilation failed to produce executable
FAIL: gcc.dg/torture/stackalign/regparm-1.c -O1 -flto (internal compiler error)
FAIL: gcc.dg/torture/stackalign/regparm-1.c -O1 -flto (test for excess errors)
WARNING: gcc.dg/torture/stackalign/regparm-1.c -O1 -flto compilation failed to produce executable
FAIL: gcc.dg/torture/stackalign/regparm-1.c -O2 -flto (internal compiler error)
FAIL: gcc.dg/torture/stackalign/regparm-1.c -O2 -flto (test for excess errors)
WARNING: gcc.dg/torture/stackalign/regparm-1.c -O2 -flto compilation failed to produce executable
FAIL: gcc.dg/torture/stackalign/regparm-1.c -O2 -fwhopr (internal compiler error)
FAIL: gcc.dg/torture/stackalign/regparm-1.c -O2 -fwhopr (test for excess errors)
WARNING: gcc.dg/torture/stackalign/regparm-1.c -O2 -fwhopr compilation failed to produce executable
FAIL: gcc.dg/torture/stackalign/regparm-1.c -O3 -flto -fomit-frame-pointer (internal compiler error)
FAIL: gcc.dg/torture/stackalign/regparm-1.c -O3 -flto -fomit-frame-pointer (test for excess errors)
WARNING: gcc.dg/torture/stackalign/regparm-1.c -O3 -flto -fomit-frame-pointer compilation failed to produce executable
FAIL: gcc.dg/torture/stackalign/regparm-1.c -Os -flto (internal compiler error)
FAIL: gcc.dg/torture/stackalign/regparm-1.c -Os -flto (test for excess errors)
WARNING: gcc.dg/torture/stackalign/regparm-1.c -Os -flto compilation failed to produce executable
FAIL: gcc.dg/torture/stackalign/comp-goto-1.c -O0 -flto (internal compiler error)
FAIL: gcc.dg/torture/stackalign/comp-goto-1.c -O0 -flto (test for excess errors)
WARNING: gcc.dg/torture/stackalign/comp-goto-1.c -O0 -flto compilation failed to produce executable
FAIL: gcc.dg/torture/stackalign/comp-goto-1.c -O0 -fwhopr (internal compiler error)
FAIL: gcc.dg/torture/stackalign/comp-goto-1.c -O0 -fwhopr (test for excess errors)
WARNING: gcc.dg/torture/stackalign/comp-goto-1.c -O0 -fwhopr compilation failed to produce executable
FAIL: gcc.dg/torture/stackalign/comp-goto-1.c -O1 -flto (internal compiler error)
FAIL: gcc.dg/torture/stackalign/comp-goto-1.c -O1 -flto (test for excess errors)
WARNING: gcc.dg/torture/stackalign/comp-goto-1.c -O1 -flto compilation failed to produce executable
FAIL: gcc.dg/torture/stackalign/comp-goto-1.c -O2 -flto (internal compiler error)
FAIL: gcc.dg/torture/stackalign/comp-goto-1.c -O2 -flto (test for excess errors)
WARNING: gcc.dg/torture/stackalign/comp-goto-1.c -O2 -flto compilation failed to produce executable
FAIL: gcc.dg/torture/stackalign/comp-goto-1.c -O2 -fwhopr (internal compiler error)
FAIL: gcc.dg/torture/stackalign/comp-goto-1.c -O2 -fwhopr (test for excess errors)
WARNING: gcc.dg/torture/stackalign/comp-goto-1.c -O2 -fwhopr compilation failed to produce executable
FAIL: gcc.dg/torture/stackalign/comp-goto-1.c -O3 -flto -fomit-frame-pointer (internal compiler error)
FAIL: gcc.dg/torture/stackalign/comp-goto-1.c -O3 -flto -fomit-frame-pointer (test for excess errors)
WARNING: gcc.dg/torture/stackalign/comp-goto-1.c -O3 -flto -fomit-frame-pointer compilation failed to produce executable
FAIL: gcc.dg/torture/stackalign/comp-goto-1.c -Os -flto (internal compiler error)
FAIL: gcc.dg/torture/stackalign/comp-goto-1.c -Os -flto (test for excess errors)
WARNING: gcc.dg/torture/stackalign/comp-goto-1.c -Os -flto compilation failed to produce executable
FAIL: gcc.dg/torture/stackalign/nested-1.c -O0 -flto (internal compiler error)
FAIL: gcc.dg/torture/stackalign/nested-1.c -O0 -flto (test for excess errors)
WARNING: gcc.dg/torture/stackalign/nested-1.c -O0 -flto compilation failed to produce executable
FAIL: gcc.dg/torture/stackalign/nested-1.c -O0 -fwhopr (internal compiler error)
FAIL: gcc.dg/torture/stackalign/nested-1.c -O0 -fwhopr (test for excess errors)
WARNING: gcc.dg/torture/stackalign/nested-1.c -O0 -fwhopr compilation failed to produce executable
FAIL: gcc.dg/torture/stackalign/nested-1.c -O1 -flto (internal compiler error)
FAIL: gcc.dg/torture/stackalign/nested-1.c -O1 -flto (test for excess errors)
WARNING: gcc.dg/torture/stackalign/nested-1.c -O1 -flto compilation failed to produce executable
FAIL: gcc.dg/torture/stackalign/nested-2.c -O0 -flto (internal compiler error)
FAIL: gcc.dg/torture/stackalign/nested-2.c -O0 -flto (test for excess errors)
WARNING: gcc.dg/torture/stackalign/nested-2.c -O0 -flto compilation failed to produce executable
FAIL: gcc.dg/torture/stackalign/nested-2.c -O0 -fwhopr (internal compiler error)
FAIL: gcc.dg/torture/stackalign/nested-2.c -O0 -fwhopr (test for excess errors)
WARNING: gcc.dg/torture/stackalign/nested-2.c -O0 -fwhopr compilation failed to produce executable
FAIL: gcc.dg/torture/stackalign/nested-2.c -O1 -flto (internal compiler error)
FAIL: gcc.dg/torture/stackalign/nested-2.c -O1 -flto (test for excess errors)
WARNING: gcc.dg/torture/stackalign/nested-2.c -O1 -flto compilation failed to produce executable
FAIL: gcc.dg/torture/stackalign/nested-2.c -O2 -flto (internal compiler error)
FAIL: gcc.dg/torture/stackalign/nested-2.c -O2 -flto (test for excess errors)
WARNING: gcc.dg/torture/stackalign/nested-2.c -O2 -flto compilation failed to produce executable
FAIL: gcc.dg/torture/stackalign/nested-2.c -O2 -fwhopr (internal compiler error)
FAIL: gcc.dg/torture/stackalign/nested-2.c -O2 -fwhopr (test for excess errors)
WARNING: gcc.dg/torture/stackalign/nested-2.c -O2 -fwhopr compilation failed to produce executable
FAIL: gcc.dg/torture/stackalign/nested-2.c -O3 -flto -fomit-frame-pointer (internal compiler error)
FAIL: gcc.dg/torture/stackalign/nested-2.c -O3 -flto -fomit-frame-pointer (test for excess errors)
WARNING: gcc.dg/torture/stackalign/nested-2.c -O3 -flto -fomit-frame-pointer compilation failed to produce executable
FAIL: gcc.dg/torture/stackalign/nested-2.c -Os -flto (internal compiler error)
FAIL: gcc.dg/torture/stackalign/nested-2.c -Os -flto (test for excess errors)
WARNING: gcc.dg/torture/stackalign/nested-2.c -Os -flto compilation failed to produce executable
FAIL: gcc.dg/torture/stackalign/nested-3.c -O0 -flto (internal compiler error)
FAIL: gcc.dg/torture/stackalign/nested-3.c -O0 -flto (test for excess errors)
WARNING: gcc.dg/torture/stackalign/nested-3.c -O0 -flto compilation failed to produce executable
FAIL: gcc.dg/torture/stackalign/nested-3.c -O0 -fwhopr (internal compiler error)
FAIL: gcc.dg/torture/stackalign/nested-3.c -O0 -fwhopr (test for excess errors)
WARNING: gcc.dg/torture/stackalign/nested-3.c -O0 -fwhopr compilation failed to produce executable
FAIL: gcc.dg/torture/stackalign/nested-3.c -O1 -flto (internal compiler error)
FAIL: gcc.dg/torture/stackalign/nested-3.c -O1 -flto (test for excess errors)
WARNING: gcc.dg/torture/stackalign/nested-3.c -O1 -flto compilation failed to produce executable
FAIL: gcc.dg/torture/stackalign/nested-3.c -O2 -flto (internal compiler error)
FAIL: gcc.dg/torture/stackalign/nested-3.c -O2 -flto (test for excess errors)
WARNING: gcc.dg/torture/stackalign/nested-3.c -O2 -flto compilation failed to produce executable
FAIL: gcc.dg/torture/stackalign/nested-3.c -O2 -fwhopr (internal compiler error)
FAIL: gcc.dg/torture/stackalign/nested-3.c -O2 -fwhopr (test for excess errors)
WARNING: gcc.dg/torture/stackalign/nested-3.c -O2 -fwhopr compilation failed to produce executable
FAIL: gcc.dg/torture/stackalign/nested-3.c -O3 -flto -fomit-frame-pointer (internal compiler error)
FAIL: gcc.dg/torture/stackalign/nested-3.c -O3 -flto -fomit-frame-pointer (test for excess errors)
WARNING: gcc.dg/torture/stackalign/nested-3.c -O3 -flto -fomit-frame-pointer compilation failed to produce executable
FAIL: gcc.dg/torture/stackalign/nested-3.c -Os -flto (internal compiler error)
FAIL: gcc.dg/torture/stackalign/nested-3.c -Os -flto (test for excess errors)
WARNING: gcc.dg/torture/stackalign/nested-3.c -Os -flto compilation failed to produce executable
FAIL: gcc.dg/torture/stackalign/nested-4.c -O0 -flto (internal compiler error)
FAIL: gcc.dg/torture/stackalign/nested-4.c -O0 -flto (test for excess errors)
WARNING: gcc.dg/torture/stackalign/nested-4.c -O0 -flto compilation failed to produce executable
FAIL: gcc.dg/torture/stackalign/nested-4.c -O0 -fwhopr (internal compiler error)
FAIL: gcc.dg/torture/stackalign/nested-4.c -O0 -fwhopr (test for excess errors)
WARNING: gcc.dg/torture/stackalign/nested-4.c -O0 -fwhopr compilation failed to produce executable
FAIL: gcc.dg/torture/stackalign/nested-4.c -O1 -flto (internal compiler error)
FAIL: gcc.dg/torture/stackalign/nested-4.c -O1 -flto (test for excess errors)
WARNING: gcc.dg/torture/stackalign/nested-4.c -O1 -flto compilation failed to produce executable
FAIL: gcc.dg/torture/stackalign/nested-4.c -O2 -flto (internal compiler error)
FAIL: gcc.dg/torture/stackalign/nested-4.c -O2 -flto (test for excess errors)
WARNING: gcc.dg/torture/stackalign/nested-4.c -O2 -flto compilation failed to produce executable
FAIL: gcc.dg/torture/stackalign/nested-4.c -O2 -fwhopr (internal compiler error)
FAIL: gcc.dg/torture/stackalign/nested-4.c -O2 -fwhopr (test for excess errors)
WARNING: gcc.dg/torture/stackalign/nested-4.c -O2 -fwhopr compilation failed to produce executable
FAIL: gcc.dg/torture/stackalign/nested-4.c -O3 -flto -fomit-frame-pointer (internal compiler error)
FAIL: gcc.dg/torture/stackalign/nested-4.c -O3 -flto -fomit-frame-pointer (test for excess errors)
WARNING: gcc.dg/torture/stackalign/nested-4.c -O3 -flto -fomit-frame-pointer compilation failed to produce executable
FAIL: gcc.dg/torture/stackalign/nested-4.c -Os -flto (internal compiler error)
FAIL: gcc.dg/torture/stackalign/nested-4.c -Os -flto (test for excess errors)
WARNING: gcc.dg/torture/stackalign/nested-4.c -Os -flto compilation failed to produce executable
FAIL: gcc.dg/torture/stackalign/nested-5.c -O0 -flto (internal compiler error)
FAIL: gcc.dg/torture/stackalign/nested-5.c -O0 -flto (test for excess errors)
WARNING: gcc.dg/torture/stackalign/nested-5.c -O0 -flto compilation failed to produce executable
FAIL: gcc.dg/torture/stackalign/nested-5.c -O0 -fwhopr (internal compiler error)
FAIL: gcc.dg/torture/stackalign/nested-5.c -O0 -fwhopr (test for excess errors)
WARNING: gcc.dg/torture/stackalign/nested-5.c -O0 -fwhopr compilation failed to produce executable
FAIL: gcc.dg/torture/stackalign/nested-5.c -O1 -flto (internal compiler error)
FAIL: gcc.dg/torture/stackalign/nested-5.c -O1 -flto (test for excess errors)
WARNING: gcc.dg/torture/stackalign/nested-5.c -O1 -flto compilation failed to produce executable
FAIL: gcc.dg/torture/stackalign/nested-5.c -O2 -flto (internal compiler error)
FAIL: gcc.dg/torture/stackalign/nested-5.c -O2 -flto (test for excess errors)
WARNING: gcc.dg/torture/stackalign/nested-5.c -O2 -flto compilation failed to produce executable
FAIL: gcc.dg/torture/stackalign/nested-5.c -O2 -fwhopr (internal compiler error)
FAIL: gcc.dg/torture/stackalign/nested-5.c -O2 -fwhopr (test for excess errors)
WARNING: gcc.dg/torture/stackalign/nested-5.c -O2 -fwhopr compilation failed to produce executable
FAIL: gcc.dg/torture/stackalign/nested-5.c -O3 -flto -fomit-frame-pointer (internal compiler error)
FAIL: gcc.dg/torture/stackalign/nested-5.c -O3 -flto -fomit-frame-pointer (test for excess errors)
WARNING: gcc.dg/torture/stackalign/nested-5.c -O3 -flto -fomit-frame-pointer compilation failed to produce executable
FAIL: gcc.dg/torture/stackalign/nested-5.c -Os -flto (internal compiler error)
FAIL: gcc.dg/torture/stackalign/nested-5.c -Os -flto (test for excess errors)
WARNING: gcc.dg/torture/stackalign/nested-5.c -Os -flto compilation failed to produce executable
FAIL: gcc.dg/torture/stackalign/nested-6.c -O0 -flto (internal compiler error)
FAIL: gcc.dg/torture/stackalign/nested-6.c -O0 -flto (test for excess errors)
WARNING: gcc.dg/torture/stackalign/nested-6.c -O0 -flto compilation failed to produce executable
FAIL: gcc.dg/torture/stackalign/nested-6.c -O0 -fwhopr (internal compiler error)
FAIL: gcc.dg/torture/stackalign/nested-6.c -O0 -fwhopr (test for excess errors)
WARNING: gcc.dg/torture/stackalign/nested-6.c -O0 -fwhopr compilation failed to produce executable
FAIL: gcc.dg/torture/stackalign/nested-6.c -O1 -flto (internal compiler error)
FAIL: gcc.dg/torture/stackalign/nested-6.c -O1 -flto (test for excess errors)
WARNING: gcc.dg/torture/stackalign/nested-6.c -O1 -flto compilation failed to produce executable
FAIL: gcc.dg/torture/stackalign/nested-6.c -O2 -flto (internal compiler error)
FAIL: gcc.dg/torture/stackalign/nested-6.c -O2 -flto (test for excess errors)
WARNING: gcc.dg/torture/stackalign/nested-6.c -O2 -flto compilation failed to produce executable
FAIL: gcc.dg/torture/stackalign/nested-6.c -O2 -fwhopr (internal compiler error)
FAIL: gcc.dg/torture/stackalign/nested-6.c -O2 -fwhopr (test for excess errors)
WARNING: gcc.dg/torture/stackalign/nested-6.c -O2 -fwhopr compilation failed to produce executable
FAIL: gcc.dg/torture/stackalign/nested-6.c -O3 -flto -fomit-frame-pointer (internal compiler error)
FAIL: gcc.dg/torture/stackalign/nested-6.c -O3 -flto -fomit-frame-pointer (test for excess errors)
WARNING: gcc.dg/torture/stackalign/nested-6.c -O3 -flto -fomit-frame-pointer compilation failed to produce executable
FAIL: gcc.dg/torture/stackalign/nested-6.c -Os -flto (internal compiler error)
FAIL: gcc.dg/torture/stackalign/nested-6.c -Os -flto (test for excess errors)
WARNING: gcc.dg/torture/stackalign/nested-6.c -Os -flto compilation failed to produce executable
FAIL: gcc.dg/torture/stackalign/non-local-goto-1.c -O0 -flto (internal compiler error)
FAIL: gcc.dg/torture/stackalign/non-local-goto-1.c -O0 -flto (test for excess errors)
WARNING: gcc.dg/torture/stackalign/non-local-goto-1.c -O0 -flto compilation failed to produce executable
FAIL: gcc.dg/torture/stackalign/non-local-goto-1.c -O0 -fwhopr (internal compiler error)
FAIL: gcc.dg/torture/stackalign/non-local-goto-1.c -O0 -fwhopr (test for excess errors)
WARNING: gcc.dg/torture/stackalign/non-local-goto-1.c -O0 -fwhopr compilation failed to produce executable
FAIL: gcc.dg/torture/stackalign/non-local-goto-1.c -O1 -flto (internal compiler error)
FAIL: gcc.dg/torture/stackalign/non-local-goto-1.c -O1 -flto (test for excess errors)
WARNING: gcc.dg/torture/stackalign/non-local-goto-1.c -O1 -flto compilation failed to produce executable
FAIL: gcc.dg/torture/stackalign/non-local-goto-1.c -O2 -flto (internal compiler error)
FAIL: gcc.dg/torture/stackalign/non-local-goto-1.c -O2 -flto (test for excess errors)
WARNING: gcc.dg/torture/stackalign/non-local-goto-1.c -O2 -flto compilation failed to produce executable
FAIL: gcc.dg/torture/stackalign/non-local-goto-1.c -O2 -fwhopr (internal compiler error)
FAIL: gcc.dg/torture/stackalign/non-local-goto-1.c -O2 -fwhopr (test for excess errors)
WARNING: gcc.dg/torture/stackalign/non-local-goto-1.c -O2 -fwhopr compilation failed to produce executable
FAIL: gcc.dg/torture/stackalign/non-local-goto-1.c -O3 -flto -fomit-frame-pointer (internal compiler error)
FAIL: gcc.dg/torture/stackalign/non-local-goto-1.c -O3 -flto -fomit-frame-pointer (test for excess errors)
WARNING: gcc.dg/torture/stackalign/non-local-goto-1.c -O3 -flto -fomit-frame-pointer compilation failed to produce executable
FAIL: gcc.dg/torture/stackalign/non-local-goto-1.c -O3 -flto -fomit-frame-pointer -funroll-loops (internal compiler error)
FAIL: gcc.dg/torture/stackalign/non-local-goto-1.c -O3 -flto -fomit-frame-pointer -funroll-loops (test for excess errors)
WARNING: gcc.dg/torture/stackalign/non-local-goto-1.c -O3 -flto -fomit-frame-pointer -funroll-loops compilation failed to produce executable
FAIL: gcc.dg/torture/stackalign/non-local-goto-1.c -O3 -flto -fomit-frame-pointer -funroll-all-loops -finline-functions (internal compiler error)
FAIL: gcc.dg/torture/stackalign/non-local-goto-1.c -O3 -flto -fomit-frame-pointer -funroll-all-loops -finline-functions (test for excess errors)
WARNING: gcc.dg/torture/stackalign/non-local-goto-1.c -O3 -flto -fomit-frame-pointer -funroll-all-loops -finline-functions compilation failed to produce executable
FAIL: gcc.dg/torture/stackalign/non-local-goto-1.c -Os -flto (internal compiler error)
FAIL: gcc.dg/torture/stackalign/non-local-goto-1.c -Os -flto (test for excess errors)
WARNING: gcc.dg/torture/stackalign/non-local-goto-1.c -Os -flto compilation failed to produce executable
FAIL: gcc.dg/torture/stackalign/non-local-goto-2.c -O0 -flto (internal compiler error)
FAIL: gcc.dg/torture/stackalign/non-local-goto-2.c -O0 -flto (test for excess errors)
WARNING: gcc.dg/torture/stackalign/non-local-goto-2.c -O0 -flto compilation failed to produce executable
FAIL: gcc.dg/torture/stackalign/non-local-goto-2.c -O0 -fwhopr (internal compiler error)
FAIL: gcc.dg/torture/stackalign/non-local-goto-2.c -O0 -fwhopr (test for excess errors)
WARNING: gcc.dg/torture/stackalign/non-local-goto-2.c -O0 -fwhopr compilation failed to produce executable
FAIL: gcc.dg/torture/stackalign/non-local-goto-2.c -O1 -flto (internal compiler error)
FAIL: gcc.dg/torture/stackalign/non-local-goto-2.c -O1 -flto (test for excess errors)
WARNING: gcc.dg/torture/stackalign/non-local-goto-2.c -O1 -flto compilation failed to produce executable
FAIL: gcc.dg/torture/stackalign/non-local-goto-2.c -O2 -flto (internal compiler error)
FAIL: gcc.dg/torture/stackalign/non-local-goto-2.c -O2 -flto (test for excess errors)
WARNING: gcc.dg/torture/stackalign/non-local-goto-2.c -O2 -flto compilation failed to produce executable
FAIL: gcc.dg/torture/stackalign/non-local-goto-2.c -O2 -fwhopr (internal compiler error)
FAIL: gcc.dg/torture/stackalign/non-local-goto-2.c -O2 -fwhopr (test for excess errors)
WARNING: gcc.dg/torture/stackalign/non-local-goto-2.c -O2 -fwhopr compilation failed to produce executable
FAIL: gcc.dg/torture/stackalign/non-local-goto-2.c -O3 -flto -fomit-frame-pointer (internal compiler error)
FAIL: gcc.dg/torture/stackalign/non-local-goto-2.c -O3 -flto -fomit-frame-pointer (test for excess errors)
WARNING: gcc.dg/torture/stackalign/non-local-goto-2.c -O3 -flto -fomit-frame-pointer compilation failed to produce executable
FAIL: gcc.dg/torture/stackalign/non-local-goto-2.c -O3 -flto -fomit-frame-pointer -funroll-loops (internal compiler error)
FAIL: gcc.dg/torture/stackalign/non-local-goto-2.c -O3 -flto -fomit-frame-pointer -funroll-loops (test for excess errors)
WARNING: gcc.dg/torture/stackalign/non-local-goto-2.c -O3 -flto -fomit-frame-pointer -funroll-loops compilation failed to produce executable
FAIL: gcc.dg/torture/stackalign/non-local-goto-2.c -O3 -flto -fomit-frame-pointer -funroll-all-loops -finline-functions (internal compiler error)
FAIL: gcc.dg/torture/stackalign/non-local-goto-2.c -O3 -flto -fomit-frame-pointer -funroll-all-loops -finline-functions (test for excess errors)
WARNING: gcc.dg/torture/stackalign/non-local-goto-2.c -O3 -flto -fomit-frame-pointer -funroll-all-loops -finline-functions compilation failed to produce executable
FAIL: gcc.dg/torture/stackalign/non-local-goto-2.c -Os -flto (internal compiler error)
FAIL: gcc.dg/torture/stackalign/non-local-goto-2.c -Os -flto (test for excess errors)
WARNING: gcc.dg/torture/stackalign/non-local-goto-2.c -Os -flto compilation failed to produce executable
FAIL: gcc.dg/torture/stackalign/non-local-goto-3.c -O0 -flto (internal compiler error)
FAIL: gcc.dg/torture/stackalign/non-local-goto-3.c -O0 -flto (test for excess errors)
WARNING: gcc.dg/torture/stackalign/non-local-goto-3.c -O0 -flto compilation failed to produce executable
FAIL: gcc.dg/torture/stackalign/non-local-goto-3.c -O0 -fwhopr (internal compiler error)
FAIL: gcc.dg/torture/stackalign/non-local-goto-3.c -O0 -fwhopr (test for excess errors)
WARNING: gcc.dg/torture/stackalign/non-local-goto-3.c -O0 -fwhopr compilation failed to produce executable
FAIL: gcc.dg/torture/stackalign/non-local-goto-3.c -O1 -flto (internal compiler error)
FAIL: gcc.dg/torture/stackalign/non-local-goto-3.c -O1 -flto (test for excess errors)
WARNING: gcc.dg/torture/stackalign/non-local-goto-3.c -O1 -flto compilation failed to produce executable
FAIL: gcc.dg/torture/stackalign/non-local-goto-3.c -O2 -flto (internal compiler error)
FAIL: gcc.dg/torture/stackalign/non-local-goto-3.c -O2 -flto (test for excess errors)
WARNING: gcc.dg/torture/stackalign/non-local-goto-3.c -O2 -flto compilation failed to produce executable
FAIL: gcc.dg/torture/stackalign/non-local-goto-3.c -O2 -fwhopr (internal compiler error)
FAIL: gcc.dg/torture/stackalign/non-local-goto-3.c -O2 -fwhopr (test for excess errors)
WARNING: gcc.dg/torture/stackalign/non-local-goto-3.c -O2 -fwhopr compilation failed to produce executable
FAIL: gcc.dg/torture/stackalign/non-local-goto-3.c -O3 -flto -fomit-frame-pointer (internal compiler error)
FAIL: gcc.dg/torture/stackalign/non-local-goto-3.c -O3 -flto -fomit-frame-pointer (test for excess errors)
WARNING: gcc.dg/torture/stackalign/non-local-goto-3.c -O3 -flto -fomit-frame-pointer compilation failed to produce executable
FAIL: gcc.dg/torture/stackalign/non-local-goto-3.c -O3 -flto -fomit-frame-pointer -funroll-loops (internal compiler error)
FAIL: gcc.dg/torture/stackalign/non-local-goto-3.c -O3 -flto -fomit-frame-pointer -funroll-loops (test for excess errors)
WARNING: gcc.dg/torture/stackalign/non-local-goto-3.c -O3 -flto -fomit-frame-pointer -funroll-loops compilation failed to produce executable
FAIL: gcc.dg/torture/stackalign/non-local-goto-3.c -O3 -flto -fomit-frame-pointer -funroll-all-loops -finline-functions (internal compiler error)
FAIL: gcc.dg/torture/stackalign/non-local-goto-3.c -O3 -flto -fomit-frame-pointer -funroll-all-loops -finline-functions (test for excess errors)
WARNING: gcc.dg/torture/stackalign/non-local-goto-3.c -O3 -flto -fomit-frame-pointer -funroll-all-loops -finline-functions compilation failed to produce executable
FAIL: gcc.dg/torture/stackalign/non-local-goto-3.c -Os -flto (internal compiler error)
FAIL: gcc.dg/torture/stackalign/non-local-goto-3.c -Os -flto (test for excess errors)
WARNING: gcc.dg/torture/stackalign/non-local-goto-3.c -Os -flto compilation failed to produce executable
FAIL: gcc.dg/torture/stackalign/non-local-goto-4.c -O0 -flto (internal compiler error)
FAIL: gcc.dg/torture/stackalign/non-local-goto-4.c -O0 -flto (test for excess errors)
WARNING: gcc.dg/torture/stackalign/non-local-goto-4.c -O0 -flto compilation failed to produce executable
FAIL: gcc.dg/torture/stackalign/non-local-goto-4.c -O0 -fwhopr (internal compiler error)
FAIL: gcc.dg/torture/stackalign/non-local-goto-4.c -O0 -fwhopr (test for excess errors)
WARNING: gcc.dg/torture/stackalign/non-local-goto-4.c -O0 -fwhopr compilation failed to produce executable
FAIL: gcc.dg/torture/stackalign/non-local-goto-4.c -O1 -flto (internal compiler error)
FAIL: gcc.dg/torture/stackalign/non-local-goto-4.c -O1 -flto (test for excess errors)
WARNING: gcc.dg/torture/stackalign/non-local-goto-4.c -O1 -flto compilation failed to produce executable
FAIL: gcc.dg/torture/stackalign/non-local-goto-4.c -O2 -flto (internal compiler error)
FAIL: gcc.dg/torture/stackalign/non-local-goto-4.c -O2 -flto (test for excess errors)
WARNING: gcc.dg/torture/stackalign/non-local-goto-4.c -O2 -flto compilation failed to produce executable
FAIL: gcc.dg/torture/stackalign/non-local-goto-4.c -O2 -fwhopr (internal compiler error)
FAIL: gcc.dg/torture/stackalign/non-local-goto-4.c -O2 -fwhopr (test for excess errors)
WARNING: gcc.dg/torture/stackalign/non-local-goto-4.c -O2 -fwhopr compilation failed to produce executable
FAIL: gcc.dg/torture/stackalign/non-local-goto-4.c -O3 -flto -fomit-frame-pointer (internal compiler error)
FAIL: gcc.dg/torture/stackalign/non-local-goto-4.c -O3 -flto -fomit-frame-pointer (test for excess errors)
WARNING: gcc.dg/torture/stackalign/non-local-goto-4.c -O3 -flto -fomit-frame-pointer compilation failed to produce executable
FAIL: gcc.dg/torture/stackalign/non-local-goto-4.c -Os -flto (internal compiler error)
FAIL: gcc.dg/torture/stackalign/non-local-goto-4.c -Os -flto (test for excess errors)
WARNING: gcc.dg/torture/stackalign/non-local-goto-4.c -Os -flto compilation failed to produce executable
FAIL: gcc.dg/torture/stackalign/non-local-goto-5.c -O0 -flto (internal compiler error)
FAIL: gcc.dg/torture/stackalign/non-local-goto-5.c -O0 -flto (test for excess errors)
WARNING: gcc.dg/torture/stackalign/non-local-goto-5.c -O0 -flto compilation failed to produce executable
FAIL: gcc.dg/torture/stackalign/non-local-goto-5.c -O0 -fwhopr (internal compiler error)
FAIL: gcc.dg/torture/stackalign/non-local-goto-5.c -O0 -fwhopr (test for excess errors)
WARNING: gcc.dg/torture/stackalign/non-local-goto-5.c -O0 -fwhopr compilation failed to produce executable
FAIL: gcc.dg/torture/stackalign/non-local-goto-5.c -O1 -flto (internal compiler error)
FAIL: gcc.dg/torture/stackalign/non-local-goto-5.c -O1 -flto (test for excess errors)
WARNING: gcc.dg/torture/stackalign/non-local-goto-5.c -O1 -flto compilation failed to produce executable
FAIL: gcc.dg/torture/stackalign/non-local-goto-5.c -O2 -flto (internal compiler error)
FAIL: gcc.dg/torture/stackalign/non-local-goto-5.c -O2 -flto (test for excess errors)
WARNING: gcc.dg/torture/stackalign/non-local-goto-5.c -O2 -flto compilation failed to produce executable
FAIL: gcc.dg/torture/stackalign/non-local-goto-5.c -O2 -fwhopr (internal compiler error)
FAIL: gcc.dg/torture/stackalign/non-local-goto-5.c -O2 -fwhopr (test for excess errors)
WARNING: gcc.dg/torture/stackalign/non-local-goto-5.c -O2 -fwhopr compilation failed to produce executable
FAIL: gcc.dg/torture/stackalign/non-local-goto-5.c -O3 -flto -fomit-frame-pointer (internal compiler error)
FAIL: gcc.dg/torture/stackalign/non-local-goto-5.c -O3 -flto -fomit-frame-pointer (test for excess errors)
WARNING: gcc.dg/torture/stackalign/non-local-goto-5.c -O3 -flto -fomit-frame-pointer compilation failed to produce executable
FAIL: gcc.dg/torture/stackalign/non-local-goto-5.c -Os -flto (internal compiler error)
FAIL: gcc.dg/torture/stackalign/non-local-goto-5.c -Os -flto (test for excess errors)
WARNING: gcc.dg/torture/stackalign/non-local-goto-5.c -Os -flto compilation failed to produce executable
FAIL: gcc.dg/torture/stackalign/regparm-1.c -O0 -flto (internal compiler error)
FAIL: gcc.dg/torture/stackalign/regparm-1.c -O0 -flto (test for excess errors)
WARNING: gcc.dg/torture/stackalign/regparm-1.c -O0 -flto compilation failed to produce executable
FAIL: gcc.dg/torture/stackalign/regparm-1.c -O0 -fwhopr (internal compiler error)
FAIL: gcc.dg/torture/stackalign/regparm-1.c -O0 -fwhopr (test for excess errors)
WARNING: gcc.dg/torture/stackalign/regparm-1.c -O0 -fwhopr compilation failed to produce executable
FAIL: gcc.dg/torture/stackalign/regparm-1.c -O1 -flto (internal compiler error)
FAIL: gcc.dg/torture/stackalign/regparm-1.c -O1 -flto (test for excess errors)
WARNING: gcc.dg/torture/stackalign/regparm-1.c -O1 -flto compilation failed to produce executable
FAIL: gcc.dg/torture/stackalign/regparm-1.c -O2 -flto (internal compiler error)
FAIL: gcc.dg/torture/stackalign/regparm-1.c -O2 -flto (test for excess errors)
WARNING: gcc.dg/torture/stackalign/regparm-1.c -O2 -flto compilation failed to produce executable
FAIL: gcc.dg/torture/stackalign/regparm-1.c -O2 -fwhopr (internal compiler error)
FAIL: gcc.dg/torture/stackalign/regparm-1.c -O2 -fwhopr (test for excess errors)
WARNING: gcc.dg/torture/stackalign/regparm-1.c -O2 -fwhopr compilation failed to produce executable
FAIL: gcc.dg/torture/stackalign/regparm-1.c -O3 -flto -fomit-frame-pointer (internal compiler error)
FAIL: gcc.dg/torture/stackalign/regparm-1.c -O3 -flto -fomit-frame-pointer (test for excess errors)
WARNING: gcc.dg/torture/stackalign/regparm-1.c -O3 -flto -fomit-frame-pointer compilation failed to produce executable
FAIL: gcc.dg/torture/stackalign/regparm-1.c -Os -flto (internal compiler error)
FAIL: gcc.dg/torture/stackalign/regparm-1.c -Os -flto (test for excess errors)
WARNING: gcc.dg/torture/stackalign/regparm-1.c -Os -flto compilation failed to produce executable
FAIL: gcc.dg/tree-ssa/pr27236.c scan-tree-dump-times optimized "foo_read" 5
FAIL: gcc.dg/tree-ssa/tailrecursion-5.c scan-tree-dump-times optimized "\\msum\\M" 4
FAIL: gcc.dg/tree-ssa/tailrecursion-5.c scan-tree-dump-times optimized "\\mfac\\M" 4
FAIL: gcc.dg/tree-ssa/tailrecursion-5.c scan-tree-dump-times optimized "\\msq_sum\\M" 4
FAIL: gcc.dg/tree-ssa/tailrecursion-5.c scan-tree-dump-times optimized "\\mpow2m1\\M" 4
FAIL: gcc.dg/tree-ssa/tailrecursion-5.c scan-tree-dump-times optimized "\\mfib\\M" 5
ERROR: tcl error sourcing /home/dnovillo/perf/sbox/lto/local.x86_64/src/gcc/testsuite/gcc.misc-tests/help.exp.
ERROR: syntax error in expression "\$pattern ne """
=== gcc Summary ===
# of expected passes 66012
# of unexpected failures 1162
# of unexpected successes 2
# of expected failures 143
# of unresolved testcases 105
# of unsupported tests 940
/usr/local/google/dnovillo/perf/sbox/lto/local.x86_64/bld/gcc/xgcc version 4.5.0 20090423 (experimental) (lto merged with rev 146652)
=== gfortran tests ===
Running target unix
FAIL: gfortran.dg/csqrt_2.f -O0 -flto execution test
FAIL: gfortran.dg/csqrt_2.f -O0 -fwhopr execution test
FAIL: gfortran.dg/csqrt_2.f -O1 -flto execution test
FAIL: gfortran.dg/csqrt_2.f -O2 -flto execution test
FAIL: gfortran.dg/csqrt_2.f -O2 -fwhopr execution test
FAIL: gfortran.dg/csqrt_2.f -O3 -flto -fomit-frame-pointer execution test
FAIL: gfortran.dg/csqrt_2.f -O3 -flto -fomit-frame-pointer -funroll-loops execution test
FAIL: gfortran.dg/csqrt_2.f -O3 -flto -fomit-frame-pointer -funroll-all-loops -finline-functions execution test
FAIL: gfortran.dg/csqrt_2.f -O3 -g execution test
FAIL: gfortran.dg/csqrt_2.f -Os -flto execution test
=== gfortran Summary ===
# of expected passes 35529
# of unexpected failures 10
# of expected failures 11
# of unsupported tests 115
/usr/local/google/dnovillo/perf/sbox/lto/local.x86_64/bld/gcc/testsuite/gfortran/../../gfortran version 4.5.0 20090423 (experimental) (lto merged with rev 146652)
=== objc tests ===
Running target unix
FAIL: objc/execute/exceptions/catchall-1.m execution, -O0 -fgnu-runtime
FAIL: objc/execute/exceptions/catchall-1.m execution, -O1 -fgnu-runtime
FAIL: objc/execute/exceptions/catchall-1.m execution, -O2 -fgnu-runtime
FAIL: objc/execute/exceptions/catchall-1.m execution, -Os -fgnu-runtime
FAIL: objc/execute/exceptions/handler-1.m execution, -O0 -fgnu-runtime
FAIL: objc/execute/exceptions/handler-1.m execution, -O1 -fgnu-runtime
FAIL: objc/execute/exceptions/handler-1.m execution, -O2 -fgnu-runtime
FAIL: objc/execute/exceptions/handler-1.m execution, -O3 -fomit-frame-pointer -fgnu-runtime
FAIL: objc/execute/exceptions/handler-1.m execution, -O3 -g -fgnu-runtime
FAIL: objc/execute/exceptions/handler-1.m execution, -Os -fgnu-runtime
FAIL: objc/execute/exceptions/local-variables-1.m execution, -O0 -fgnu-runtime
FAIL: objc/execute/exceptions/local-variables-1.m execution, -O1 -fgnu-runtime
FAIL: objc/execute/exceptions/local-variables-1.m execution, -O2 -fgnu-runtime
FAIL: objc/execute/exceptions/local-variables-1.m execution, -Os -fgnu-runtime
=== objc Summary ===
# of expected passes 1866
# of unexpected failures 14
# of expected failures 7
# of unsupported tests 24
/usr/local/google/dnovillo/perf/sbox/lto/local.x86_64/bld/gcc/xgcc version 4.5.0 20090423 (experimental) (lto merged with rev 146652)
=== libffi tests ===
Running target unix
=== libffi Summary ===
# of expected passes 1389
# of unsupported tests 10
=== libgomp tests ===
Running target unix
=== libgomp Summary ===
# of expected passes 2920
=== libjava tests ===
Running target unix
=== libjava Summary ===
# of expected passes 2574
Compiler version: 4.5.0 20090423 (experimental) (lto merged with rev 146652)
Platform: i686-pc-linux-gnu
configure flags: --prefix=/home/dnovillo/perf/sbox/lto/local.x86_64/inst --srcdir=/home/dnovillo/perf/sbox/lto/local.x86_64/src --with-gmp=/home/dnovillo/i686 --with-mpfr=/home/dnovillo/i686 --build=i686-pc-linux-gnu --host=i686-pc-linux-gnu --disable-libmudflap --enable-checking=release
More information about the Gcc-testresults
mailing list