Results for 4.4.0 20090329 (prerelease) [gcc-4_4-branch revision 145224] (GCC) testsuite on i686-pc-mingw32 (cross build from i686-pc-cygwin)

Rainer Emrich rainer@emrich-ebersheim.de
Tue Mar 31 18:47:00 GMT 2009


-----BEGIN PGP SIGNED MESSAGE-----
Hash: SHA1

LAST_UPDATED: Sun Mar 29 08:12:44 UTC 2009 (revision 145224)

Target is i686-pc-mingw32

		=== g++ tests ===


Running target unix
FAIL: g++.dg/bprob/g++-bprob-1.C execution: file g++-bprob-1.gcda does not
exist,  -g  -fprofile-arcs
UNRESOLVED: g++.dg/bprob/g++-bprob-1.C compilation,  -g  -fprofile-use
UNRESOLVED: g++.dg/bprob/g++-bprob-1.C execution,    -g  -fprofile-use
FAIL: g++.dg/bprob/g++-bprob-1.C execution: file g++-bprob-1.gcda does not
exist,  -O0  -fprofile-arcs
UNRESOLVED: g++.dg/bprob/g++-bprob-1.C compilation,  -O0  -fprofile-use
UNRESOLVED: g++.dg/bprob/g++-bprob-1.C execution,    -O0  -fprofile-use
FAIL: g++.dg/bprob/g++-bprob-1.C execution: file g++-bprob-1.gcda does not
exist,  -O1  -fprofile-arcs
UNRESOLVED: g++.dg/bprob/g++-bprob-1.C compilation,  -O1  -fprofile-use
UNRESOLVED: g++.dg/bprob/g++-bprob-1.C execution,    -O1  -fprofile-use
FAIL: g++.dg/bprob/g++-bprob-1.C execution: file g++-bprob-1.gcda does not
exist,  -O2  -fprofile-arcs
UNRESOLVED: g++.dg/bprob/g++-bprob-1.C compilation,  -O2  -fprofile-use
UNRESOLVED: g++.dg/bprob/g++-bprob-1.C execution,    -O2  -fprofile-use
FAIL: g++.dg/bprob/g++-bprob-1.C execution: file g++-bprob-1.gcda does not
exist,  -O3  -fprofile-arcs
UNRESOLVED: g++.dg/bprob/g++-bprob-1.C compilation,  -O3  -fprofile-use
UNRESOLVED: g++.dg/bprob/g++-bprob-1.C execution,    -O3  -fprofile-use
FAIL: g++.dg/bprob/g++-bprob-1.C execution: file g++-bprob-1.gcda does not
exist,  -O3 -g  -fprofile-arcs
UNRESOLVED: g++.dg/bprob/g++-bprob-1.C compilation,  -O3 -g  -fprofile-use
UNRESOLVED: g++.dg/bprob/g++-bprob-1.C execution,    -O3 -g  -fprofile-use
FAIL: g++.dg/bprob/g++-bprob-1.C execution: file g++-bprob-1.gcda does not
exist,  -Os  -fprofile-arcs
UNRESOLVED: g++.dg/bprob/g++-bprob-1.C compilation,  -Os  -fprofile-use
UNRESOLVED: g++.dg/bprob/g++-bprob-1.C execution,    -Os  -fprofile-use
FAIL: g++.dg/bprob/g++-bprob-2.C execution: file g++-bprob-2.gcda does not
exist,  -g  -fprofile-arcs
UNRESOLVED: g++.dg/bprob/g++-bprob-2.C compilation,  -g  -fprofile-use
UNRESOLVED: g++.dg/bprob/g++-bprob-2.C execution,    -g  -fprofile-use
FAIL: g++.dg/bprob/g++-bprob-2.C execution: file g++-bprob-2.gcda does not
exist,  -O0  -fprofile-arcs
UNRESOLVED: g++.dg/bprob/g++-bprob-2.C compilation,  -O0  -fprofile-use
UNRESOLVED: g++.dg/bprob/g++-bprob-2.C execution,    -O0  -fprofile-use
FAIL: g++.dg/bprob/g++-bprob-2.C execution: file g++-bprob-2.gcda does not
exist,  -O1  -fprofile-arcs
UNRESOLVED: g++.dg/bprob/g++-bprob-2.C compilation,  -O1  -fprofile-use
UNRESOLVED: g++.dg/bprob/g++-bprob-2.C execution,    -O1  -fprofile-use
FAIL: g++.dg/bprob/g++-bprob-2.C execution: file g++-bprob-2.gcda does not
exist,  -O2  -fprofile-arcs
UNRESOLVED: g++.dg/bprob/g++-bprob-2.C compilation,  -O2  -fprofile-use
UNRESOLVED: g++.dg/bprob/g++-bprob-2.C execution,    -O2  -fprofile-use
FAIL: g++.dg/bprob/g++-bprob-2.C execution: file g++-bprob-2.gcda does not
exist,  -O3  -fprofile-arcs
UNRESOLVED: g++.dg/bprob/g++-bprob-2.C compilation,  -O3  -fprofile-use
UNRESOLVED: g++.dg/bprob/g++-bprob-2.C execution,    -O3  -fprofile-use
FAIL: g++.dg/bprob/g++-bprob-2.C execution: file g++-bprob-2.gcda does not
exist,  -O3 -g  -fprofile-arcs
UNRESOLVED: g++.dg/bprob/g++-bprob-2.C compilation,  -O3 -g  -fprofile-use
UNRESOLVED: g++.dg/bprob/g++-bprob-2.C execution,    -O3 -g  -fprofile-use
FAIL: g++.dg/bprob/g++-bprob-2.C execution: file g++-bprob-2.gcda does not
exist,  -Os  -fprofile-arcs
UNRESOLVED: g++.dg/bprob/g++-bprob-2.C compilation,  -Os  -fprofile-use
UNRESOLVED: g++.dg/bprob/g++-bprob-2.C execution,    -Os  -fprofile-use
FAIL: g++.dg/abi/local1.C execution test
FAIL: g++.dg/abi/rtti3.C scan-assembler .weak[ \\t]_?_ZTSPP1A
FAIL: g++.dg/abi/thunk4.C scan-assembler .weak[ \\t]_?_ZThn._N7Derived3FooEv
FAIL: g++.dg/ext/dllimport7.C C++ specific error (test for errors, line 24)
FAIL: g++.dg/ext/selectany1.C scan-assembler-dem
FAIL: g++.dg/init/array4.C (test for excess errors)
FAIL: g++.dg/init/cleanup3.C scan-assembler-not _tcf
FAIL: g++.dg/opt/vt1.C scan-assembler-not
section[^\\n\\r]*_ZTV1S[^\\n\\r]*"[^w"\\n\\r]*"
FAIL: g++.dg/parse/parse5.C (test for excess errors)
FAIL: g++.dg/template/friend10.C (test for excess errors)
WARNING: g++.dg/template/friend10.C compilation failed to produce executable
FAIL: g++.dg/template/spec35.C scan-assembler .weak(_definition)?[\\t
]*_?_Z2f2IiEvT_
FAIL: g++.dg/tree-prof/indir-call-prof.C execution: file indir-call-prof.gcda
does not exist,  -g  -fprofile-generate
UNRESOLVED: g++.dg/tree-prof/indir-call-prof.C compilation,  -g  -fprofile-use
UNRESOLVED: g++.dg/tree-prof/indir-call-prof.C execution,    -g  -fprofile-use
FAIL: g++.dg/tree-prof/indir-call-prof.C execution: file indir-call-prof.gcda
does not exist,  -O0  -fprofile-generate
UNRESOLVED: g++.dg/tree-prof/indir-call-prof.C compilation,  -O0  -fprofile-use
UNRESOLVED: g++.dg/tree-prof/indir-call-prof.C execution,    -O0  -fprofile-use
FAIL: g++.dg/tree-prof/indir-call-prof.C execution: file indir-call-prof.gcda
does not exist,  -O1  -fprofile-generate
UNRESOLVED: g++.dg/tree-prof/indir-call-prof.C compilation,  -O1  -fprofile-use
UNRESOLVED: g++.dg/tree-prof/indir-call-prof.C execution,    -O1  -fprofile-use
FAIL: g++.dg/tree-prof/indir-call-prof.C execution: file indir-call-prof.gcda
does not exist,  -O2  -fprofile-generate
UNRESOLVED: g++.dg/tree-prof/indir-call-prof.C compilation,  -O2  -fprofile-use
UNRESOLVED: g++.dg/tree-prof/indir-call-prof.C execution,    -O2  -fprofile-use
FAIL: g++.dg/tree-prof/indir-call-prof.C execution: file indir-call-prof.gcda
does not exist,  -O3  -fprofile-generate
UNRESOLVED: g++.dg/tree-prof/indir-call-prof.C compilation,  -O3  -fprofile-use
UNRESOLVED: g++.dg/tree-prof/indir-call-prof.C execution,    -O3  -fprofile-use
FAIL: g++.dg/tree-prof/indir-call-prof.C execution: file indir-call-prof.gcda
does not exist,  -O3 -g  -fprofile-generate
UNRESOLVED: g++.dg/tree-prof/indir-call-prof.C compilation,  -O3 -g  -fprofile-use
UNRESOLVED: g++.dg/tree-prof/indir-call-prof.C execution,    -O3 -g  -fprofile-use
FAIL: g++.dg/tree-prof/indir-call-prof.C execution: file indir-call-prof.gcda
does not exist,  -Os  -fprofile-generate
UNRESOLVED: g++.dg/tree-prof/indir-call-prof.C compilation,  -Os  -fprofile-use
UNRESOLVED: g++.dg/tree-prof/indir-call-prof.C execution,    -Os  -fprofile-use
WARNING: Assuming target board is the local machine (which is probably wrong).
FAIL: g++.old-deja/g++.benjamin/15071.C (test for excess errors)
WARNING: g++.old-deja/g++.benjamin/15071.C compilation failed to produce executable
FAIL: g++.old-deja/g++.brendan/copy9.C (test for excess errors)
WARNING: g++.old-deja/g++.brendan/copy9.C compilation failed to produce executable
FAIL: g++.old-deja/g++.brendan/crash15.C (test for excess errors)
FAIL: g++.old-deja/g++.brendan/crash20.C (test for excess errors)
FAIL: g++.old-deja/g++.brendan/crash30.C (test for excess errors)
FAIL: g++.old-deja/g++.brendan/crash38.C (test for excess errors)
FAIL: g++.old-deja/g++.brendan/crash49.C (test for excess errors)
FAIL: g++.old-deja/g++.brendan/crash62.C (test for excess errors)
FAIL: g++.old-deja/g++.brendan/cvt1.C (test for excess errors)
FAIL: g++.old-deja/g++.brendan/err-msg3.C (test for excess errors)
FAIL: g++.old-deja/g++.brendan/nest21.C (test for excess errors)
WARNING: g++.old-deja/g++.brendan/nest21.C compilation failed to produce executable
FAIL: g++.old-deja/g++.brendan/ptolemy2.C (test for excess errors)
WARNING: g++.old-deja/g++.brendan/ptolemy2.C compilation failed to produce
executable
FAIL: g++.old-deja/g++.jason/template24.C (test for excess errors)
WARNING: g++.old-deja/g++.jason/template24.C compilation failed to produce
executable
FAIL: g++.old-deja/g++.jason/template31.C (test for excess errors)
WARNING: g++.old-deja/g++.jason/template31.C compilation failed to produce
executable
FAIL: g++.old-deja/g++.jason/typeid1.C (test for excess errors)
FAIL: g++.old-deja/g++.law/arg1.C (test for excess errors)
FAIL: g++.old-deja/g++.law/arg8.C (test for excess errors)
WARNING: g++.old-deja/g++.law/arg8.C compilation failed to produce executable
FAIL: g++.old-deja/g++.law/arm12.C (test for excess errors)
FAIL: g++.old-deja/g++.law/arm9.C (test for excess errors)
FAIL: g++.old-deja/g++.law/bad-error7.C (test for excess errors)
FAIL: g++.old-deja/g++.law/code-gen5.C (test for excess errors)
WARNING: g++.old-deja/g++.law/code-gen5.C compilation failed to produce executable
FAIL: g++.old-deja/g++.law/ctors10.C (test for excess errors)
FAIL: g++.old-deja/g++.law/ctors12.C (test for excess errors)
WARNING: g++.old-deja/g++.law/ctors12.C compilation failed to produce executable
FAIL: g++.old-deja/g++.law/ctors13.C (test for excess errors)
FAIL: g++.old-deja/g++.law/ctors17.C (test for excess errors)
FAIL: g++.old-deja/g++.law/ctors6.C (test for excess errors)
FAIL: g++.old-deja/g++.law/cvt16.C (test for excess errors)
FAIL: g++.old-deja/g++.law/cvt2.C (test for excess errors)
WARNING: g++.old-deja/g++.law/cvt2.C compilation failed to produce executable
FAIL: g++.old-deja/g++.law/missed-error2.C (test for excess errors)
FAIL: g++.old-deja/g++.law/nest3.C (test for excess errors)
FAIL: g++.old-deja/g++.law/operators32.C (test for excess errors)
FAIL: g++.old-deja/g++.law/operators4.C (test for excess errors)
FAIL: g++.old-deja/g++.law/vbase1.C (test for excess errors)
FAIL: g++.old-deja/g++.law/virtual3.C (test for excess errors)
WARNING: g++.old-deja/g++.law/virtual3.C compilation failed to produce executable
FAIL: g++.old-deja/g++.law/visibility1.C (test for excess errors)
FAIL: g++.old-deja/g++.law/visibility10.C (test for excess errors)
FAIL: g++.old-deja/g++.law/visibility13.C (test for excess errors)
FAIL: g++.old-deja/g++.law/visibility17.C (test for excess errors)
FAIL: g++.old-deja/g++.law/visibility2.C (test for excess errors)
FAIL: g++.old-deja/g++.law/visibility22.C (test for excess errors)
FAIL: g++.old-deja/g++.law/visibility25.C (test for excess errors)
FAIL: g++.old-deja/g++.law/visibility7.C (test for excess errors)
FAIL: g++.old-deja/g++.martin/bitset1.C (test for excess errors)
WARNING: g++.old-deja/g++.martin/bitset1.C compilation failed to produce executable
FAIL: g++.old-deja/g++.mike/net46.C (test for excess errors)
WARNING: g++.old-deja/g++.mike/net46.C compilation failed to produce executable
FAIL: g++.old-deja/g++.mike/p658.C (test for excess errors)
WARNING: g++.old-deja/g++.mike/p658.C compilation failed to produce executable
FAIL: g++.old-deja/g++.mike/rtti1.C (test for excess errors)
FAIL: g++.old-deja/g++.other/defarg6.C (test for excess errors)
FAIL: g++.old-deja/g++.other/headers1.C (test for excess errors)
WARNING: g++.old-deja/g++.other/headers1.C compilation failed to produce executable
FAIL: g++.old-deja/g++.other/inline14.C (test for excess errors)
FAIL: g++.old-deja/g++.pt/crash68.C (test for excess errors)
FAIL: g++.old-deja/g++.pt/instantiate10.C (test for excess errors)
FAIL: g++.old-deja/g++.robertl/eb109.C (test for excess errors)
FAIL: g++.old-deja/g++.robertl/eb113.C (test for excess errors)
FAIL: g++.old-deja/g++.robertl/eb124.C (test for excess errors)
FAIL: g++.old-deja/g++.robertl/eb127.C (test for excess errors)
FAIL: g++.old-deja/g++.robertl/eb15.C (test for excess errors)
FAIL: g++.old-deja/g++.robertl/eb21.C (test for excess errors)
WARNING: g++.old-deja/g++.robertl/eb21.C compilation failed to produce executable
FAIL: g++.old-deja/g++.robertl/eb24.C (test for excess errors)
FAIL: g++.old-deja/g++.robertl/eb3.C (test for excess errors)
FAIL: g++.old-deja/g++.robertl/eb30.C (test for excess errors)
FAIL: g++.old-deja/g++.robertl/eb31.C (test for excess errors)
WARNING: g++.old-deja/g++.robertl/eb31.C compilation failed to produce executable
FAIL: g++.old-deja/g++.robertl/eb33.C (test for excess errors)
WARNING: g++.old-deja/g++.robertl/eb33.C compilation failed to produce executable
FAIL: g++.old-deja/g++.robertl/eb39.C (test for excess errors)
FAIL: g++.old-deja/g++.robertl/eb4.C (test for excess errors)
FAIL: g++.old-deja/g++.robertl/eb41.C (test for excess errors)
WARNING: g++.old-deja/g++.robertl/eb41.C compilation failed to produce executable
FAIL: g++.old-deja/g++.robertl/eb44.C (test for excess errors)
FAIL: g++.old-deja/g++.robertl/eb46.C (test for excess errors)
WARNING: g++.old-deja/g++.robertl/eb46.C compilation failed to produce executable
FAIL: g++.old-deja/g++.robertl/eb54.C (test for excess errors)
WARNING: g++.old-deja/g++.robertl/eb54.C compilation failed to produce executable
FAIL: g++.old-deja/g++.robertl/eb55.C (test for excess errors)
FAIL: g++.old-deja/g++.robertl/eb60.C (test for excess errors)
FAIL: g++.old-deja/g++.robertl/eb65.C (test for excess errors)
WARNING: g++.old-deja/g++.robertl/eb65.C compilation failed to produce executable
FAIL: g++.old-deja/g++.robertl/eb66.C (test for excess errors)
WARNING: g++.old-deja/g++.robertl/eb66.C compilation failed to produce executable
FAIL: g++.old-deja/g++.robertl/eb77.C (test for excess errors)
WARNING: g++.old-deja/g++.robertl/eb77.C compilation failed to produce executable
FAIL: g++.old-deja/g++.robertl/eb79.C (test for excess errors)
WARNING: Assuming target board is the local machine (which is probably wrong).

		=== g++ Summary ===

# of expected passes		20566
# of unexpected failures	106
# of expected failures		141
# of unresolved testcases	42
# of unsupported tests		239
/home/rainer/software/build/i686-pc-cygwin_cross_i686-pc-mingw32/gcc-4.4.0/gcc/gcc/testsuite/g++/../../g++
 version 4.4.0 20090329 (prerelease) [gcc-4_4-branch revision 145224] (GCC)

		=== gcc tests ===


Running target unix
WARNING: Assuming target board is the local machine (which is probably wrong).
WARNING: Assuming target board is the local machine (which is probably wrong).
WARNING: Assuming target board is the local machine (which is probably wrong).
FAIL: gcc.c-torture/execute/20020108-1.c execution,  -O2
FAIL: gcc.c-torture/execute/20020108-1.c execution,  -O3 -fomit-frame-pointer
FAIL: gcc.c-torture/execute/20020108-1.c execution,  -O3 -g
FAIL: gcc.c-torture/execute/20020108-1.c execution,  -Os
FAIL: gcc.dg/compat/union-m128-1 c_compat_x_tst.o-c_compat_y_tst.o execute
FAIL: gcc.dg/compat/vector-1a c_compat_x_tst.o-c_compat_y_tst.o execute
FAIL: gcc.dg/compat/vector-2a c_compat_x_tst.o-c_compat_y_tst.o execute
FAIL: gcc.dg/debug/debug-1.c scan-assembler xyzzy
FAIL: gcc.dg/debug/debug-1.c scan-assembler xyzzy
FAIL: gcc.dg/debug/debug-2.c scan-assembler xyzzy
FAIL: gcc.dg/debug/debug-2.c scan-assembler xyzzy
FAIL: gcc.dg/alias-7.c execution test
FAIL: gcc.dg/dll-4.c scan-assembler (foo2:.*.comm[ \\t_]*foo1)
FAIL: gcc.dg/pr38616.c (test for excess errors)
FAIL: gcc.dg/pr38616.c execution test
FAIL: gcc.dg/pr38902.c (test for excess errors)
FAIL: gcc.dg/pr38902.c execution test
FAIL: gcc.dg/utf32-4.c  (test for warnings, line 18)
WARNING: Assuming target board is the local machine (which is probably wrong).
FAIL: gcc.dg/format/ms-format1.c (test for excess errors)
FAIL: gcc.dg/format/ms-format1.c (test for excess errors)
FAIL: gcc.dg/format/ms_nonlit-2.c non-literal (test for warnings, line 12)
FAIL: gcc.dg/format/ms_nonlit-2.c non-literal (test for warnings, line 13)
FAIL: gcc.dg/format/ms_nonlit-2.c (test for excess errors)
FAIL: gcc.dg/format/ms_plus-1.c (test for excess errors)
FAIL: gcc.dg/format/ms_plus-1.c (test for excess errors)
FAIL: gcc.dg/matrix/transpose-1.c execution: file transpose-1.gcda does not
exist,  -fprofile-generate -O3
UNRESOLVED: gcc.dg/matrix/transpose-1.c compilation,  -fprofile-use
- -fipa-matrix-reorg -fdump-ipa-matrix-reorg -O3 -fwhole-program -combine
UNRESOLVED: gcc.dg/matrix/transpose-1.c execution,    -fprofile-use
- -fipa-matrix-reorg -fdump-ipa-matrix-reorg -O3 -fwhole-program -combine
FAIL: gcc.dg/matrix/transpose-2.c execution: file transpose-2.gcda does not
exist,  -fprofile-generate -O3
UNRESOLVED: gcc.dg/matrix/transpose-2.c compilation,  -fprofile-use
- -fipa-matrix-reorg -fdump-ipa-matrix-reorg -O3 -fwhole-program -combine
UNRESOLVED: gcc.dg/matrix/transpose-2.c execution,    -fprofile-use
- -fipa-matrix-reorg -fdump-ipa-matrix-reorg -O3 -fwhole-program -combine
FAIL: gcc.dg/matrix/transpose-3.c execution: file transpose-3.gcda does not
exist,  -fprofile-generate -O3
UNRESOLVED: gcc.dg/matrix/transpose-3.c compilation,  -fprofile-use
- -fipa-matrix-reorg -fdump-ipa-matrix-reorg -O3 -fwhole-program -combine
UNRESOLVED: gcc.dg/matrix/transpose-3.c execution,    -fprofile-use
- -fipa-matrix-reorg -fdump-ipa-matrix-reorg -O3 -fwhole-program -combine
FAIL: gcc.dg/matrix/transpose-4.c execution: file transpose-4.gcda does not
exist,  -fprofile-generate -O3
UNRESOLVED: gcc.dg/matrix/transpose-4.c compilation,  -fprofile-use
- -fipa-matrix-reorg -fdump-ipa-matrix-reorg -O3 -fwhole-program -combine
UNRESOLVED: gcc.dg/matrix/transpose-4.c execution,    -fprofile-use
- -fipa-matrix-reorg -fdump-ipa-matrix-reorg -O3 -fwhole-program -combine
FAIL: gcc.dg/matrix/transpose-5.c execution: file transpose-5.gcda does not
exist,  -fprofile-generate -O3
UNRESOLVED: gcc.dg/matrix/transpose-5.c compilation,  -fprofile-use
- -fipa-matrix-reorg -fdump-ipa-matrix-reorg -O3 -fwhole-program -combine
UNRESOLVED: gcc.dg/matrix/transpose-5.c execution,    -fprofile-use
- -fipa-matrix-reorg -fdump-ipa-matrix-reorg -O3 -fwhole-program -combine
FAIL: gcc.dg/matrix/transpose-6.c execution: file transpose-6.gcda does not
exist,  -fprofile-generate -O3
UNRESOLVED: gcc.dg/matrix/transpose-6.c compilation,  -fprofile-use
- -fipa-matrix-reorg -fdump-ipa-matrix-reorg -O3 -fwhole-program -combine
UNRESOLVED: gcc.dg/matrix/transpose-6.c execution,    -fprofile-use
- -fipa-matrix-reorg -fdump-ipa-matrix-reorg -O3 -fwhole-program -combine
FAIL: largefile.c (test for excess errors)
FAIL: gcc.dg/pch/largefile.c -O0 -g assembly comparison
FAIL: largefile.c (test for excess errors)
FAIL: gcc.dg/pch/largefile.c  -O0  assembly comparison
FAIL: largefile.c (test for excess errors)
FAIL: gcc.dg/pch/largefile.c  -O1  assembly comparison
FAIL: largefile.c (test for excess errors)
FAIL: gcc.dg/pch/largefile.c  -O2  assembly comparison
FAIL: largefile.c (test for excess errors)
FAIL: gcc.dg/pch/largefile.c  -O3 -fomit-frame-pointer  assembly comparison
FAIL: largefile.c (test for excess errors)
FAIL: gcc.dg/pch/largefile.c  -O3 -g  assembly comparison
FAIL: largefile.c (test for excess errors)
FAIL: gcc.dg/pch/largefile.c  -Os  assembly comparison
FAIL: gcc.dg/struct/w_prof_global_array.c execution: file
w_prof_global_array.gcda does not exist,  -O3 -fwhole-program -combine
- -fipa-type-escape -fprofile-generate
UNRESOLVED: gcc.dg/struct/w_prof_global_array.c compilation,  -O3
- -fwhole-program -combine -fipa-type-escape -fprofile-use -fipa-struct-reorg
- -fdump-ipa-all
UNRESOLVED: gcc.dg/struct/w_prof_global_array.c execution,    -O3
- -fwhole-program -combine -fipa-type-escape -fprofile-use -fipa-struct-reorg
- -fdump-ipa-all
FAIL: gcc.dg/struct/w_prof_global_var.c execution: file w_prof_global_var.gcda
does not exist,  -O3 -fwhole-program -combine -fipa-type-escape -fprofile-generate
UNRESOLVED: gcc.dg/struct/w_prof_global_var.c compilation,  -O3 -fwhole-program
- -combine -fipa-type-escape -fprofile-use -fipa-struct-reorg -fdump-ipa-all
UNRESOLVED: gcc.dg/struct/w_prof_global_var.c execution,    -O3 -fwhole-program
- -combine -fipa-type-escape -fprofile-use -fipa-struct-reorg -fdump-ipa-all
FAIL: gcc.dg/struct/w_prof_local_array.c execution: file w_prof_local_array.gcda
does not exist,  -O3 -fwhole-program -combine -fipa-type-escape -fprofile-generate
UNRESOLVED: gcc.dg/struct/w_prof_local_array.c compilation,  -O3 -fwhole-program
- -combine -fipa-type-escape -fprofile-use -fipa-struct-reorg -fdump-ipa-all
UNRESOLVED: gcc.dg/struct/w_prof_local_array.c execution,    -O3 -fwhole-program
- -combine -fipa-type-escape -fprofile-use -fipa-struct-reorg -fdump-ipa-all
FAIL: gcc.dg/struct/w_prof_local_var.c execution: file w_prof_local_var.gcda
does not exist,  -O3 -fwhole-program -combine -fipa-type-escape -fprofile-generate
UNRESOLVED: gcc.dg/struct/w_prof_local_var.c compilation,  -O3 -fwhole-program
- -combine -fipa-type-escape -fprofile-use -fipa-struct-reorg -fdump-ipa-all
UNRESOLVED: gcc.dg/struct/w_prof_local_var.c execution,    -O3 -fwhole-program
- -combine -fipa-type-escape -fprofile-use -fipa-struct-reorg -fdump-ipa-all
FAIL: gcc.dg/struct/w_prof_single_str_global.c execution: file
w_prof_single_str_global.gcda does not exist,  -O3 -fwhole-program -combine
- -fipa-type-escape -fprofile-generate
UNRESOLVED: gcc.dg/struct/w_prof_single_str_global.c compilation,  -O3
- -fwhole-program -combine -fipa-type-escape -fprofile-use -fipa-struct-reorg
- -fdump-ipa-all
UNRESOLVED: gcc.dg/struct/w_prof_single_str_global.c execution,    -O3
- -fwhole-program -combine -fipa-type-escape -fprofile-use -fipa-struct-reorg
- -fdump-ipa-all
FAIL: gcc.dg/struct/w_prof_two_strs.c execution: file w_prof_two_strs.gcda does
not exist,  -O3 -fwhole-program -combine -fipa-type-escape -fprofile-generate
UNRESOLVED: gcc.dg/struct/w_prof_two_strs.c compilation,  -O3 -fwhole-program
- -combine -fipa-type-escape -fprofile-use -fipa-struct-reorg -fdump-ipa-all
UNRESOLVED: gcc.dg/struct/w_prof_two_strs.c execution,    -O3 -fwhole-program
- -combine -fipa-type-escape -fprofile-use -fipa-struct-reorg -fdump-ipa-all
FAIL: gcc.dg/struct/w_ratio_cold_str.c execution: file w_ratio_cold_str.gcda
does not exist,  -O3 -fwhole-program -combine -fipa-type-escape -fprofile-generate
UNRESOLVED: gcc.dg/struct/w_ratio_cold_str.c compilation,  -O3 -fwhole-program
- -combine -fipa-type-escape -fprofile-use -fipa-struct-reorg -fdump-ipa-all
- --param struct-reorg-cold-struct-ratio=30
UNRESOLVED: gcc.dg/struct/w_ratio_cold_str.c execution,    -O3 -fwhole-program
- -combine -fipa-type-escape -fprofile-use -fipa-struct-reorg -fdump-ipa-all
- --param struct-reorg-cold-struct-ratio=30
FAIL: gcc.dg/torture/fp-int-convert-float128-timode.c (test for excess errors)
WARNING: gcc.dg/torture/fp-int-convert-float128-timode.c compilation failed to
produce executable
FAIL: gcc.dg/torture/fp-int-convert-float128-timode.c (test for excess errors)
WARNING: gcc.dg/torture/fp-int-convert-float128-timode.c compilation failed to
produce executable
FAIL: gcc.dg/torture/fp-int-convert-float128-timode.c (test for excess errors)
WARNING: gcc.dg/torture/fp-int-convert-float128-timode.c compilation failed to
produce executable
FAIL: gcc.dg/torture/fp-int-convert-float128-timode.c (test for excess errors)
WARNING: gcc.dg/torture/fp-int-convert-float128-timode.c compilation failed to
produce executable
FAIL: gcc.dg/torture/fp-int-convert-float128-timode.c (test for excess errors)
WARNING: gcc.dg/torture/fp-int-convert-float128-timode.c compilation failed to
produce executable
FAIL: gcc.dg/torture/fp-int-convert-float128-timode.c (test for excess errors)
WARNING: gcc.dg/torture/fp-int-convert-float128-timode.c compilation failed to
produce executable
FAIL: gcc.dg/torture/fp-int-convert-float128.c (test for excess errors)
WARNING: gcc.dg/torture/fp-int-convert-float128.c compilation failed to produce
executable
FAIL: gcc.dg/torture/fp-int-convert-float128.c (test for excess errors)
WARNING: gcc.dg/torture/fp-int-convert-float128.c compilation failed to produce
executable
FAIL: gcc.dg/torture/fp-int-convert-float128.c (test for excess errors)
WARNING: gcc.dg/torture/fp-int-convert-float128.c compilation failed to produce
executable
FAIL: gcc.dg/torture/fp-int-convert-float128.c (test for excess errors)
WARNING: gcc.dg/torture/fp-int-convert-float128.c compilation failed to produce
executable
FAIL: gcc.dg/torture/fp-int-convert-float128.c (test for excess errors)
WARNING: gcc.dg/torture/fp-int-convert-float128.c compilation failed to produce
executable
FAIL: gcc.dg/torture/fp-int-convert-float128.c (test for excess errors)
WARNING: gcc.dg/torture/fp-int-convert-float128.c compilation failed to produce
executable
FAIL: gcc.dg/torture/stackalign/push-1.c execution test
FAIL: gcc.dg/torture/stackalign/push-1.c execution test
FAIL: gcc.dg/torture/stackalign/push-1.c execution test
FAIL: gcc.dg/torture/stackalign/push-1.c execution test
FAIL: gcc.dg/torture/stackalign/push-1.c execution test
FAIL: gcc.dg/torture/stackalign/push-1.c execution test
FAIL: gcc.dg/torture/stackalign/push-1.c execution test
FAIL: gcc.dg/torture/stackalign/push-1.c execution test
FAIL: gcc.dg/torture/stackalign/push-1.c execution test
FAIL: gcc.dg/torture/stackalign/push-1.c execution test
FAIL: gcc.dg/torture/stackalign/push-1.c execution test
FAIL: gcc.dg/torture/stackalign/push-1.c execution test
FAIL: gcc.dg/torture/stackalign/push-1.c execution test
FAIL: gcc.dg/torture/stackalign/push-1.c execution test
FAIL: gcc.dg/torture/stackalign/push-1.c execution test
FAIL: gcc.dg/torture/stackalign/push-1.c execution test
FAIL: gcc.dg/torture/stackalign/push-1.c execution test
FAIL: gcc.dg/torture/stackalign/push-1.c execution test
FAIL: gcc.dg/torture/stackalign/push-1.c execution test
FAIL: gcc.dg/torture/stackalign/push-1.c execution test
FAIL: gcc.dg/torture/stackalign/push-1.c execution test
FAIL: gcc.dg/torture/stackalign/push-1.c execution test
FAIL: gcc.dg/torture/stackalign/push-1.c execution test
FAIL: gcc.dg/torture/stackalign/push-1.c execution test
FAIL: gcc.dg/torture/stackalign/push-1.c execution test
FAIL: gcc.dg/torture/stackalign/push-1.c execution test
FAIL: gcc.dg/torture/stackalign/push-1.c execution test
FAIL: gcc.dg/torture/stackalign/push-1.c execution test
FAIL: gcc.dg/torture/stackalign/push-1.c execution test
FAIL: gcc.dg/torture/stackalign/push-1.c execution test
FAIL: gcc.dg/torture/stackalign/push-1.c execution test
FAIL: gcc.dg/torture/stackalign/push-1.c execution test
FAIL: gcc.dg/torture/stackalign/push-1.c execution test
FAIL: gcc.dg/torture/stackalign/push-1.c execution test
FAIL: gcc.dg/torture/stackalign/push-1.c execution test
FAIL: gcc.dg/torture/stackalign/push-1.c execution test
FAIL: gcc.dg/torture/stackalign/push-1.c execution test
FAIL: gcc.dg/torture/stackalign/push-1.c execution test
FAIL: gcc.dg/torture/stackalign/push-1.c execution test
FAIL: gcc.dg/torture/stackalign/push-1.c execution test
FAIL: gcc.dg/torture/stackalign/push-1.c execution test
FAIL: gcc.dg/torture/stackalign/push-1.c execution test
FAIL: gcc.dg/torture/stackalign/push-1.c execution test
FAIL: gcc.dg/torture/stackalign/push-1.c execution test
FAIL: gcc.dg/torture/stackalign/push-1.c execution test
FAIL: gcc.dg/torture/stackalign/push-1.c execution test
FAIL: gcc.dg/torture/stackalign/push-1.c execution test
FAIL: gcc.dg/torture/stackalign/push-1.c execution test
WARNING: program timed out.
WARNING: program timed out.
WARNING: program timed out.
WARNING: program timed out.
WARNING: program timed out.
WARNING: program timed out.
WARNING: program timed out.
WARNING: program timed out.
WARNING: program timed out.
WARNING: program timed out.
WARNING: program timed out.
WARNING: program timed out.
WARNING: program timed out.
WARNING: program timed out.
WARNING: program timed out.
WARNING: program timed out.
FAIL: gcc.dg/tree-prof/bb-reorg.c execution: file bb-reorg.gcda does not exist,
 -fprofile-generate -D_PROFILE_GENERATE
UNRESOLVED: gcc.dg/tree-prof/bb-reorg.c compilation,  -fprofile-use -D_PROFILE_USE
UNRESOLVED: gcc.dg/tree-prof/bb-reorg.c execution,    -fprofile-use -D_PROFILE_USE
FAIL: gcc.dg/tree-prof/ic-misattribution-1.c execution: file
ic-misattribution-1.gcda does not exist,  -fprofile-generate -D_PROFILE_GENERATE
UNRESOLVED: gcc.dg/tree-prof/ic-misattribution-1.c compilation,  -fprofile-use
- -D_PROFILE_USE
UNRESOLVED: gcc.dg/tree-prof/ic-misattribution-1.c execution,    -fprofile-use
- -D_PROFILE_USE
FAIL: gcc.dg/tree-prof/ic-misattribution-1a.c execution: file
ic-misattribution-1a.gcda does not exist,  -fprofile-generate -D_PROFILE_GENERATE
UNRESOLVED: gcc.dg/tree-prof/ic-misattribution-1a.c compilation,  -fprofile-use
- -D_PROFILE_USE
UNRESOLVED: gcc.dg/tree-prof/ic-misattribution-1a.c execution,    -fprofile-use
- -D_PROFILE_USE
FAIL: gcc.dg/tree-prof/indir-call-prof.c execution: file indir-call-prof.gcda
does not exist,  -fprofile-generate -D_PROFILE_GENERATE
UNRESOLVED: gcc.dg/tree-prof/indir-call-prof.c compilation,  -fprofile-use
- -D_PROFILE_USE
UNRESOLVED: gcc.dg/tree-prof/indir-call-prof.c execution,    -fprofile-use
- -D_PROFILE_USE
FAIL: gcc.dg/tree-prof/inliner-1.c execution: file inliner-1.gcda does not
exist,  -fprofile-generate -D_PROFILE_GENERATE
UNRESOLVED: gcc.dg/tree-prof/inliner-1.c compilation,  -fprofile-use -D_PROFILE_USE
UNRESOLVED: gcc.dg/tree-prof/inliner-1.c execution,    -fprofile-use -D_PROFILE_USE
FAIL: gcc.dg/tree-prof/pr34999.c execution: file pr34999.gcda does not exist,
- -fprofile-generate -D_PROFILE_GENERATE
UNRESOLVED: gcc.dg/tree-prof/pr34999.c compilation,  -fprofile-use -D_PROFILE_USE
UNRESOLVED: gcc.dg/tree-prof/pr34999.c execution,    -fprofile-use -D_PROFILE_USE
FAIL: gcc.dg/tree-prof/stringop-1.c execution: file stringop-1.gcda does not
exist,  -fprofile-generate -D_PROFILE_GENERATE
UNRESOLVED: gcc.dg/tree-prof/stringop-1.c compilation,  -fprofile-use -D_PROFILE_USE
UNRESOLVED: gcc.dg/tree-prof/stringop-1.c execution,    -fprofile-use -D_PROFILE_USE
FAIL: gcc.dg/tree-prof/stringop-2.c execution: file stringop-2.gcda does not
exist,  -fprofile-generate -D_PROFILE_GENERATE
UNRESOLVED: gcc.dg/tree-prof/stringop-2.c compilation,  -fprofile-use -D_PROFILE_USE
UNRESOLVED: gcc.dg/tree-prof/stringop-2.c execution,    -fprofile-use -D_PROFILE_USE
FAIL: gcc.dg/tree-prof/tracer-1.c execution: file tracer-1.gcda does not exist,
 -fprofile-generate -D_PROFILE_GENERATE
UNRESOLVED: gcc.dg/tree-prof/tracer-1.c compilation,  -fprofile-use -D_PROFILE_USE
UNRESOLVED: gcc.dg/tree-prof/tracer-1.c execution,    -fprofile-use -D_PROFILE_USE
FAIL: gcc.dg/tree-prof/update-cunroll-2.c execution: file update-cunroll-2.gcda
does not exist,  -fprofile-generate -D_PROFILE_GENERATE
UNRESOLVED: gcc.dg/tree-prof/update-cunroll-2.c compilation,  -fprofile-use
- -D_PROFILE_USE
UNRESOLVED: gcc.dg/tree-prof/update-cunroll-2.c execution,    -fprofile-use
- -D_PROFILE_USE
FAIL: gcc.dg/tree-prof/update-loopch.c execution: file update-loopch.gcda does
not exist,  -fprofile-generate -D_PROFILE_GENERATE
UNRESOLVED: gcc.dg/tree-prof/update-loopch.c compilation,  -fprofile-use
- -D_PROFILE_USE
UNRESOLVED: gcc.dg/tree-prof/update-loopch.c execution,    -fprofile-use
- -D_PROFILE_USE
FAIL: gcc.dg/tree-prof/update-tailcall.c execution: file update-tailcall.gcda
does not exist,  -fprofile-generate -D_PROFILE_GENERATE
UNRESOLVED: gcc.dg/tree-prof/update-tailcall.c compilation,  -fprofile-use
- -D_PROFILE_USE
UNRESOLVED: gcc.dg/tree-prof/update-tailcall.c execution,    -fprofile-use
- -D_PROFILE_USE
FAIL: gcc.dg/tree-prof/val-prof-1.c execution: file val-prof-1.gcda does not
exist,  -fprofile-generate -D_PROFILE_GENERATE
UNRESOLVED: gcc.dg/tree-prof/val-prof-1.c compilation,  -fprofile-use -D_PROFILE_USE
UNRESOLVED: gcc.dg/tree-prof/val-prof-1.c execution,    -fprofile-use -D_PROFILE_USE
FAIL: gcc.dg/tree-prof/val-prof-2.c execution: file val-prof-2.gcda does not
exist,  -fprofile-generate -D_PROFILE_GENERATE
UNRESOLVED: gcc.dg/tree-prof/val-prof-2.c compilation,  -fprofile-use -D_PROFILE_USE
UNRESOLVED: gcc.dg/tree-prof/val-prof-2.c execution,    -fprofile-use -D_PROFILE_USE
FAIL: gcc.dg/tree-prof/val-prof-3.c execution: file val-prof-3.gcda does not
exist,  -fprofile-generate -D_PROFILE_GENERATE
UNRESOLVED: gcc.dg/tree-prof/val-prof-3.c compilation,  -fprofile-use -D_PROFILE_USE
UNRESOLVED: gcc.dg/tree-prof/val-prof-3.c execution,    -fprofile-use -D_PROFILE_USE
FAIL: gcc.dg/tree-prof/val-prof-4.c execution: file val-prof-4.gcda does not
exist,  -fprofile-generate -D_PROFILE_GENERATE
UNRESOLVED: gcc.dg/tree-prof/val-prof-4.c compilation,  -fprofile-use -D_PROFILE_USE
UNRESOLVED: gcc.dg/tree-prof/val-prof-4.c execution,    -fprofile-use -D_PROFILE_USE
FAIL: gcc.dg/tree-prof/val-prof-5.c execution: file val-prof-5.gcda does not
exist,  -fprofile-generate -D_PROFILE_GENERATE
UNRESOLVED: gcc.dg/tree-prof/val-prof-5.c compilation,  -fprofile-use -D_PROFILE_USE
UNRESOLVED: gcc.dg/tree-prof/val-prof-5.c execution,    -fprofile-use -D_PROFILE_USE
FAIL: gcc.dg/tree-prof/val-prof-6.c execution: file val-prof-6.gcda does not
exist,  -fprofile-generate -D_PROFILE_GENERATE
UNRESOLVED: gcc.dg/tree-prof/val-prof-6.c compilation,  -fprofile-use -D_PROFILE_USE
UNRESOLVED: gcc.dg/tree-prof/val-prof-6.c execution,    -fprofile-use -D_PROFILE_USE
FAIL: gcc.dg/tree-prof/wcoverage-mismatch.c execution: file
wcoverage-mismatch.gcda does not exist,  -fprofile-generate -D_PROFILE_GENERATE
UNRESOLVED: gcc.dg/tree-prof/wcoverage-mismatch.c compilation,  -fprofile-use
- -D_PROFILE_USE
UNRESOLVED: gcc.dg/tree-prof/wcoverage-mismatch.c execution,    -fprofile-use
- -D_PROFILE_USE
FAIL: gcc.dg/tree-ssa/pr36881.c scan-assembler-not CSWTCH
FAIL: gcc.dg/tree-ssa/pr36881.c scan-tree-dump switchconv "need runtime relocations"
FAIL: gcc.dg/tree-ssa/ssa-store-ccp-2.c scan-tree-dump-times optimized
"conststaticvariable" 1
FAIL: gcc.dg/tree-ssa/ssa-store-ccp-4.c scan-tree-dump-times optimized
"conststaticvariable" 1
FAIL: gcc.dg/vect/costmodel/i386/costmodel-vect-31.c execution test
FAIL: gcc.dg/vect/costmodel/i386/costmodel-vect-31.c execution test
FAIL: gcc.dg/vect/costmodel/i386/costmodel-vect-31.c execution test
FAIL: gcc.dg/vect/pr18400.c execution test
FAIL: gcc.dg/vect/pr20122.c execution test
FAIL: gcc.dg/vect/pr25413.c execution test
FAIL: gcc.dg/vect/pr25413.c scan-tree-dump-times vect "vectorized 1 loops" 0
FAIL: gcc.dg/vect/pr25413.c scan-tree-dump-times vect "vector alignment may not
be reachable" 1
FAIL: gcc.dg/vect/pr25413.c scan-tree-dump-times vect "not vectorized:
unsupported unaligned store" 1
FAIL: gcc.dg/vect/pr30784.c execution test
FAIL: gcc.dg/vect/pr31699.c execution test
FAIL: gcc.dg/vect/vect-108.c execution test
FAIL: gcc.dg/vect/vect-11.c execution test
FAIL: gcc.dg/vect/vect-11a.c execution test
FAIL: gcc.dg/vect/vect-13.c execution test
FAIL: gcc.dg/vect/vect-17.c execution test
FAIL: gcc.dg/vect/vect-18.c execution test
FAIL: gcc.dg/vect/vect-19.c execution test
FAIL: gcc.dg/vect/vect-2.c execution test
FAIL: gcc.dg/vect/vect-20.c execution test
FAIL: gcc.dg/vect/vect-22.c execution test
FAIL: gcc.dg/vect/vect-27.c execution test
FAIL: gcc.dg/vect/vect-29.c execution test
FAIL: gcc.dg/vect/vect-3.c execution test
FAIL: gcc.dg/vect/vect-30.c execution test
FAIL: gcc.dg/vect/vect-34.c execution test
FAIL: gcc.dg/vect/vect-38.c execution test
FAIL: gcc.dg/vect/vect-4.c execution test
FAIL: gcc.dg/vect/vect-5.c execution test
FAIL: gcc.dg/vect/vect-7.c execution test
FAIL: gcc.dg/vect/vect-72.c execution test
FAIL: gcc.dg/vect/vect-73.c execution test
FAIL: gcc.dg/vect/vect-77-global.c execution test
FAIL: gcc.dg/vect/vect-78-global.c execution test
FAIL: gcc.dg/vect/vect-8.c execution test
FAIL: gcc.dg/vect/vect-86.c execution test
FAIL: gcc.dg/vect/vect-9.c execution test
FAIL: gcc.dg/vect/vect-92.c execution test
FAIL: gcc.dg/vect/vect-97.c execution test
FAIL: gcc.dg/vect/vect-99.c execution test
FAIL: gcc.dg/vect/vect-all.c execution test
FAIL: gcc.dg/vect/vect-complex-1.c execution test
FAIL: gcc.dg/vect/vect-complex-2.c execution test
FAIL: gcc.dg/vect/vect-complex-4.c execution test
FAIL: gcc.dg/vect/vect-float-extend-1.c execution test
FAIL: gcc.dg/vect/vect-floatint-conversion-1.c execution test
FAIL: gcc.dg/vect/vect-intfloat-conversion-1.c execution test
FAIL: gcc.dg/vect/vect-intfloat-conversion-2.c execution test
FAIL: gcc.dg/vect/vect-intfloat-conversion-3.c execution test
FAIL: gcc.dg/vect/vect-intfloat-conversion-4a.c execution test
FAIL: gcc.dg/vect/vect-intfloat-conversion-4b.c execution test
FAIL: gcc.dg/vect/vect-iv-9.c execution test
FAIL: gcc.dg/vect/vect-multitypes-1.c execution test
FAIL: gcc.dg/vect/vect-multitypes-10.c execution test
FAIL: gcc.dg/vect/vect-multitypes-11.c execution test
FAIL: gcc.dg/vect/vect-multitypes-12.c execution test
FAIL: gcc.dg/vect/vect-multitypes-13.c execution test
FAIL: gcc.dg/vect/vect-multitypes-14.c execution test
FAIL: gcc.dg/vect/vect-multitypes-15.c execution test
FAIL: gcc.dg/vect/vect-multitypes-16.c execution test
FAIL: gcc.dg/vect/vect-multitypes-17.c execution test
FAIL: gcc.dg/vect/vect-multitypes-2.c execution test
FAIL: gcc.dg/vect/vect-multitypes-4.c execution test
FAIL: gcc.dg/vect/vect-multitypes-5.c execution test
FAIL: gcc.dg/vect/vect-multitypes-7.c execution test
FAIL: gcc.dg/vect/vect-multitypes-8.c execution test
FAIL: gcc.dg/vect/vect-multitypes-9.c execution test
FAIL: gcc.dg/vect/vect-outer-2.c execution test
FAIL: gcc.dg/vect/vect-outer-2a.c execution test
FAIL: gcc.dg/vect/vect-outer-2c.c execution test
FAIL: gcc.dg/vect/vect-outer-3.c execution test
FAIL: gcc.dg/vect/vect-outer-3a.c execution test
FAIL: gcc.dg/vect/vect-outer-3b.c execution test
FAIL: gcc.dg/vect/vect-outer-3c.c execution test
FAIL: gcc.dg/vect/vect-outer-4.c execution test
FAIL: gcc.dg/vect/vect-outer-4d.c execution test
FAIL: gcc.dg/vect/vect-outer-4f.c execution test
FAIL: gcc.dg/vect/vect-outer-4g.c execution test
FAIL: gcc.dg/vect/vect-outer-4i.c execution test
FAIL: gcc.dg/vect/vect-outer-4k.c execution test
FAIL: gcc.dg/vect/vect-outer-4l.c execution test
FAIL: gcc.dg/vect/vect-outer-4m.c execution test
FAIL: gcc.dg/vect/vect-outer-6.c execution test
FAIL: gcc.dg/vect/vect-outer-fir-lb.c execution test
FAIL: gcc.dg/vect/vect-outer-fir.c execution test
FAIL: gcc.dg/vect/vect-reduc-dot-s16a.c execution test
FAIL: gcc.dg/vect/vect-reduc-dot-s16b.c execution test
FAIL: gcc.dg/vect/vect-reduc-dot-s8a.c execution test
FAIL: gcc.dg/vect/vect-reduc-dot-s8c.c execution test
FAIL: gcc.dg/vect/vect-reduc-dot-u16a.c execution test
FAIL: gcc.dg/vect/vect-reduc-dot-u16b.c execution test
FAIL: gcc.dg/vect/vect-reduc-dot-u8a.c execution test
FAIL: gcc.dg/vect/vect-reduc-dot-u8b.c execution test
FAIL: gcc.dg/vect/vect-strided-store-u16-i4.c execution test
FAIL: gcc.dg/vect/vect-strided-store-u32-i2.c execution test
FAIL: gcc.dg/vect/vect-widen-mult-s16.c execution test
FAIL: gcc.dg/vect/vect-widen-mult-s8.c execution test
FAIL: gcc.dg/vect/vect-widen-mult-u16.c execution test
FAIL: gcc.dg/vect/vect-widen-mult-u8.c execution test
FAIL: gcc.dg/vect/slp-15.c execution test
FAIL: gcc.dg/vect/slp-16.c execution test
FAIL: gcc.dg/vect/slp-17.c execution test
FAIL: gcc.dg/vect/slp-25.c execution test
FAIL: gcc.dg/vect/slp-9.c execution test
FAIL: gcc.dg/vect/slp-widen-mult-s16.c execution test
FAIL: gcc.dg/vect/slp-widen-mult-u8.c execution test
FAIL: gcc.dg/vect/fast-math-vect-complex-3.c execution test
FAIL: gcc.dg/vect/wrapv-vect-7.c execution test
FAIL: gcc.dg/vect/wrapv-vect-reduc-dot-s8b.c execution test
FAIL: gcc.dg/vect/no-section-anchors-vect-31.c execution test
FAIL: gcc.dg/vect/no-section-anchors-vect-34.c execution test
FAIL: gcc.dg/vect/no-section-anchors-vect-36.c execution test
FAIL: gcc.dg/vect/no-section-anchors-vect-64.c execution test
FAIL: gcc.dg/vect/no-section-anchors-vect-65.c execution test
FAIL: gcc.dg/vect/no-section-anchors-vect-66.c execution test
FAIL: gcc.dg/vect/no-section-anchors-vect-68.c execution test
FAIL: gcc.dg/vect/no-section-anchors-vect-69.c execution test
FAIL: gcc.dg/vect/no-section-anchors-vect-outer-4h.c execution test
FAIL: gcc.dg/vect/no-scevccp-outer-10.c execution test
FAIL: gcc.dg/vect/no-scevccp-outer-10a.c execution test
FAIL: gcc.dg/vect/no-scevccp-outer-10b.c execution test
FAIL: gcc.dg/vect/no-scevccp-outer-11.c execution test
FAIL: gcc.dg/vect/no-scevccp-outer-13.c execution test
FAIL: gcc.dg/vect/no-scevccp-outer-15.c execution test
FAIL: gcc.dg/vect/no-scevccp-outer-16.c execution test
FAIL: gcc.dg/vect/no-scevccp-outer-17.c execution test
FAIL: gcc.dg/vect/no-scevccp-outer-18.c execution test
FAIL: gcc.dg/vect/no-scevccp-outer-19.c execution test
FAIL: gcc.dg/vect/no-scevccp-outer-20.c execution test
FAIL: gcc.dg/vect/no-scevccp-outer-21.c execution test
FAIL: gcc.dg/vect/no-scevccp-outer-22.c execution test
FAIL: gcc.dg/vect/no-scevccp-outer-3.c execution test
FAIL: gcc.dg/vect/no-scevccp-outer-4.c execution test
FAIL: gcc.dg/vect/no-scevccp-outer-5.c execution test
FAIL: gcc.dg/vect/no-scevccp-outer-7.c execution test
FAIL: gcc.dg/vect/no-scevccp-outer-9.c execution test
FAIL: gcc.dg/vect/no-scevccp-outer-9a.c execution test
FAIL: gcc.dg/vect/no-scevccp-outer-9b.c execution test
FAIL: gcc.dg/vect/no-scevccp-noreassoc-outer-3.c execution test
FAIL: gcc.dg/vect/no-scevccp-noreassoc-outer-5.c execution test
FAIL: gcc.dg/vect/no-tree-dom-vect-bug.c execution test
FAIL: gcc.misc-tests/bprob-1.c execution: file bprob-1.gcda does not exist,
- -fprofile-arcs
UNRESOLVED: gcc.misc-tests/bprob-1.c compilation,  -fprofile-use
UNRESOLVED: gcc.misc-tests/bprob-1.c execution,    -fprofile-use
FAIL: gcc.misc-tests/bprob-2.c execution: file bprob-2.gcda does not exist,
- -fprofile-arcs
UNRESOLVED: gcc.misc-tests/bprob-2.c compilation,  -fprofile-use
UNRESOLVED: gcc.misc-tests/bprob-2.c execution,    -fprofile-use
FAIL: gcc.target/i386/pic-1.c  (test for errors, line 11)
FAIL: gcc.target/i386/pr32000-2.c (test for excess errors)
WARNING: gcc.target/i386/pr32000-2.c compilation failed to produce executable
FAIL: gcc.target/i386/pr37843-1.c scan-assembler call[\\\\t ]*foo
FAIL: gcc.target/i386/pr37843-2.c scan-assembler jmp[\\\\t ]*foo
FAIL: gcc.target/i386/pr37843-3.c scan-assembler jmp[\\\\t ]*foo
XPASS: gcc.target/i386/push-1.c scan-assembler-not movups
WARNING: program timed out.
FAIL: gcc.target/i386/sse-6.c execution test
WARNING: program timed out.
FAIL: gcc.target/i386/vararg-3.c execution test
WARNING: program timed out.
FAIL: gcc.target/i386/vararg-4.c execution test
WARNING: program timed out.
FAIL: gcc.target/i386/vararg-7.c execution test
WARNING: program timed out.
FAIL: gcc.target/i386/vararg-8.c execution test
FAIL: gcc.target/i386/stackalign/return-3.c (test for excess errors)
FAIL: gcc.target/i386/stackalign/return-3.c (test for excess errors)
FAIL: gcc.target/i386/stackalign/return-3.c (test for excess errors)
FAIL: gcc.target/i386/stackalign/return-3.c (test for excess errors)
WARNING: Assuming target board is the local machine (which is probably wrong).

		=== gcc Summary ===

# of expected passes		60474
# of unexpected failures	292
# of unexpected successes	1
# of expected failures		187
# of unresolved testcases	68
# of unsupported tests		513
/home/rainer/software/build/i686-pc-cygwin_cross_i686-pc-mingw32/gcc-4.4.0/gcc/gcc/xgcc
 version 4.4.0 20090329 (prerelease) [gcc-4_4-branch revision 145224] (GCC)

		=== gfortran tests ===


Running target unix
WARNING: Assuming target board is the local machine (which is probably wrong).
WARNING: Assuming target board is the local machine (which is probably wrong).
FAIL: gfortran.dg/array_constructor_23.f execution test
FAIL: gfortran.dg/array_constructor_23.f execution test
FAIL: gfortran.dg/array_constructor_23.f execution test
FAIL: gfortran.dg/array_constructor_23.f execution test
FAIL: gfortran.dg/constant_substring.f (test for excess errors)
WARNING: gfortran.dg/constant_substring.f compilation failed to produce executable
XPASS: gfortran.dg/default_format_denormal_1.f90 execution test
XPASS: gfortran.dg/default_format_denormal_1.f90 execution test
XPASS: gfortran.dg/default_format_denormal_1.f90 execution test
XPASS: gfortran.dg/default_format_denormal_1.f90 execution test
XPASS: gfortran.dg/default_format_denormal_1.f90 execution test
XPASS: gfortran.dg/default_format_denormal_1.f90 execution test
XPASS: gfortran.dg/default_format_denormal_1.f90 execution test
XPASS: gfortran.dg/default_format_denormal_1.f90 execution test
FAIL: gfortran.dg/dev_null.F90 execution test
FAIL: gfortran.dg/dev_null.F90 execution test
FAIL: gfortran.dg/dev_null.F90 execution test
FAIL: gfortran.dg/dev_null.F90 execution test
FAIL: gfortran.dg/dev_null.F90 execution test
FAIL: gfortran.dg/dev_null.F90 execution test
FAIL: gfortran.dg/dev_null.F90 execution test
FAIL: gfortran.dg/dev_null.F90 execution test
FAIL: gfortran.dg/fmt_g0_1.f08 execution test
FAIL: gfortran.dg/fmt_g0_1.f08 execution test
FAIL: gfortran.dg/fmt_g0_1.f08 execution test
FAIL: gfortran.dg/fmt_g0_1.f08 execution test
FAIL: gfortran.dg/fmt_g0_1.f08 execution test
FAIL: gfortran.dg/fmt_g0_1.f08 execution test
FAIL: gfortran.dg/fmt_g0_1.f08 execution test
FAIL: gfortran.dg/fmt_g0_1.f08 execution test
FAIL: gfortran.dg/fmt_g0_2.f08 execution test
FAIL: gfortran.dg/fmt_g0_2.f08 execution test
FAIL: gfortran.dg/fmt_g0_2.f08 execution test
FAIL: gfortran.dg/fmt_g0_2.f08 execution test
FAIL: gfortran.dg/fmt_g0_2.f08 execution test
FAIL: gfortran.dg/fmt_g0_2.f08 execution test
FAIL: gfortran.dg/fmt_g0_2.f08 execution test
FAIL: gfortran.dg/fmt_g0_2.f08 execution test
FAIL: gfortran.dg/intrinsic_unpack_2.f90 (test for excess errors)
WARNING: gfortran.dg/intrinsic_unpack_2.f90 compilation failed to produce executable
XPASS: gfortran.dg/nint_2.f90 execution test
FAIL: gfortran.dg/proc_decl_2.f90 (test for excess errors)
FAIL: gfortran.dg/proc_decl_2.f90 execution test
FAIL: gfortran.dg/streamio_16.f90 execution test
FAIL: gfortran.dg/streamio_16.f90 execution test
FAIL: gfortran.dg/streamio_16.f90 execution test
FAIL: gfortran.dg/streamio_16.f90 execution test
FAIL: gfortran.dg/streamio_16.f90 execution test
FAIL: gfortran.dg/streamio_16.f90 execution test
FAIL: gfortran.dg/streamio_16.f90 execution test
FAIL: gfortran.dg/streamio_16.f90 execution test
FAIL: gfortran.dg/write_to_null.F90 execution test
FAIL: gfortran.dg/write_to_null.F90 execution test
FAIL: gfortran.dg/write_to_null.F90 execution test
FAIL: gfortran.dg/write_to_null.F90 execution test
FAIL: gfortran.dg/write_to_null.F90 execution test
FAIL: gfortran.dg/write_to_null.F90 execution test
FAIL: gfortran.dg/write_to_null.F90 execution test
FAIL: gfortran.dg/write_to_null.F90 execution test
FAIL: gfortran.fortran-torture/execute/intrinsic_si_kind.f90 execution,  -O0
FAIL: gfortran.fortran-torture/execute/intrinsic_si_kind.f90 execution,  -O1
FAIL: gfortran.fortran-torture/execute/intrinsic_si_kind.f90 execution,  -O2
FAIL: gfortran.fortran-torture/execute/intrinsic_si_kind.f90 execution,  -O2
- -fomit-frame-pointer -finline-functions
FAIL: gfortran.fortran-torture/execute/intrinsic_si_kind.f90 execution,  -O2
- -fomit-frame-pointer -finline-functions -funroll-loops
FAIL: gfortran.fortran-torture/execute/intrinsic_si_kind.f90 execution,  -O2
- -fbounds-check
FAIL: gfortran.fortran-torture/execute/intrinsic_si_kind.f90 execution,  -O3 -g
FAIL: gfortran.fortran-torture/execute/intrinsic_si_kind.f90 execution,  -Os
FAIL: gfortran.fortran-torture/execute/intrinsic_si_kind.f90 execution, -O2
- -ftree-vectorize -msse2
WARNING: Assuming target board is the local machine (which is probably wrong).

		=== gfortran Summary ===

# of expected passes		29020
# of unexpected failures	57
# of unexpected successes	9
# of expected failures		10
# of unsupported tests		168
/home/rainer/software/build/i686-pc-cygwin_cross_i686-pc-mingw32/gcc-4.4.0/gcc/gcc/testsuite/gfortran/../../gfortran
 version 4.4.0 20090329 (prerelease) [gcc-4_4-branch revision 145224] (GCC)

Host   is i686-pc-cygwin

		=== gnat tests ===


Running target unix
WARNING: Assuming target board is the local machine (which is probably wrong).
FAIL: gnat.dg/test_raise_from_pure.adb execution test

		=== gnat Summary ===

# of expected passes		609
# of unexpected failures	1
# of expected failures		6
Host   is i686-pc-cygwin

		=== obj-c++ tests ===


Running target unix
WARNING: Assuming target board is the local machine (which is probably wrong).
FAIL: obj-c++.dg/basic.mm (test for excess errors)
WARNING: obj-c++.dg/basic.mm compilation failed to produce executable
XPASS: obj-c++.dg/comp-types-10.mm (test for excess errors)
FAIL: obj-c++.dg/cxx-scope-2.mm (test for excess errors)
WARNING: obj-c++.dg/lookup-2.mm compilation failed to produce executable
FAIL: obj-c++.dg/no-extra-load.mm (test for excess errors)
ERROR: obj-c++.dg/no-extra-load.mm: error executing dg-final: couldn't open
"no-extra-load.s": no such file or directory
UNRESOLVED: obj-c++.dg/no-extra-load.mm: error executing dg-final: couldn't open
"no-extra-load.s": no such file or directory
WARNING: obj-c++.dg/try-catch-2.mm compilation failed to produce executable
WARNING: obj-c++.dg/try-catch-9.mm compilation failed to produce executable

		=== obj-c++ Summary ===

# of expected passes		431
# of unexpected failures	3
# of unexpected successes	1
# of expected failures		9
# of unresolved testcases	1
# of unsupported tests		13
/home/rainer/software/build/i686-pc-cygwin_cross_i686-pc-mingw32/gcc-4.4.0/gcc/gcc/testsuite/obj-c++/../../g++
 version 4.4.0 20090329 (prerelease) [gcc-4_4-branch revision 145224] (GCC)

Host   is i686-pc-cygwin

		=== objc tests ===


Running target unix
WARNING: Assuming target board is the local machine (which is probably wrong).
FAIL: objc/execute/exceptions/handler-1.m compilation,  -O0 -fgnu-runtime
UNRESOLVED: objc/execute/exceptions/handler-1.m execution,  -O0 -fgnu-runtime
FAIL: objc/execute/exceptions/handler-1.m compilation,  -O1 -fgnu-runtime
UNRESOLVED: objc/execute/exceptions/handler-1.m execution,  -O1 -fgnu-runtime
FAIL: objc/execute/exceptions/handler-1.m compilation,  -O2 -fgnu-runtime
UNRESOLVED: objc/execute/exceptions/handler-1.m execution,  -O2 -fgnu-runtime
FAIL: objc/execute/exceptions/handler-1.m compilation,  -O3 -fomit-frame-pointer
- -fgnu-runtime
UNRESOLVED: objc/execute/exceptions/handler-1.m execution,  -O3
- -fomit-frame-pointer -fgnu-runtime
FAIL: objc/execute/exceptions/handler-1.m compilation,  -O3 -g -fgnu-runtime
UNRESOLVED: objc/execute/exceptions/handler-1.m execution,  -O3 -g -fgnu-runtime
FAIL: objc/execute/exceptions/handler-1.m compilation,  -Os -fgnu-runtime
UNRESOLVED: objc/execute/exceptions/handler-1.m execution,  -Os -fgnu-runtime
FAIL: objc/execute/exceptions/handler-1.m compilation,  -O0 -fgnu-runtime
UNRESOLVED: objc/execute/exceptions/handler-1.m execution,  -O0 -fgnu-runtime
FAIL: objc/execute/exceptions/handler-1.m compilation,  -O1 -fgnu-runtime
UNRESOLVED: objc/execute/exceptions/handler-1.m execution,  -O1 -fgnu-runtime
FAIL: objc/execute/exceptions/handler-1.m compilation,  -O2 -fgnu-runtime
UNRESOLVED: objc/execute/exceptions/handler-1.m execution,  -O2 -fgnu-runtime
FAIL: objc/execute/exceptions/handler-1.m compilation,  -O3 -fomit-frame-pointer
- -fgnu-runtime
UNRESOLVED: objc/execute/exceptions/handler-1.m execution,  -O3
- -fomit-frame-pointer -fgnu-runtime
FAIL: objc/execute/exceptions/handler-1.m compilation,  -O3 -g -fgnu-runtime
UNRESOLVED: objc/execute/exceptions/handler-1.m execution,  -O3 -g -fgnu-runtime
FAIL: objc/execute/exceptions/handler-1.m compilation,  -Os -fgnu-runtime
UNRESOLVED: objc/execute/exceptions/handler-1.m execution,  -Os -fgnu-runtime
FAIL: objc/execute/_cmd.m compilation,  -O2 -fgnu-runtime
UNRESOLVED: objc/execute/_cmd.m execution,  -O2 -fgnu-runtime

		=== objc Summary ===

# of expected passes		1920
# of unexpected failures	13
# of expected failures		7
# of unresolved testcases	13
# of unsupported tests		24
/home/rainer/software/build/i686-pc-cygwin_cross_i686-pc-mingw32/gcc-4.4.0/gcc/gcc/xgcc
 version 4.4.0 20090329 (prerelease) [gcc-4_4-branch revision 145224] (GCC)

Host   is i686-pc-mingw32

		=== libgomp tests ===


Running target unix
WARNING: Assuming target board is the local machine (which is probably wrong).
WARNING: program timed out.
FAIL: libgomp.c/appendix-a/a.15.1.c execution test
WARNING: program timed out.
FAIL: libgomp.c/appendix-a/a.18.1.c execution test
FAIL: libgomp.c/appendix-a/a.2.1.c execution test
WARNING: program timed out.
FAIL: libgomp.c/appendix-a/a.21.1.c execution test
FAIL: libgomp.c/appendix-a/a.4.1.c execution test
FAIL: libgomp.c/atomic-5.c execution test
WARNING: program timed out.
FAIL: libgomp.c/autopar-1.c execution test
FAIL: libgomp.c/barrier-1.c execution test
WARNING: program timed out.
FAIL: libgomp.c/collapse-1.c execution test
FAIL: libgomp.c/collapse-2.c execution test
WARNING: program timed out.
FAIL: libgomp.c/collapse-3.c execution test
FAIL: libgomp.c/copyin-1.c execution test
FAIL: libgomp.c/copyin-2.c execution test
WARNING: program timed out.
FAIL: libgomp.c/copyin-3.c execution test
WARNING: program timed out.
FAIL: libgomp.c/critical-1.c execution test
FAIL: libgomp.c/critical-2.c execution test
WARNING: program timed out.
FAIL: libgomp.c/debug-1.c execution test
FAIL: libgomp.c/lib-1.c execution test
FAIL: libgomp.c/loop-1.c execution test
FAIL: libgomp.c/loop-11.c execution test
FAIL: libgomp.c/loop-12.c execution test
FAIL: libgomp.c/loop-2.c execution test
FAIL: libgomp.c/loop-5.c execution test
WARNING: program timed out.
FAIL: libgomp.c/loop-6.c execution test
FAIL: libgomp.c/loop-8.c execution test
FAIL: libgomp.c/loop-9.c execution test
WARNING: program timed out.
FAIL: libgomp.c/nested-1.c execution test
FAIL: libgomp.c/nested-2.c execution test
WARNING: program timed out.
FAIL: libgomp.c/nested-3.c execution test
FAIL: libgomp.c/nestedfn-1.c execution test
WARNING: program timed out.
FAIL: libgomp.c/nestedfn-4.c execution test
FAIL: libgomp.c/nestedfn-6.c execution test
WARNING: program timed out.
FAIL: libgomp.c/nqueens-1.c execution test
FAIL: libgomp.c/omp-loop01.c execution test
FAIL: libgomp.c/omp-loop02.c execution test
FAIL: libgomp.c/omp-loop03.c execution test
WARNING: program timed out.
FAIL: libgomp.c/omp-nested-1.c execution test
FAIL: libgomp.c/omp-parallel-if.c execution test
WARNING: program timed out.
FAIL: libgomp.c/omp-single-1.c execution test
FAIL: libgomp.c/ordered-1.c execution test
WARNING: program timed out.
FAIL: libgomp.c/ordered-2.c execution test
WARNING: program timed out.
FAIL: libgomp.c/ordered-3.c execution test
FAIL: libgomp.c/parallel-1.c execution test
FAIL: libgomp.c/pr24455.c execution test
FAIL: libgomp.c/pr26943-2.c execution test
FAIL: libgomp.c/pr26943-4.c execution test
FAIL: libgomp.c/pr29947-1.c execution test
FAIL: libgomp.c/pr29947-2.c execution test
FAIL: libgomp.c/pr30494.c execution test
WARNING: program timed out.
FAIL: libgomp.c/pr32362-1.c execution test
FAIL: libgomp.c/pr32362-2.c execution test
FAIL: libgomp.c/pr32362-3.c execution test
FAIL: libgomp.c/pr33880.c execution test
FAIL: libgomp.c/pr35130.c execution test
FAIL: libgomp.c/pr35196.c execution test
FAIL: libgomp.c/pr35549.c execution test
FAIL: libgomp.c/pr36802-1.c execution test
FAIL: libgomp.c/pr36802-2.c execution test
FAIL: libgomp.c/pr36802-3.c execution test
FAIL: libgomp.c/pr38650.c execution test
FAIL: libgomp.c/reduction-1.c execution test
FAIL: libgomp.c/reduction-2.c execution test
FAIL: libgomp.c/reduction-3.c execution test
FAIL: libgomp.c/reduction-4.c execution test
WARNING: program timed out.
FAIL: libgomp.c/reduction-5.c execution test
FAIL: libgomp.c/sections-1.c execution test
FAIL: libgomp.c/shared-1.c execution test
FAIL: libgomp.c/single-1.c execution test
WARNING: program timed out.
FAIL: libgomp.c/sort-1.c execution test
FAIL: libgomp.c/task-3.c execution test
FAIL: libgomp.c/vla-1.c execution test
WARNING: program timed out.
FAIL: libgomp.c++/collapse-1.C execution test
WARNING: program timed out.
FAIL: libgomp.c++/collapse-1.C execution test
WARNING: program timed out.
FAIL: libgomp.c++/collapse-1.C execution test
WARNING: program timed out.
FAIL: libgomp.c++/collapse-1.C execution test
WARNING: program timed out.
FAIL: libgomp.c++/collapse-1.C execution test
FAIL: libgomp.c++/collapse-1.C execution test
FAIL: libgomp.c++/collapse-1.C execution test
FAIL: libgomp.c++/collapse-1.C execution test
FAIL: libgomp.c++/collapse-2.C execution test
FAIL: libgomp.c++/collapse-2.C execution test
FAIL: libgomp.c++/collapse-2.C execution test
FAIL: libgomp.c++/collapse-2.C execution test
FAIL: libgomp.c++/collapse-2.C execution test
FAIL: libgomp.c++/collapse-2.C execution test
FAIL: libgomp.c++/collapse-2.C execution test
FAIL: libgomp.c++/collapse-2.C execution test
FAIL: libgomp.c++/copyin-1.C execution test
FAIL: libgomp.c++/copyin-1.C execution test
FAIL: libgomp.c++/copyin-1.C execution test
FAIL: libgomp.c++/copyin-1.C execution test
FAIL: libgomp.c++/copyin-1.C execution test
FAIL: libgomp.c++/copyin-1.C execution test
FAIL: libgomp.c++/copyin-1.C execution test
FAIL: libgomp.c++/copyin-1.C execution test
FAIL: libgomp.c++/copyin-2.C execution test
FAIL: libgomp.c++/copyin-2.C execution test
FAIL: libgomp.c++/copyin-2.C execution test
FAIL: libgomp.c++/copyin-2.C execution test
FAIL: libgomp.c++/copyin-2.C execution test
FAIL: libgomp.c++/copyin-2.C execution test
FAIL: libgomp.c++/copyin-2.C execution test
FAIL: libgomp.c++/copyin-2.C execution test
FAIL: libgomp.c++/ctor-1.C execution test
FAIL: libgomp.c++/ctor-1.C execution test
FAIL: libgomp.c++/ctor-1.C execution test
FAIL: libgomp.c++/ctor-1.C execution test
FAIL: libgomp.c++/ctor-1.C execution test
FAIL: libgomp.c++/ctor-1.C execution test
FAIL: libgomp.c++/ctor-1.C execution test
FAIL: libgomp.c++/ctor-1.C execution test
FAIL: libgomp.c++/ctor-10.C execution test
FAIL: libgomp.c++/ctor-10.C execution test
FAIL: libgomp.c++/ctor-10.C execution test
FAIL: libgomp.c++/ctor-10.C execution test
FAIL: libgomp.c++/ctor-10.C execution test
FAIL: libgomp.c++/ctor-10.C execution test
FAIL: libgomp.c++/ctor-10.C execution test
FAIL: libgomp.c++/ctor-10.C execution test
FAIL: libgomp.c++/ctor-11.C execution test
FAIL: libgomp.c++/ctor-11.C execution test
FAIL: libgomp.c++/ctor-11.C execution test
FAIL: libgomp.c++/ctor-11.C execution test
FAIL: libgomp.c++/ctor-11.C execution test
FAIL: libgomp.c++/ctor-11.C execution test
FAIL: libgomp.c++/ctor-11.C execution test
FAIL: libgomp.c++/ctor-11.C execution test
FAIL: libgomp.c++/ctor-12.C execution test
FAIL: libgomp.c++/ctor-12.C execution test
FAIL: libgomp.c++/ctor-12.C execution test
FAIL: libgomp.c++/ctor-12.C execution test
FAIL: libgomp.c++/ctor-12.C execution test
FAIL: libgomp.c++/ctor-12.C execution test
FAIL: libgomp.c++/ctor-12.C execution test
FAIL: libgomp.c++/ctor-12.C execution test
FAIL: libgomp.c++/ctor-2.C execution test
FAIL: libgomp.c++/ctor-2.C execution test
FAIL: libgomp.c++/ctor-2.C execution test
FAIL: libgomp.c++/ctor-2.C execution test
FAIL: libgomp.c++/ctor-2.C execution test
FAIL: libgomp.c++/ctor-2.C execution test
FAIL: libgomp.c++/ctor-2.C execution test
FAIL: libgomp.c++/ctor-2.C execution test
FAIL: libgomp.c++/ctor-5.C execution test
FAIL: libgomp.c++/ctor-5.C execution test
FAIL: libgomp.c++/ctor-5.C execution test
FAIL: libgomp.c++/ctor-5.C execution test
FAIL: libgomp.c++/ctor-5.C execution test
FAIL: libgomp.c++/ctor-5.C execution test
FAIL: libgomp.c++/ctor-5.C execution test
FAIL: libgomp.c++/ctor-5.C execution test
FAIL: libgomp.c++/ctor-6.C execution test
FAIL: libgomp.c++/ctor-6.C execution test
FAIL: libgomp.c++/ctor-6.C execution test
FAIL: libgomp.c++/ctor-6.C execution test
FAIL: libgomp.c++/ctor-6.C execution test
FAIL: libgomp.c++/ctor-6.C execution test
FAIL: libgomp.c++/ctor-7.C execution test
FAIL: libgomp.c++/ctor-7.C execution test
FAIL: libgomp.c++/ctor-7.C execution test
FAIL: libgomp.c++/ctor-7.C execution test
FAIL: libgomp.c++/ctor-7.C execution test
FAIL: libgomp.c++/ctor-7.C execution test
FAIL: libgomp.c++/ctor-7.C execution test
FAIL: libgomp.c++/ctor-7.C execution test
FAIL: libgomp.c++/ctor-8.C execution test
FAIL: libgomp.c++/ctor-8.C execution test
FAIL: libgomp.c++/ctor-8.C execution test
FAIL: libgomp.c++/ctor-8.C execution test
FAIL: libgomp.c++/ctor-8.C execution test
FAIL: libgomp.c++/ctor-8.C execution test
FAIL: libgomp.c++/ctor-8.C execution test
FAIL: libgomp.c++/ctor-8.C execution test
FAIL: libgomp.c++/ctor-9.C execution test
FAIL: libgomp.c++/ctor-9.C execution test
FAIL: libgomp.c++/ctor-9.C execution test
FAIL: libgomp.c++/ctor-9.C execution test
FAIL: libgomp.c++/ctor-9.C execution test
FAIL: libgomp.c++/ctor-9.C execution test
FAIL: libgomp.c++/ctor-9.C execution test
FAIL: libgomp.c++/ctor-9.C execution test
FAIL: libgomp.c++/for-1.C execution test
FAIL: libgomp.c++/for-1.C execution test
FAIL: libgomp.c++/for-1.C execution test
FAIL: libgomp.c++/for-1.C execution test
FAIL: libgomp.c++/for-1.C execution test
FAIL: libgomp.c++/for-1.C execution test
FAIL: libgomp.c++/for-1.C execution test
FAIL: libgomp.c++/for-1.C execution test
FAIL: libgomp.c++/for-2.C execution test
FAIL: libgomp.c++/for-2.C execution test
FAIL: libgomp.c++/for-2.C execution test
FAIL: libgomp.c++/for-2.C execution test
FAIL: libgomp.c++/for-2.C execution test
FAIL: libgomp.c++/for-2.C execution test
FAIL: libgomp.c++/for-2.C execution test
FAIL: libgomp.c++/for-2.C execution test
FAIL: libgomp.c++/for-3.C execution test
FAIL: libgomp.c++/for-3.C execution test
FAIL: libgomp.c++/for-3.C execution test
FAIL: libgomp.c++/for-3.C execution test
FAIL: libgomp.c++/for-3.C execution test
FAIL: libgomp.c++/for-3.C execution test
FAIL: libgomp.c++/for-3.C execution test
FAIL: libgomp.c++/for-3.C execution test
FAIL: libgomp.c++/for-4.C execution test
FAIL: libgomp.c++/for-4.C execution test
FAIL: libgomp.c++/for-4.C execution test
FAIL: libgomp.c++/for-4.C execution test
FAIL: libgomp.c++/for-4.C execution test
FAIL: libgomp.c++/for-4.C execution test
FAIL: libgomp.c++/for-4.C execution test
FAIL: libgomp.c++/for-4.C execution test
FAIL: libgomp.c++/for-5.C execution test
FAIL: libgomp.c++/for-5.C execution test
FAIL: libgomp.c++/for-5.C execution test
FAIL: libgomp.c++/for-5.C execution test
FAIL: libgomp.c++/for-5.C execution test
FAIL: libgomp.c++/for-5.C execution test
FAIL: libgomp.c++/for-5.C execution test
FAIL: libgomp.c++/for-5.C execution test
FAIL: libgomp.c++/for-6.C execution test
FAIL: libgomp.c++/for-6.C execution test
FAIL: libgomp.c++/for-6.C execution test
FAIL: libgomp.c++/for-6.C execution test
FAIL: libgomp.c++/for-6.C execution test
FAIL: libgomp.c++/for-6.C execution test
FAIL: libgomp.c++/for-6.C execution test
FAIL: libgomp.c++/for-6.C execution test
FAIL: libgomp.c++/for-7.C execution test
FAIL: libgomp.c++/for-7.C execution test
FAIL: libgomp.c++/for-7.C execution test
FAIL: libgomp.c++/for-7.C execution test
FAIL: libgomp.c++/for-7.C execution test
FAIL: libgomp.c++/for-7.C execution test
FAIL: libgomp.c++/for-7.C execution test
FAIL: libgomp.c++/for-7.C execution test
FAIL: libgomp.c++/for-8.C execution test
FAIL: libgomp.c++/for-8.C execution test
FAIL: libgomp.c++/for-8.C execution test
FAIL: libgomp.c++/for-8.C execution test
FAIL: libgomp.c++/for-8.C execution test
FAIL: libgomp.c++/for-8.C execution test
FAIL: libgomp.c++/for-8.C execution test
FAIL: libgomp.c++/for-8.C execution test
FAIL: libgomp.c++/loop-1.C execution test
FAIL: libgomp.c++/loop-11.C execution test
FAIL: libgomp.c++/loop-12.C execution test
FAIL: libgomp.c++/loop-12.C execution test
FAIL: libgomp.c++/loop-12.C execution test
FAIL: libgomp.c++/loop-12.C execution test
FAIL: libgomp.c++/loop-12.C execution test
FAIL: libgomp.c++/loop-12.C execution test
FAIL: libgomp.c++/loop-12.C execution test
FAIL: libgomp.c++/loop-12.C execution test
FAIL: libgomp.c++/loop-2.C execution test
FAIL: libgomp.c++/loop-8.C execution test
FAIL: libgomp.c++/loop-9.C execution test
FAIL: libgomp.c++/loop-9.C execution test
FAIL: libgomp.c++/loop-9.C execution test
FAIL: libgomp.c++/loop-9.C execution test
FAIL: libgomp.c++/loop-9.C execution test
FAIL: libgomp.c++/loop-9.C execution test
FAIL: libgomp.c++/loop-9.C execution test
FAIL: libgomp.c++/loop-9.C execution test
FAIL: libgomp.c++/master-1.C execution test
FAIL: libgomp.c++/master-1.C execution test
FAIL: libgomp.c++/master-1.C execution test
FAIL: libgomp.c++/master-1.C execution test
FAIL: libgomp.c++/master-1.C execution test
FAIL: libgomp.c++/master-1.C execution test
FAIL: libgomp.c++/master-1.C execution test
FAIL: libgomp.c++/master-1.C execution test
FAIL: libgomp.c++/nested-1.C execution test
FAIL: libgomp.c++/nested-1.C execution test
FAIL: libgomp.c++/nested-1.C execution test
FAIL: libgomp.c++/nested-1.C execution test
FAIL: libgomp.c++/nested-1.C execution test
FAIL: libgomp.c++/nested-1.C execution test
FAIL: libgomp.c++/nested-1.C execution test
FAIL: libgomp.c++/nested-1.C execution test
FAIL: libgomp.c++/parallel-1.C execution test
FAIL: libgomp.c++/pr26943.C (test for excess errors)
WARNING: libgomp.c++/pr26943.C compilation failed to produce executable
FAIL: libgomp.c++/pr26943.C (test for excess errors)
WARNING: libgomp.c++/pr26943.C compilation failed to produce executable
FAIL: libgomp.c++/pr26943.C (test for excess errors)
WARNING: libgomp.c++/pr26943.C compilation failed to produce executable
FAIL: libgomp.c++/pr26943.C (test for excess errors)
WARNING: libgomp.c++/pr26943.C compilation failed to produce executable
FAIL: libgomp.c++/pr26943.C (test for excess errors)
WARNING: libgomp.c++/pr26943.C compilation failed to produce executable
FAIL: libgomp.c++/pr26943.C (test for excess errors)
WARNING: libgomp.c++/pr26943.C compilation failed to produce executable
FAIL: libgomp.c++/pr26943.C (test for excess errors)
WARNING: libgomp.c++/pr26943.C compilation failed to produce executable
FAIL: libgomp.c++/pr26943.C (test for excess errors)
WARNING: libgomp.c++/pr26943.C compilation failed to produce executable
FAIL: libgomp.c++/pr27337.C execution test
FAIL: libgomp.c++/pr27337.C execution test
FAIL: libgomp.c++/pr27337.C execution test
FAIL: libgomp.c++/pr27337.C execution test
FAIL: libgomp.c++/pr27337.C execution test
FAIL: libgomp.c++/pr27337.C execution test
FAIL: libgomp.c++/pr27337.C execution test
FAIL: libgomp.c++/pr27337.C execution test
FAIL: libgomp.c++/pr30703.C execution test
FAIL: libgomp.c++/pr30703.C execution test
FAIL: libgomp.c++/pr38650.C execution test
FAIL: libgomp.c++/pr38650.C execution test
FAIL: libgomp.c++/pr38650.C execution test
FAIL: libgomp.c++/pr38650.C execution test
FAIL: libgomp.c++/pr38650.C execution test
FAIL: libgomp.c++/pr38650.C execution test
FAIL: libgomp.c++/pr38650.C execution test
FAIL: libgomp.c++/pr38650.C execution test
FAIL: libgomp.c++/reduction-1.C execution test
FAIL: libgomp.c++/reduction-2.C execution test
FAIL: libgomp.c++/reduction-3.C execution test
FAIL: libgomp.c++/shared-1.C execution test
FAIL: libgomp.c++/single-1.C execution test
FAIL: libgomp.c++/task-2.C execution test
FAIL: libgomp.c++/task-2.C execution test
FAIL: libgomp.c++/task-2.C execution test
FAIL: libgomp.c++/task-2.C execution test
FAIL: libgomp.c++/task-2.C execution test
FAIL: libgomp.c++/task-2.C execution test
FAIL: libgomp.c++/task-2.C execution test
FAIL: libgomp.c++/task-3.C execution test
FAIL: libgomp.c++/task-5.C execution test
FAIL: libgomp.c++/task-5.C execution test
FAIL: libgomp.fortran/allocatable1.f90 execution test
FAIL: libgomp.fortran/allocatable1.f90 execution test
FAIL: libgomp.fortran/allocatable1.f90 execution test
FAIL: libgomp.fortran/allocatable1.f90 execution test
FAIL: libgomp.fortran/allocatable1.f90 execution test
FAIL: libgomp.fortran/allocatable1.f90 execution test
FAIL: libgomp.fortran/allocatable1.f90 execution test
FAIL: libgomp.fortran/allocatable1.f90 execution test
FAIL: libgomp.fortran/allocatable2.f90 execution test
FAIL: libgomp.fortran/allocatable2.f90 execution test
FAIL: libgomp.fortran/allocatable2.f90 execution test
FAIL: libgomp.fortran/allocatable2.f90 execution test
FAIL: libgomp.fortran/allocatable2.f90 execution test
FAIL: libgomp.fortran/allocatable2.f90 execution test
FAIL: libgomp.fortran/allocatable2.f90 execution test
FAIL: libgomp.fortran/allocatable2.f90 execution test
FAIL: libgomp.fortran/appendix-a/a.16.1.f90 execution test
FAIL: libgomp.fortran/appendix-a/a.18.1.f90 execution test
FAIL: libgomp.fortran/appendix-a/a.18.1.f90 execution test
FAIL: libgomp.fortran/appendix-a/a.18.1.f90 execution test
FAIL: libgomp.fortran/appendix-a/a.18.1.f90 execution test
FAIL: libgomp.fortran/appendix-a/a.18.1.f90 execution test
FAIL: libgomp.fortran/appendix-a/a.18.1.f90 execution test
FAIL: libgomp.fortran/appendix-a/a.18.1.f90 execution test
FAIL: libgomp.fortran/appendix-a/a.18.1.f90 execution test
FAIL: libgomp.fortran/appendix-a/a.19.1.f90 execution test
FAIL: libgomp.fortran/appendix-a/a.19.1.f90 execution test
FAIL: libgomp.fortran/appendix-a/a.2.1.f90 execution test
FAIL: libgomp.fortran/appendix-a/a.2.1.f90 execution test
FAIL: libgomp.fortran/appendix-a/a.2.1.f90 execution test
FAIL: libgomp.fortran/appendix-a/a.28.1.f90 execution test
FAIL: libgomp.fortran/appendix-a/a.28.2.f90 execution test
FAIL: libgomp.fortran/appendix-a/a.31.4.f90 execution test
FAIL: libgomp.fortran/appendix-a/a10.1.f90 execution test
FAIL: libgomp.fortran/character1.f90 execution test
FAIL: libgomp.fortran/character1.f90 execution test
FAIL: libgomp.fortran/character1.f90 execution test
FAIL: libgomp.fortran/character1.f90 execution test
FAIL: libgomp.fortran/character1.f90 execution test
FAIL: libgomp.fortran/character1.f90 execution test
FAIL: libgomp.fortran/character1.f90 execution test
FAIL: libgomp.fortran/character1.f90 execution test
FAIL: libgomp.fortran/character2.f90 execution test
FAIL: libgomp.fortran/character2.f90 execution test
FAIL: libgomp.fortran/character2.f90 execution test
FAIL: libgomp.fortran/character2.f90 execution test
FAIL: libgomp.fortran/character2.f90 execution test
FAIL: libgomp.fortran/character2.f90 execution test
FAIL: libgomp.fortran/character2.f90 execution test
FAIL: libgomp.fortran/character2.f90 execution test
FAIL: libgomp.fortran/collapse1.f90 execution test
FAIL: libgomp.fortran/collapse1.f90 execution test
FAIL: libgomp.fortran/collapse1.f90 execution test
FAIL: libgomp.fortran/collapse1.f90 execution test
FAIL: libgomp.fortran/collapse1.f90 execution test
FAIL: libgomp.fortran/collapse1.f90 execution test
FAIL: libgomp.fortran/collapse1.f90 execution test
FAIL: libgomp.fortran/collapse1.f90 execution test
FAIL: libgomp.fortran/collapse2.f90 execution test
FAIL: libgomp.fortran/collapse2.f90 execution test
FAIL: libgomp.fortran/collapse2.f90 execution test
FAIL: libgomp.fortran/collapse2.f90 execution test
FAIL: libgomp.fortran/collapse2.f90 execution test
FAIL: libgomp.fortran/collapse2.f90 execution test
FAIL: libgomp.fortran/collapse2.f90 execution test
FAIL: libgomp.fortran/collapse2.f90 execution test
FAIL: libgomp.fortran/collapse3.f90 execution test
FAIL: libgomp.fortran/collapse3.f90 execution test
FAIL: libgomp.fortran/collapse3.f90 execution test
FAIL: libgomp.fortran/collapse3.f90 execution test
FAIL: libgomp.fortran/collapse3.f90 execution test
FAIL: libgomp.fortran/collapse3.f90 execution test
FAIL: libgomp.fortran/collapse3.f90 execution test
FAIL: libgomp.fortran/collapse3.f90 execution test
FAIL: libgomp.fortran/collapse4.f90 execution test
FAIL: libgomp.fortran/collapse4.f90 execution test
FAIL: libgomp.fortran/collapse4.f90 execution test
FAIL: libgomp.fortran/crayptr1.f90 execution test
FAIL: libgomp.fortran/crayptr1.f90 execution test
FAIL: libgomp.fortran/crayptr1.f90 execution test
FAIL: libgomp.fortran/crayptr1.f90 execution test
FAIL: libgomp.fortran/crayptr1.f90 execution test
FAIL: libgomp.fortran/crayptr1.f90 execution test
FAIL: libgomp.fortran/crayptr1.f90 execution test
FAIL: libgomp.fortran/crayptr1.f90 execution test
FAIL: libgomp.fortran/do1.f90 execution test
FAIL: libgomp.fortran/do1.f90 execution test
FAIL: libgomp.fortran/do1.f90 execution test
FAIL: libgomp.fortran/do1.f90 execution test
FAIL: libgomp.fortran/do1.f90 execution test
FAIL: libgomp.fortran/do1.f90 execution test
FAIL: libgomp.fortran/do1.f90 execution test
FAIL: libgomp.fortran/do1.f90 execution test
FAIL: libgomp.fortran/do2.f90 execution test
FAIL: libgomp.fortran/do2.f90 execution test
FAIL: libgomp.fortran/do2.f90 execution test
FAIL: libgomp.fortran/do2.f90 execution test
FAIL: libgomp.fortran/do2.f90 execution test
FAIL: libgomp.fortran/do2.f90 execution test
FAIL: libgomp.fortran/do2.f90 execution test
FAIL: libgomp.fortran/do2.f90 execution test
FAIL: libgomp.fortran/jacobi.f execution test
FAIL: libgomp.fortran/jacobi.f execution test
FAIL: libgomp.fortran/jacobi.f execution test
FAIL: libgomp.fortran/jacobi.f execution test
FAIL: libgomp.fortran/jacobi.f execution test
FAIL: libgomp.fortran/jacobi.f execution test
FAIL: libgomp.fortran/jacobi.f execution test
FAIL: libgomp.fortran/lastprivate1.f90 execution test
FAIL: libgomp.fortran/lastprivate2.f90 execution test
FAIL: libgomp.fortran/lib1.f90 execution test
FAIL: libgomp.fortran/lib1.f90 execution test
FAIL: libgomp.fortran/lib1.f90 execution test
FAIL: libgomp.fortran/lib1.f90 execution test
FAIL: libgomp.fortran/lib1.f90 execution test
FAIL: libgomp.fortran/lib1.f90 execution test
FAIL: libgomp.fortran/lib1.f90 execution test
FAIL: libgomp.fortran/lib1.f90 execution test
FAIL: libgomp.fortran/lib2.f execution test
FAIL: libgomp.fortran/lib2.f execution test
FAIL: libgomp.fortran/lib2.f execution test
FAIL: libgomp.fortran/lib2.f execution test
FAIL: libgomp.fortran/lib2.f execution test
FAIL: libgomp.fortran/lib2.f execution test
FAIL: libgomp.fortran/lib2.f execution test
FAIL: libgomp.fortran/lib2.f execution test
FAIL: libgomp.fortran/lib3.f execution test
FAIL: libgomp.fortran/lib3.f execution test
FAIL: libgomp.fortran/lib3.f execution test
FAIL: libgomp.fortran/lib3.f execution test
FAIL: libgomp.fortran/lib3.f execution test
FAIL: libgomp.fortran/lib3.f execution test
FAIL: libgomp.fortran/lib3.f execution test
FAIL: libgomp.fortran/lib3.f execution test
WARNING: program timed out.
FAIL: libgomp.fortran/nested1.f90 execution test
WARNING: program timed out.
FAIL: libgomp.fortran/nested1.f90 execution test
WARNING: program timed out.
FAIL: libgomp.fortran/nested1.f90 execution test
WARNING: program timed out.
FAIL: libgomp.fortran/nested1.f90 execution test
WARNING: program timed out.
FAIL: libgomp.fortran/nested1.f90 execution test
FAIL: libgomp.fortran/nested1.f90 execution test
FAIL: libgomp.fortran/nested1.f90 execution test
FAIL: libgomp.fortran/nested1.f90 execution test
FAIL: libgomp.fortran/nestedfn1.f90 execution test
FAIL: libgomp.fortran/nestedfn1.f90 execution test
FAIL: libgomp.fortran/nestedfn1.f90 execution test
FAIL: libgomp.fortran/nestedfn1.f90 execution test
FAIL: libgomp.fortran/nestedfn1.f90 execution test
FAIL: libgomp.fortran/nestedfn1.f90 execution test
FAIL: libgomp.fortran/nestedfn1.f90 execution test
FAIL: libgomp.fortran/nestedfn1.f90 execution test
FAIL: libgomp.fortran/nestedfn4.f90 execution test
FAIL: libgomp.fortran/omp_parse1.f90 execution test
FAIL: libgomp.fortran/omp_parse1.f90 execution test
FAIL: libgomp.fortran/omp_parse1.f90 execution test
FAIL: libgomp.fortran/omp_parse1.f90 execution test
FAIL: libgomp.fortran/omp_parse1.f90 execution test
FAIL: libgomp.fortran/omp_parse1.f90 execution test
FAIL: libgomp.fortran/omp_parse1.f90 execution test
FAIL: libgomp.fortran/omp_parse1.f90 execution test
FAIL: libgomp.fortran/omp_parse2.f90 execution test
FAIL: libgomp.fortran/omp_parse2.f90 execution test
FAIL: libgomp.fortran/omp_parse2.f90 execution test
FAIL: libgomp.fortran/omp_parse2.f90 execution test
FAIL: libgomp.fortran/omp_parse2.f90 execution test
FAIL: libgomp.fortran/omp_parse2.f90 execution test
FAIL: libgomp.fortran/omp_parse2.f90 execution test
FAIL: libgomp.fortran/omp_parse2.f90 execution test
FAIL: libgomp.fortran/omp_parse3.f90 execution test
FAIL: libgomp.fortran/omp_parse3.f90 execution test
FAIL: libgomp.fortran/omp_parse3.f90 execution test
FAIL: libgomp.fortran/omp_parse3.f90 execution test
FAIL: libgomp.fortran/omp_parse3.f90 execution test
FAIL: libgomp.fortran/omp_parse3.f90 execution test
FAIL: libgomp.fortran/omp_parse3.f90 execution test
FAIL: libgomp.fortran/omp_parse3.f90 execution test
FAIL: libgomp.fortran/omp_parse4.f90 execution test
FAIL: libgomp.fortran/omp_parse4.f90 execution test
FAIL: libgomp.fortran/omp_parse4.f90 execution test
FAIL: libgomp.fortran/omp_parse4.f90 execution test
FAIL: libgomp.fortran/omp_parse4.f90 execution test
FAIL: libgomp.fortran/omp_parse4.f90 execution test
FAIL: libgomp.fortran/omp_parse4.f90 execution test
FAIL: libgomp.fortran/omp_parse4.f90 execution test
FAIL: libgomp.fortran/pr27395-1.f90 execution test
FAIL: libgomp.fortran/pr27395-1.f90 execution test
FAIL: libgomp.fortran/pr27395-1.f90 execution test
FAIL: libgomp.fortran/pr27395-1.f90 execution test
FAIL: libgomp.fortran/pr27395-1.f90 execution test
FAIL: libgomp.fortran/pr27395-1.f90 execution test
FAIL: libgomp.fortran/pr27395-1.f90 execution test
FAIL: libgomp.fortran/pr27395-1.f90 execution test
FAIL: libgomp.fortran/pr27395-2.f90 execution test
FAIL: libgomp.fortran/pr27395-2.f90 execution test
FAIL: libgomp.fortran/pr27395-2.f90 execution test
FAIL: libgomp.fortran/pr27395-2.f90 execution test
FAIL: libgomp.fortran/pr27395-2.f90 execution test
FAIL: libgomp.fortran/pr27395-2.f90 execution test
FAIL: libgomp.fortran/pr27395-2.f90 execution test
FAIL: libgomp.fortran/pr27395-2.f90 execution test
FAIL: libgomp.fortran/pr27416-1.f90 execution test
FAIL: libgomp.fortran/pr35130.f90 execution test
FAIL: libgomp.fortran/reduction1.f90 execution test
FAIL: libgomp.fortran/reduction1.f90 execution test
FAIL: libgomp.fortran/reduction1.f90 execution test
FAIL: libgomp.fortran/reduction1.f90 execution test
FAIL: libgomp.fortran/reduction1.f90 execution test
FAIL: libgomp.fortran/reduction1.f90 execution test
FAIL: libgomp.fortran/reduction1.f90 execution test
FAIL: libgomp.fortran/reduction1.f90 execution test
FAIL: libgomp.fortran/reduction2.f90 execution test
FAIL: libgomp.fortran/reduction2.f90 execution test
FAIL: libgomp.fortran/reduction2.f90 execution test
FAIL: libgomp.fortran/reduction2.f90 execution test
FAIL: libgomp.fortran/reduction2.f90 execution test
FAIL: libgomp.fortran/reduction2.f90 execution test
FAIL: libgomp.fortran/reduction2.f90 execution test
FAIL: libgomp.fortran/reduction2.f90 execution test
FAIL: libgomp.fortran/reduction3.f90 execution test
FAIL: libgomp.fortran/reduction3.f90 execution test
FAIL: libgomp.fortran/reduction3.f90 execution test
FAIL: libgomp.fortran/reduction3.f90 execution test
FAIL: libgomp.fortran/reduction3.f90 execution test
FAIL: libgomp.fortran/reduction3.f90 execution test
FAIL: libgomp.fortran/reduction3.f90 execution test
FAIL: libgomp.fortran/reduction3.f90 execution test
FAIL: libgomp.fortran/reduction5.f90 execution test
FAIL: libgomp.fortran/reduction5.f90 execution test
FAIL: libgomp.fortran/reduction5.f90 execution test
FAIL: libgomp.fortran/reduction5.f90 execution test
FAIL: libgomp.fortran/reduction5.f90 execution test
FAIL: libgomp.fortran/reduction5.f90 execution test
FAIL: libgomp.fortran/reduction5.f90 execution test
FAIL: libgomp.fortran/reduction5.f90 execution test
FAIL: libgomp.fortran/reference1.f90 execution test
FAIL: libgomp.fortran/reference1.f90 execution test
FAIL: libgomp.fortran/reference1.f90 execution test
FAIL: libgomp.fortran/reference1.f90 execution test
FAIL: libgomp.fortran/reference1.f90 execution test
FAIL: libgomp.fortran/reference1.f90 execution test
FAIL: libgomp.fortran/reference1.f90 execution test
FAIL: libgomp.fortran/reference1.f90 execution test
FAIL: libgomp.fortran/retval1.f90 execution test
FAIL: libgomp.fortran/retval1.f90 execution test
FAIL: libgomp.fortran/retval1.f90 execution test
FAIL: libgomp.fortran/retval1.f90 execution test
FAIL: libgomp.fortran/retval1.f90 execution test
FAIL: libgomp.fortran/retval1.f90 execution test
FAIL: libgomp.fortran/sharing1.f90 execution test
FAIL: libgomp.fortran/sharing1.f90 execution test
FAIL: libgomp.fortran/sharing1.f90 execution test
FAIL: libgomp.fortran/sharing1.f90 execution test
FAIL: libgomp.fortran/sharing1.f90 execution test
FAIL: libgomp.fortran/sharing1.f90 execution test
FAIL: libgomp.fortran/sharing1.f90 execution test
FAIL: libgomp.fortran/sharing1.f90 execution test
FAIL: libgomp.fortran/sharing2.f90 execution test
FAIL: libgomp.fortran/sharing2.f90 execution test
FAIL: libgomp.fortran/sharing2.f90 execution test
FAIL: libgomp.fortran/sharing2.f90 execution test
FAIL: libgomp.fortran/sharing2.f90 execution test
FAIL: libgomp.fortran/sharing2.f90 execution test
FAIL: libgomp.fortran/sharing2.f90 execution test
FAIL: libgomp.fortran/sharing2.f90 execution test
FAIL: libgomp.fortran/stack.f90 execution test
FAIL: libgomp.fortran/strassen.f90 execution test
FAIL: libgomp.fortran/threadprivate2.f90 execution test
FAIL: libgomp.fortran/threadprivate2.f90 execution test
FAIL: libgomp.fortran/threadprivate2.f90 execution test
FAIL: libgomp.fortran/threadprivate2.f90 execution test
FAIL: libgomp.fortran/threadprivate2.f90 execution test
FAIL: libgomp.fortran/threadprivate2.f90 execution test
FAIL: libgomp.fortran/threadprivate2.f90 execution test
FAIL: libgomp.fortran/threadprivate2.f90 execution test
FAIL: libgomp.fortran/threadprivate3.f90 execution test
FAIL: libgomp.fortran/threadprivate3.f90 execution test
FAIL: libgomp.fortran/threadprivate3.f90 execution test
FAIL: libgomp.fortran/threadprivate3.f90 execution test
FAIL: libgomp.fortran/threadprivate3.f90 execution test
FAIL: libgomp.fortran/threadprivate3.f90 execution test
FAIL: libgomp.fortran/threadprivate3.f90 execution test
FAIL: libgomp.fortran/threadprivate3.f90 execution test
FAIL: libgomp.fortran/vla3.f90 execution test
FAIL: libgomp.fortran/vla3.f90 execution test
FAIL: libgomp.fortran/vla3.f90 execution test
FAIL: libgomp.fortran/vla3.f90 execution test
FAIL: libgomp.fortran/vla3.f90 execution test
FAIL: libgomp.fortran/vla3.f90 execution test
FAIL: libgomp.fortran/vla3.f90 execution test
FAIL: libgomp.fortran/vla3.f90 execution test
FAIL: libgomp.fortran/vla7.f90 execution test
FAIL: libgomp.fortran/vla7.f90 execution test
FAIL: libgomp.fortran/vla7.f90 execution test
FAIL: libgomp.fortran/vla7.f90 execution test
FAIL: libgomp.fortran/vla7.f90 execution test
FAIL: libgomp.fortran/vla7.f90 execution test
FAIL: libgomp.fortran/vla7.f90 execution test
FAIL: libgomp.fortran/vla7.f90 execution test

		=== libgomp Summary ===

# of expected passes		1752
# of unexpected failures	620
# of unsupported tests		2
		=== libstdc++ tests ===


Running target unix
WARNING: Assuming target board is the local machine (which is probably wrong).
FAIL: 18_support/headers/csetjmp/macros.cc (test for excess errors)
FAIL: 19_diagnostics/error_code/cons/1.cc (test for excess errors)
WARNING: 19_diagnostics/error_code/cons/1.cc compilation failed to produce
executable
FAIL: 19_diagnostics/error_code/cons/1.cc (test for excess errors)
WARNING: 19_diagnostics/error_code/cons/1.cc compilation failed to produce
executable
FAIL: 19_diagnostics/error_code/operators/bool.cc (test for excess errors)
WARNING: 19_diagnostics/error_code/operators/bool.cc compilation failed to
produce executable
FAIL: 19_diagnostics/error_code/operators/bool.cc (test for excess errors)
WARNING: 19_diagnostics/error_code/operators/bool.cc compilation failed to
produce executable
FAIL: 19_diagnostics/error_code/operators/equal.cc (test for excess errors)
WARNING: 19_diagnostics/error_code/operators/equal.cc compilation failed to
produce executable
FAIL: 19_diagnostics/error_code/operators/equal.cc (test for excess errors)
WARNING: 19_diagnostics/error_code/operators/equal.cc compilation failed to
produce executable
FAIL: 19_diagnostics/error_code/operators/not_equal.cc (test for excess errors)
WARNING: 19_diagnostics/error_code/operators/not_equal.cc compilation failed to
produce executable
FAIL: 19_diagnostics/error_code/operators/not_equal.cc (test for excess errors)
WARNING: 19_diagnostics/error_code/operators/not_equal.cc compilation failed to
produce executable
FAIL: 19_diagnostics/error_condition/cons/1.cc (test for excess errors)
WARNING: 19_diagnostics/error_condition/cons/1.cc compilation failed to produce
executable
FAIL: 19_diagnostics/error_condition/cons/1.cc (test for excess errors)
WARNING: 19_diagnostics/error_condition/cons/1.cc compilation failed to produce
executable
FAIL: 19_diagnostics/error_condition/operators/bool.cc (test for excess errors)
WARNING: 19_diagnostics/error_condition/operators/bool.cc compilation failed to
produce executable
FAIL: 19_diagnostics/error_condition/operators/bool.cc (test for excess errors)
WARNING: 19_diagnostics/error_condition/operators/bool.cc compilation failed to
produce executable
FAIL: 19_diagnostics/error_condition/operators/equal.cc (test for excess errors)
WARNING: 19_diagnostics/error_condition/operators/equal.cc compilation failed to
produce executable
FAIL: 19_diagnostics/error_condition/operators/equal.cc (test for excess errors)
WARNING: 19_diagnostics/error_condition/operators/equal.cc compilation failed to
produce executable
FAIL: 19_diagnostics/error_condition/operators/not_equal.cc (test for excess errors)
WARNING: 19_diagnostics/error_condition/operators/not_equal.cc compilation
failed to produce executable
FAIL: 19_diagnostics/error_condition/operators/not_equal.cc (test for excess errors)
WARNING: 19_diagnostics/error_condition/operators/not_equal.cc compilation
failed to produce executable
FAIL: 19_diagnostics/headers/system_error/errc_std_c++0x.cc (test for excess errors)
FAIL: 19_diagnostics/headers/system_error/errc_std_c++0x.cc (test for excess errors)
FAIL: 19_diagnostics/system_error/cons-1.cc (test for excess errors)
WARNING: 19_diagnostics/system_error/cons-1.cc compilation failed to produce
executable
FAIL: 21_strings/basic_string/numeric_conversions/wchar_t/stod.cc (test for
excess errors)
WARNING: 21_strings/basic_string/numeric_conversions/wchar_t/stod.cc compilation
failed to produce executable
FAIL: 21_strings/basic_string/numeric_conversions/wchar_t/stod.cc (test for
excess errors)
WARNING: 21_strings/basic_string/numeric_conversions/wchar_t/stod.cc compilation
failed to produce executable
FAIL: 21_strings/basic_string/numeric_conversions/wchar_t/stod.cc (test for
excess errors)
WARNING: 21_strings/basic_string/numeric_conversions/wchar_t/stod.cc compilation
failed to produce executable
FAIL: 21_strings/basic_string/numeric_conversions/wchar_t/stof.cc (test for
excess errors)
WARNING: 21_strings/basic_string/numeric_conversions/wchar_t/stof.cc compilation
failed to produce executable
FAIL: 21_strings/basic_string/numeric_conversions/wchar_t/stof.cc (test for
excess errors)
WARNING: 21_strings/basic_string/numeric_conversions/wchar_t/stof.cc compilation
failed to produce executable
FAIL: 21_strings/basic_string/numeric_conversions/wchar_t/stof.cc (test for
excess errors)
WARNING: 21_strings/basic_string/numeric_conversions/wchar_t/stof.cc compilation
failed to produce executable
FAIL: 21_strings/basic_string/numeric_conversions/wchar_t/stoi.cc (test for
excess errors)
WARNING: 21_strings/basic_string/numeric_conversions/wchar_t/stoi.cc compilation
failed to produce executable
FAIL: 21_strings/basic_string/numeric_conversions/wchar_t/stoi.cc (test for
excess errors)
WARNING: 21_strings/basic_string/numeric_conversions/wchar_t/stoi.cc compilation
failed to produce executable
FAIL: 21_strings/basic_string/numeric_conversions/wchar_t/stoi.cc (test for
excess errors)
WARNING: 21_strings/basic_string/numeric_conversions/wchar_t/stoi.cc compilation
failed to produce executable
FAIL: 21_strings/basic_string/numeric_conversions/wchar_t/stol.cc (test for
excess errors)
WARNING: 21_strings/basic_string/numeric_conversions/wchar_t/stol.cc compilation
failed to produce executable
FAIL: 21_strings/basic_string/numeric_conversions/wchar_t/stol.cc (test for
excess errors)
WARNING: 21_strings/basic_string/numeric_conversions/wchar_t/stol.cc compilation
failed to produce executable
FAIL: 21_strings/basic_string/numeric_conversions/wchar_t/stol.cc (test for
excess errors)
WARNING: 21_strings/basic_string/numeric_conversions/wchar_t/stol.cc compilation
failed to produce executable
FAIL: 21_strings/basic_string/numeric_conversions/wchar_t/stold.cc (test for
excess errors)
WARNING: 21_strings/basic_string/numeric_conversions/wchar_t/stold.cc
compilation failed to produce executable
FAIL: 21_strings/basic_string/numeric_conversions/wchar_t/stold.cc (test for
excess errors)
WARNING: 21_strings/basic_string/numeric_conversions/wchar_t/stold.cc
compilation failed to produce executable
FAIL: 21_strings/basic_string/numeric_conversions/wchar_t/stold.cc (test for
excess errors)
WARNING: 21_strings/basic_string/numeric_conversions/wchar_t/stold.cc
compilation failed to produce executable
FAIL: 21_strings/basic_string/numeric_conversions/wchar_t/stoll.cc (test for
excess errors)
WARNING: 21_strings/basic_string/numeric_conversions/wchar_t/stoll.cc
compilation failed to produce executable
FAIL: 21_strings/basic_string/numeric_conversions/wchar_t/stoll.cc (test for
excess errors)
WARNING: 21_strings/basic_string/numeric_conversions/wchar_t/stoll.cc
compilation failed to produce executable
FAIL: 21_strings/basic_string/numeric_conversions/wchar_t/stoll.cc (test for
excess errors)
WARNING: 21_strings/basic_string/numeric_conversions/wchar_t/stoll.cc
compilation failed to produce executable
FAIL: 21_strings/basic_string/numeric_conversions/wchar_t/stoul.cc (test for
excess errors)
WARNING: 21_strings/basic_string/numeric_conversions/wchar_t/stoul.cc
compilation failed to produce executable
FAIL: 21_strings/basic_string/numeric_conversions/wchar_t/stoul.cc (test for
excess errors)
WARNING: 21_strings/basic_string/numeric_conversions/wchar_t/stoul.cc
compilation failed to produce executable
FAIL: 21_strings/basic_string/numeric_conversions/wchar_t/stoul.cc (test for
excess errors)
WARNING: 21_strings/basic_string/numeric_conversions/wchar_t/stoul.cc
compilation failed to produce executable
FAIL: 21_strings/basic_string/numeric_conversions/wchar_t/stoull.cc (test for
excess errors)
WARNING: 21_strings/basic_string/numeric_conversions/wchar_t/stoull.cc
compilation failed to produce executable
FAIL: 21_strings/basic_string/numeric_conversions/wchar_t/stoull.cc (test for
excess errors)
WARNING: 21_strings/basic_string/numeric_conversions/wchar_t/stoull.cc
compilation failed to produce executable
FAIL: 21_strings/basic_string/numeric_conversions/wchar_t/stoull.cc (test for
excess errors)
WARNING: 21_strings/basic_string/numeric_conversions/wchar_t/stoull.cc
compilation failed to produce executable
FAIL: 21_strings/basic_string/numeric_conversions/wchar_t/to_wstring.cc (test
for excess errors)
WARNING: 21_strings/basic_string/numeric_conversions/wchar_t/to_wstring.cc
compilation failed to produce executable
FAIL: 21_strings/basic_string/numeric_conversions/wchar_t/to_wstring.cc (test
for excess errors)
WARNING: 21_strings/basic_string/numeric_conversions/wchar_t/to_wstring.cc
compilation failed to produce executable
FAIL: 21_strings/basic_string/numeric_conversions/wchar_t/to_wstring.cc (test
for excess errors)
WARNING: 21_strings/basic_string/numeric_conversions/wchar_t/to_wstring.cc
compilation failed to produce executable
FAIL: 22_locale/num_put/put/char/6.cc execution test
FAIL: 22_locale/num_put/put/char/6.cc execution test
FAIL: 22_locale/num_put/put/char/6.cc execution test
FAIL: 22_locale/num_put/put/wchar_t/6.cc execution test
FAIL: 22_locale/num_put/put/wchar_t/6.cc execution test
FAIL: 22_locale/num_put/put/wchar_t/6.cc execution test
FAIL: 22_locale/time_put/put/char/1.cc execution test
FAIL: 22_locale/time_put/put/char/1.cc execution test
FAIL: 22_locale/time_put/put/char/1.cc execution test
FAIL: 22_locale/time_put/put/wchar_t/1.cc execution test
FAIL: 22_locale/time_put/put/wchar_t/1.cc execution test
FAIL: 22_locale/time_put/put/wchar_t/1.cc execution test
FAIL: 27_io/basic_filebuf/seekoff/char/1-io.cc execution test
FAIL: 27_io/basic_filebuf/seekoff/char/1-io.cc execution test
FAIL: 27_io/basic_filebuf/seekoff/char/1-io.cc execution test
FAIL: 27_io/basic_filebuf/seekoff/char/2-io.cc execution test
FAIL: 27_io/basic_filebuf/seekoff/char/2-io.cc execution test
FAIL: 27_io/basic_filebuf/seekoff/char/2-io.cc execution test
FAIL: 27_io/basic_filebuf/seekpos/char/1-io.cc execution test
FAIL: 27_io/basic_filebuf/seekpos/char/1-io.cc execution test
FAIL: 27_io/basic_filebuf/seekpos/char/2-io.cc execution test
FAIL: 27_io/basic_filebuf/seekpos/char/2-io.cc execution test
FAIL: 27_io/basic_filebuf/sgetn/char/1-in.cc execution test
FAIL: 27_io/basic_filebuf/sgetn/char/1-in.cc execution test
FAIL: 27_io/basic_filebuf/sgetn/char/1-in.cc execution test
FAIL: 27_io/basic_filebuf/sgetn/char/1-io.cc execution test
FAIL: 27_io/basic_filebuf/sgetn/char/1-io.cc execution test
FAIL: 27_io/basic_filebuf/sgetn/char/1-io.cc execution test
FAIL: 27_io/basic_filebuf/sgetn/char/2-in.cc execution test
FAIL: 27_io/basic_filebuf/sgetn/char/2-in.cc execution test
FAIL: 27_io/basic_filebuf/sgetn/char/2-in.cc execution test
FAIL: 27_io/basic_filebuf/sgetn/char/2-io.cc execution test
FAIL: 27_io/basic_filebuf/sgetn/char/2-io.cc execution test
FAIL: 27_io/basic_filebuf/sgetn/char/2-io.cc execution test
FAIL: 27_io/basic_filebuf/underflow/wchar_t/11603.cc execution test
FAIL: 27_io/basic_filebuf/underflow/wchar_t/11603.cc execution test
FAIL: 27_io/basic_filebuf/underflow/wchar_t/11603.cc execution test
FAIL: 27_io/basic_istream/readsome/char/6746-2.cc execution test
FAIL: 27_io/basic_istream/readsome/char/6746-2.cc execution test
FAIL: 27_io/basic_istream/readsome/char/6746-2.cc execution test
FAIL: 27_io/basic_istream/readsome/wchar_t/6746-2.cc execution test
FAIL: 27_io/basic_istream/readsome/wchar_t/6746-2.cc execution test
FAIL: 27_io/basic_istream/readsome/wchar_t/6746-2.cc execution test
FAIL: 27_io/basic_ostream/inserters_arithmetic/char/1.cc execution test
FAIL: 27_io/basic_ostream/inserters_arithmetic/char/1.cc execution test
FAIL: 27_io/basic_ostream/inserters_arithmetic/char/1.cc execution test
FAIL: 27_io/basic_ostream/inserters_arithmetic/char/4402.cc execution test
FAIL: 27_io/basic_ostream/inserters_arithmetic/char/4402.cc execution test
FAIL: 27_io/basic_ostream/inserters_arithmetic/char/4402.cc execution test
FAIL: 27_io/basic_ostream/inserters_arithmetic/wchar_t/1.cc execution test
FAIL: 27_io/basic_ostream/inserters_arithmetic/wchar_t/1.cc execution test
FAIL: 27_io/basic_ostream/inserters_arithmetic/wchar_t/1.cc execution test
FAIL: 27_io/basic_ostream/inserters_arithmetic/wchar_t/4402.cc (test for excess
errors)
WARNING: 27_io/basic_ostream/inserters_arithmetic/wchar_t/4402.cc compilation
failed to produce executable
FAIL: 27_io/basic_ostream/inserters_arithmetic/wchar_t/4402.cc (test for excess
errors)
WARNING: 27_io/basic_ostream/inserters_arithmetic/wchar_t/4402.cc compilation
failed to produce executable
FAIL: 27_io/basic_ostream/inserters_arithmetic/wchar_t/4402.cc (test for excess
errors)
WARNING: 27_io/basic_ostream/inserters_arithmetic/wchar_t/4402.cc compilation
failed to produce executable
FAIL: 27_io/basic_ostream/inserters_other/wchar_t/error_code.cc (test for excess
errors)
WARNING: 27_io/basic_ostream/inserters_other/wchar_t/error_code.cc compilation
failed to produce executable
FAIL: 27_io/basic_ostream/inserters_other/wchar_t/error_code.cc (test for excess
errors)
WARNING: 27_io/basic_ostream/inserters_other/wchar_t/error_code.cc compilation
failed to produce executable
FAIL: 27_io/basic_ostream/inserters_other/wchar_t/error_code.cc (test for excess
errors)
WARNING: 27_io/basic_ostream/inserters_other/wchar_t/error_code.cc compilation
failed to produce executable
FAIL: 27_io/objects/char/10.cc execution test
FAIL: 27_io/objects/char/10.cc execution test
WARNING: Assuming target board is the local machine (which is probably wrong).
WARNING: Assuming target board is the local machine (which is probably wrong).
WARNING: Assuming target board is the local machine (which is probably wrong).
FAIL: ext/vstring/element_access/char/front_back.cc (test for excess errors)
WARNING: ext/vstring/element_access/char/front_back.cc compilation failed to
produce executable
FAIL: ext/vstring/element_access/char/front_back.cc (test for excess errors)
WARNING: ext/vstring/element_access/char/front_back.cc compilation failed to
produce executable
FAIL: ext/vstring/element_access/char/front_back.cc (test for excess errors)
WARNING: ext/vstring/element_access/char/front_back.cc compilation failed to
produce executable
FAIL: ext/vstring/element_access/wchar_t/front_back.cc (test for excess errors)
WARNING: ext/vstring/element_access/wchar_t/front_back.cc compilation failed to
produce executable
FAIL: ext/vstring/element_access/wchar_t/front_back.cc (test for excess errors)
WARNING: ext/vstring/element_access/wchar_t/front_back.cc compilation failed to
produce executable
FAIL: ext/vstring/element_access/wchar_t/front_back.cc (test for excess errors)
WARNING: ext/vstring/element_access/wchar_t/front_back.cc compilation failed to
produce executable
FAIL: ext/vstring/init-list.cc (test for excess errors)
WARNING: ext/vstring/init-list.cc compilation failed to produce executable
FAIL: ext/vstring/moveable.cc (test for excess errors)
WARNING: ext/vstring/moveable.cc compilation failed to produce executable
FAIL: ext/vstring/requirements/citerators.cc (test for excess errors)
WARNING: ext/vstring/requirements/citerators.cc compilation failed to produce
executable
FAIL: ext/vstring/requirements/citerators.cc (test for excess errors)
WARNING: ext/vstring/requirements/citerators.cc compilation failed to produce
executable
FAIL: ext/vstring/requirements/explicit_instantiation/char16_t/1.cc (test for
excess errors)
FAIL: ext/vstring/requirements/explicit_instantiation/char16_t/1.cc (test for
excess errors)
FAIL: ext/vstring/requirements/explicit_instantiation/char16_t/1.cc (test for
excess errors)
FAIL: ext/vstring/requirements/explicit_instantiation/char16_t/1.cc (test for
excess errors)
FAIL: ext/vstring/requirements/explicit_instantiation/char32_t/1.cc (test for
excess errors)
FAIL: ext/vstring/requirements/explicit_instantiation/char32_t/1.cc (test for
excess errors)
FAIL: ext/vstring/requirements/explicit_instantiation/char32_t/1.cc (test for
excess errors)
FAIL: ext/vstring/requirements/explicit_instantiation/char32_t/1.cc (test for
excess errors)

		=== libstdc++ Summary ===

# of expected passes		12932
# of unexpected failures	125
# of expected failures		174
# of unsupported tests		1268

		=== libstdc++ Summary ===


Compiler version: 4.4.0 20090329 (prerelease) [gcc-4_4-branch revision 145224]
(GCC)
Platform: i686-pc-mingw32
configure flags:
- --prefix=/opt/devel/gnu/cross-gcc/gcc-4.4.0/mingw/i686-pc-mingw32/mingw
- --with-sysroot=/opt/devel/gnu/cross-gcc/gcc-4.4.0/mingw/i686-pc-mingw32
- --with-gmp=/opt/devel/gnu/gcc/gcc-4.4.0/i686-pc-cygwin
- --with-mpfr=/opt/devel/gnu/gcc/gcc-4.4.0/i686-pc-cygwin --build=i686-pc-cygwin
- --host=i686-pc-cygwin --target=i686-pc-mingw32 --disable-bootstrap --with-gnu-as
-
--with-as=/opt/devel/gnu/cross-gcc/gcc-4.4.0/mingw/i686-pc-mingw32/mingw/bin/i686-pc-mingw32-as.exe
- --with-gnu-ld
-
--with-ld=/opt/devel/gnu/cross-gcc/gcc-4.4.0/mingw/i686-pc-mingw32/mingw/bin/i686-pc-mingw32-ld.exe
- --enable-checking=release --enable-languages=c,ada,c++,fortran,java,objc,obj-c++
- --enable-libgomp

binutils:
bintuils-2.19.51.20090329


Build system:
CYGWIN_NT-5.2-WOW64 kasandra 1.5.25(0.156/4/2) 2008-06-12 19:34 i686 Cygwin

cc for building:
gcc-4.4.0 [gcc-4_4-branch revision 145224]
gcc (GCC) 4.4.0 20090329 (prerelease) [gcc-4_4-branch revision 145224]
Copyright (C) 2009 Free Software Foundation, Inc.
This is free software; see the source for copying conditions.  There is NO
warranty; not even for MERCHANTABILITY or FITNESS FOR A PARTICULAR PURPOSE.


as for building:
GNU assembler (GNU Binutils) 2.19.51.20090329
Copyright 2008 Free Software Foundation, Inc.
This program is free software; you may redistribute it under the terms of
the GNU General Public License version 3 or later.
This program has absolutely no warranty.
This assembler was configured for a target of \`i686-pc-cygwin'.

ld for building:
GNU ld (GNU Binutils) 2.19.51.20090329
Copyright 2008 Free Software Foundation, Inc.
This program is free software; you may redistribute it under the terms of
the GNU General Public License version 3 or (at your option) a later version.
This program has absolutely no warranty.
-----BEGIN PGP SIGNATURE-----
Version: GnuPG v1.4.9 (MingW32)
Comment: Using GnuPG with Mozilla - http://enigmail.mozdev.org

iEYEARECAAYFAknSZREACgkQoUhjsh59BL7DlQCgnIfz2d+zUeyWYE8R977oSoaT
WG0AoKY7o9zkRYSWKgRnXeAmDJXxM+MI
=wPUo
-----END PGP SIGNATURE-----



More information about the Gcc-testresults mailing list