Results for 4.5.0 20090330 (experimental) [trunk revision 145291] (GCC) testsuite on i686-pc-linux-gnu

H.J. Lu ia32 hjl@gnu-31.sc.intel.com
Mon Mar 30 17:13:00 GMT 2009


LAST_UPDATED: Mon Mar 30 14:27:17 UTC 2009 (revision 145291)

Native configuration is i686-pc-linux-gnu

		=== g++ tests ===


Running target unix

		=== g++ Summary ===

# of expected passes		19677
# of expected failures		140
# of unsupported tests		100
/export/gnu/import/svn/gcc-test/bld/gcc/testsuite/g++/../../g++  version 4.5.0 20090330 (experimental) [trunk revision 145291] (GCC) 

		=== gcc tests ===


Running target unix

		=== gcc Summary ===

# of expected passes		57113
# of expected failures		153
# of unsupported tests		433
/export/gnu/import/svn/gcc-test/bld/gcc/xgcc  version 4.5.0 20090330 (experimental) [trunk revision 145291] (GCC) 

		=== gfortran tests ===


Running target unix

		=== gfortran Summary ===

# of expected passes		29610
# of expected failures		11
# of unsupported tests		97
/export/gnu/import/svn/gcc-test/bld/gcc/testsuite/gfortran/../../gfortran  version 4.5.0 20090330 (experimental) [trunk revision 145291] (GCC) 

		=== objc tests ===


Running target unix

		=== objc Summary ===

# of expected passes		1856
# of expected failures		7
# of unsupported tests		24
/export/gnu/import/svn/gcc-test/bld/gcc/xgcc  version 4.5.0 20090330 (experimental) [trunk revision 145291] (GCC) 

		=== libffi tests ===


Running target unix

		=== libffi Summary ===

# of expected passes		1389
# of unsupported tests		10
		=== libgomp tests ===


Running target unix

		=== libgomp Summary ===

# of expected passes		2384
		=== libjava tests ===


Running target unix

		=== libjava Summary ===

# of expected passes		2574
		=== libmudflap tests ===


Running target unix
FAIL: libmudflap.c++/pass41-frag.cxx execution test
FAIL: libmudflap.c++/pass41-frag.cxx (-static) execution test
FAIL: libmudflap.c++/pass41-frag.cxx (-O2) execution test
FAIL: libmudflap.c++/pass41-frag.cxx (-O3) execution test
FAIL: libmudflap.cth/pass39-frag.c (-static -DSTATIC) (rerun 3) execution test
FAIL: libmudflap.cth/pass39-frag.c (-static -DSTATIC) (rerun 3) output pattern test
FAIL: libmudflap.cth/pass39-frag.c (-O2) (rerun 6) execution test
FAIL: libmudflap.cth/pass39-frag.c (-O2) (rerun 6) output pattern test

		=== libmudflap Summary ===

# of expected passes		1886
# of unexpected failures	8
		=== libstdc++ tests ===


Running target unix
XPASS: 26_numerics/headers/cmath/c99_classification_macros_c.cc (test for excess errors)
FAIL: ext/pb_ds/regression/hash_data_map_rand.cc execution test
FAIL: ext/pb_ds/regression/hash_no_data_map_rand.cc execution test

		=== libstdc++ Summary ===

# of expected passes		6470
# of unexpected failures	2
# of unexpected successes	1
# of expected failures		80
# of unsupported tests		18

Compiler version: 4.5.0 20090330 (experimental) [trunk revision 145291] (GCC) 
Platform: i686-pc-linux-gnu
configure flags: --enable-clocale=gnu --with-system-zlib --enable-shared --with-demangler-in-ld



More information about the Gcc-testresults mailing list