Results for 4.5.0 20090330 (experimental) (GCC) testsuite on i686-pc-linux-gnu

GCC regression tester regress@geoffk.org
Mon Mar 30 01:27:00 GMT 2009


This build run by an automatic regression tester.
See <http://glutton.geoffk.org/HEAD/> for more information.

Date: 2009-03-30T00:18:15Z
Revision: 145268
URL: svn://gcc.gnu.org/svn/gcc/trunk
Status: regress-2
Prev-Endtime: 2009-03-30T00:17:39Z

LAST_UPDATED: 
Native configuration is i686-pc-linux-gnu

		=== g++ tests ===


Running target unix

		=== g++ Summary ===

# of expected passes		19672
# of expected failures		140
# of unsupported tests		101
/home/regress/tbox/native/build/gcc/testsuite/g++/../../g++  version 4.5.0 20090330 (experimental) (GCC) 

		=== gcc tests ===


Running target unix

		=== gcc Summary ===

# of expected passes		56195
# of expected failures		153
# of unsupported tests		879
/home/regress/tbox/native/build/gcc/xgcc  version 4.5.0 20090330 (experimental) (GCC) 

		=== gfortran tests ===


Running target unix

		=== gfortran Summary ===

# of expected passes		29610
# of expected failures		11
# of unsupported tests		97
/home/regress/tbox/native/build/gcc/testsuite/gfortran/../../gfortran  version 4.5.0 20090330 (experimental) (GCC) 

		=== objc tests ===


Running target unix

		=== objc Summary ===

# of expected passes		1856
# of expected failures		7
# of unsupported tests		24
/home/regress/tbox/native/build/gcc/xgcc  version 4.5.0 20090330 (experimental) (GCC) 

		=== libffi tests ===


Running target unix

		=== libffi Summary ===

# of expected passes		1389
# of unsupported tests		10
		=== libgomp tests ===


Running target unix

		=== libgomp Summary ===

# of expected passes		2384
		=== libjava tests ===


Running target unix

		=== libjava Summary ===

# of expected passes		2574
		=== libmudflap tests ===


Running target unix
FAIL: libmudflap.c++/pass41-frag.cxx execution test
FAIL: libmudflap.c++/pass41-frag.cxx (-static) execution test
FAIL: libmudflap.c++/pass41-frag.cxx (-O2) execution test
FAIL: libmudflap.c++/pass41-frag.cxx (-O3) execution test

		=== libmudflap Summary ===

# of expected passes		1890
# of unexpected failures	4
		=== libstdc++ tests ===


Running target unix
XPASS: 26_numerics/headers/cmath/c99_classification_macros_c.cc (test for excess errors)
FAIL: ext/pb_ds/regression/hash_data_map_rand.cc execution test
FAIL: ext/pb_ds/regression/hash_no_data_map_rand.cc execution test

		=== libstdc++ Summary ===

# of expected passes		6470
# of unexpected failures	2
# of unexpected successes	1
# of expected failures		80
# of unsupported tests		18

Compiler version: 4.5.0 20090330 (experimental) (GCC) 
Platform: i686-pc-linux-gnu
configure flags: --prefix=/home/regress/tbox/objs --target=i686-pc-linux-gnu



More information about the Gcc-testresults mailing list