Results for 4.5.0 20090329 (experimental) [trunk revision 145244] (GCC) testsuite on i686-pc-linux-gnu

Joey Ye jye2@shgcc-16.sh.intel.com
Sun Mar 29 19:32:00 GMT 2009


LAST_UPDATED: Sun Mar 29 17:46:09 UTC 2009 (revision 145244)

Native configuration is i686-pc-linux-gnu

		=== g++ tests ===


Running target unix

		=== g++ Summary ===

# of expected passes		19672
# of expected failures		140
# of unsupported tests		101
/home/jye2/gcc/build-daily/gcc/testsuite/g++/../../g++  version 4.5.0 20090329 (experimental) [trunk revision 145244] (GCC) 

		=== gcc tests ===


Running target unix

		=== gcc Summary ===

# of expected passes		55934
# of expected failures		188
# of unsupported tests		879
/home/jye2/gcc/build-daily/gcc/xgcc  version 4.5.0 20090329 (experimental) [trunk revision 145244] (GCC) 

		=== gfortran tests ===


Running target unix

		=== gfortran Summary ===

# of expected passes		29615
# of expected failures		10
# of unsupported tests		97
/home/jye2/gcc/build-daily/gcc/testsuite/gfortran/../../gfortran  version 4.5.0 20090329 (experimental) [trunk revision 145244] (GCC) 

		=== objc tests ===


Running target unix

		=== objc Summary ===

# of expected passes		1856
# of expected failures		7
# of unsupported tests		24
/home/jye2/gcc/build-daily/gcc/xgcc  version 4.5.0 20090329 (experimental) [trunk revision 145244] (GCC) 

		=== libffi tests ===


Running target unix

		=== libffi Summary ===

# of expected passes		1389
# of unsupported tests		10
		=== libgomp tests ===


Running target unix

		=== libgomp Summary ===

# of expected passes		2384
		=== libjava tests ===


Running target unix

		=== libjava Summary ===

# of expected passes		2574
		=== libmudflap tests ===


Running target unix
FAIL: libmudflap.c++/pass41-frag.cxx execution test
FAIL: libmudflap.c++/pass41-frag.cxx (-static) execution test
FAIL: libmudflap.c++/pass41-frag.cxx (-O2) execution test
FAIL: libmudflap.c++/pass41-frag.cxx (-O3) execution test

		=== libmudflap Summary ===

# of expected passes		1890
# of unexpected failures	4
		=== libstdc++ tests ===


Running target unix
XPASS: 26_numerics/headers/cmath/c99_classification_macros_c.cc (test for excess errors)
FAIL: ext/pb_ds/regression/hash_data_map_rand.cc execution test
FAIL: ext/pb_ds/regression/hash_no_data_map_rand.cc execution test

		=== libstdc++ Summary ===

# of expected passes		6470
# of unexpected failures	2
# of unexpected successes	1
# of expected failures		80
# of unsupported tests		18

Compiler version: 4.5.0 20090329 (experimental) [trunk revision 145244] (GCC) 
Platform: i686-pc-linux-gnu
configure flags: --enable-clocale=gnu --with-system-zlib --enable-decimal-float=bid --with-demangler-in-ld --enable-shared --enable-threads=posix --enable-haifa --enable-checking=assert



More information about the Gcc-testresults mailing list